-- Table structure for table `ps_product_attachment`
--

CREATE TABLE `ps_product_attachment` (
  `id_product` int(10) unsigned NOT NULL,
  `id_attachment` int(10) unsigned NOT NULL,
  PRIMARY KEY (`id_product`,`id_attachment`)
) ENGINE=InnoDB DEFAULT CHARSET=utf8;

--
-- Dumping data for table `ps_product_attachment`
--


--
-- Table structure for table `ps_product_attribute`
--

CREATE TABLE `ps_product_attribute` (
  `id_product_attribute` int(10) unsigned NOT NULL AUTO_INCREMENT,
  `id_product` int(10) unsigned NOT NULL,
  `reference` varchar(32) DEFAULT NULL,
  `supplier_reference` varchar(32) DEFAULT NULL,
  `location` varchar(64) DEFAULT NULL,
  `ean13` varchar(13) DEFAULT NULL,
  `upc` varchar(12) DEFAULT NULL,
  `wholesale_price` decimal(20,6) NOT NULL DEFAULT '0.000000',
  `price` decimal(20,6) NOT NULL DEFAULT '0.000000',
  `ecotax` decimal(17,6) NOT NULL DEFAULT '0.000000',
  `quantity` int(10) NOT NULL DEFAULT '0',
  `weight` decimal(20,6) NOT NULL DEFAULT '0.000000',
  `unit_price_impact` decimal(20,6) NOT NULL DEFAULT '0.000000',
  `default_on` tinyint(1) unsigned DEFAULT NULL,
  `minimal_quantity` int(10) unsigned NOT NULL DEFAULT '1',
  `available_date` date NOT NULL DEFAULT '0000-00-00',
  PRIMARY KEY (`id_product_attribute`),
  UNIQUE KEY `product_default` (`id_product`,`default_on`),
  KEY `product_attribute_product` (`id_product`),
  KEY `reference` (`reference`),
  KEY `supplier_reference` (`supplier_reference`),
  KEY `id_product_id_product_attribute` (`id_product_attribute`,`id_product`)
) ENGINE=InnoDB AUTO_INCREMENT=148 DEFAULT CHARSET=utf8;

--
-- Dumping data for table `ps_product_attribute`
--

INSERT INTO `ps_product_attribute` (`id_product_attribute`, `id_product`, `reference`, `supplier_reference`, `location`, `ean13`, `upc`, `wholesale_price`, `price`, `ecotax`, `quantity`, `weight`, `unit_price_impact`, `default_on`, `minimal_quantity`, `available_date`) VALUES (49,40,'HO2332 Beige','','','','',0.000000,0.000000,0.000000,0,0.000000,0.000000,1,1,'0000-00-00'),(50,40,'HO2332 White','','','','',0.000000,0.000000,0.000000,0,0.000000,0.000000,NULL,1,'0000-00-00'),(51,83,'DC2725 Stripes','','','','',0.000000,0.000000,0.000000,0,0.000000,0.000000,1,1,'0000-00-00'),(52,83,'DC2725 Blue','','','','',0.000000,0.000000,0.000000,0,0.000000,0.000000,NULL,1,'0000-00-00'),(53,83,'DC2725 Bear Head','','','','',0.000000,0.000000,0.000000,0,0.000000,0.000000,NULL,1,'0000-00-00'),(54,83,'DC2725 Ptit Bout','','','','',0.000000,0.000000,0.000000,0,0.000000,0.000000,NULL,1,'0000-00-00'),(59,84,'DC2727 Dancing Shoes','','','','',0.000000,0.000000,0.000000,0,0.000000,0.000000,1,1,'0000-00-00'),(60,84,'DC2727 Shoe Imitation','','','','',0.000000,0.000000,0.000000,0,0.000000,0.000000,NULL,1,'0000-00-00'),(61,84,'DC2727 Pink','','','','',0.000000,0.000000,0.000000,0,0.000000,0.000000,NULL,1,'0000-00-00'),(62,84,'DC2727 Bebe d Amour','','','','',0.000000,0.000000,0.000000,0,0.000000,0.000000,NULL,1,'0000-00-00'),(67,85,'DC2726 Bear Head','','','','',0.000000,0.000000,0.000000,0,0.000000,0.000000,1,1,'0000-00-00'),(68,85,'DC2726 Shoe Imitation','','','','',0.000000,0.000000,0.000000,0,0.000000,0.000000,NULL,1,'0000-00-00'),(69,85,'DC2727 Stripes','','','','',0.000000,0.000000,0.000000,0,0.000000,0.000000,NULL,1,'0000-00-00'),(70,85,'DC2726 Brown','','','','',0.000000,0.000000,0.000000,0,0.000000,0.000000,NULL,1,'0000-00-00'),(71,88,'DC2755 Blue','','','','',0.000000,0.000000,0.000000,0,0.000000,0.000000,1,1,'0000-00-00'),(72,88,'DC2755 Pink','','','','',0.000000,0.000000,0.000000,0,0.000000,0.000000,NULL,1,'0000-00-00'),(73,88,'DC2755 Brown','','','','',0.000000,0.000000,0.000000,0,0.000000,0.000000,NULL,1,'0000-00-00'),(74,88,'DC2755 Ivory','','','','',0.000000,0.000000,0.000000,0,0.000000,0.000000,NULL,1,'0000-00-00'),(75,89,'DC2752 Flower Coral','','','','',0.000000,0.000000,0.000000,0,0.000000,0.000000,1,1,'0000-00-00'),(76,89,'DC2752 Flower White','','','','',0.000000,0.000000,0.000000,0,0.000000,0.000000,NULL,1,'0000-00-00'),(77,89,'DC2752 Wind Mill Beige','','','','',0.000000,0.000000,0.000000,0,0.000000,0.000000,NULL,1,'0000-00-00'),(78,89,'DC2752 Wind Mill Blue','','','','',0.000000,0.000000,0.000000,0,0.000000,0.000000,NULL,1,'0000-00-00'),(79,90,'DC2771 Blanche','','','','',0.000000,0.000000,0.000000,0,0.000000,0.000000,1,1,'0000-00-00'),(80,90,'DC2771 Camelia','','','','',0.000000,0.000000,0.000000,0,0.000000,0.000000,NULL,1,'0000-00-00'),(81,90,'DC2771 Fraise','','','','',0.000000,0.000000,0.000000,0,0.000000,0.000000,NULL,1,'0000-00-00'),(82,90,'DC2771 Hortensia','','','','',0.000000,0.000000,0.000000,0,0.000000,0.000000,NULL,1,'0000-00-00'),(83,90,'DC2771 Orchidee','','','','',0.000000,0.000000,0.000000,0,0.000000,0.000000,NULL,1,'0000-00-00'),(84,90,'DC2771 Peche','','','','',0.000000,0.000000,0.000000,0,0.000000,0.000000,NULL,1,'0000-00-00'),(85,102,'DC2784 Bear','','','','',0.000000,0.000000,0.000000,0,0.000000,0.000000,NULL,1,'0000-00-00'),(86,102,'DC2784 Donkey','','','','',0.000000,0.000000,0.000000,0,0.000000,0.000000,NULL,1,'0000-00-00'),(87,102,'DC2784 Hippo','','','','',0.000000,0.000000,0.000000,0,0.000000,0.000000,1,1,'0000-00-00'),(88,102,'DC2784 Ladybird','','','','',0.000000,0.000000,0.000000,0,0.000000,0.000000,NULL,1,'0000-00-00'),(89,102,'DC2784 Mouse','','','','',0.000000,0.000000,0.000000,0,0.000000,0.000000,NULL,1,'0000-00-00'),(90,102,'DC2784 Panda','','','','',0.000000,0.000000,0.000000,0,0.000000,0.000000,NULL,1,'0000-00-00'),(91,102,'DC2784 Penguin','','','','',0.000000,0.000000,0.000000,0,0.000000,0.000000,NULL,1,'0000-00-00'),(92,102,'DC2784 Rabbit','','','','',0.000000,0.000000,0.000000,0,0.000000,0.000000,NULL,1,'0000-00-00'),(93,125,'DC2372 Grey Rabbit','','','','',0.000000,0.000000,0.000000,0,0.000000,0.000000,1,1,'0000-00-00'),(94,125,'DC2372 Blue Bear','','','','',0.000000,0.000000,0.000000,0,0.000000,0.000000,NULL,1,'0000-00-00'),(95,125,'DC2372 Multicolor Bear','','','','',0.000000,0.000000,0.000000,0,0.000000,0.000000,NULL,1,'0000-00-00'),(96,125,'DC2372 Multicolor Rabbit','','','','',0.000000,0.000000,0.000000,0,0.000000,0.000000,NULL,1,'0000-00-00'),(97,125,'DC2372 Pink Rabbit','','','','',0.000000,0.000000,0.000000,0,0.000000,0.000000,NULL,1,'0000-00-00'),(98,125,'DC2372 Purple Bear','','','','',0.000000,0.000000,0.000000,0,0.000000,0.000000,NULL,1,'0000-00-00'),(99,131,'HO2315 Mouse','','','','',0.000000,0.000000,0.000000,0,0.000000,0.000000,NULL,1,'0000-00-00'),(100,131,'HO2315 Rabbit','','','','',0.000000,0.000000,0.000000,0,0.000000,0.000000,NULL,1,'0000-00-00'),(101,131,'HO2315 Bear','','','','',0.000000,0.000000,0.000000,0,0.000000,0.000000,1,1,'0000-00-00'),(102,144,'DC2356 Elephant','','','','',0.000000,0.000000,0.000000,0,0.000000,0.000000,1,1,'0000-00-00'),(103,144,'DC2356 Lion','','','','',0.000000,0.000000,0.000000,0,0.000000,0.000000,NULL,1,'0000-00-00'),(104,144,'DC2356 Panda','','','','',0.000000,0.000000,0.000000,0,0.000000,0.000000,NULL,1,'0000-00-00'),(105,144,'DC2356 Rabbit','','','','',0.000000,0.000000,0.000000,0,0.000000,0.000000,NULL,1,'0000-00-00'),(106,145,'DC2576 Blue Rabbit','','','','',0.000000,0.000000,0.000000,0,0.000000,0.000000,1,1,'0000-00-00'),(107,145,'DC2576 Pink Mouse','','','','',0.000000,0.000000,0.000000,0,0.000000,0.000000,NULL,1,'0000-00-00'),(108,145,'DC2576 Green Bear','','','','',0.000000,0.000000,0.000000,0,0.000000,0.000000,NULL,1,'0000-00-00'),(109,145,'DC2576 Purple Rabbit','','','','',0.000000,0.000000,0.000000,0,0.000000,0.000000,NULL,1,'0000-00-00'),(110,145,'DC2576 Red Dog','','','','',0.000000,0.000000,0.000000,0,0.000000,0.000000,NULL,1,'0000-00-00'),(111,145,'DC2576 Yellow Bear','','','','',0.000000,0.000000,0.000000,0,0.000000,0.000000,NULL,1,'0000-00-00'),(112,150,'DC2385 Blue Bear','','','','',0.000000,0.000000,0.000000,0,0.000000,0.000000,NULL,1,'0000-00-00'),(113,150,'DC2385 Cat','','','','',0.000000,0.000000,0.000000,0,0.000000,0.000000,NULL,1,'0000-00-00'),(114,150,'DC2385 Peach Bear','','','','',0.000000,0.000000,0.000000,0,0.000000,0.000000,1,1,'0000-00-00'),(115,150,'DC2385 Mouse','','','','',0.000000,0.000000,0.000000,0,0.000000,0.000000,NULL,1,'0000-00-00'),(120,151,'DC2698 Rabbit','','','','',0.000000,0.000000,0.000000,0,0.000000,0.000000,NULL,1,'0000-00-00'),(121,151,'DC2698 Bear','','','','',0.000000,0.000000,0.000000,0,0.000000,0.000000,NULL,1,'0000-00-00'),(122,151,'DC2698 Cat','','','','',0.000000,0.000000,0.000000,0,0.000000,0.000000,NULL,1,'0000-00-00'),(123,151,'DC2698 Fox','','','','',0.000000,0.000000,0.000000,0,0.000000,0.000000,1,1,'0000-00-00'),(124,151,'DC2698 Sheep','','','','',0.000000,0.000000,0.000000,0,0.000000,0.000000,NULL,1,'0000-00-00'),(125,151,'DC2698 Mouse','','','','',0.000000,0.000000,0.000000,0,0.000000,0.000000,NULL,1,'0000-00-00'),(126,152,'DC2509 Amerindian Bear','','','','',0.000000,0.000000,0.000000,0,0.000000,0.000000,NULL,1,'0000-00-00'),(127,152,'DC2509 Amerindian Rabbit','','','','',0.000000,0.000000,0.000000,0,0.000000,0.000000,NULL,1,'0000-00-00'),(128,152,'DC2509 Baby Rabbit','','','','',0.000000,0.000000,0.000000,0,0.000000,0.000000,NULL,1,'0000-00-00'),(129,152,'DC2509 Blue Bear','','','','',0.000000,0.000000,0.000000,0,0.000000,0.000000,NULL,1,'0000-00-00'),(130,152,'DC2509 Blue Rabbit','','','','',0.000000,0.000000,0.000000,0,0.000000,0.000000,NULL,1,'0000-00-00'),(131,152,'DC2509 Brown Bear','','','','',0.000000,0.000000,0.000000,0,0.000000,0.000000,NULL,1,'0000-00-00'),(132,152,'DC2509 Celeste Rabbit','','','','',0.000000,0.000000,0.000000,0,0.000000,0.000000,NULL,1,'0000-00-00'),(133,152,'DC2509 Joker Bear','','','','',0.000000,0.000000,0.000000,0,0.000000,0.000000,NULL,1,'0000-00-00'),(134,152,'DC2509 Ladybird','','','','',0.000000,0.000000,0.000000,0,0.000000,0.000000,NULL,1,'0000-00-00'),(135,152,'DC2509 Multicoloured Mouse','','','','',0.000000,0.000000,0.000000,0,0.000000,0.000000,NULL,1,'0000-00-00'),(136,152,'DC2509 Orange Blue Bear','','','','',0.000000,0.000000,0.000000,0,0.000000,0.000000,NULL,1,'0000-00-00'),(137,152,'DC2509 Orange Dog','','','','',0.000000,0.000000,0.000000,0,0.000000,0.000000,NULL,1,'0000-00-00'),(138,152,'DC2509 Pink Orange Rabbit','','','','',0.000000,0.000000,0.000000,0,0.000000,0.000000,NULL,1,'0000-00-00'),(139,152,'DC2509 Pink Rabbit','','','','',0.000000,0.000000,0.000000,0,0.000000,0.000000,NULL,1,'0000-00-00'),(140,152,'DC2509 Sleeping Bear','','','','',0.000000,0.000000,0.000000,0,0.000000,0.000000,1,1,'0000-00-00'),(141,152,'DC2509 Sleeping Mouse','','','','',0.000000,0.000000,0.000000,0,0.000000,0.000000,NULL,1,'0000-00-00'),(142,186,'DC2810 Brown Rabbit','','','','',0.000000,0.000000,0.000000,0,0.000000,0.000000,NULL,1,'0000-00-00'),(143,186,'DC2810 Blue Bear','','','','',0.000000,0.000000,0.000000,0,0.000000,0.000000,NULL,1,'0000-00-00'),(144,186,'DC2810 Pink Bear','','','','',0.000000,0.000000,0.000000,0,0.000000,0.000000,NULL,1,'0000-00-00'),(145,186,'DC2810 Mint Rabbit','','','','',0.000000,0.000000,0.000000,0,0.000000,0.000000,NULL,1,'0000-00-00'),(146,186,'DC2810 Pink Rabbit','','','','',0.000000,0.000000,0.000000,0,0.000000,0.000000,NULL,1,'0000-00-00'),(147,186,'DC2810 Purple Bear','','','','',0.000000,0.000000,0.000000,0,0.000000,0.000000,1,1,'0000-00-00');

--
-- Table structure for table `ps_product_attribute_combination`
--

CREATE TABLE `ps_product_attribute_combination` (
  `id_attribute` int(10) unsigned NOT NULL,
  `id_product_attribute` int(10) unsigned NOT NULL,
  PRIMARY KEY (`id_attribute`,`id_product_attribute`),
  KEY `id_product_attribute` (`id_product_attribute`)
) ENGINE=InnoDB DEFAULT CHARSET=utf8;

--
-- Dumping data for table `ps_product_attribute_combination`
--

INSERT INTO `ps_product_attribute_combination` (`id_attribute`, `id_product_attribute`) VALUES (7,49),(8,50),(29,51),(28,52),(31,53),(34,54),(33,59),(32,60),(36,61),(35,62),(31,67),(32,68),(29,69),(37,70),(14,71),(24,72),(17,73),(38,74),(40,75),(39,76),(41,77),(42,78),(45,79),(46,80),(43,81),(47,82),(44,83),(48,84),(50,85),(51,86),(52,87),(49,88),(53,89),(54,90),(55,91),(56,92),(57,93),(60,94),(61,95),(59,96),(58,97),(62,98),(26,99),(27,100),(25,101),(63,102),(64,103),(65,104),(66,105),(67,106),(69,107),(68,108),(70,109),(71,110),(72,111),(74,112),(73,113),(75,114),(53,115),(66,120),(76,121),(79,122),(78,123),(77,124),(80,125),(81,126),(82,127),(83,128),(84,129),(85,130),(86,131),(87,132),(88,133),(89,134),(90,135),(91,136),(92,137),(93,138),(94,139),(95,140),(96,141),(98,142),(102,143),(100,144),(99,145),(97,146),(101,147);

--
-- Table structure for table `ps_product_attribute_image`
--

CREATE TABLE `ps_product_attribute_image` (
  `id_product_attribute` int(10) unsigned NOT NULL,
  `id_image` int(10) unsigned NOT NULL,
  PRIMARY KEY (`id_product_attribute`,`id_image`),
  KEY `id_image` (`id_image`)
) ENGINE=InnoDB DEFAULT CHARSET=utf8;

--
-- Dumping data for table `ps_product_attribute_image`
--

INSERT INTO `ps_product_attribute_image` (`id_product_attribute`, `id_image`) VALUES (49,64),(50,65),(52,125),(53,127),(54,129),(51,130),(62,136),(59,137),(60,138),(61,139),(67,146),(68,147),(69,148),(70,149),(71,154),(73,155),(74,156),(72,157),(75,158),(76,159),(77,160),(78,161),(79,162),(80,163),(81,164),(82,165),(83,166),(84,167),(88,190),(85,191),(86,192),(87,193),(89,194),(90,195),(91,196),(92,197),(94,249),(95,250),(98,251),(93,252),(96,253),(97,254),(101,263),(99,264),(100,265),(103,297),(104,298),(105,299),(102,300),(106,302),(108,303),(107,304),(109,305),(110,306),(111,307),(112,323),(113,324),(115,325),(114,326),(121,331),(122,332),(123,334),(125,335),(120,336),(124,337),(126,338),(127,339),(128,340),(129,341),(130,342),(131,343),(132,344),(133,345),(134,346),(135,347),(136,348),(137,349),(138,350),(139,351),(140,352),(141,353),(143,417),(142,418),(145,419),(144,420),(146,421),(147,422);

--
-- Table structure for table `ps_product_attribute_shop`
--

CREATE TABLE `ps_product_attribute_shop` (
  `id_product` int(10) unsigned NOT NULL,
  `id_product_attribute` int(10) unsigned NOT NULL,
  `id_shop` int(10) unsigned NOT NULL,
  `wholesale_price` decimal(20,6) NOT NULL DEFAULT '0.000000',
  `price` decimal(20,6) NOT NULL DEFAULT '0.000000',
  `ecotax` decimal(17,6) NOT NULL DEFAULT '0.000000',
  `weight` decimal(20,6) NOT NULL DEFAULT '0.000000',
  `unit_price_impact` decimal(20,6) NOT NULL DEFAULT '0.000000',
  `default_on` tinyint(1) unsigned DEFAULT NULL,
  `minimal_quantity` int(10) unsigned NOT NULL DEFAULT '1',
  `available_date` date NOT NULL DEFAULT '0000-00-00',
  PRIMARY KEY (`id_product_attribute`,`id_shop`),
  UNIQUE KEY `id_product` (`id_product`,`id_shop`,`default_on`)
) ENGINE=InnoDB DEFAULT CHARSET=utf8;

--
-- Dumping data for table `ps_product_attribute_shop`
--

INSERT INTO `ps_product_attribute_shop` (`id_product`, `id_product_attribute`, `id_shop`, `wholesale_price`, `price`, `ecotax`, `weight`, `unit_price_impact`, `default_on`, `minimal_quantity`, `available_date`) VALUES (40,49,1,0.000000,0.000000,0.000000,0.000000,0.000000,1,1,'0000-00-00'),(40,50,1,0.000000,0.000000,0.000000,0.000000,0.000000,NULL,1,'0000-00-00'),(83,51,1,0.000000,0.000000,0.000000,0.000000,0.000000,1,1,'0000-00-00'),(83,52,1,0.000000,0.000000,0.000000,0.000000,0.000000,NULL,1,'0000-00-00'),(83,53,1,0.000000,0.000000,0.000000,0.000000,0.000000,NULL,1,'0000-00-00'),(83,54,1,0.000000,0.000000,0.000000,0.000000,0.000000,NULL,1,'0000-00-00'),(84,59,1,0.000000,0.000000,0.000000,0.000000,0.000000,1,1,'0000-00-00'),(84,60,1,0.000000,0.000000,0.000000,0.000000,0.000000,NULL,1,'0000-00-00'),(84,61,1,0.000000,0.000000,0.000000,0.000000,0.000000,NULL,1,'0000-00-00'),(84,62,1,0.000000,0.000000,0.000000,0.000000,0.000000,NULL,1,'0000-00-00'),(85,67,1,0.000000,0.000000,0.000000,0.000000,0.000000,1,1,'0000-00-00'),(85,68,1,0.000000,0.000000,0.000000,0.000000,0.000000,NULL,1,'0000-00-00'),(85,69,1,0.000000,0.000000,0.000000,0.000000,0.000000,NULL,1,'0000-00-00'),(85,70,1,0.000000,0.000000,0.000000,0.000000,0.000000,NULL,1,'0000-00-00'),(88,71,1,0.000000,0.000000,0.000000,0.000000,0.000000,1,1,'0000-00-00'),(88,72,1,0.000000,0.000000,0.000000,0.000000,0.000000,NULL,1,'0000-00-00'),(88,73,1,0.000000,0.000000,0.000000,0.000000,0.000000,NULL,1,'0000-00-00'),(88,74,1,0.000000,0.000000,0.000000,0.000000,0.000000,NULL,1,'0000-00-00'),(89,75,1,0.000000,0.000000,0.000000,0.000000,0.000000,1,1,'0000-00-00'),(89,76,1,0.000000,0.000000,0.000000,0.000000,0.000000,NULL,1,'0000-00-00'),(89,77,1,0.000000,0.000000,0.000000,0.000000,0.000000,NULL,1,'0000-00-00'),(89,78,1,0.000000,0.000000,0.000000,0.000000,0.000000,NULL,1,'0000-00-00'),(90,79,1,0.000000,0.000000,0.000000,0.000000,0.000000,1,1,'0000-00-00'),(90,80,1,0.000000,0.000000,0.000000,0.000000,0.000000,NULL,1,'0000-00-00'),(90,81,1,0.000000,0.000000,0.000000,0.000000,0.000000,NULL,1,'0000-00-00'),(90,82,1,0.000000,0.000000,0.000000,0.000000,0.000000,NULL,1,'0000-00-00'),(90,83,1,0.000000,0.000000,0.000000,0.000000,0.000000,NULL,1,'0000-00-00'),(90,84,1,0.000000,0.000000,0.000000,0.000000,0.000000,NULL,1,'0000-00-00'),(102,85,1,0.000000,0.000000,0.000000,0.000000,0.000000,NULL,1,'0000-00-00'),(102,86,1,0.000000,0.000000,0.000000,0.000000,0.000000,NULL,1,'0000-00-00'),(102,87,1,0.000000,0.000000,0.000000,0.000000,0.000000,1,1,'0000-00-00'),(102,88,1,0.000000,0.000000,0.000000,0.000000,0.000000,NULL,1,'0000-00-00'),(102,89,1,0.000000,0.000000,0.000000,0.000000,0.000000,NULL,1,'0000-00-00'),(102,90,1,0.000000,0.000000,0.000000,0.000000,0.000000,NULL,1,'0000-00-00'),(102,91,1,0.000000,0.000000,0.000000,0.000000,0.000000,NULL,1,'0000-00-00'),(102,92,1,0.000000,0.000000,0.000000,0.000000,0.000000,NULL,1,'0000-00-00'),(125,93,1,0.000000,0.000000,0.000000,0.000000,0.000000,1,1,'0000-00-00'),(125,94,1,0.000000,0.000000,0.000000,0.000000,0.000000,NULL,1,'0000-00-00'),(125,95,1,0.000000,0.000000,0.000000,0.000000,0.000000,NULL,1,'0000-00-00'),(125,96,1,0.000000,0.000000,0.000000,0.000000,0.000000,NULL,1,'0000-00-00'),(125,97,1,0.000000,0.000000,0.000000,0.000000,0.000000,NULL,1,'0000-00-00'),(125,98,1,0.000000,0.000000,0.000000,0.000000,0.000000,NULL,1,'0000-00-00'),(131,99,1,0.000000,0.000000,0.000000,0.000000,0.000000,NULL,1,'0000-00-00'),(131,100,1,0.000000,0.000000,0.000000,0.000000,0.000000,NULL,1,'0000-00-00'),(131,101,1,0.000000,0.000000,0.000000,0.000000,0.000000,1,1,'0000-00-00'),(144,102,1,0.000000,0.000000,0.000000,0.000000,0.000000,1,1,'0000-00-00'),(144,103,1,0.000000,0.000000,0.000000,0.000000,0.000000,NULL,1,'0000-00-00'),(144,104,1,0.000000,0.000000,0.000000,0.000000,0.000000,NULL,1,'0000-00-00'),(144,105,1,0.000000,0.000000,0.000000,0.000000,0.000000,NULL,1,'0000-00-00'),(145,106,1,0.000000,0.000000,0.000000,0.000000,0.000000,1,1,'0000-00-00'),(145,107,1,0.000000,0.000000,0.000000,0.000000,0.000000,NULL,1,'0000-00-00'),(145,108,1,0.000000,0.000000,0.000000,0.000000,0.000000,NULL,1,'0000-00-00'),(145,109,1,0.000000,0.000000,0.000000,0.000000,0.000000,NULL,1,'0000-00-00'),(145,110,1,0.000000,0.000000,0.000000,0.000000,0.000000,NULL,1,'0000-00-00'),(145,111,1,0.000000,0.000000,0.000000,0.000000,0.000000,NULL,1,'0000-00-00'),(150,112,1,0.000000,0.000000,0.000000,0.000000,0.000000,NULL,1,'0000-00-00'),(150,113,1,0.000000,0.000000,0.000000,0.000000,0.000000,NULL,1,'0000-00-00'),(150,114,1,0.000000,0.000000,0.000000,0.000000,0.000000,1,1,'0000-00-00'),(150,115,1,0.000000,0.000000,0.000000,0.000000,0.000000,NULL,1,'0000-00-00'),(151,120,1,0.000000,0.000000,0.000000,0.000000,0.000000,NULL,1,'0000-00-00'),(151,121,1,0.000000,0.000000,0.000000,0.000000,0.000000,NULL,1,'0000-00-00'),(151,122,1,0.000000,0.000000,0.000000,0.000000,0.000000,NULL,1,'0000-00-00'),(151,123,1,0.000000,0.000000,0.000000,0.000000,0.000000,1,1,'0000-00-00'),(151,124,1,0.000000,0.000000,0.000000,0.000000,0.000000,NULL,1,'0000-00-00'),(151,125,1,0.000000,0.000000,0.000000,0.000000,0.000000,NULL,1,'0000-00-00'),(152,126,1,0.000000,0.000000,0.000000,0.000000,0.000000,NULL,1,'0000-00-00'),(152,127,1,0.000000,0.000000,0.000000,0.000000,0.000000,NULL,1,'0000-00-00'),(152,128,1,0.000000,0.000000,0.000000,0.000000,0.000000,NULL,1,'0000-00-00'),(152,129,1,0.000000,0.000000,0.000000,0.000000,0.000000,NULL,1,'0000-00-00'),(152,130,1,0.000000,0.000000,0.000000,0.000000,0.000000,NULL,1,'0000-00-00'),(152,131,1,0.000000,0.000000,0.000000,0.000000,0.000000,NULL,1,'0000-00-00'),(152,132,1,0.000000,0.000000,0.000000,0.000000,0.000000,NULL,1,'0000-00-00'),(152,133,1,0.000000,0.000000,0.000000,0.000000,0.000000,NULL,1,'0000-00-00'),(152,134,1,0.000000,0.000000,0.000000,0.000000,0.000000,NULL,1,'0000-00-00'),(152,135,1,0.000000,0.000000,0.000000,0.000000,0.000000,NULL,1,'0000-00-00'),(152,136,1,0.000000,0.000000,0.000000,0.000000,0.000000,NULL,1,'0000-00-00'),(152,137,1,0.000000,0.000000,0.000000,0.000000,0.000000,NULL,1,'0000-00-00'),(152,138,1,0.000000,0.000000,0.000000,0.000000,0.000000,NULL,1,'0000-00-00'),(152,139,1,0.000000,0.000000,0.000000,0.000000,0.000000,NULL,1,'0000-00-00'),(152,140,1,0.000000,0.000000,0.000000,0.000000,0.000000,1,1,'0000-00-00'),(152,141,1,0.000000,0.000000,0.000000,0.000000,0.000000,NULL,1,'0000-00-00'),(186,142,1,0.000000,0.000000,0.000000,0.000000,0.000000,NULL,1,'0000-00-00'),(186,143,1,0.000000,0.000000,0.000000,0.000000,0.000000,NULL,1,'0000-00-00'),(186,144,1,0.000000,0.000000,0.000000,0.000000,0.000000,NULL,1,'0000-00-00'),(186,145,1,0.000000,0.000000,0.000000,0.000000,0.000000,NULL,1,'0000-00-00'),(186,146,1,0.000000,0.000000,0.000000,0.000000,0.000000,NULL,1,'0000-00-00'),(186,147,1,0.000000,0.000000,0.000000,0.000000,0.000000,1,1,'0000-00-00');

--
-- Table structure for table `ps_product_carrier`
--

CREATE TABLE `ps_product_carrier` (
  `id_product` int(10) unsigned NOT NULL,
  `id_carrier_reference` int(10) unsigned NOT NULL,
  `id_shop` int(10) unsigned NOT NULL,
  PRIMARY KEY (`id_product`,`id_carrier_reference`,`id_shop`)
) ENGINE=InnoDB DEFAULT CHARSET=utf8;

--
-- Dumping data for table `ps_product_carrier`
--

INSERT INTO `ps_product_carrier` (`id_product`, `id_carrier_reference`, `id_shop`) VALUES (15,2,1),(132,2,1),(134,2,1),(135,2,1),(136,2,1),(137,2,1),(139,2,1),(140,2,1),(141,2,1),(142,2,1),(143,2,1),(144,2,1),(145,2,1),(146,2,1),(147,2,1),(149,2,1),(150,2,1),(151,2,1),(152,2,1),(153,2,1),(154,2,1),(155,2,1),(156,2,1),(157,2,1),(158,2,1),(160,2,1),(161,2,1),(162,2,1),(163,2,1),(164,2,1),(165,2,1),(167,2,1),(168,2,1),(169,2,1),(170,2,1),(171,2,1),(172,2,1),(173,2,1),(174,2,1),(176,2,1),(177,2,1),(178,2,1),(179,2,1),(180,2,1),(181,2,1),(182,2,1),(186,2,1),(187,2,1);

--
-- Table structure for table `ps_product_comment`
--

CREATE TABLE `ps_product_comment` (
  `id_product_comment` int(10) unsigned NOT NULL AUTO_INCREMENT,
  `id_product` int(10) unsigned NOT NULL,
  `id_customer` int(10) unsigned NOT NULL,
  `id_guest` int(10) unsigned DEFAULT NULL,
  `title` varchar(64) DEFAULT NULL,
  `content` text NOT NULL,
  `customer_name` varchar(64) DEFAULT NULL,
  `grade` float unsigned NOT NULL,
  `validate` tinyint(1) NOT NULL,
  `deleted` tinyint(1) NOT NULL,
  `date_add` datetime NOT NULL,
  PRIMARY KEY (`id_product_comment`),
  KEY `id_product` (`id_product`),
  KEY `id_customer` (`id_customer`),
  KEY `id_guest` (`id_guest`)
) ENGINE=InnoDB DEFAULT CHARSET=utf8;

--
-- Dumping data for table `ps_product_comment`
--


--
-- Table structure for table `ps_product_comment_criterion`
--

CREATE TABLE `ps_product_comment_criterion` (
  `id_product_comment_criterion` int(10) unsigned NOT NULL AUTO_INCREMENT,
  `id_product_comment_criterion_type` tinyint(1) NOT NULL,
  `active` tinyint(1) NOT NULL,
  PRIMARY KEY (`id_product_comment_criterion`)
) ENGINE=InnoDB AUTO_INCREMENT=2 DEFAULT CHARSET=utf8;

--
-- Dumping data for table `ps_product_comment_criterion`
--

INSERT INTO `ps_product_comment_criterion` (`id_product_comment_criterion`, `id_product_comment_criterion_type`, `active`) VALUES (1,1,1);

--
-- Table structure for table `ps_product_comment_criterion_category`
--

CREATE TABLE `ps_product_comment_criterion_category` (
  `id_product_comment_criterion` int(10) unsigned NOT NULL,
  `id_category` int(10) unsigned NOT NULL,
  PRIMARY KEY (`id_product_comment_criterion`,`id_category`),
  KEY `id_category` (`id_category`)
) ENGINE=InnoDB DEFAULT CHARSET=utf8;

--
-- Dumping data for table `ps_product_comment_criterion_category`
--


--
-- Table structure for table `ps_product_comment_criterion_lang`
--

CREATE TABLE `ps_product_comment_criterion_lang` (
  `id_product_comment_criterion` int(11) unsigned NOT NULL,
  `id_lang` int(11) unsigned NOT NULL,
  `name` varchar(64) NOT NULL,
  PRIMARY KEY (`id_product_comment_criterion`,`id_lang`)
) ENGINE=InnoDB DEFAULT CHARSET=utf8;

--
-- Dumping data for table `ps_product_comment_criterion_lang`
--

INSERT INTO `ps_product_comment_criterion_lang` (`id_product_comment_criterion`, `id_lang`, `name`) VALUES (1,1,'Quality'),(1,2,'Quality');

--
-- Table structure for table `ps_product_comment_criterion_product`
--

CREATE TABLE `ps_product_comment_criterion_product` (
  `id_product` int(10) unsigned NOT NULL,
  `id_product_comment_criterion` int(10) unsigned NOT NULL,
  PRIMARY KEY (`id_product`,`id_product_comment_criterion`),
  KEY `id_product_comment_criterion` (`id_product_comment_criterion`)
) ENGINE=InnoDB DEFAULT CHARSET=utf8;

--
-- Dumping data for table `ps_product_comment_criterion_product`
--


--
-- Table structure for table `ps_product_comment_grade`
--

CREATE TABLE `ps_product_comment_grade` (
  `id_product_comment` int(10) unsigned NOT NULL,
  `id_product_comment_criterion` int(10) unsigned NOT NULL,
  `grade` int(10) unsigned NOT NULL,
  PRIMARY KEY (`id_product_comment`,`id_product_comment_criterion`),
  KEY `id_product_comment_criterion` (`id_product_comment_criterion`)
) ENGINE=InnoDB DEFAULT CHARSET=utf8;

--
-- Dumping data for table `ps_product_comment_grade`
--


--
-- Table structure for table `ps_product_comment_report`
--

CREATE TABLE `ps_product_comment_report` (
  `id_product_comment` int(10) unsigned NOT NULL,
  `id_customer` int(10) unsigned NOT NULL,
  PRIMARY KEY (`id_product_comment`,`id_customer`)
) ENGINE=InnoDB DEFAULT CHARSET=utf8;

--
-- Dumping data for table `ps_product_comment_report`
--


--
-- Table structure for table `ps_product_comment_usefulness`
--

CREATE TABLE `ps_product_comment_usefulness` (
  `id_product_comment` int(10) unsigned NOT NULL,
  `id_customer` int(10) unsigned NOT NULL,
  `usefulness` tinyint(1) unsigned NOT NULL,
  PRIMARY KEY (`id_product_comment`,`id_customer`)
) ENGINE=InnoDB DEFAULT CHARSET=utf8;

--
-- Dumping data for table `ps_product_comment_usefulness`
--


--
-- Table structure for table `ps_product_country_tax`
--

CREATE TABLE `ps_product_country_tax` (
  `id_product` int(11) NOT NULL,
  `id_country` int(11) NOT NULL,
  `id_tax` int(11) NOT NULL,
  PRIMARY KEY (`id_product`,`id_country`)
) ENGINE=InnoDB DEFAULT CHARSET=utf8;

--
-- Dumping data for table `ps_product_country_tax`
--


--
-- Table structure for table `ps_product_download`
--

CREATE TABLE `ps_product_download` (
  `id_product_download` int(10) unsigned NOT NULL AUTO_INCREMENT,
  `id_product` int(10) unsigned NOT NULL,
  `display_filename` varchar(255) DEFAULT NULL,
  `filename` varchar(255) DEFAULT NULL,
  `date_add` datetime NOT NULL,
  `date_expiration` datetime DEFAULT NULL,
  `nb_days_accessible` int(10) unsigned DEFAULT NULL,
  `nb_downloadable` int(10) unsigned DEFAULT '1',
  `active` tinyint(1) unsigned NOT NULL DEFAULT '1',
  `is_shareable` tinyint(1) unsigned NOT NULL DEFAULT '0',
  PRIMARY KEY (`id_product_download`),
  UNIQUE KEY `id_product` (`id_product`),
  KEY `product_active` (`id_product`,`active`)
) ENGINE=InnoDB DEFAULT CHARSET=utf8;

--
-- Dumping data for table `ps_product_download`
--


--
-- Table structure for table `ps_product_group_reduction_cache`
--

CREATE TABLE `ps_product_group_reduction_cache` (
  `id_product` int(10) unsigned NOT NULL,
  `id_group` int(10) unsigned NOT NULL,
  `reduction` decimal(4,3) NOT NULL,
  PRIMARY KEY (`id_product`,`id_group`)
) ENGINE=InnoDB DEFAULT CHARSET=utf8;

--
-- Dumping data for table `ps_product_group_reduction_cache`
--


--
-- Table structure for table `ps_product_lang`
--

CREATE TABLE `ps_product_lang` (
  `id_product` int(10) unsigned NOT NULL,
  `id_shop` int(11) unsigned NOT NULL DEFAULT '1',
  `id_lang` int(10) unsigned NOT NULL,
  `description` text,
  `description_short` text,
  `link_rewrite` varchar(128) NOT NULL,
  `meta_description` varchar(255) DEFAULT NULL,
  `meta_keywords` varchar(255) DEFAULT NULL,
  `meta_title` varchar(128) DEFAULT NULL,
  `name` varchar(128) NOT NULL,
  `available_now` varchar(255) DEFAULT NULL,
  `available_later` varchar(255) DEFAULT NULL,
  PRIMARY KEY (`id_product`,`id_shop`,`id_lang`),
  KEY `id_lang` (`id_lang`),
  KEY `name` (`name`)
) ENGINE=InnoDB DEFAULT CHARSET=utf8;

--
-- Dumping data for table `ps_product_lang`
--

INSERT INTO `ps_product_lang` (`id_product`, `id_shop`, `id_lang`, `description`, `description_short`, `link_rewrite`, `meta_description`, `meta_keywords`, `meta_title`, `name`, `available_now`, `available_later`) VALUES (8,1,1,'','<p>Size : 23 cm.</p>\n<p>Washable in washing machine.</p>\n<p>Sold in the Gift Box as shown on the picture.</p>\n<p>Available at Bebehaus : www.bebehaus.com.</p>','doudou-rabbit-bonbon-small-blue','','','','Doudou Rabbit Bonbon Small Blue','',''),(8,1,2,'','<p>Size : 23 cm</p>\n<p>Washable in washing machine</p>\n<p>Sold in the Gift Box as shown on the picture</p>\n<p>Available at Bebehaus : www.bebehaus.com</p>','doudou-rabbit-bonbon-small-blue','','','','Doudou Rabbit Bonbon Small Blue','',''),(9,1,1,'','<p>Size : 17 cm</p>\n<p>Washable in washing machine</p>\n<p>Available at Bebehaus : www.bebehaus.com</p>','doudou-cerise-with-pacifier-holder','','','','Doudou Cerise with Pacifier holder','',''),(9,1,2,'','<p>Size : 17 cm</p>\n<p>Washable in washing machine</p>\n<p>Available at Bebehaus : www.bebehaus.com</p>','doudou-cerise-with-dummy-holder','','','','Doudou Cerise with Dummy holder','',''),(12,1,1,'','<p>Size: 17 cm,</p>\n<p>Washable in washing machine,</p>\n<p>Sold in the gift box shown on the picture,</p>\n<p>Available at Bebehaus : www.bebehaus.com</p>','doudou-petit-chou-with-pacifier-holder','','','','Doudou Petit Chou with Pacifier holder','',''),(12,1,2,'','<p>Size : 17 cm</p>\n<p>Washable in washing machine</p>\n<p>Sold in the gift box shown on the picture</p>\n<p>Available at Bebehaus : www.bebehaus.com</p>','doudou-petit-chou-with-dummy-holder','','','','Doudou Petit Chou with Dummy holder','',''),(13,1,1,'','<p>Size : 27 cm</p>\n<p>Washable in washing machine</p>\n<p>Sold in a gift box shown on the picture</p>\n<p>Available at Bebehaus : www.bebehaus.com</p>','doudou-petit-chou','','','','Doudou Petit Chou','',''),(13,1,2,'','<p>Size : 27 cm</p>\n<p>Washable in washing machine</p>\n<p>Sold in a gift box shown on the picture</p>\n<p>Available at Bebehaus : www.bebehaus.com</p>','doudou-petit-chou','','','','Doudou Petit Chou','',''),(14,1,1,'','<p>Size : 30 cm</p>\n<p>Product features : Teething ring, Mirror, Rattle, Squeaker and Crinkly paper sound</p>\n<p>Washable in washing machine</p>\n<p>Sold in a gift box as shown on the picture</p>\n<p>Available at Bebehaus : www.bebehaus.com</p>','activity-doll-petit-chou','','','','Activity Doll Petit Chou','',''),(14,1,2,'','<p>Size : 30 cm</p>\n<p>Product features : Teething ring, Mirror, Rattle, Squeaker and Crinkly paper sound</p>\n<p>Washable in washing machine</p>\n<p>Sold in a gift box as shown on the picture</p>\n<p>Available at Bebehaus : www.bebehaus.com</p>','activity-doll-petit-chou','','','','Activity Doll Petit Chou','',''),(16,1,1,'','<p>Size : 23 cm</p>\n<p>Washable in washing machine</p>\n<p>Sold in Gift Box as shown on the picture</p>\n<p>Available at Bebehaus : www.bebehaus.com</p>','doudou-rabbit-pompon-almond','','','','Doudou Rabbit Pompon Almond','',''),(16,1,2,'','<p>Size : 23 cm</p>\n<p>Washable in washing machine</p>\n<p>Sold in Gift Box as shown on the picture</p>\n<p>Available at Bebehaus : www.bebehaus.com</p>','doudou-rabbit-pompon-almond','','','','Doudou Rabbit Pompon Almond','',''),(17,1,1,'','<p>Size : 30 cm</p>\n<p>Washable in washing machine</p>\n<p>Sold in the Gift Box as shown on the picture</p>\n<p>Available at Bebehaus : www.bebehaus.com</p>','rabbit-bonbon-large-pink','','','','Doudou Rabbit Bonbon Large Pink','',''),(17,1,2,'','<p>Size : 30 cm</p>\n<p>Washable in washing machine</p>\n<p>Sold in the Gift Box as shown on the picture</p>\n<p>Available at Bebehaus : www.bebehaus.com</p>','rabbit-bonbon-large-pink','','','','Doudou Rabbit Bonbon Large Pink','',''),(18,1,1,'','<p>Size : 30 cm</p>\n<p>Washable in washing machine</p>\n<p>Sold in the Gift Box as shown on the picture</p>\n<p>Available at Bebehaus : www.bebehaus.com</p>','rabbit-bonbon-large-blue','','','','Doudou Rabbit Bonbon Large Blue','',''),(18,1,2,'','<p>Size : 30 cm</p>\n<p>Washable in washing machine</p>\n<p>Sold in the Gift Box as shown on the picture</p>\n<p>Available at Bebehaus : www.bebehaus.com</p>','rabbit-bonbon-large-blue','','','','Doudou Rabbit Bonbon Large Blue','',''),(20,1,1,'','<p>Size 28 cm</p>\n<p>Washable in washing machine</p>\n<p>Sold in the Gift Box as shown on the picture</p>\n<p>Available at Bebehaus and Happikiddo</p>','doudou-collector-rabbit-pink','','','','Doudou Collector Rabbit Pink','',''),(20,1,2,'','<p>Size 28 cm</p>\n<p>Washable in washing machine</p>\n<p>Sold in the Gift Box as shown on the picture</p>\n<p>Available at Bebehaus : www.bebehaus.com</p>','doudou-collector-rabbit-pink','','','','Doudou Collector Rabbit Pink','',''),(24,1,1,'','<p>32 cm</p>\n<p>Washable in washing machine</p>\n<p>Sold in the Gift Box as shown on the picture</p>\n<p>Available at Bebehaus : www.bebehaus.com</p>','doudou-cueillettes-mouse','','','','Doudou Cueillettes Mouse','',''),(24,1,2,'','<p>32 cm</p>\n<p>Washable in washing machine</p>\n<p>Sold in the Gift Box as shown on the picture</p>\n<p>Available at Bebehaus : www.bebehaus.com</p>','doudou-cueillettes-mouse','','','','Doudou Cueillettes Mouse','',''),(25,1,1,'','<p>Size : 32 cm</p>\n<p>Washable in washing machine</p>\n<p>Sold in the Gift Box as shown on the picture</p>\n<p>Available at Bebehaus : www.bebehaus.com</p>','doudou-cueillettes-dog','','','','Doudou Cueillettes Dog','',''),(25,1,2,'','<p>Size : 32 cm</p>\n<p>Washable in washing machine</p>\n<p>Sold in the Gift Box as shown on the picture</p>\n<p>Available at Bebehaus : www.bebehaus.com</p>','doudou-cueillettes-dog','','','','Doudou Cueillettes Dog','',''),(26,1,1,'','<p>Size : 26 cm</p>\n<p>Washable in washing machine</p>\n<p>Sold in the Gift Box as shown on the picture</p>\n<p>Available at Bebehaus : www.bebehaus.com</p>','doudou-cueillettes-dog-with-handkerchief','','','','Doudou Cueillettes Dog with Handkerchief','',''),(26,1,2,'','<p>Size : 26 cm</p>\n<p>Washable in washing machine</p>\n<p>Sold in the Gift Box as shown on the picture</p>\n<p>Available at Bebehaus : www.bebehaus.com</p>','doudou-doll-cueillettes-dog','','','','Doudou Doll Cueillettes Dog','',''),(29,1,1,'','<p>Size : 40 cm</p>\n<p>Washable in washing machine</p>\n<p>Sold in a Gift Box as shown on the picture</p>\n<p>Avalaible at Bebehaus : www.bebehaus.com</p>','sweety-rabbit','','','','Sweety Rabbit','',''),(29,1,2,'','<p>Size : 40 cm</p>\n<p>Washable in washing machine</p>\n<p>Sold in a Gift Box as shown on the picture</p>\n<p>Avalaible at Bebehaus : www.bebehaus.com</p>','sweety-rabbit','','','','Sweety Rabbit','',''),(31,1,1,'','<p>Size : 30 cm</p>\n<p>Colour : Champagne (light brown)</p>\n<p>Sold in the Gift Box as shown on the picture</p>\n<p>Available at Bebehaus and Bumps &amp; Bundles</p>','douillet-bear-champagne-small','','','','Douillet Bear Champagne Small','',''),(31,1,2,'','<p>Size : 30 cm</p>\n<p>Colour : Champagne (light brown)</p>\n<p>Sold in the Gift Box as shown on the picture</p>\n<p>Available at Bebehaus : www.bebehaus.com</p>','douillet-bear-champagne-small','','','','Douillet Bear Champagne Small','',''),(32,1,1,'','<p>Size : 25 cm</p>\n<p>Washable in washing machine</p>\n<p>Sold in the Gift Box as shown on the picture</p>\n<p>Available at Bebehaus &amp; Kinokuniya</p>','giraffe-small-size','','','','Giraffe Small Size','',''),(32,1,2,'','<p>Size : 25 cm</p>\n<p>Washable in washing machine</p>\n<p>Sold in the Gift Box as shown on the picture</p>\n<p>Available at Bebehaus : www.bebehaus.com</p>','giraffe-small-size','','','','Giraffe Small Size','',''),(33,1,1,'','<p>Size : 38 cm</p>\n<p>Washable in Washing Machine</p>\n<p>Sold in the Gift Box shown on the picture</p>','giraffe-medium-size','','','','Giraffe Medium Size','',''),(33,1,2,'','<p>Size : 38 cm</p>\n<p>Washable in Washing Machine</p>\n<p>Sold in the Gift Box shown on the picture</p>','giraffe-medium-size','','','','Giraffe Medium Size','',''),(34,1,1,'','<p>Size : 55 cm</p>\n<p>Washable in Washing Machine</p>\n<p> </p>','giraffe-large-size','','','','Giraffe Large Size','',''),(34,1,2,'','<p>Size : 55 cm</p>\n<p>Washable in Washing Machine</p>\n<p> </p>','giraffe-large-size','','','','Giraffe Large Size','',''),(35,1,1,'','<p>Size : 23 cm</p>\n<p>Washable in Washing Machine</p>\n<p>Sold in the Gift Box shown on the picture</p>\n<p>Available at Kinokuniya</p>','hippo-small-size','','','','Hippo Small Size','',''),(35,1,2,'','<p>Size : 23 cm</p>\n<p>Washable in Washing Machine</p>\n<p>Sold in the Gift Box shown on the picture</p>','hippo-small-size','','','','Hippo Small Size','',''),(36,1,1,'','<p>Size : 38 cm</p>\n<p>Washable in Washing Machine</p>\n<p>Sold in Gift Box as shown on picture</p>','hippo-medium-size','','','','Hippo Medium Size','',''),(36,1,2,'','<p>Size : 38 cm</p>\n<p>Washable in Washing Machine</p>\n<p>Sold in Gift Box as shown on picture</p>','hippo-medium-size','','','','Hippo Medium Size','',''),(37,1,1,'','<p>Size : 40 cm</p>\n<p>Washable in Washing Machine</p>\n<p>Sold in Gift Box</p>\n<p> </p>','sweety-dog','','','','Sweety Dog','',''),(37,1,2,'','<p>Size : 40 cm</p>\n<p>Washable in Washing Machine</p>\n<p>Sold in Gift Box</p>\n<p> </p>','sweety-dog','','','','Sweety Dog','',''),(38,1,1,'','<p>Size : 40 cm</p>\n<p>Colour : Beige</p>\n<p>Washable in Washing Machine</p>\n<p>Sold in Gift Box as shown on picture</p>','copain-calin-beige-rabbit-medium','','','','Copain Calin - Beige Rabbit - Medium','',''),(38,1,2,'','<p>Size : 40 cm</p>\n<p>Colour : Beige</p>\n<p>Washable in Washing Machine</p>\n<p>Sold in Gift Box as shown on picture</p>','copain-calin-rabbit-medium','','','','Copain Calin Rabbit Medium','',''),(39,1,1,'','<p>Size : 50 cm</p>\n<p>Colour : Beige</p>\n<p>Washable in Washing machine</p>\n<p>Sold in Gift Box as shown on picture</p>\n<p> </p>','copain-calin-beige-rabbit-large','','','','Copain Calin - Beige Rabbit - Large','',''),(39,1,2,'','<p>Size : 50 cm</p>\n<p>Colour : Beige</p>\n<p>Washable in Washing machine</p>\n<p>Sold in Gift Box as shown on picture</p>\n<p> </p>','copain-calin-rabbit-large','','','','Copain Calin Rabbit Large','',''),(40,1,1,'','<p>Size : 23 cm</p>\n<p>Colour : Beige or White</p>\n<p>Washable in Washing Machine</p>\n<p>Sold in Gift Box as shown on the picture</p>\n<p>Available at Kinokuniya</p>','brownie-the-dog','','','','Brownie the Dog','',''),(40,1,2,'','<p>Size : 23 cm</p>\n<p>Colour : Beige or White</p>\n<p>Washable in Washing Machine</p>\n<p>Sold in Gift Bx as shown on the picture</p>','brownie-the-dog','','','','Brownie the Dog','',''),(41,1,1,'','<p>Size : 25 cm</p>\n<p>Washable in Washing Machine</p>\n<p> </p>','cookie-the-dog-small-size','','','','Cookie the Dog Small Size','',''),(41,1,2,'','<p>Size : 25 cm</p>\n<p>Washable in Washing Machine</p>\n<p> </p>','cookie-the-dog-small-size','','','','Cookie the Dog Small Size','',''),(42,1,1,'','<p>Size : 40 cm</p>\n<p>Washable in Washing machine</p>','cookie-the-dog-medium-size','','','','Cookie the Dog Medium Size','',''),(42,1,2,'','<p>Size : 40 cm</p>\n<p>Washable in Washing machine</p>','cookie-the-dog-medium-size','','','','Cookie the Dog Medium Size','',''),(43,1,1,'','<p>Size : 40 cm</p>\n<p>Colour : Champagne (light brown)</p>\n<p>Washable in washing machine</p>\n<p>Sold in Gift Box as shown on the picture</p>\n<p>Available at Bumps &amp; Bundles</p>','douillet-bear-champagne-medium','','','','Douillet Bear Champagne Medium','',''),(43,1,2,'','<p>Size : 40 cm</p>\n<p>Colour : Champagne (light brown)</p>\n<p>Washable in washing machine</p>\n<p>Sold in Gift Box as shown on the picture</p>','douillet-bear-champagne-medium','','','','Douillet Bear Champagne Medium','',''),(44,1,1,'','<p>Size : 40 cm</p>\n<p>Washable in washing machine</p>\n<p>Sold in Gift Box as shown on picture</p>\n<p>Available at Bumps &amp; Bundles</p>','marius-the-rabbit-large-z-animoos','','','','Marius the Rabbit Large - Z Animoos','',''),(44,1,2,'','<p>Size : 40 cm</p>\n<p>Washable in washing machine</p>\n<p>Sold in Gift Box as shown on picture</p>','marius-the-rabbit-large-z-animoos','','','','Marius the Rabbit Large - Z Animoos','',''),(45,1,1,'','<p>Size : 30 cm</p>\n<p>Washable in washing machine</p>\n<p>Sold in Gift Box as shown on picture</p>','marius-the-rabbit-medium-z-animoos','','','','Marius the Rabbit Medium - Z Animoos','',''),(45,1,2,'','<p>Size : 30 cm</p>\n<p>Washable in washing machine</p>\n<p>Sold in Gift Box as shown on picture</p>','marius-the-rabbit-medium-z-animoos','','','','Marius the Rabbit Medium - Z Animoos','',''),(46,1,1,'','<p>Size : 30 cm</p>\n<p>Washable in Washing machine</p>\n<p>Sold in Gift Box as shown on picture</p>','layette-bear-blue','','','','Layette Bear Blue','',''),(46,1,2,'','<p>Size : 30 cm</p>\n<p>Washable in Washing machine</p>\n<p>Sold in Gift Box as shown on picture</p>','layette-bear-blue','','','','Layette Bear Blue','',''),(47,1,1,'','<p>Size : 30 cm</p>\n<p>Washable in Washing machine</p>\n<p>Sold in Gift Box as shown on picture</p>','layette-bear-pink','','','','Layette Bear Pink','',''),(47,1,2,'','<p>Size : 30 cm</p>\n<p>Washable in Washing machine</p>\n<p>Sold in Gift Box as shown on picture</p>','layette-bear-pink','','','','Layette Bear Pink','',''),(48,1,1,'','<p>Size : 25 cm</p>\n<p>Slip the Puppet onto your hand like a glove to become Baby\'s favourite puppeteer</p>\n<p>Washable in Washing machine</p>','zebra-the-puppet','','','','Zebra the Puppet','',''),(48,1,2,'','<p>Size : 25 cm</p>\n<p>Slip the Puppet onto your hand like a glove to become Baby\'s favourite puppeteer</p>\n<p>Washable in Washing machine</p>','zebra-the-puppet','','','','Zebra the Puppet','',''),(49,1,1,'','<p>Size : 25 cm</p>\n<p>Slip the puppet onto your hand like a glove to become Baby\'s favourite puppeteer and use one finger to animate the Ladybird</p>\n<p> </p>','cow-the-puppet-with-ladybird','','','','Cow the Puppet with Ladybird','',''),(49,1,2,'','<p>Size : 25 cm</p>\n<p>Slip the puppet onto your hand like a glove to become Baby\'s favourite puppeteer and use one finger to animate the Ladybird</p>\n<p> </p>','cow-the-puppet-with-ladybird','','','','Cow the Puppet with Ladybird','',''),(50,1,1,'','<p>Size : 25 cm</p>\n<p>Slip the puppet onto your hand like a glove to become Baby\'s favourite puppeteer</p>\n<p>Washable in Washing Machine</p>','cow-the-puppet','','','','Cow the Puppet','',''),(50,1,2,'','<p>Size : 25 cm</p>\n<p>Slip the puppet onto your hand like a glove to become Baby\'s favourite puppeteer</p>\n<p>Washable in Washing Machine</p>','cow-the-puppet','','','','Cow the Puppet','',''),(51,1,1,'','<p>Size : 25 cm</p>\n<p>Slip the puppet onto your hand like a glove to become Baby\'s favourite puppeteer</p>','donkey-the-puppet','','','','Donkey the Puppet','',''),(51,1,2,'','<p>Size : 25 cm</p>\n<p>Slip the puppet onto your hand like a glove to become Baby\'s favourite puppeteer</p>','donkey-the-puppet','','','','Donkey the Puppet','',''),(52,1,1,'','<p>Size : 25 cm</p>\n<p>Slip the Puppet onto your hand like a glove to become baby\'s favourite puppeteer</p>\n<p>Washable in Washing Machine</p>','giraffe-the-puppet','','','','Giraffe the Puppet','',''),(52,1,2,'','<p>Size : 25 cm</p>\n<p>Slip the Puppet onto your hand like a glove to become baby\'s favourite puppeteer</p>\n<p>Washable in Washing Machine</p>','giraffe-the-puppet','','','','Giraffe the Puppet','',''),(53,1,1,'','<p>Size : 20 cm</p>\n<p>Washable in Washing Machine</p>\n<p>Sold in Gift Box as shown on picture</p>\n<p>Available at Kinokuniya</p>','lion-authentique','','','','Lion Authentique','',''),(53,1,2,'','<p>Size : 20 cm</p>\n<p>Washable in Washing Machine</p>\n<p>Sold in Gift Box as shown on picture</p>','lion-authentique','','','','Lion Authentique','',''),(54,1,1,'','<p>Size 20 cm</p>\n<p>Washable in Washing machine</p>\n<p>Sold in Gift Box as shown on picture</p>\n<p>Available at Kinokuniya</p>','cat-authentique','','','','Cat Authentique','',''),(54,1,2,'','<p>Size 20 cm</p>\n<p>Washable in Washing machine</p>\n<p>Sold in Gift Box as shown on picture</p>','cat-authentique','','','','Cat Authentique','',''),(55,1,1,'','<p>Sze : 20 cm</p>\n<p>Washable in Washing Machine</p>\n<p>Sold in a Gift Box as shown on picture</p>\n<p>Available at Kinokuniya</p>','red-panda-authentique','','','','Red Panda Authentique','',''),(55,1,2,'','<p>Sze : 20 cm</p>\n<p>Washable in Washing Machine</p>\n<p>Sold in a Gift Box as shown on picture</p>','red-panda-authentique','','','','Red Panda Authentique','',''),(56,1,1,'','<p>Size : 20 cm</p>\n<p>Washable in Washing Machine</p>\n<p>Available at Kinokuniya</p>','koala-authentique','','','','Koala Authentique','',''),(56,1,2,'','<p>Size : 20 cm</p>\n<p>Washable in Washing Machine</p>\n<p>Sold in Gift Box as shown on picture</p>','koala-authentique','','','','Koala Authentique','',''),(57,1,1,'','<p>Size : 30 cm</p>\n<p>Washable in Washing machine</p>\n<p>Sold in Gift Box as shown on picture</p>','doudou-rabbit-bonbon-large-light-brown','','','','Doudou Rabbit Bonbon Large Light Brown','',''),(57,1,2,'','<p>Size : 30 cm</p>\n<p>Washable in Washing machine</p>\n<p>Sold in Gift Box as shown on picture</p>','doudou-rabbit-bonbon-large-light-brown','','','','Doudou Rabbit Bonbon Large Light Brown','',''),(58,1,1,'','<p>Size : 25 cm</p>\n<p>Slip the puppet onto your hand like a glove to be come Baby\'s favourite puppeteer</p>\n<p>Washable in Washing machine</p>','rabbit-celestine-the-puppet','','','','Rabbit Celestine the Puppet','',''),(58,1,2,'','<p>Size : 25 cm</p>\n<p>Slip the puppet onto your hand like a glove to be come Baby\'s favourite puppeteer</p>\n<p>Washable in Washing machine</p>','rabbit-celestine-the-puppet','','','','Rabbit Celestine the Puppet','',''),(59,1,1,'','<p>Size : 25 cm</p>\n<p>Slip the Puppet onto your hand like a glove to become Baby\'s favourite puppeteer</p>\n<p>Washable in Washing machine</p>','ladybird-the-puppet','','','','Ladybird the Puppet','',''),(59,1,2,'','<p>Size : 25 cm</p>\n<p>Slip the Puppet onto your hand like a glove to become Baby\'s favourite puppeteer</p>\n<p>Washable in Washing machine</p>','ladybird-the-puppet','','','','Ladybird the Puppet','',''),(60,1,1,'','<p>Size : 24 cm</p>\n<p>Washable in Washing machine</p>\n<p>Sold in Gift Box as shown on picture</p>\n<p>Available at Happikiddo</p>','doudou-classical-celestine','','','','Doudou Classical Celestine','',''),(60,1,2,'','<p>Size : 24 cm</p>\n<p>Washable in Washing machine</p>\n<p>Sold in Gift Box as shown on picture</p>','doudou-classical-celestine','','','','Doudou Classical Celestine','',''),(61,1,1,'','<p>Size 24 cm</p>\n<p>Washable in Washing machine</p>\n<p>Sold in Gift Box as shown on picture</p>\n<p>Available at Happikiddo</p>','doudou-classical-celestin','','','','Doudou Classical Celestin','',''),(61,1,2,'','<p>Size 24 cm</p>\n<p>Washable in Washing machine</p>\n<p>Sold in Gift Box as shown on picture</p>','doudou-classical-celestin','','','','Doudou Classical Celestin','',''),(62,1,1,'','<p>Size : 20 cm</p>\n<p>Washable in Washing machine</p>\n<p>Sold in Gift Box as shown on picture</p>\n<p>Available at Bumps &amp; Bundles</p>\n<p> </p>','doudou-celeste','','','','Doudou Celeste','',''),(62,1,2,'','<p>Size : 20 cm</p>\n<p>Washable in Washing machine</p>\n<p>Sold in Gift Box as shown on picture</p>\n<p> </p>','doudou-celeste','','','','Doudou Celeste','',''),(63,1,1,'','<p>Size : 25 cm</p>\n<p>Washable in Washing machine</p>\n<p>Sold in Gift Box as shown on picture</p>','doudou-celeste-with-handkerchief','','','','Doudou Celeste with Handkerchief','',''),(63,1,2,'','<p>Size : 25 cm</p>\n<p>Washable in Washing machine</p>\n<p>Sold in Gift Box as shown on picture</p>','doudou-celeste-with-handkerchief','','','','Doudou Celeste with Handkerchief','',''),(64,1,1,'','<p>Size : 42 cm</p>\n<p>Has a pocket to store Baby\'s pyjama during the day time</p>\n<p>Washable in Washing machine</p>\n<p>Sold in Gift Box as shown on picture</p>','pyjama-bag-celeste','','','','Pyjama Bag Celeste','',''),(64,1,2,'','<p>Size : 42 cm</p>\n<p>Has a pocket to store Baby\'s pyjama during the day time</p>\n<p>Washable in Washing machine</p>\n<p>Sold in Gift Box as shown on picture</p>','pyjama-bag-celeste','','','','Pyjama Bag Celeste','',''),(65,1,1,'','<p>Size : 30 cm</p>\n<p>Product features : Teething ring, Bell, Mirror, Squeaker and Crinkly paper sound</p>\n<p>Washable in washing machine</p>\n<p>Sold in the Gift Box as shown on picture</p>\n<p>Available at Bumps &amp; Bundles</p>\n<p> </p>','activity-doll-rabbit-bonbon-pink','','','','Activity Doll Rabbit Bonbon Pink','',''),(65,1,2,'','<p>Size : 30 cm</p>\n<p>Product features : Teething ring, Bell, Mirror, Squeaker and Crinkly paper sound</p>\n<p>Washable in washing machine</p>\n<p>Sold in the Gift Box as shown on picture</p>\n<p> </p>','activity-doll-rabbit-bonbon-pink','','','','Activity Doll Rabbit Bonbon Pink','',''),(66,1,1,'','<p>Size : 25 cm</p>\n<p>Washable in washing machine</p>\n<p>Sold in the Gift Box as shown on picture</p>','doudou-rabbit-pompon-small-coral','','','','Doudou Rabbit Pompon Small Coral','',''),(66,1,2,'','<p>Size : 25 cm</p>\n<p>Washable in washing machine</p>\n<p>Sold in the Gift Box as shown on picture</p>','doudou-rabbit-pompon-small-coral','','','','Doudou Rabbit Pompon Small Coral','',''),(68,1,1,'','<p>Size : 35 cm</p>\n<p>Washable in washing machine</p>\n<p>Sold in the Gift Box as shown on picture</p>\n<p>Available at Bumps &amp; Bundles</p>','doudou-rabbit-pompon-medium-coral','','','','Doudou Rabbit Pompon Medium Coral','',''),(68,1,2,'','<p>Size : 35 cm</p>\n<p>Washable in washing machine</p>\n<p>Sold in the Gift Box as shown on picture</p>','doudou-rabbit-pompon-medium-coral','','','','Doudou Rabbit Pompon Medium Coral','',''),(69,1,1,'','<p>Size : 35 cm</p>\n<p>Washable in washing machine</p>\n<p>Sold in the Gift Box as shown on picture</p>\n<p>Available at Bumps &amp; Bundles</p>','doudou-rabbit-pompon-medium-lavander','','','','Doudou Rabbit Pompon Medium Lavander','',''),(69,1,2,'','<p>Size : 35 cm</p>\n<p>Washable in washing machine</p>\n<p>Sold in the Gift Box as shown on picture</p>','doudou-rabbit-pompon-medium-lavander','','','','Doudou Rabbit Pompon Medium Lavander','',''),(70,1,1,'','<p>Size : 35 cm</p>\n<p>Washable in washing machine</p>\n<p>Sold in the Gift Box as shown on picture</p>','doudou-rabbit-pompon-medium-almond','','','','Doudou Rabbit Pompon Medium Almond','',''),(70,1,2,'','<p>Size : 35 cm</p>\n<p>Washable in washing machine</p>\n<p>Sold in the Gift Box as shown on picture</p>','doudou-rabbit-pompon-medium-almond','','','','Doudou Rabbit Pompon Medium Almond','',''),(71,1,1,'','<p>Size : 50 cm</p>\n<p>Has a pocket to store Baby\'s pyjama during the day time</p>\n<p>Washable in Washing machine</p>\n<p>Sold in Gift Box as shown on picture</p>','pyjama-bag-cerise','','','','Pyjama Bag Cerise','',''),(71,1,2,'','<p>Size : 50 cm</p>\n<p>Has a pocket to store Baby\'s pyjama during the day time</p>\n<p>Washable in Washing machine</p>\n<p>Sold in Gift Box as shown on picture</p>','pyjama-bag-cerise','','','','Pyjama Bag Cerise','',''),(72,1,1,'','<p>Size : 19 cm</p>\n<p>Washable in Washing machine</p>\n<p>Sold in Gift Box as shown on picture</p>','rattle-bear-petit-chou-','','','','Rattle Bear Petit Chou ','',''),(72,1,2,'','<p>Size : 19 cm</p>\n<p>Washable in Washing machine</p>\n<p>Sold in Gift Box as shown on picture</p>','rattle-petit-chou-','','','','Rattle Petit Chou ','',''),(73,1,1,'','<p>Size : 17 cm</p>\n<p>Pull the ring to play the soft music allowing Baby to fall asleep in sweet dreams</p>\n<p>Surface Wash only - Do not sink into water - Do not wash in Washing machine</p>\n<p>Sold in Gift Box as shown on picture</p>\n<p>Available at Happikiddo</p>','musical-box-bear-petit-chou','','','','Musical Box Bear Petit Chou','',''),(73,1,2,'','<p>Size : 17 cm</p>\n<p>Pull the ring to play the soft music allowing Baby to fall asleep in sweet dreams</p>\n<p>Surface Wash only - Do not sink into water - Do not wash in Washing machine</p>\n<p>Sold in Gift Box as shown on picture</p>','musical-box-petit-chou','','','','Musical Box Petit Chou','',''),(74,1,1,'','<p>Size : 20 cm</p>\n<p>Pull the ring to play the soft music allowing Baby to fall asleep in sweet dreams</p>\n<p>Surface Wash only - Do not sink into water - Do not wash in Washing machine</p>\n<p>Sold in Gift Box as shown on picture</p>\n<p>Available at Happikiddo</p>','musical-box-doudou-collector-pink-rabbit','','','','Musical Box Doudou Collector Pink Rabbit','',''),(74,1,2,'','<p>Size : 20 cm</p>\n<p>Pull the ring to play the soft music allowing Baby to fall asleep in sweet dreams</p>\n<p>Surface Wash only - Do not sink into water - Do not wash in Washing machine</p>\n<p>Sold in Gift Box as shown on picture</p>','musical-box-doudou-collector-pink-rabbit','','','','Musical Box Doudou Collector Pink Rabbit','',''),(75,1,1,'','<p>Size : 20 cm</p>\n<p>Pull the ring to play the soft music allowing Baby to fall asleep in sweet dreams</p>\n<p>Surface Wash only - Do not sink into water - Do not wash in Washing machine</p>\n<p>Sold in Gift Box as shown on picture</p>\n<p>Available at Happikiddo</p>','musical-box-doudou-collector-brown','','','','Musical Box Doudou Collector Brown Rabbit','',''),(75,1,2,'','<p>Size : 20 cm</p>\n<p>Pull the ring to play the soft music allowing Baby to fall asleep in sweet dreams</p>\n<p>Surface Wash only - Do not sink into water - Do not wash in Washing machine</p>\n<p>Sold in Gift Box as shown on picture</p>','musical-box-doudou-collector-brown','','','','Musical Box Doudou Collector Brown Rabbit','',''),(76,1,1,'','<p>Size : 20 cm</p>\n<p>Pull the ring to play the soft music allowing Baby to fall asleep in sweet dreams</p>\n<p>Surface Wash only - Do not sink into water - Do not wash in Washing machine</p>\n<p>Sold in Gift Box as shown on picture</p>\n<p>Available at Happikiddo</p>','musical-box-doudou-collector-pink-bear','','','','Musical Box Doudou Collector Pink Bear','',''),(76,1,2,'','<p>Size : 20 cm</p>\n<p>Pull the ring to play the soft music allowing Baby to fall asleep in sweet dreams</p>\n<p>Surface Wash only - Do not sink into water - Do not wash in Washing machine</p>\n<p>Sold in Gift Box as shown on picture</p>','musical-box-doudou-collector-pink-bear','','','','Musical Box Doudou Collector Pink Bear','',''),(77,1,1,'','<p>Size : 40 cm</p>\n<p>Product features : Teething ring, Rattle, Squeaker and Crinkly paper sound</p>\n<p>Washable in washing machine</p>\n<p>Sold in the Gift Box as shown on picture</p>\n<p> </p>','activity-doll-doudou-collector-pink-rabbit','','','','Activity Doll Doudou Collector Pink Rabbit','',''),(77,1,2,'','<p>Size : 40 cm</p>\n<p>Product features : Teething ring, Rattle, Squeaker and Crinkly paper sound</p>\n<p>Washable in washing machine</p>\n<p>Sold in the Gift Box as shown on picture</p>\n<p> </p>','activity-doll-doudou-collector-pink-rabbit','','','','Activity Doll Doudou Collector Pink Rabbit','',''),(78,1,1,'','<p>Size : 40 cm</p>\n<p>Product features : Teething ring, Rattle, Squeaker and Crinkly paper sound</p>\n<p>Washable in washing machine</p>\n<p>Sold in the Gift Box as shown on picture</p>\n<p>Available at Bumps &amp; Bundles</p>\n<p> </p>','activity-doll-doudou-collector-brown-rabbit','','','','Activity Doll Doudou Collector Brown Rabbit','',''),(78,1,2,'','<p>Size : 40 cm</p>\n<p>Product features : Teething ring, Rattle, Squeaker and Crinkly paper sound</p>\n<p>Washable in washing machine</p>\n<p>Sold in the Gift Box as shown on picture</p>\n<p> </p>','activity-doll-doudou-collector-brown-rabbit','','','','Activity Doll Doudou Collector Brown Rabbit','',''),(79,1,1,'','<p>Size : 40 cm</p>\n<p>Product features : Teething ring, Rattle, Squeaker and Crinkly paper sound</p>\n<p>Washable in washing machine</p>\n<p>Sold in the Gift Box as shown on picture</p>\n<p> </p>','activity-doll-doudou-collector-pink-bear','','','','Activity Doll Doudou Collector Pink Bear','',''),(79,1,2,'','<p>Size : 40 cm</p>\n<p>Product features : Teething ring, Rattle, Squeaker and Crinkly paper sound</p>\n<p>Washable in washing machine</p>\n<p>Sold in the Gift Box as shown on picture</p>\n<p> </p>','activity-doll-doudou-collector-pink-bear','','','','Activity Doll Doudou Collector Pink Bear','',''),(80,1,1,'','<p>Size : 40 cm</p>\n<p>Product features : Teething ring, Rattle, Squeaker and Crinkly paper sound</p>\n<p>Washable in washing machine</p>\n<p>Sold in the Gift Box as shown on picture</p>\n<p> </p>','activity-doll-doudou-collector-mint-dog','','','','Activity Doll Doudou Collector Mint Dog','',''),(80,1,2,'','<p>Size : 40 cm</p>\n<p>Product features : Teething ring, Rattle, Squeaker and Crinkly paper sound</p>\n<p>Washable in washing machine</p>\n<p>Sold in the Gift Box as shown on picture</p>\n<p> </p>','activity-doll-doudou-collector-mint-dog','','','','Activity Doll Doudou Collector Mint Dog','',''),(81,1,1,'','<p>Box of 7 pairs of socks</p>\n<p>Size : 0 - 6 Months</p>\n<p>78 % Cotton / 20 % Elastane / 2 % Polyester</p>\n<p>Washable in Washing machine</p>\n<p>Available at Happikiddo</p>\n<p> </p>\n<p> </p>','socks-for-every-day-of-the-week-boy','','','','Socks for Every Day of the Week - Boy','',''),(81,1,2,'','<p>Box of 7 pairs of socks</p>\n<p>Size : 0 - 6 Months</p>\n<p>78 % Cotton / 20 % Elastane / 2 % Polyester</p>\n<p>Washable in Washing machine</p>\n<p> </p>\n<p> </p>','socks-for-every-day-of-the-week-boy','','','','Socks for Every Day of the Week - Boy','',''),(82,1,1,'','<p>Box of 7 pairs of socks</p>\n<p>Size : 0 to 6 Months</p>\n<p>78 % Cotton / 20 % Elastomere / 2 % Polyester</p>\n<p>Washable in Washing machine</p>\n<p>Available at Happikiddo</p>','socks-for-every-day-of-the-week-girl','','','','Socks for Every Day of the Week - Girl','',''),(82,1,2,'','<p>Box of 7 pairs of socks</p>\n<p>Size : 0 to 6 Months</p>\n<p>78 % Cotton / 20 % Elastomere / 2 % Polyester</p>\n<p>Washable in Washing machine</p>\n<p> </p>','socks-for-every-day-of-the-week-girl','','','','Socks for Every Day of the Week - Girl','',''),(83,1,1,'','<p>Size : 0 to 6 Months</p>\n<p>80 % Cotton, 20 % Elastane</p>\n<p>Available in 4 designs. Please select from :</p>\n<p>1 / Blue</p>\n<p>2 / Blue Stripes</p>\n<p>3 / Bear Head</p>\n<p>4 / P\'tit Bout</p>\n<p>Sold in Transparent Gift Box</p>','childbirth-socks-boy','','','','Childbirth Socks - Boy','',''),(83,1,2,'','<p>Size : 0 to 6 Months</p>\n<p>80 % Cotton, 20 % Elastane</p>\n<p>Available in 4 designs. Please select from :</p>\n<p>1 / Blue</p>\n<p>2 / Blue Stripes</p>\n<p>3 / Bear Head</p>\n<p>4 / P\'tit Bout</p>\n<p>Sold in Transparent Gift Box</p>','childbirth-socks-boy','','','','Childbirth Socks - Boy','',''),(84,1,1,'','<p>Size : 0 to 6 Months</p>\n<p>80 % Cotton / 20 % Elastane</p>\n<p>Available in 4 models : Pink, Dancing Shoes, Shoes Imitation or Bébé d\'Amour</p>\n<p>Sold in Transparent Gift Box</p>','childbirth-socks-girl','','','','Childbirth Socks - Girl','',''),(84,1,2,'','<p>Size : 0 to 6 Months</p>\n<p>80 % Cotton / 20 % Elastane</p>\n<p>Available in 4 models : Pink, Dancing Shoes, Shoes Imitation or Bébé d\'Amour</p>\n<p>Sold in Transparent Gift Box</p>','childbirth-socks-girl','','','','Childbirth Socks - Girl','',''),(85,1,1,'','<p>Size : 0 to 6 Months</p>\n<p>80 % Cotton / 20 % Elastane</p>\n<p>Available in 4 models : Brown, Stripes, Shoes Imitation or Bear Head</p>\n<p>Sold in Transparent Gift Box</p>','childbirth-socks-unisex','','','','Childbirth Socks - Unisex','',''),(85,1,2,'','<p>Size : 0 to 6 Months</p>\n<p>80 % Cotton / 20 % Elastane</p>\n<p>Available in 4 models : Brown, Stripes, Shoes Imitation or Bear Head</p>\n<p>Sold in Transparent Gift Box</p>','childbirth-socks-unisex','','','','Childbirth Socks - Unisex','',''),(86,1,1,'','<p>Size : 0-6 Months</p>\n<p>Washable in Washing machine</p>\n<p>Sold in Gift Box as shown on picture</p>','booties-rabbit-pompon-with-rattle-strawberry','','','','Booties Rabbit Pompon with Rattle - Strawberry','',''),(86,1,2,'','<p>Size : 0-6 Months</p>\n<p>Washable in Washing machine</p>\n<p>Sold in Gift Box as shown on picture</p>','booties-rabbit-pompon-with-rattle-strawberry','','','','Booties Rabbit Pompon with Rattle - Strawberry','',''),(87,1,1,'','<p>Size : 0-6 Months</p>\n<p>Washable in Washing machine</p>\n<p>Sold in Gift Box as shown on picture</p>','booties-rabbit-pompon-with-rattle-almond','','','','Booties Rabbit Pompon with Rattle - Almond','',''),(87,1,2,'','<p>Size : 0-6 Months</p>\n<p>Washable in Washing machine</p>\n<p>Sold in Gift Box as shown on picture</p>','booties-rabbit-pompon-with-rattle-almond','','','','Booties Rabbit Pompon with Rattle - Almond','',''),(88,1,1,'','<p>Size : 100 x 70 cm</p>\n<p>4 Colours available : Pink, Blue, Ivory, Brown</p>\n<p>Washable in Washing machine</p>\n<p>Available at Bumps &amp; Bundles</p>','soft-blanket-rabbit','','','','Soft Blanket Rabbit','',''),(88,1,2,'','<p>Size : 100 x 70 cm</p>\n<p>4 Colours available : Pink, Blue, Ivory, Brown</p>\n<p>Washable in Washing machine</p>','soft-blanket-rabbit','','','','Soft Blanket Rabbit','',''),(89,1,1,'','<p>Size : 90 x 60 cm</p>\n<p>4 Models available : Flower Coral, Flower White, Wind Mill Beige and Wind Mill Blue</p>\n<p>Washable in Washing machine</p>\n<p>Available at Happikiddo</p>','soft-blanket-flower-and-wind-mill','','','','Soft Blanket Flower and Wind Mill','',''),(89,1,2,'','<p>Size : 90 x 60 cm</p>\n<p>4 Models available : Flower Coral, Flower White, Wind Mill Beige and Wind Mill Blue</p>\n<p>Washable in Washing machine</p>','soft-blanket-flower-and-wind-mill','','','','Soft Blanket Flower and Wind Mill','',''),(90,1,1,'','<p>Size : 20 cm</p>\n<p>Available in 6 models : Blanche, Camelia, Fraise, Hortensia, Orchidee and Pêche</p>\n<p>Washable in Washing machine</p>\n<p>Sold in Gift Box as shown on picture</p>','les-demoiselles-small','','','','Les Demoiselles Small','',''),(90,1,2,'','<p>Size : 20 cm</p>\n<p>Available in 6 models : Blanche, Camelia, Fraise, Hortensia, Orchidee and Pêche</p>\n<p>Washable in Washing machine</p>\n<p>Sold in Gift Box as shown on picture</p>','les-demoiselles-small','','','','Les Demoiselles Small','',''),(91,1,1,'','<p>Size : 30 cm</p>\n<p>Washable in Washing machine</p>\n<p>Sold in Gift Box as shown on picture</p>','les-demoiselles-medium-rose','','','','Les Demoiselles Medium - Rose','',''),(91,1,2,'','<p>Size : 30 cm</p>\n<p>Washable in Washing machine</p>\n<p>Sold in Gift Box as shown on picture</p>','les-demoiselles-medium-rose','','','','Les Demoiselles Medium - Rose','',''),(92,1,1,'','<p>Size : 30 cm</p>\n<p>Washable in Washing machine</p>\n<p>Sold in Gift Box as shown on picture</p>','les-demoiselles-medium-framboise','','','','Les Demoiselles Medium - Framboise','',''),(92,1,2,'','<p>Size : 30 cm</p>\n<p>Washable in Washing machine</p>\n<p>Sold in Gift Box as shown on picture</p>','les-demoiselles-medium-framboise','','','','Les Demoiselles Medium - Framboise','',''),(93,1,1,'','<p>Size : 30 cm</p>\n<p>Washable in Washing machine</p>\n<p>Sold in Gift Box as shown on picture</p>','les-demoiselles-medium-orchidee','','','','Les Demoiselles Medium - Orchidee','',''),(93,1,2,'','<p>Size : 30 cm</p>\n<p>Washable in Washing machine</p>\n<p>Sold in Gift Box as shown on picture</p>','les-demoiselles-medium-orchidee','','','','Les Demoiselles Medium - Orchidee','',''),(94,1,1,'','<p>Size : 30 cm</p>\n<p>Washable in Washing machine</p>\n<p>Sold in Gift Box as shown on picture</p>','les-demoiselles-medium-blanche','','','','Les Demoiselles Medium - Blanche','',''),(94,1,2,'','<p>Size : 30 cm</p>\n<p>Washable in Washing machine</p>\n<p>Sold in Gift Box as shown on picture</p>','les-demoiselles-medium-blanche','','','','Les Demoiselles Medium - Blanche','',''),(95,1,1,'','<p>Size : 18 cm</p>\n<p>Glowing in the dark</p>\n<p>Washable in Washing machine</p>\n<p>Sold in Gift Box as shown on picture</p>','doudou-chouette-ca-brille-blue-','','','','Doudou Chouette ca Brille - Blue ','',''),(95,1,2,'','<p>Size : 18 cm</p>\n<p>Glowing in the dark</p>\n<p>Washable in Washing machine</p>\n<p>Sold in Gift Box as shown on picture</p>','doudou-chouette-ca-brille-blue-','','','','Doudou Chouette ca Brille - Blue ','',''),(96,1,1,'','<p>Size : 25 cm</p>\n<p>Slip the puppet onto your hand like a glove to be come Baby\'s favourite puppeteer</p>\n<p>Washable in Washing machine</p>\n<p>Available at Bumps &amp; Bundles</p>','theodore-bear-the-puppet','','','','Theodore Bear the Puppet','',''),(96,1,2,'','<p>Size : 25 cm</p>\n<p>Slip the puppet onto your hand like a glove to be come Baby\'s favourite puppeteer</p>\n<p>Washable in Washing machine</p>','theodore-bear-the-puppet','','','','Theodore Bear the Puppet','',''),(97,1,1,'','<p>Size : 25 cm</p>\n<p>Slip the puppet onto your hand like a glove to be come Baby\'s favourite puppeteer</p>\n<p>Washable in Washing machine</p>\n<p>Available at Bumps &amp; Bundles</p>','strawberry-bear-the-puppet','','','','Strawberry Bear the Puppet','',''),(97,1,2,'','<p>Size : 25 cm</p>\n<p>Slip the puppet onto your hand like a glove to be come Baby\'s favourite puppeteer</p>\n<p>Washable in Washing machine</p>','strawberry-bear-the-puppet','','','','Strawberry Bear the Puppet','',''),(98,1,1,'','<p>Size : 25 cm</p>\n<p>Slip the puppet onto your hand like a glove to be come Baby\'s favourite puppeteer</p>\n<p>Washable in Washing machine</p>','green-mouse-the-puppet','','','','Green Mouse the Puppet','',''),(98,1,2,'','<p>Size : 25 cm</p>\n<p>Slip the puppet onto your hand like a glove to be come Baby\'s favourite puppeteer</p>\n<p>Washable in Washing machine</p>','green-mouse-the-puppet','','','','Green Mouse the Puppet','',''),(99,1,1,'','<p>Size : 25 cm</p>\n<p>Slip the puppet onto your hand like a glove to be come Baby\'s favourite puppeteer</p>\n<p>Washable in Washing machine</p>','catchou-cat-the-puppet','','','','Catchou Cat the Puppet','',''),(99,1,2,'','<p>Size : 25 cm</p>\n<p>Slip the puppet onto your hand like a glove to be come Baby\'s favourite puppeteer</p>\n<p>Washable in Washing machine</p>','catchou-cat-the-puppet','','','','Catchou Cat the Puppet','',''),(100,1,1,'','<p>Size : 25 cm</p>\n<p>Slip the puppet onto your hand like a glove to be come Baby\'s favourite puppeteer</p>\n<p>Washable in Washing machine</p>','pinou-rabbit-the-puppet','','','','Pinou Rabbit the Puppet','',''),(100,1,2,'','<p>Size : 25 cm</p>\n<p>Slip the puppet onto your hand like a glove to be come Baby\'s favourite puppeteer</p>\n<p>Washable in Washing machine</p>','pinou-rabbit-the-puppet','','','','Pinou Rabbit the Puppet','',''),(101,1,1,'','<p>Size : 25 cm</p>\n<p>Slip the puppet onto your hand like a glove to be come Baby\'s favourite puppeteer</p>\n<p>Washable in Washing machine</p>\n<p>Available at Bumps &amp; Bundles</p>','barnabe-gardener-the-puppet','','','','Barnabe Gardener the Puppet','',''),(101,1,2,'','<p>Size : 25 cm</p>\n<p>Slip the puppet onto your hand like a glove to be come Baby\'s favourite puppeteer</p>\n<p>Washable in Washing machine</p>','barnabe-gardener-the-puppet','','','','Barnabe Gardener the Puppet','',''),(102,1,1,'','<p>Size : 25 cm</p>\n<p>Available in 8 Models : Bear, Donkey, Hippo, Ladybird, Penguin, Rabbit, Ladybird or Mouse</p>\n<p>Slip the puppet onto your hand like a glove to be come Baby\'s favourite puppeteer</p>\n<p>Washable in Washing machine</p>\n<p>Avaiable at Bumps &amp; Bundles</p>','little-secrets-the-puppet','','','','Little Secrets the Puppet','',''),(102,1,2,'','<p>Size : 25 cm</p>\n<p>Available in 8 Models : Bear, Donkey, Hippo, Ladybird, Penguin, Rabbit, Ladybird or Mouse</p>\n<p>Slip the puppet onto your hand like a glove to be come Baby\'s favourite puppeteer</p>\n<p>Washable in Washing machine</p>','little-secrets-the-puppet','','','','Little Secrets the Puppet','',''),(103,1,1,'','<p>Size : 32 cm</p>\n<p>Washable in washing machine</p>\n<p>Sold in the Gift Box as shown on the picture</p>','doudou-cueillettes-rabbit','','','','Doudou Cueillettes Rabbit','',''),(103,1,2,'','<p>Size : 32 cm</p>\n<p>Washable in washing machine</p>\n<p>Sold in the Gift Box as shown on the picture</p>','doudou-cueillettes-rabbit','','','','Doudou Cueillettes Rabbit','',''),(105,1,1,'','<p>Size : 25 cm</p>\n<p>Slip the puppet onto your hand like a glove to be come Baby\'s favourite puppeteer</p>\n<p>Washable in Washing machine</p>','amerindian-rabbit-the-puppet','','','','Amerindian Rabbit the Puppet','',''),(105,1,2,'','<p>Size : 25 cm</p>\n<p>Slip the puppet onto your hand like a glove to be come Baby\'s favourite puppeteer</p>\n<p>Washable in Washing machine</p>','amerindian-rabbit-the-puppet','','','','Amerindian Rabbit the Puppet','',''),(106,1,1,'','<p>Size : 25 cm</p>\n<p>Slip the puppet onto your hand like a glove to be come Baby\'s favourite puppeteer</p>\n<p>Washable in Washing machine</p>','zigzag-bear-the-puppet','','','','Zigzag Bear the Puppet','',''),(106,1,2,'','<p>Size : 25 cm</p>\n<p>Slip the puppet onto your hand like a glove to be come Baby\'s favourite puppeteer</p>\n<p>Washable in Washing machine</p>','zigzag-bear-the-puppet','','','','Zigzag Bear the Puppet','',''),(107,1,1,'','<p>Size : 25 cm</p>\n<p>Slip the puppet onto your hand like a glove to be come Baby\'s favourite puppeteer</p>\n<p>Washable in Washing machine</p>','zigzag-rabbit-the-puppet','','','','Zigzag Rabbit the Puppet','',''),(107,1,2,'','<p>Size : 25 cm</p>\n<p>Slip the puppet onto your hand like a glove to be come Baby\'s favourite puppeteer</p>\n<p>Washable in Washing machine</p>','zigzag-rabbit-the-puppet','','','','Zigzag Rabbit the Puppet','',''),(108,1,1,'','<p>Size : 25 cm</p>\n<p>Slip the puppet onto your hand like a glove to be come Baby\'s favourite puppeteer</p>\n<p>Washable in Washing machine</p>','blue-rabbit-the-puppet','','','','Blue Rabbit the Puppet','',''),(108,1,2,'','<p>Size : 25 cm</p>\n<p>Slip the puppet onto your hand like a glove to be come Baby\'s favourite puppeteer</p>\n<p>Washable in Washing machine</p>','blue-rabbit-the-puppet','','','','Blue Rabbit the Puppet','',''),(109,1,1,'','<p>Size : 25 cm</p>\n<p>Slip the puppet onto your hand like a glove to be come Baby\'s favourite puppeteer</p>\n<p>Washable in Washing machine</p>','mint-bear-the-puppet','','','','Mint Bear the Puppet','',''),(109,1,2,'','<p>Size : 25 cm</p>\n<p>Slip the puppet onto your hand like a glove to be come Baby\'s favourite puppeteer</p>\n<p>Washable in Washing machine</p>','mint-bear-the-puppet','','','','Mint Bear the Puppet','',''),(110,1,1,'','<p>Size : 22 cm</p>\n<p>Washable in Washing machine</p>\n<p>Sold in Gift Box as shown on picture</p>','les-demoiselles-graffitis-purple','','','','Les Demoiselles Graffitis - Purple','',''),(110,1,2,'','<p>Size : 22 cm</p>\n<p>Washable in Washing machine</p>\n<p>Sold in Gift Box as shown on picture</p>','les-demoiselles-graffitis-purple','','','','Les Demoiselles Graffitis - Purple','',''),(111,1,1,'','<p>Size : 22 cm</p>\n<p>Washable in Washing machine</p>\n<p>Sold in Gift Box as shown on picture</p>','les-demoiselles-graffitis-turquoise','','','','Les Demoiselles Graffitis - Turquoise','',''),(111,1,2,'','<p>Size : 22 cm</p>\n<p>Washable in Washing machine</p>\n<p>Sold in Gift Box as shown on picture</p>','les-demoiselles-graffitis-turquoise','','','','Les Demoiselles Graffitis - Turquoise','',''),(112,1,1,'','<p>Size : 22 cm</p>\n<p>Washable in Washing machine</p>\n<p>Sold in Gift Box as shown on picture</p>','les-demoiselles-graffitis-pink','','','','Les Demoiselles Graffitis - Pink','',''),(112,1,2,'','<p>Size : 22 cm</p>\n<p>Washable in Washing machine</p>\n<p>Sold in Gift Box as shown on picture</p>','les-demoiselles-graffitis-pink','','','','Les Demoiselles Graffitis - Pink','',''),(113,1,1,'','<p>Size : 22 cm</p>\n<p>Washable in Washing machine</p>\n<p>Sold in Gift Box as shown on picture</p>','les-demoiselles-graffitis-orange','','','','Les Demoiselles Graffitis - Orange','',''),(113,1,2,'','<p>Size : 22 cm</p>\n<p>Washable in Washing machine</p>\n<p>Sold in Gift Box as shown on picture</p>','les-demoiselles-graffitis-orange','','','','Les Demoiselles Graffitis - Orange','',''),(114,1,1,'','<p>Size : 22 cm</p>\n<p>Washable in Washing machine</p>\n<p>Sold in Gift Box as shown on picture</p>','animals-graffitis-purple-mouse','','','','Animals Graffitis - Purple Mouse','',''),(114,1,2,'','<p>Size : 22 cm</p>\n<p>Washable in Washing machine</p>\n<p>Sold in Gift Box as shown on picture</p>','animals-graffitis-purple-mouse','','','','Animals Graffitis - Purple Mouse','',''),(115,1,1,'','<p>Size : 22 cm</p>\n<p>Washable in Washing machine</p>\n<p>Sold in Gift Box as shown on picture</p>\n<p>Available at Bumps &amp; Bundles</p>','animals-graffitis-mint-bear','','','','Animals Graffitis - Mint Bear','',''),(115,1,2,'','<p>Size : 22 cm</p>\n<p>Washable in Washing machine</p>\n<p>Sold in Gift Box as shown on picture</p>','animals-graffitis-mint-bear','','','','Animals Graffitis - Mint Bear','',''),(116,1,1,'','<p>Size : 22 cm</p>\n<p>Washable in Washing machine</p>\n<p>Sold in Gift Box as shown on picture</p>\n<p>Available at Bumps &amp; Bundles</p>','animals-graffitis-turquoise-rabbit','','','','Animals Graffitis - Turquoise Rabbit','',''),(116,1,2,'','<p>Size : 22 cm</p>\n<p>Washable in Washing machine</p>\n<p>Sold in Gift Box as shown on picture</p>','animals-graffitis-turquoise-rabbit','','','','Animals Graffitis - Turquoise Rabbit','',''),(117,1,1,'','<p>Size : 22 cm</p>\n<p>Washable in Washing machine</p>\n<p>Sold in Gift Box as shown on picture</p>','animals-graffitis-pink-rabbit','','','','Animals Graffitis - Pink Rabbit','',''),(117,1,2,'','<p>Size : 22 cm</p>\n<p>Washable in Washing machine</p>\n<p>Sold in Gift Box as shown on picture</p>','animals-graffitis-pink-rabbit','','','','Animals Graffitis - Pink Rabbit','',''),(118,1,1,'','<p>Size: 17 cm.</p>\n<p>Washable in washing machine.</p>\n<p>Sold in the Gift Box shown on the picture.</p>','doudou-lila-with-handkerchief','','','','Doudou Lila with Handkerchief','',''),(118,1,2,'','<p>Size : 23 cm</p>\n<p>Washable in washing machine</p>\n<p>Sold in the Gift Box shown on the picture</p>\n<p>Available at Bebehaus : www.bebehaus.com</p>','doudou-rabbit-bonbon-small-pink','','','','Doudou Rabbit Bonbon Small Pink','',''),(119,1,1,'','<p>Size: 17 cm,</p>\n<p>Washable in washing machine,</p>\n<p>Sold in the gift box shown on the picture</p>\n<p> </p>','doudou-lila-with-dummy-holder','','','','Doudou Lila with Dummy holder','',''),(119,1,2,'','<p>Size : 17 cm</p>\n<p>Washable in washing machine</p>\n<p>Sold in the gift box shown on the picture</p>\n<p>Available at Bebehaus : www.bebehaus.com</p>','doudou-petit-chou-with-dummy-holder','','','','Doudou Petit Chou with Dummy holder','',''),(120,1,1,'','<p>Size : 30 cm.</p>\n<p>Washable in washing machine.</p>\n<p>Sold in the gift box shown on the picture.</p>\n<p>Available at Bumps &amp; Bundles</p>','doudou-lila','','','','Doudou Lila','',''),(120,1,2,'','<p>Size : 27 cm</p>\n<p>Washable in washing machine</p>\n<p>Sold in the gift box shown on the picture</p>\n<p>Available at Bebehaus : www.bebehaus.com</p>','doudou-cerise','','','','Doudou Cerise','',''),(121,1,1,'','<p>Size: 18 cm.</p>\n<p>Washable in washing machine.</p>\n<p>Sold in the Gift Box shown on the picture.</p>','doudou-melis-with-dummy-holder','','','','Doudou Melis with Dummy holder','',''),(121,1,2,'','<p>Size : 23 cm</p>\n<p>Washable in washing machine</p>\n<p>Sold in the Gift Box shown on the picture</p>\n<p>Available at Bebehaus : www.bebehaus.com</p>','doudou-rabbit-bonbon-small-pink','','','','Doudou Rabbit Bonbon Small Pink','',''),(122,1,1,'','<p>Size : 18 cm</p>\n<p>Glowing in the dark</p>\n<p>Washable in Washing machine</p>\n<p>Sold in Gift Box as shown on picture</p>','doudou-chouette-ca-brille-pink','','','','Doudou Chouette ca Brille - Pink','',''),(122,1,2,'','<p>Size : 18 cm</p>\n<p>Glowing in the dark</p>\n<p>Washable in Washing machine</p>\n<p>Sold in Gift Box as shown on picture</p>','doudou-chouette-ca-brille-blue-','','','','Doudou Chouette ca Brille - Blue ','',''),(123,1,1,'','<p>Size : 26 cm</p>\n<p>Washable in washing machine</p>\n<p>Sold in the Gift Box as shown on the picture</p>','doudou-doll-cueillettes-mouse','','','','Doudou Doll Cueillettes Mouse','',''),(123,1,2,'','<p>Size : 26 cm</p>\n<p>Washable in washing machine</p>\n<p>Sold in the Gift Box as shown on the picture</p>\n<p>Available at Bebehaus : www.bebehaus.com</p>','doudou-doll-cueillettes-dog','','','','Doudou Doll Cueillettes Dog','',''),(124,1,1,'','<p>Size : 22 cm</p>\n<p>Washable in Washing machine</p>\n<p>Sold in Gift Box as shown on picture</p>\n<p>Available at Bumps &amp; Bundles</p>','animals-graffitis-yellow-bear','','','','Animals Graffitis - Yellow Bear','',''),(124,1,2,'','<p>Size : 22 cm</p>\n<p>Washable in Washing machine</p>\n<p>Sold in Gift Box as shown on picture</p>','animals-graffitis-purple-mouse','','','','Animals Graffitis - Purple Mouse','',''),(125,1,1,'','<p>Size: 17 cm</p>\n<p>Available in 6 Models: Blue Bear, Multicolor Bear, Purple Bear, Grey Rabbit, Multicolor Rabbit &amp; Pink Rabbit</p>\n<p>Washable in washing machine</p>\n<p>Sold in the Gift Box as shown on the picture</p>','mini-doudou-classical','','','','Mini Doudou Classical','',''),(125,1,2,'','<p>Size 28 cm</p>\n<p>Washable in washing machine</p>\n<p>Sold in the Gift Box as shown on the picture</p>\n<p>Available at Bebehaus : www.bebehaus.com</p>','doudou-collector-rabbit-pink','','','','Doudou Collector Rabbit Pink','',''),(126,1,1,'','<p>Size : 26 cm</p>\n<p>Washable in washing machine</p>\n<p>Sold in the Gift Box as shown on the picture</p>\n<p>Available at Bebehaus : www.bebehaus.com</p>','doudou-cueillettes-rabbit-with-handkerchief','','','','Doudou Cueillettes Rabbit with Handkerchief','',''),(126,1,2,'','<p>Size : 26 cm</p>\n<p>Washable in washing machine</p>\n<p>Sold in the Gift Box as shown on the picture</p>\n<p>Available at Bebehaus : www.bebehaus.com</p>','doudou-doll-cueillettes-dog','','','','Doudou Doll Cueillettes Dog','',''),(127,1,1,'','<p>Size: 18 cm.</p>\n<p>Washable in washing machine.</p>\n<p>Sold in the Gift Box shown on the picture.</p>','doudou-celeste-with-dummy-holder','','','','Doudou Celeste with Dummy holder','',''),(127,1,2,'','<p>Size : 23 cm</p>\n<p>Washable in washing machine</p>\n<p>Sold in the Gift Box shown on the picture</p>\n<p>Available at Bebehaus : www.bebehaus.com</p>','doudou-rabbit-bonbon-small-pink','','','','Doudou Rabbit Bonbon Small Pink','',''),(128,1,1,'','<p>Size : 50 cm</p>\n<p>Washable in Washing machine</p>','cookie-the-dog-large-size','','','','Cookie the Dog Large Size','',''),(128,1,2,'','<p>Size : 40 cm</p>\n<p>Washable in Washing machine</p>','cookie-the-dog-medium-size','','','','Cookie the Dog Medium Size','',''),(129,1,1,'','<p>Size: 25 cm</p>\n<p>Washable in washing machine</p>\n<p>Available at Bumps &amp; Bundles</p>','panda-small','','','','Panda Small','',''),(129,1,2,'','','panda-small','','','','Panda Small','',''),(130,1,1,'','<p>Size : 30 cm</p>\n<p>Product features : Teething ring, Mirror, Rattle, Squeaker and Crinkly paper sound</p>\n<p>Washable in washing machine</p>\n<p>Sold in the gift box shown on the picture</p>\n<p>Available at Bebehaus and Bumps &amp; Bundles</p>','activity-doll-cerise','','','','Activity Doll Cerise','',''),(130,1,2,'','<p>Size : 30 cm</p>\n<p>Product features : Teething ring, Mirror, Rattle, Squeaker and Crinkly paper sound</p>\n<p>Washable in washing machine</p>\n<p>Sold in the gift box shown on the picture</p>\n<p>Available at Bebehaus : www.bebehaus.com</p>','activity-doll-cerise','','','','Activity Doll Cerise','',''),(131,1,1,'','<p>Size : 30 cm</p>\n<p>3 models : Bear, Mouse or Rabbit</p>\n<p>Washable in washing machine</p>\n<p>Sold in Gift Box as shown on the picture</p>\n<p>Available at Bebehaus and Bumps &amp; Bundles</p>','sweety-doudou','','','','Sweety Doudou','',''),(131,1,2,'','<p>Size : 30 cm</p>\n<p>3 models : Bear, Mouse or Rabbit</p>\n<p>Washable in washing machine</p>\n<p>Sold in Gift Box as shown on the picture</p>\n<p>Available at Bebehaus : www.bebehaus.com</p>','sweety-doudou','','','','Sweety Doudou','',''),(132,1,1,'','<p>Size : 28 cm</p>\n<p>Washable in washing machine</p>\n<p>Sold in the Gift Box as shown on the picture</p>\n<p>Available at Bebehaus and Happikiddo</p>','doudou-collector-rabbit-brown','','','','Doudou Collector Rabbit Brown','',''),(132,1,2,'','<p>Size : 28 cm</p>\n<p>Washable in washing machine</p>\n<p>Sold in the Gift Box as shown on the picture</p>\n<p>Available at Bebehaus : www.bebehaus.com</p>','doudou-collector-rabbit-brown','','','','Doudou Collector Rabbit Brown','',''),(133,1,1,'','<p>Size : 28 cm</p>\n<p>Washable in washing machine</p>\n<p>Sold in the Gift Box as shown on the picture</p>\n<p>Available at Bebehaus and Happikiddo</p>','doudou-collector-bear-pink','','','','Doudou Collector Bear Pink','',''),(133,1,2,'','<p>Size : 28 cm</p>\n<p>Washable in washing machine</p>\n<p>Sold in the Gift Box as shown on the picture</p>\n<p>Available at Bebehaus : www.bebehaus.com</p>','doudou-collector-bear-pink','','','','Doudou Collector Bear Pink','',''),(134,1,1,'','<p>Size : 21 cm</p>\n<p>Pull the ring to play the soft music allowing Baby to fall asleep in sweet dreams</p>\n<p>Surface Wash only - Do not sink into water - Do not wash in Washing machine</p>\n<p>Sold in Gift Box as shown on picture</p>','rabbit-pompon-musical-box-strawberry','','','','Rabbit Pompon Musical Box - Strawberry','',''),(134,1,2,'','<p>Size : 20 cm</p>\n<p>Pull the ring to play the soft music allowing Baby to fall asleep in sweet dreams</p>\n<p>Surface Wash only - Do not sink into water - Do not wash in Washing machine</p>\n<p>Sold in Gift Box as shown on picture</p>','musical-box-doudou-collector-pink-rabbit','','','','Musical Box Doudou Collector Pink Rabbit','',''),(135,1,1,'','<p>Size : 21 cm</p>\n<p>Pull the ring to play the soft music allowing Baby to fall asleep in sweet dreams</p>\n<p>Surface Wash only - Do not sink into water - Do not wash in Washing machine</p>\n<p>Sold in Gift Box as shown on picture</p>','rabbit-pompon-musical-box-lavanda','','','','Rabbit Pompon Musical Box - Lavanda','',''),(135,1,2,'','<p>Size : 20 cm</p>\n<p>Pull the ring to play the soft music allowing Baby to fall asleep in sweet dreams</p>\n<p>Surface Wash only - Do not sink into water - Do not wash in Washing machine</p>\n<p>Sold in Gift Box as shown on picture</p>','musical-box-doudou-collector-pink-rabbit','','','','Musical Box Doudou Collector Pink Rabbit','',''),(136,1,1,'','<p>Size : 21 cm</p>\n<p>Pull the ring to play the soft music allowing Baby to fall asleep in sweet dreams</p>\n<p>Surface Wash only - Do not sink into water - Do not wash in Washing machine</p>\n<p>Sold in Gift Box as shown on picture</p>','rabbit-pompon-musical-box-almond','','','','Rabbit Pompon Musical Box - Almond','',''),(136,1,2,'','<p>Size : 20 cm</p>\n<p>Pull the ring to play the soft music allowing Baby to fall asleep in sweet dreams</p>\n<p>Surface Wash only - Do not sink into water - Do not wash in Washing machine</p>\n<p>Sold in Gift Box as shown on picture</p>','musical-box-doudou-collector-pink-rabbit','','','','Musical Box Doudou Collector Pink Rabbit','',''),(137,1,1,'','<p>Size : 21 cm</p>\n<p>Pull the ring to play the soft music allowing Baby to fall asleep in sweet dreams</p>\n<p>Surface Wash only - Do not sink into water - Do not wash in Washing machine</p>\n<p>Sold in Gift Box as shown on picture</p>','rabbit-pompon-musical-box-coral','','','','Rabbit Pompon Musical Box - Coral','',''),(137,1,2,'','<p>Size : 20 cm</p>\n<p>Pull the ring to play the soft music allowing Baby to fall asleep in sweet dreams</p>\n<p>Surface Wash only - Do not sink into water - Do not wash in Washing machine</p>\n<p>Sold in Gift Box as shown on picture</p>','musical-box-doudou-collector-pink-rabbit','','','','Musical Box Doudou Collector Pink Rabbit','',''),(138,1,1,'','<p>Size : 25 cm</p>\n<p>Slip the puppet onto your hand like a glove to be come Baby\'s favourite puppeteer</p>\n<p>Washable in Washing machine</p>','miloo-butterfly-the-puppet','','','','Miloo Butterfly the Puppet','',''),(138,1,2,'','<p>Size : 25 cm</p>\n<p>Slip the puppet onto your hand like a glove to be come Baby\'s favourite puppeteer</p>\n<p>Washable in Washing machine</p>','strawberry-bear-the-puppet','','','','Strawberry Bear the Puppet','',''),(139,1,1,'','<p>Size : 25 cm</p>\n<p>Slip the puppet onto your hand like a glove to be come Baby\'s favourite puppeteer</p>\n<p>Washable in Washing machine</p>','lady-ladybird-the-puppet','','','','Lady Ladybird the Puppet','',''),(139,1,2,'','<p>Size : 25 cm</p>\n<p>Slip the puppet onto your hand like a glove to be come Baby\'s favourite puppeteer</p>\n<p>Washable in Washing machine</p>','strawberry-bear-the-puppet','','','','Strawberry Bear the Puppet','',''),(140,1,1,'','<p>Size : 25 cm</p>\n<p>Slip the puppet onto your hand like a glove to be come Baby\'s favourite puppeteer</p>\n<p>Washable in Washing machine</p>','paulin-rabbit-the-puppet','','','','Paulin Rabbit the Puppet','',''),(140,1,2,'','<p>Size : 25 cm</p>\n<p>Slip the puppet onto your hand like a glove to be come Baby\'s favourite puppeteer</p>\n<p>Washable in Washing machine</p>','strawberry-bear-the-puppet','','','','Strawberry Bear the Puppet','',''),(141,1,1,'','<p>Size : 25 cm</p>\n<p>Slip the puppet onto your hand like a glove to be come Baby\'s favourite puppeteer</p>\n<p>Washable in Washing machine</p>','cherry-cow-the-greedy-puppet','','','','Cherry Cow the Greedy Puppet','',''),(141,1,2,'','<p>Size : 25 cm</p>\n<p>Slip the puppet onto your hand like a glove to be come Baby\'s favourite puppeteer</p>\n<p>Washable in Washing machine</p>','strawberry-bear-the-puppet','','','','Strawberry Bear the Puppet','',''),(142,1,1,'','<p>Size : 25 cm</p>\n<p>Slip the puppet onto your hand like a glove to be come Baby\'s favourite puppeteer</p>\n<p>Washable in Washing machine</p>','doll-framboise-the-puppet','','','','Doll Framboise the Puppet','',''),(142,1,2,'','<p>Size : 25 cm</p>\n<p>Slip the puppet onto your hand like a glove to be come Baby\'s favourite puppeteer</p>\n<p>Washable in Washing machine</p>','strawberry-bear-the-puppet','','','','Strawberry Bear the Puppet','',''),(143,1,1,'','<p>Size : 25 cm</p>\n<p>Slip the puppet onto your hand like a glove to be come Baby\'s favourite puppeteer</p>\n<p>Washable in Washing machine</p>','doll-rose-the-puppet','','','','Doll Rose the Puppet','',''),(143,1,2,'','<p>Size : 25 cm</p>\n<p>Slip the puppet onto your hand like a glove to be come Baby\'s favourite puppeteer</p>\n<p>Washable in Washing machine</p>','strawberry-bear-the-puppet','','','','Strawberry Bear the Puppet','',''),(144,1,1,'','<p>Size : 90 x 60 cm</p>\n<p>4 Models available : Elephant, Lion, Panda or Rabbit</p>\n<p>Washable in Washing machine</p>\n<p>Sold in a Box as shown on picture</p>','soft-blanket-animals','','','','Soft Blanket Animals','',''),(144,1,2,'','<p>Size : 100 x 70 cm</p>\n<p>4 Colours available : Pink, Blue, Ivory, Brown</p>\n<p>Washable in Washing machine</p>','soft-blanket-rabbit','','','','Soft Blanket Rabbit','',''),(145,1,1,'','<p>Size : 20 cm</p>\n<p>Available in 6 models : Blue Rabbit, Red Dog, Yellow Bear, Pink Mouse, Purple Rabbit &amp; Green Bear</p>\n<p>Pull the ring to play the soft music allowing Baby to fall asleep in sweet dreams</p>\n<p>Surface Wash only - Do not sink into water - Do not wash in Washing machine</p>\n<p>Sold in Gift Box as shown on picture</p>','cueillettes-musical-box','','','','Cueillettes Musical Box','',''),(145,1,2,'','<p>Size : 20 cm</p>\n<p>Pull the ring to play the soft music allowing Baby to fall asleep in sweet dreams</p>\n<p>Surface Wash only - Do not sink into water - Do not wash in Washing machine</p>\n<p>Sold in Gift Box as shown on picture</p>','musical-box-doudou-collector-pink-rabbit','','','','Musical Box Doudou Collector Pink Rabbit','',''),(146,1,1,'','<p>Size : 30 cm</p>\n<p>Washable in washing machine</p>\n<p>Sold in the gift box shown on the picture</p>','doudou-clementine','','','','Doudou Clementine','',''),(146,1,2,'','<p>Size : 27 cm</p>\n<p>Washable in washing machine</p>\n<p>Sold in the gift box shown on the picture</p>\n<p>Available at Bebehaus : www.bebehaus.com</p>','doudou-cerise','','','','Doudou Cerise','',''),(147,1,1,'','<p>Size : 40 cm</p>\n<p>Washable in washing machine</p>\n<p>Sold in the gift box shown on the picture</p>','doll-clementine','','','','Doll Clementine','',''),(147,1,2,'','<p>Size : 27 cm</p>\n<p>Washable in washing machine</p>\n<p>Sold in the gift box shown on the picture</p>\n<p>Available at Bebehaus : www.bebehaus.com</p>','doudou-cerise','','','','Doudou Cerise','',''),(148,1,1,'','<p>Size : 30 cm</p>\n<p>Product features : Teething ring and Crinkly paper sound</p>\n<p>Washable in washing machine</p>\n<p>Sold in the gift box shown on the picture</p>','activity-doll-clementine','','','','Activity Doll Clementine','',''),(148,1,2,'','<p>Size : 30 cm</p>\n<p>Product features : Teething ring, Mirror, Rattle, Squeaker and Crinkly paper sound</p>\n<p>Washable in washing machine</p>\n<p>Sold in the gift box shown on the picture</p>\n<p>Available at Bebehaus : www.bebehaus.com</p>','activity-doll-cerise','','','','Activity Doll Cerise','',''),(149,1,1,'','<p>Size : 25 cm</p>\n<p>Pull the ring to play the soft music allowing Baby to fall asleep in sweet dreams</p>\n<p>Surface Wash only - Do not sink into water - Do not wash in Washing machine</p>\n<p>Sold in Gift Box as shown on picture</p>','lila-rabbit-musical-box','','','','Lila Rabbit Musical Box','',''),(149,1,2,'','<p>Size : 20 cm</p>\n<p>Pull the ring to play the soft music allowing Baby to fall asleep in sweet dreams</p>\n<p>Surface Wash only - Do not sink into water - Do not wash in Washing machine</p>\n<p>Sold in Gift Box as shown on picture</p>','musical-box-doudou-collector-pink-rabbit','','','','Musical Box Doudou Collector Pink Rabbit','',''),(150,1,1,'','<p>Size : 25 cm</p>\n<p>Available in 4 Models : Blue Bear, Cat, Mouse or Peach Bear</p>\n<p>Slip the puppet onto your hand like a glove to be come Baby\'s favourite puppeteer</p>\n<p>Washable in Washing machine</p>','doudou-collector-the-puppet','','','','Doudou Collector the Puppet','',''),(150,1,2,'','<p>Size : 25 cm</p>\n<p>Available in 8 Models : Bear, Donkey, Hippo, Ladybird, Penguin, Rabbit, Ladybird or Mouse</p>\n<p>Slip the puppet onto your hand like a glove to be come Baby\'s favourite puppeteer</p>\n<p>Washable in Washing machine</p>','little-secrets-the-puppet','','','','Little Secrets the Puppet','',''),(151,1,1,'','<p>Size : 35 cm</p>\n<p>6 Models available : Fox, Sheep, Cat, Mouse, Rabbit or Bear</p>\n<p>Washable in Washing machine</p>','awakening-spirals','','','','Awakening Spirals','',''),(151,1,2,'','<p>Size : 100 x 70 cm</p>\n<p>4 Colours available : Pink, Blue, Ivory, Brown</p>\n<p>Washable in Washing machine</p>','soft-blanket-rabbit','','','','Soft Blanket Rabbit','',''),(152,1,1,'','<p>Size : 17 cm</p>\n<p>Attach the pacifier to the doudou, then clip it onto Baby\'s clothes!</p>\n<p>Available in 16 Models</p>\n<p>Washable in Washing Machine</p>','pacifier-holder','','','','Pacifier Holder','',''),(152,1,2,'','','pacifier-holder','','','','Pacifier Holder','',''),(153,1,1,'','<p>Size : 60 cm</p>\n<p>Washable in Washing Machine</p>','hippo-large-size','','','','Hippo Large Size','',''),(153,1,2,'','<p>Size : 23 cm</p>\n<p>Washable in Washing Machine</p>\n<p>Sold in the Gift Box shown on the picture</p>','hippo-small-size','','','','Hippo Small Size','',''),(154,1,1,'','<p>Size : 38 cm</p>\n<p>Sold in Gift Box as shown on picture</p>\n<p>Washable in Washing Machine</p>','elephant-medium-size','','','','Elephant Medium Size','',''),(154,1,2,'','<p>Size : 23 cm</p>\n<p>Washable in Washing Machine</p>\n<p>Sold in the Gift Box shown on the picture</p>','hippo-small-size','','','','Hippo Small Size','',''),(155,1,1,'','<p>Size : 60 cm</p>\n<p>Washable in Washing Machine</p>','elephant-large-size','','','','Elephant Large Size','',''),(155,1,2,'','<p>Size : 23 cm</p>\n<p>Washable in Washing Machine</p>\n<p>Sold in the Gift Box shown on the picture</p>','hippo-small-size','','','','Hippo Small Size','',''),(156,1,1,'','<p>Size : 40 cm</p>\n<p>Washable in Washing Machine</p>','crocodile-medium-size','','','','Crocodile Medium Size','',''),(156,1,2,'','<p>Size : 23 cm</p>\n<p>Washable in Washing Machine</p>\n<p>Sold in the Gift Box shown on the picture</p>','hippo-small-size','','','','Hippo Small Size','',''),(157,1,1,'','<p>Size : 45 cm</p>\n<p>Colour : Beige</p>\n<p>Sold in the Gift Box as shown on the picture</p>','the-z-animoos-beige-bear-large-size','','','','The Z\'Animoos - Beige Bear Large Size','',''),(157,1,2,'','<p>Size : 30 cm</p>\n<p>Colour : Champagne (light brown)</p>\n<p>Sold in the Gift Box as shown on the picture</p>\n<p>Available at Bebehaus : www.bebehaus.com</p>','douillet-bear-champagne-small','','','','Douillet Bear Champagne Small','',''),(158,1,1,'','<p>Size : 20 cm</p>\n<p>Sold in Gift Box as shown on picture</p>\n<p>Washable in Washing Machine</p>\n<p>Available at Kinokuniya</p>','penguin','','','','Penguin','',''),(158,1,2,'','<p>Size : 23 cm</p>\n<p>Washable in Washing Machine</p>\n<p>Sold in the Gift Box shown on the picture</p>','hippo-small-size','','','','Hippo Small Size','',''),(159,1,1,'','<p>Size : 40 cm</p>\n<p>Colour : Brown</p>\n<p>Sold in the Gift Box as shown on the picture</p>','bear-collection-brown-bear-medium-size','','','','Bear Collection - Brown Bear Medium Size','',''),(159,1,2,'','<p>Size : 30 cm</p>\n<p>Colour : Champagne (light brown)</p>\n<p>Sold in the Gift Box as shown on the picture</p>\n<p>Available at Bebehaus : www.bebehaus.com</p>','douillet-bear-champagne-small','','','','Douillet Bear Champagne Small','',''),(160,1,1,'','<p>Size : 20 cm</p>\n<p>Sold in Gift Box as shown on picture</p>\n<p>Washable in Washing Machine</p>\n<p>Available at Kinokuniya</p>','kangaroo-baby-authentique','','','','Kangaroo & Baby Authentique','',''),(160,1,2,'','<p>Size : 23 cm</p>\n<p>Washable in Washing Machine</p>\n<p>Sold in the Gift Box shown on the picture</p>','hippo-small-size','','','','Hippo Small Size','',''),(161,1,1,'','<p>Size : 20 cm</p>\n<p>Sold in Gift Box as shown on picture</p>\n<p>Washable in Washing Machine</p>\n<p>Available at Kinokuniya</p>','black-panther-authentique','','','','Black Panther Authentique','',''),(161,1,2,'','<p>Size : 23 cm</p>\n<p>Washable in Washing Machine</p>\n<p>Sold in the Gift Box shown on the picture</p>','hippo-small-size','','','','Hippo Small Size','',''),(162,1,1,'','<p>Size : 20 cm</p>\n<p>Sold in Gift Box as shown on picture</p>\n<p>Washable in Washing Machine</p>','snow-leopard-medium-size','','','','Snow Leopard Medium Size','',''),(162,1,2,'','<p>Size : 23 cm</p>\n<p>Washable in Washing Machine</p>\n<p>Sold in the Gift Box shown on the picture</p>','hippo-small-size','','','','Hippo Small Size','',''),(163,1,1,'','<p>Size : 25 cm</p>\n<p>Sold in Gift Box as shown on picture</p>\n<p>Washable in Washing Machine</p>\n<p>Available at Kinokuniya</p>','monkey','','','','Monkey','',''),(163,1,2,'','<p>Size : 23 cm</p>\n<p>Washable in Washing Machine</p>\n<p>Sold in the Gift Box shown on the picture</p>','hippo-small-size','','','','Hippo Small Size','',''),(164,1,1,'','<p>Size : 50 cm</p>\n<p>Washable in Washing Machine</p>','panda-large-size','','','','Panda Large Size','',''),(164,1,2,'','<p>Size : 23 cm</p>\n<p>Washable in Washing Machine</p>\n<p>Sold in the Gift Box shown on the picture</p>','hippo-small-size','','','','Hippo Small Size','',''),(165,1,1,'','<p>Size : 40 cm</p>\n<p>Washable in Washing Machine</p>','milord-the-rabbit','','','','Milord the Rabbit','',''),(165,1,2,'','<p>Size : 23 cm</p>\n<p>Washable in Washing Machine</p>\n<p>Sold in the Gift Box shown on the picture</p>','hippo-small-size','','','','Hippo Small Size','',''),(167,1,1,'','<p>Size : 25 cm</p>\n<p>Colour : Beige</p>\n<p>Washable in Washing Machine</p>\n<p>Sold in Gift Box as shown on picture</p>','copain-calin-beige-rabbit-small','','','','Copain Calin - Beige Rabbit - Small','',''),(167,1,2,'','<p>Size : 40 cm</p>\n<p>Colour : Beige</p>\n<p>Washable in Washing Machine</p>\n<p>Sold in Gift Box as shown on picture</p>','copain-calin-rabbit-medium','','','','Copain Calin Rabbit Medium','',''),(168,1,1,'','<p>Size : 25 cm</p>\n<p>Colour : Pink</p>\n<p>Washable in Washing Machine</p>\n<p>Sold in Gift Box as shown on picture</p>','copain-calin-pink-rabbit-small','','','','Copain Calin - Pink Rabbit - Small','',''),(168,1,2,'','<p>Size : 40 cm</p>\n<p>Colour : Beige</p>\n<p>Washable in Washing Machine</p>\n<p>Sold in Gift Box as shown on picture</p>','copain-calin-rabbit-medium','','','','Copain Calin Rabbit Medium','',''),(169,1,1,'','<p>Size : 50 cm</p>\n<p>Colour : Pink</p>\n<p>Washable in Washing Machine</p>\n<p>Sold in Gift Box as shown on picture</p>','copain-calin-pink-rabbit-large','','','','Copain Calin - Pink Rabbit - Large','',''),(169,1,2,'','<p>Size : 40 cm</p>\n<p>Colour : Beige</p>\n<p>Washable in Washing Machine</p>\n<p>Sold in Gift Box as shown on picture</p>','copain-calin-rabbit-medium','','','','Copain Calin Rabbit Medium','',''),(170,1,1,'','<p>Size : 25 cm</p>\n<p>Washable in Washing Machine</p>\n<p>Sold in Gift Box as shown on picture</p>','copain-calin-bear-small','','','','Copain Calin - Bear - Small','',''),(170,1,2,'','<p>Size : 40 cm</p>\n<p>Colour : Beige</p>\n<p>Washable in Washing Machine</p>\n<p>Sold in Gift Box as shown on picture</p>','copain-calin-rabbit-medium','','','','Copain Calin Rabbit Medium','',''),(171,1,1,'','<p>Size : 45 cm</p>\n<p>Washable in Washing Machine</p>','pearl-the-elephant-medium-size','','','','Pearl the Elephant - Medium Size','',''),(171,1,2,'','<p>Size : 23 cm</p>\n<p>Washable in Washing Machine</p>\n<p>Sold in the Gift Box shown on the picture</p>','hippo-small-size','','','','Hippo Small Size','',''),(172,1,1,'','<p>Size : 55 cm</p>\n<p>Colour : Champagne (light brown)</p>\n<p>Washable in washing machine</p>\n<p>Sold in Gift Box as shown on the picture</p>','douillet-bear-champagne-large','','','','Douillet Bear Champagne Large','',''),(172,1,2,'','<p>Size : 40 cm</p>\n<p>Colour : Champagne (light brown)</p>\n<p>Washable in washing machine</p>\n<p>Sold in Gift Box as shown on the picture</p>','douillet-bear-champagne-medium','','','','Douillet Bear Champagne Medium','',''),(173,1,1,'','<p>Size : 33 cm</p>\n<p>Washable in washing machine</p>\n<p>Sold in the Gift Box shown on the picture</p>','doudou-choupidoux-rabbit-beige-small','','','','Doudou Choupidoux Rabbit - Beige - Small','',''),(173,1,2,'','<p>Size : 23 cm</p>\n<p>Washable in washing machine</p>\n<p>Sold in the Gift Box shown on the picture</p>\n<p>Available at Bebehaus : www.bebehaus.com</p>','doudou-rabbit-bonbon-small-pink','','','','Doudou Rabbit Bonbon Small Pink','',''),(174,1,1,'','<p>Size : 33 cm</p>\n<p>Washable in washing machine</p>\n<p>Sold in the Gift Box shown on the picture</p>','doudou-choupidoux-rabbit-brown-small','','','','Doudou Choupidoux Rabbit - Brown - Small','',''),(174,1,2,'','<p>Size : 23 cm</p>\n<p>Washable in washing machine</p>\n<p>Sold in the Gift Box shown on the picture</p>\n<p>Available at Bebehaus : www.bebehaus.com</p>','doudou-rabbit-bonbon-small-pink','','','','Doudou Rabbit Bonbon Small Pink','',''),(175,1,1,'','<p>Size : 33 cm</p>\n<p>Washable in washing machine</p>\n<p>Sold in the Gift Box shown on the picture</p>','doudou-choupidoux-mouse-small','','','','Doudou Choupidoux Mouse - Small','',''),(175,1,2,'','<p>Size : 23 cm</p>\n<p>Washable in washing machine</p>\n<p>Sold in the Gift Box shown on the picture</p>\n<p>Available at Bebehaus : www.bebehaus.com</p>','doudou-rabbit-bonbon-small-pink','','','','Doudou Rabbit Bonbon Small Pink','',''),(176,1,1,'','<p>Size : 45 cm</p>\n<p>Washable in washing machine</p>\n<p>Sold in the Gift Box shown on the picture</p>','doudou-choupidoux-rabbit-large','','','','Doudou Choupidoux Rabbit - Large','',''),(176,1,2,'','<p>Size : 23 cm</p>\n<p>Washable in washing machine</p>\n<p>Sold in the Gift Box shown on the picture</p>\n<p>Available at Bebehaus : www.bebehaus.com</p>','doudou-rabbit-bonbon-small-pink','','','','Doudou Rabbit Bonbon Small Pink','',''),(177,1,1,'','<p>Size : 45 cm</p>\n<p>Washable in washing machine</p>\n<p>Sold in the Gift Box shown on the picture</p>','doudou-choupidoux-mouse-large','','','','Doudou Choupidoux Mouse - Large','',''),(177,1,2,'','<p>Size : 23 cm</p>\n<p>Washable in washing machine</p>\n<p>Sold in the Gift Box shown on the picture</p>\n<p>Available at Bebehaus : www.bebehaus.com</p>','doudou-rabbit-bonbon-small-pink','','','','Doudou Rabbit Bonbon Small Pink','',''),(178,1,1,'','<p>Size : 45 cm</p>\n<p>Washable in washing machine</p>\n<p>Sold in the Gift Box shown on the picture</p>','doudou-choupidoux-bear-large','','','','Doudou Choupidoux Bear - Large','',''),(178,1,2,'','<p>Size : 23 cm</p>\n<p>Washable in washing machine</p>\n<p>Sold in the Gift Box shown on the picture</p>\n<p>Available at Bebehaus : www.bebehaus.com</p>','doudou-rabbit-bonbon-small-pink','','','','Doudou Rabbit Bonbon Small Pink','',''),(179,1,1,'','<p>Size : 65 cm</p>\n<p>Washable in Washing Machine</p>','bear-bel-ours-large','','','','Bear Bel Ours - Large','',''),(179,1,2,'','<p>Size : 23 cm</p>\n<p>Washable in Washing Machine</p>\n<p>Sold in the Gift Box shown on the picture</p>','hippo-small-size','','','','Hippo Small Size','',''),(180,1,1,'','<p>Size : 25 cm</p>\n<p>Washable in Washing Machine</p>','dandy-hedgehog-medium','','','','Dandy Hedgehog Medium','',''),(180,1,2,'','<p>Size : 23 cm</p>\n<p>Washable in Washing Machine</p>\n<p>Sold in the Gift Box shown on the picture</p>','hippo-small-size','','','','Hippo Small Size','',''),(181,1,1,'','<p>Size : 35 cm</p>\n<p>Washable in Washing Machine</p>','dandy-chicken','','','','Dandy Chicken','',''),(181,1,2,'','<p>Size : 23 cm</p>\n<p>Washable in Washing Machine</p>\n<p>Sold in the Gift Box shown on the picture</p>','hippo-small-size','','','','Hippo Small Size','',''),(182,1,1,'','<p>Size : 25 cm</p>\n<p>Washable in Washing Machine</p>\n<p>Sold in Gift Box as shown on picture</p>','hippo-nature','','','','Hippo Nature','',''),(182,1,2,'','<p>Size : 40 cm</p>\n<p>Colour : Beige</p>\n<p>Washable in Washing Machine</p>\n<p>Sold in Gift Box as shown on picture</p>','copain-calin-rabbit-medium','','','','Copain Calin Rabbit Medium','',''),(183,1,1,'','<p>Size : 40 cm</p>\n<p>Washable in Washing Machine</p>\n<p>Sold in Gift Box as shown on picture</p>','copain-calin-bear-large','','','','Copain Calin - Bear - Large','',''),(183,1,2,'','<p>Size : 40 cm</p>\n<p>Colour : Beige</p>\n<p>Washable in Washing Machine</p>\n<p>Sold in Gift Box as shown on picture</p>','copain-calin-rabbit-medium','','','','Copain Calin Rabbit Medium','',''),(184,1,1,'','<p>Size : 25 cm</p>\n<p>Washable in washing machine</p>\n<p>Sold in the Gift Box as shown on picture</p>','doudou-rabbit-pompon-small-strawberry','','','','Doudou Rabbit Pompon Small Strawberry','',''),(184,1,2,'','<p>Size : 25 cm</p>\n<p>Washable in washing machine</p>\n<p>Sold in the Gift Box as shown on picture</p>','doudou-rabbit-pompon-small-coral','','','','Doudou Rabbit Pompon Small Coral','',''),(185,1,1,'','<p>Size : 25 cm</p>\n<p>Washable in washing machine</p>\n<p>Sold in the Gift Box as shown on picture</p>','doudou-rabbit-pompon-small-almond','','','','Doudou Rabbit Pompon Small Almond','',''),(185,1,2,'','<p>Size : 25 cm</p>\n<p>Washable in washing machine</p>\n<p>Sold in the Gift Box as shown on picture</p>','doudou-rabbit-pompon-small-coral','','','','Doudou Rabbit Pompon Small Coral','',''),(186,1,1,'','<p>Size : 11 cm</p>\n<p>The Gift box turns into a beautiful Musical Box</p>\n<p>Available in 6 models : Mint Rabbit, Brown Rabbit, Pink Rabbit, Pink Bear, Purple Bear &amp; Blue Bear</p>\n<p>Turn the key of the gift box to play the soft music allowing Baby to fall asleep in sweet dreams while cuddling His/Her doudou</p>\n<p>Washable in washing machine</p>\n<p>Sold in Gift Box as shown on picture</p>','vol-au-vent-musical-box-doudou','','','','Vol au Vent Musical Box & Doudou','',''),(186,1,2,'','<p>Size : 20 cm</p>\n<p>Pull the ring to play the soft music allowing Baby to fall asleep in sweet dreams</p>\n<p>Surface Wash only - Do not sink into water - Do not wash in Washing machine</p>\n<p>Sold in Gift Box as shown on picture</p>','musical-box-doudou-collector-pink-rabbit','','','','Musical Box Doudou Collector Pink Rabbit','',''),(187,1,1,'','<p>Size : 23 cm</p>\n<p>Washable in washing machine</p>\n<p>Sold in the Gift Box as shown on the picture</p>\n<p>Available at Bebehaus : www.bebehaus.com</p>','doudou-rabbit-pompon-strawberry','','','','Doudou Rabbit Pompon Strawberry','',''),(187,1,2,'','<p>Size : 23 cm</p>\n<p>Washable in washing machine</p>\n<p>Sold in the Gift Box as shown on the picture</p>\n<p>Available at Bebehaus : www.bebehaus.com</p>','doudou-rabbit-pompon-strawberry','','','','Doudou Rabbit Pompon Strawberry','',''),(188,1,1,'','<p>Size : 30 cm</p>\n<p>Product features : Teething ring, Bell, Mirror, Squeaker and Crinkly paper sound</p>\n<p>Washable in washing machine</p>\n<p>Sold in the Gift Box as shown on the picture</p>\n<p>Available at Bebehaus : www.bebehaus.com</p>','activity-doll-rabbit-bonbon-blue','','','','Activity Doll Rabbit Bonbon Blue','',''),(188,1,2,'','<p>Size : 30 cm</p>\n<p>Product features : Teething ring, Bell, Mirror, Squeaker and Crinkly paper sound</p>\n<p>Washable in washing machine</p>\n<p>Sold in the Gift Box as shown on the picture</p>\n<p>Available at Bebehaus : www.bebehaus.com</p>','activity-doll-rabbit-bonbon-blue','','','','Activity Doll Rabbit Bonbon Blue','',''),(189,1,1,'','<p>Size : 28 cm</p>\n<p>Washable in washing machine</p>\n<p>Sold in the Gift Box as shown on the picture</p>\n<p>Available at Bebehaus and Happikiddo</p>','doudou-collector-dog-mint','','','','Doudou Collector Dog Mint','',''),(189,1,2,'','<p>Size : 28 cm</p>\n<p>Washable in washing machine</p>\n<p>Sold in the Gift Box as shown on the picture</p>\n<p>Available at Bebehaus: www.bebehaus.com</p>','doudou-collector-dog-mint','','','','Doudou Collector Dog Mint','',''),(190,1,1,'','<p>Size : 23 cm</p>\n<p>Washable in washing machine</p>\n<p>Sold in the Gift Box shown on the picture</p>\n<p>Available at Bebehaus : www.bebehaus.com</p>','doudou-rabbit-bonbon-small-pink','','','','Doudou Rabbit Bonbon Small Pink','',''),(190,1,2,'','<p>Size : 23 cm</p>\n<p>Washable in washing machine</p>\n<p>Sold in the Gift Box shown on the picture</p>\n<p>Available at Bebehaus : www.bebehaus.com</p>','doudou-rabbit-bonbon-small-pink','','','','Doudou Rabbit Bonbon Small Pink','',''),(191,1,1,'','<p>Size : 27 cm</p>\n<p>Washable in washing machine</p>\n<p>Sold in the gift box shown on the picture</p>\n<p>Available at Bebehaus : www.bebehaus.com</p>','doudou-cerise','','','','Doudou Cerise','',''),(191,1,2,'','<p>Size : 27 cm</p>\n<p>Washable in washing machine</p>\n<p>Sold in the gift box shown on the picture</p>\n<p>Available at Bebehaus : www.bebehaus.com</p>','doudou-cerise','','','','Doudou Cerise','',''),(192,1,1,'','<p>Size : 40 cm</p>\n<p>Washable in washing machine</p>\n<p>Sold in the Gift Bow as shown on the picture</p>\n<p>Available at Bebehaus : www.bebehaus.com</p>','sweety-bear','','','','Sweety Bear','',''),(192,1,2,'','<p>Size : 40 cm</p>\n<p>Washable in washing machine</p>\n<p>Sold in the Gift Bow as shown on the picture</p>\n<p>Available at Bebehaus : www.bebehaus.com</p>','sweety-bear','','','','Sweety Bear','',''),(193,1,1,'','<p>Size : 35 cm</p>\n<p>Washable in washing machine</p>\n<p>Sold in the Gift Box as shown on picture</p>\n<p>Available at Bumps &amp; Bundles</p>','doudou-rabbit-pompon-medium-strawberry','','','','Doudou Rabbit Pompon Medium Strawberry','',''),(193,1,2,'','<p>Size : 35 cm</p>\n<p>Washable in washing machine</p>\n<p>Sold in the Gift Box as shown on picture</p>','doudou-rabbit-pompon-medium-strawberry','','','','Doudou Rabbit Pompon Medium Strawberry','','');

--
-- Table structure for table `ps_product_sale`
--

CREATE TABLE `ps_product_sale` (
  `id_product` int(10) unsigned NOT NULL,
  `quantity` int(10) unsigned NOT NULL DEFAULT '0',
  `sale_nbr` int(10) unsigned NOT NULL DEFAULT '0',
  `date_upd` date NOT NULL,
  PRIMARY KEY (`id_product`),
  KEY `quantity` (`quantity`)
) ENGINE=InnoDB DEFAULT CHARSET=utf8;

--
-- Dumping data for table `ps_product_sale`
--

INSERT INTO `ps_product_sale` (`id_product`, `quantity`, `sale_nbr`, `date_upd`) VALUES (1,2,1,'2015-12-31'),(39,1,1,'2015-10-07'),(42,1,1,'2015-12-29'),(43,1,1,'2015-09-17'),(60,1,1,'2015-12-17'),(66,2,2,'2015-10-07'),(71,1,1,'2015-12-09'),(88,2,2,'2015-10-20'),(117,1,1,'2015-11-08'),(127,1,1,'2015-10-07'),(171,1,1,'2015-12-23'),(187,2,2,'2015-12-23'),(188,2,2,'2015-12-23');

--
-- Table structure for table `ps_product_shop`
--

CREATE TABLE `ps_product_shop` (
  `id_product` int(10) unsigned NOT NULL,
  `id_shop` int(10) unsigned NOT NULL,
  `id_category_default` int(10) unsigned DEFAULT NULL,
  `id_tax_rules_group` int(11) unsigned NOT NULL,
  `on_sale` tinyint(1) unsigned NOT NULL DEFAULT '0',
  `online_only` tinyint(1) unsigned NOT NULL DEFAULT '0',
  `ecotax` decimal(17,6) NOT NULL DEFAULT '0.000000',
  `minimal_quantity` int(10) unsigned NOT NULL DEFAULT '1',
  `price` decimal(20,6) NOT NULL DEFAULT '0.000000',
  `wholesale_price` decimal(20,6) NOT NULL DEFAULT '0.000000',
  `unity` varchar(255) DEFAULT NULL,
  `unit_price_ratio` decimal(20,6) NOT NULL DEFAULT '0.000000',
  `additional_shipping_cost` decimal(20,2) NOT NULL DEFAULT '0.00',
  `customizable` tinyint(2) NOT NULL DEFAULT '0',
  `uploadable_files` tinyint(4) NOT NULL DEFAULT '0',
  `text_fields` tinyint(4) NOT NULL DEFAULT '0',
  `active` tinyint(1) unsigned NOT NULL DEFAULT '0',
  `redirect_type` enum('','404','301','302') NOT NULL DEFAULT '',
  `id_product_redirected` int(10) unsigned NOT NULL DEFAULT '0',
  `available_for_order` tinyint(1) NOT NULL DEFAULT '1',
  `available_date` date NOT NULL DEFAULT '0000-00-00',
  `condition` enum('new','used','refurbished') NOT NULL DEFAULT 'new',
  `show_price` tinyint(1) NOT NULL DEFAULT '1',
  `indexed` tinyint(1) NOT NULL DEFAULT '0',
  `visibility` enum('both','catalog','search','none') NOT NULL DEFAULT 'both',
  `cache_default_attribute` int(10) unsigned DEFAULT NULL,
  `advanced_stock_management` tinyint(1) NOT NULL DEFAULT '0',
  `date_add` datetime NOT NULL,
  `date_upd` datetime NOT NULL,
  `pack_stock_type` int(11) unsigned NOT NULL DEFAULT '3',
  PRIMARY KEY (`id_product`,`id_shop`),
  KEY `id_category_default` (`id_category_default`),
  KEY `date_add` (`date_add`,`active`,`visibility`),
  KEY `indexed` (`indexed`,`active`,`id_product`)
) ENGINE=InnoDB DEFAULT CHARSET=utf8;

--
-- Dumping data for table `ps_product_shop`
--

INSERT INTO `ps_product_shop` (`id_product`, `id_shop`, `id_category_default`, `id_tax_rules_group`, `on_sale`, `online_only`, `ecotax`, `minimal_quantity`, `price`, `wholesale_price`, `unity`, `unit_price_ratio`, `additional_shipping_cost`, `customizable`, `uploadable_files`, `text_fields`, `active`, `redirect_type`, `id_product_redirected`, `available_for_order`, `available_date`, `condition`, `show_price`, `indexed`, `visibility`, `cache_default_attribute`, `advanced_stock_management`, `date_add`, `date_upd`, `pack_stock_type`) VALUES (8,1,13,1,0,0,0.000000,1,102.830189,0.000000,'',0.000000,0.00,0,0,0,1,'404',0,0,'0000-00-00','new',1,1,'both',0,1,'2015-08-18 12:31:32','2015-11-18 21:58:29',3),(9,1,9,1,0,0,0.000000,1,93.396226,0.000000,'',0.000000,0.00,0,0,0,1,'404',0,0,'0000-00-00','new',1,1,'both',0,1,'2015-08-19 12:48:28','2015-12-30 16:41:58',3),(12,1,9,1,0,0,0.000000,1,93.396226,0.000000,'',0.000000,0.00,0,0,0,1,'404',0,0,'0000-00-00','new',1,1,'both',0,1,'2015-08-19 16:44:19','2015-12-31 18:30:15',3),(13,1,9,1,0,0,0.000000,1,140.566038,0.000000,'',0.000000,0.00,0,0,0,1,'404',0,0,'0000-00-00','new',1,1,'both',0,1,'2015-08-19 16:59:33','2015-12-31 18:31:22',3),(14,1,9,1,0,0,0.000000,1,168.867925,0.000000,'',0.000000,0.00,0,0,0,1,'404',0,0,'0000-00-00','new',1,1,'both',0,1,'2015-08-19 17:06:39','2015-12-31 18:33:28',3),(16,1,4,1,0,0,0.000000,1,112.264151,0.000000,'',0.000000,0.00,0,0,0,1,'404',0,0,'0000-00-00','new',1,1,'both',0,1,'2015-08-19 17:22:47','2015-12-31 18:35:19',3),(17,1,13,1,0,0,0.000000,1,177.358491,0.000000,'',0.000000,0.00,0,0,0,1,'404',0,0,'0000-00-00','new',1,1,'both',0,1,'2015-08-19 17:28:19','2015-12-31 18:37:21',3),(18,1,13,1,0,0,0.000000,1,177.358491,0.000000,'',0.000000,0.00,0,0,0,1,'404',0,1,'0000-00-00','new',1,1,'both',0,1,'2015-08-19 17:34:10','2015-12-31 18:38:31',3),(20,1,26,1,0,0,0.000000,1,140.566038,0.000000,'',0.000000,0.00,0,0,0,1,'404',0,0,'0000-00-00','new',1,1,'both',0,1,'2015-08-19 17:58:00','2015-12-31 18:40:59',3),(24,1,14,1,0,0,0.000000,1,121.698113,0.000000,'',0.000000,0.00,0,0,0,1,'404',0,0,'0000-00-00','new',1,1,'both',0,1,'2015-08-19 18:20:57','2015-12-31 18:42:50',3),(25,1,14,1,0,0,0.000000,1,121.698113,0.000000,'',0.000000,0.00,0,0,0,1,'404',0,0,'0000-00-00','new',1,1,'both',0,1,'2015-08-19 18:28:32','2015-12-31 18:45:22',3),(26,1,14,1,0,0,0.000000,1,121.698113,0.000000,'',0.000000,0.00,0,0,0,1,'404',0,0,'0000-00-00','new',1,1,'both',0,1,'2015-08-19 18:33:34','2015-12-31 18:46:43',3),(29,1,15,1,0,0,0.000000,1,112.264151,0.000000,'',0.000000,0.00,0,0,0,1,'404',0,0,'0000-00-00','new',1,1,'both',0,1,'2015-08-19 19:02:34','2015-12-31 18:48:11',3),(31,1,16,1,0,0,0.000000,1,159.433962,0.000000,'',0.000000,0.00,0,0,0,1,'404',0,0,'0000-00-00','new',1,1,'both',0,1,'2015-08-19 19:22:53','2015-12-31 18:55:37',3),(32,1,17,1,0,0,0.000000,1,121.698113,0.000000,'',0.000000,0.00,0,0,0,1,'404',0,0,'0000-00-00','new',1,1,'both',0,1,'2015-08-19 19:28:26','2015-12-31 18:56:51',3),(33,1,17,1,0,1,0.000000,1,234.905660,0.000000,'',0.000000,0.00,0,0,0,1,'404',0,1,'0000-00-00','new',1,1,'both',0,1,'2015-08-24 23:27:08','2015-12-31 18:58:37',3),(34,1,17,1,0,1,0.000000,1,319.811321,0.000000,'',0.000000,0.00,0,0,0,0,'404',0,1,'0000-00-00','new',1,0,'both',0,1,'2015-08-25 00:18:01','2015-12-31 19:01:43',3),(35,1,17,1,0,0,0.000000,1,131.132075,0.000000,'',0.000000,0.00,0,0,0,1,'404',0,0,'0000-00-00','new',1,1,'both',0,1,'2015-08-25 00:25:46','2015-12-31 19:03:23',3),(36,1,17,1,0,1,0.000000,1,234.905660,0.000000,'',0.000000,0.00,0,0,0,1,'404',0,1,'0000-00-00','new',1,1,'both',0,1,'2015-08-25 00:31:46','2015-12-31 19:06:53',3),(37,1,15,1,0,1,0.000000,1,112.264151,0.000000,'',0.000000,0.00,0,0,0,1,'404',0,1,'0000-00-00','new',1,1,'both',0,1,'2015-08-25 18:40:19','2015-12-31 19:09:57',3),(38,1,15,1,0,1,0.000000,1,159.433962,0.000000,'',0.000000,0.00,0,0,0,1,'404',0,1,'0000-00-00','new',1,1,'both',0,1,'2015-08-25 18:48:59','2015-12-31 19:13:26',3),(39,1,15,1,0,1,0.000000,1,234.905660,0.000000,'',0.000000,0.00,0,0,0,1,'404',0,1,'0000-00-00','new',1,1,'both',0,1,'2015-08-25 18:53:45','2015-12-31 19:14:14',3),(40,1,18,1,0,0,0.000000,1,121.698113,0.000000,'',0.000000,0.00,0,0,0,1,'404',0,0,'0000-00-00','new',1,1,'both',49,1,'2015-08-25 19:02:34','2015-12-31 19:17:06',3),(41,1,18,1,0,1,0.000000,1,83.018868,0.000000,'',0.000000,0.00,0,0,0,1,'404',0,1,'0000-00-00','new',1,1,'both',0,1,'2015-08-25 19:11:24','2015-12-31 19:20:34',3),(42,1,18,1,0,1,0.000000,1,112.264151,0.000000,'',0.000000,0.00,0,0,0,1,'404',0,1,'0000-00-00','new',1,1,'both',0,1,'2015-08-25 19:15:28','2015-12-31 19:22:02',3),(43,1,16,1,0,0,0.000000,1,234.905660,0.000000,'',0.000000,0.00,0,0,0,1,'404',0,0,'0000-00-00','new',1,1,'both',0,1,'2015-08-26 10:51:40','2015-12-31 19:23:21',3),(44,1,18,1,0,0,0.000000,1,282.075472,0.000000,'',0.000000,0.00,0,0,0,1,'404',0,0,'0000-00-00','new',1,1,'both',0,1,'2015-08-26 11:02:40','2015-12-31 19:26:24',3),(45,1,18,1,0,1,0.000000,1,225.471698,0.000000,'',0.000000,0.00,0,0,0,1,'404',0,1,'0000-00-00','new',1,1,'both',0,1,'2015-08-26 11:10:41','2015-12-31 19:27:36',3),(46,1,16,1,0,1,0.000000,1,187.735849,0.000000,'',0.000000,0.00,0,0,0,1,'404',0,1,'0000-00-00','new',1,1,'both',0,1,'2015-08-26 11:41:25','2015-12-31 19:30:15',3),(47,1,16,1,0,1,0.000000,1,187.735849,0.000000,'',0.000000,0.00,0,0,0,1,'404',0,1,'0000-00-00','new',1,1,'both',0,1,'2015-08-26 11:49:09','2015-12-31 19:31:27',3),(48,1,20,1,0,1,0.000000,1,102.830189,0.000000,'',0.000000,0.00,0,0,0,1,'404',0,1,'0000-00-00','new',1,1,'both',0,1,'2015-08-26 12:05:59','2015-12-31 19:33:33',3),(49,1,20,1,0,1,0.000000,1,102.830189,0.000000,'',0.000000,0.00,0,0,0,0,'404',0,1,'0000-00-00','new',1,1,'both',0,1,'2015-08-26 12:25:24','2015-12-31 19:36:40',3),(50,1,20,1,0,1,0.000000,1,102.830189,0.000000,'',0.000000,0.00,0,0,0,1,'404',0,1,'0000-00-00','new',1,1,'both',0,1,'2015-08-26 12:40:14','2015-12-31 19:39:08',3),(51,1,20,1,0,1,0.000000,1,102.830189,0.000000,'',0.000000,0.00,0,0,0,1,'404',0,1,'0000-00-00','new',1,1,'both',0,1,'2015-08-26 12:48:28','2015-12-31 19:41:46',3),(52,1,20,1,0,1,0.000000,1,102.830189,0.000000,'',0.000000,0.00,0,0,0,0,'404',0,1,'0000-00-00','new',1,0,'both',0,1,'2015-08-26 12:58:56','2015-12-31 19:42:41',3),(53,1,22,1,0,0,0.000000,1,187.735849,0.000000,'',0.000000,0.00,0,0,0,1,'404',0,0,'0000-00-00','new',1,1,'both',0,1,'2015-08-26 13:09:38','2015-12-31 19:44:57',3),(54,1,22,1,0,0,0.000000,1,187.735849,0.000000,'',0.000000,0.00,0,0,0,1,'404',0,0,'0000-00-00','new',1,1,'both',0,1,'2015-08-26 13:15:28','2015-12-31 19:45:52',3),(55,1,22,1,0,0,0.000000,1,187.735849,0.000000,'',0.000000,0.00,0,0,0,1,'404',0,0,'0000-00-00','new',1,1,'both',0,1,'2015-08-26 13:22:34','2015-12-31 19:46:56',3),(56,1,22,1,0,0,0.000000,1,187.735849,0.000000,'',0.000000,0.00,0,0,0,1,'404',0,0,'0000-00-00','new',1,1,'both',0,1,'2015-08-26 13:30:39','2015-12-31 19:47:44',3),(57,1,13,1,0,1,0.000000,1,177.358491,0.000000,'',0.000000,0.00,0,0,0,1,'404',0,1,'0000-00-00','new',1,1,'both',0,1,'2015-08-26 17:59:20','2015-12-31 19:49:19',3),(58,1,21,1,0,1,0.000000,1,102.830189,0.000000,'',0.000000,0.00,0,0,0,1,'404',0,1,'0000-00-00','new',1,1,'both',0,1,'2015-08-26 18:16:24','2015-12-31 19:50:20',3),(59,1,21,1,0,1,0.000000,1,102.830189,0.000000,'',0.000000,0.00,0,0,0,1,'404',0,1,'0000-00-00','new',1,1,'both',0,1,'2015-08-26 18:28:30','2015-12-31 19:51:32',3),(60,1,26,1,0,0,0.000000,1,140.566038,0.000000,'',0.000000,0.00,0,0,0,1,'404',0,1,'0000-00-00','new',1,1,'both',0,1,'2015-08-26 19:17:47','2015-12-31 19:52:25',3),(61,1,26,1,0,0,0.000000,1,140.566038,0.000000,'',0.000000,0.00,0,0,0,1,'404',0,0,'0000-00-00','new',1,1,'both',0,1,'2015-08-26 19:23:54','2015-12-31 19:53:22',3),(62,1,9,1,0,0,0.000000,1,140.566038,0.000000,'',0.000000,0.00,0,0,0,1,'404',0,0,'0000-00-00','new',1,1,'both',0,1,'2015-08-26 19:32:50','2015-12-31 19:54:22',3),(63,1,9,1,0,1,0.000000,1,140.566038,0.000000,'',0.000000,0.00,0,0,0,1,'404',0,1,'0000-00-00','new',1,1,'both',0,1,'2015-08-26 19:38:40','2015-12-31 19:55:40',3),(64,1,9,1,0,1,0.000000,1,282.075472,0.000000,'',0.000000,0.00,0,0,0,1,'404',0,1,'0000-00-00','new',1,1,'both',0,1,'2015-08-26 20:01:23','2015-12-31 19:57:03',3),(65,1,13,1,0,0,0.000000,1,159.433962,0.000000,'',0.000000,0.00,0,0,0,1,'404',0,0,'0000-00-00','new',1,1,'both',0,1,'2015-08-26 20:17:05','2015-12-31 19:59:08',3),(66,1,4,1,0,1,0.000000,1,131.132075,0.000000,'',0.000000,0.00,0,0,0,1,'404',0,1,'0000-00-00','new',1,1,'both',0,1,'2015-08-26 20:22:30','2015-12-31 20:00:19',3),(68,1,4,1,0,0,0.000000,1,187.735849,0.000000,'',0.000000,0.00,0,0,0,1,'404',0,0,'0000-00-00','new',1,1,'both',0,1,'2015-08-26 20:37:49','2015-12-31 20:06:26',3),(69,1,4,1,0,0,0.000000,1,186.792453,0.000000,'',0.000000,0.00,0,0,0,1,'404',0,0,'0000-00-00','new',1,1,'both',0,1,'2015-08-26 20:44:02','2015-12-29 17:52:36',3),(70,1,4,1,0,1,0.000000,1,186.792453,0.000000,'',0.000000,0.00,0,0,0,1,'404',0,1,'0000-00-00','new',1,1,'both',0,1,'2015-08-26 20:47:46','2015-11-18 21:42:04',3),(71,1,9,1,0,1,0.000000,1,244.339623,0.000000,'',0.000000,0.00,0,0,0,1,'404',0,1,'0000-00-00','new',1,1,'both',0,1,'2015-08-26 20:50:46','2015-11-18 21:43:33',3),(72,1,9,1,0,1,0.000000,1,82.075472,0.000000,'',0.000000,0.00,0,0,0,1,'404',0,1,'0000-00-00','new',1,1,'both',0,1,'2015-08-26 20:58:51','2015-11-10 17:25:45',3),(73,1,9,1,0,0,0.000000,1,152.830189,0.000000,'',0.000000,0.00,0,0,0,1,'404',0,0,'0000-00-00','new',1,1,'both',0,1,'2015-08-26 21:06:18','2015-11-18 21:44:24',3),(74,1,26,1,0,0,0.000000,1,121.698113,0.000000,'',0.000000,0.00,0,0,0,1,'404',0,0,'0000-00-00','new',1,1,'both',0,1,'2015-08-26 23:38:30','2015-11-18 21:45:36',3),(75,1,26,1,0,0,0.000000,1,121.698113,0.000000,'',0.000000,0.00,0,0,0,1,'404',0,0,'0000-00-00','new',1,1,'both',0,1,'2015-08-26 23:46:48','2015-11-18 21:46:15',3),(76,1,26,1,0,1,0.000000,1,121.698113,0.000000,'',0.000000,0.00,0,0,0,1,'404',0,1,'0000-00-00','new',1,1,'both',0,1,'2015-08-26 23:54:06','2015-11-18 21:46:57',3),(77,1,26,1,0,1,0.000000,1,186.792453,0.000000,'',0.000000,0.00,0,0,0,1,'404',0,1,'0000-00-00','new',1,1,'both',0,1,'2015-08-26 23:57:40','2015-11-18 21:48:19',3),(78,1,26,1,0,0,0.000000,1,186.792453,0.000000,'',0.000000,0.00,0,0,0,1,'404',0,0,'0000-00-00','new',1,1,'both',0,1,'2015-08-27 00:04:52','2015-11-18 21:49:08',3),(79,1,26,1,0,1,0.000000,1,186.792453,0.000000,'',0.000000,0.00,0,0,0,1,'404',0,1,'0000-00-00','new',1,1,'both',0,1,'2015-08-27 00:08:10','2015-11-18 21:49:42',3),(80,1,26,1,0,1,0.000000,1,186.792453,0.000000,'',0.000000,0.00,0,0,0,1,'404',0,1,'0000-00-00','new',1,1,'both',0,1,'2015-08-27 00:12:39','2015-11-18 21:50:11',3),(81,1,23,1,0,0,0.000000,1,111.320755,0.000000,'',0.000000,0.00,0,0,0,1,'404',0,0,'0000-00-00','new',1,1,'both',0,1,'2015-08-28 11:00:16','2015-11-18 21:50:50',3),(82,1,23,1,0,0,0.000000,1,111.320755,0.000000,'',0.000000,0.00,0,0,0,1,'404',0,0,'0000-00-00','new',1,1,'both',0,1,'2015-08-28 11:09:40','2015-11-18 21:51:32',3),(83,1,23,1,0,1,0.000000,1,24.433962,0.000000,'',0.000000,0.00,0,0,0,1,'404',0,1,'0000-00-00','new',1,1,'both',51,1,'2015-08-28 11:17:42','2015-09-05 04:58:41',3),(84,1,23,1,0,1,0.000000,1,24.433962,0.000000,'',0.000000,0.00,0,0,0,1,'404',0,1,'0000-00-00','new',1,1,'both',59,1,'2015-08-28 13:37:59','2015-09-05 05:00:27',3),(85,1,23,1,0,1,0.000000,1,24.433962,0.000000,'',0.000000,0.00,0,0,0,1,'404',0,1,'0000-00-00','new',1,1,'both',67,1,'2015-08-28 13:50:37','2015-09-05 05:00:52',3),(86,1,4,1,0,1,0.000000,1,101.886792,0.000000,'',0.000000,0.00,0,0,0,1,'404',0,1,'0000-00-00','new',1,1,'both',0,1,'2015-08-28 14:01:42','2015-09-05 05:02:29',3),(87,1,4,1,0,1,0.000000,1,101.886792,0.000000,'',0.000000,0.00,0,0,0,1,'404',0,1,'0000-00-00','new',1,1,'both',0,1,'2015-08-28 14:06:03','2015-09-05 05:02:40',3),(88,1,23,1,0,0,0.000000,1,111.320755,0.000000,'',0.000000,0.00,0,0,0,1,'404',0,0,'0000-00-00','new',1,1,'both',71,1,'2015-08-28 14:13:20','2015-11-18 21:52:41',3),(89,1,23,1,0,0,0.000000,1,111.320755,0.000000,'',0.000000,0.00,0,0,0,1,'404',0,0,'0000-00-00','new',1,1,'both',75,1,'2015-08-28 14:25:56','2015-11-18 21:53:33',3),(90,1,24,1,0,1,0.000000,1,83.962264,0.000000,'',0.000000,0.00,0,0,0,1,'404',0,1,'0000-00-00','new',1,1,'both',79,1,'2015-08-28 15:07:44','2015-09-05 05:07:06',3),(91,1,24,1,0,1,0.000000,1,131.132075,0.000000,'',0.000000,0.00,0,0,0,1,'404',0,1,'0000-00-00','new',1,1,'both',0,1,'2015-08-28 15:30:59','2015-09-05 05:06:33',3),(92,1,24,1,0,1,0.000000,1,131.132075,0.000000,'',0.000000,0.00,0,0,0,1,'404',0,1,'0000-00-00','new',1,1,'both',0,1,'2015-08-28 15:35:13','2015-09-05 05:07:26',3),(93,1,24,1,0,1,0.000000,1,131.132075,0.000000,'',0.000000,0.00,0,0,0,1,'404',0,1,'0000-00-00','new',1,1,'both',0,1,'2015-08-28 15:37:51','2015-09-05 05:08:27',3),(94,1,24,1,0,1,0.000000,1,131.132075,0.000000,'',0.000000,0.00,0,0,0,1,'404',0,1,'0000-00-00','new',1,1,'both',0,1,'2015-08-28 15:40:08','2015-09-05 05:08:54',3),(95,1,26,1,0,1,0.000000,1,131.132075,0.000000,'',0.000000,0.00,0,0,0,1,'404',0,1,'0000-00-00','new',1,1,'both',0,1,'2015-08-28 15:50:23','2015-09-08 12:47:51',3),(96,1,21,1,0,0,0.000000,1,93.396226,0.000000,'',0.000000,0.00,0,0,0,1,'404',0,0,'0000-00-00','new',1,1,'both',0,1,'2015-08-28 16:40:13','2015-11-18 21:54:48',3),(97,1,21,1,0,0,0.000000,1,93.396226,0.000000,'',0.000000,0.00,0,0,0,1,'404',0,0,'0000-00-00','new',1,1,'both',0,1,'2015-08-28 19:39:40','2015-11-18 21:55:20',3),(98,1,21,1,0,1,0.000000,1,93.396226,0.000000,'',0.000000,0.00,0,0,0,1,'404',0,1,'0000-00-00','new',1,1,'both',0,1,'2015-08-28 21:39:17','2015-09-05 05:13:06',3),(99,1,21,1,0,1,0.000000,1,93.396226,0.000000,'',0.000000,0.00,0,0,0,1,'404',0,1,'0000-00-00','new',1,1,'both',0,1,'2015-08-28 21:42:46','2015-11-18 21:56:16',3),(100,1,21,1,0,1,0.000000,1,93.396226,0.000000,'',0.000000,0.00,0,0,0,1,'404',0,1,'0000-00-00','new',1,1,'both',0,1,'2015-08-28 21:45:16','2015-11-18 21:56:57',3),(101,1,21,1,0,0,0.000000,1,93.396226,0.000000,'',0.000000,0.00,0,0,0,1,'404',0,0,'0000-00-00','new',1,1,'both',0,1,'2015-08-28 21:48:10','2015-10-24 19:18:01',3),(102,1,21,1,0,0,0.000000,1,93.396226,0.000000,'',0.000000,0.00,0,0,0,1,'404',0,0,'0000-00-00','new',1,1,'both',87,1,'2015-08-28 21:51:13','2015-10-24 19:18:54',3),(103,1,14,1,0,0,0.000000,1,111.320755,0.000000,'',0.000000,0.00,0,0,0,1,'404',0,0,'0000-00-00','new',1,1,'both',0,1,'2015-08-28 22:09:46','2015-09-06 17:22:26',3),(105,1,21,1,0,1,0.000000,1,93.396226,0.000000,'',0.000000,0.00,0,0,0,1,'404',0,1,'0000-00-00','new',1,1,'both',0,1,'2015-08-28 22:44:00','2015-09-05 05:17:53',3),(106,1,21,1,0,1,0.000000,1,93.396226,0.000000,'',0.000000,0.00,0,0,0,1,'404',0,1,'0000-00-00','new',1,1,'both',0,1,'2015-08-28 22:54:10','2015-09-05 05:19:03',3),(107,1,21,1,0,1,0.000000,1,93.396226,0.000000,'',0.000000,0.00,0,0,0,1,'404',0,1,'0000-00-00','new',1,1,'both',0,1,'2015-08-28 22:57:58','2015-09-05 05:19:24',3),(108,1,21,1,0,1,0.000000,1,93.396226,0.000000,'',0.000000,0.00,0,0,0,1,'404',0,1,'0000-00-00','new',1,1,'both',0,1,'2015-08-28 23:00:31','2015-09-05 04:32:53',3),(109,1,21,1,0,1,0.000000,1,93.396226,0.000000,'',0.000000,0.00,0,0,0,1,'404',0,1,'0000-00-00','new',1,1,'both',0,1,'2015-08-28 23:02:22','2015-09-05 04:34:31',3),(110,1,24,1,0,1,0.000000,1,102.830189,0.000000,'',0.000000,0.00,0,0,0,1,'404',0,1,'0000-00-00','new',1,1,'both',0,1,'2015-08-28 23:05:10','2015-09-05 04:35:43',3),(111,1,24,1,0,1,0.000000,1,102.830189,0.000000,'',0.000000,0.00,0,0,0,1,'404',0,1,'0000-00-00','new',1,1,'both',0,1,'2015-08-28 23:09:29','2015-09-05 04:38:22',3),(112,1,24,1,0,1,0.000000,1,102.830189,0.000000,'',0.000000,0.00,0,0,0,1,'404',0,1,'0000-00-00','new',1,1,'both',0,1,'2015-08-28 23:11:23','2015-09-05 04:40:27',3),(113,1,24,1,0,1,0.000000,1,102.830189,0.000000,'',0.000000,0.00,0,0,0,1,'404',0,1,'0000-00-00','new',1,1,'both',0,1,'2015-08-28 23:13:07','2015-09-05 04:42:04',3),(114,1,14,1,0,1,0.000000,1,102.830189,0.000000,'',0.000000,0.00,0,0,0,1,'404',0,1,'0000-00-00','new',1,1,'both',0,1,'2015-08-28 23:14:51','2015-09-05 04:43:33',3),(115,1,14,1,0,0,0.000000,1,102.830189,0.000000,'',0.000000,0.00,0,0,0,1,'404',0,0,'0000-00-00','new',1,1,'both',0,1,'2015-08-28 23:17:28','2015-10-24 19:20:55',3),(116,1,14,1,0,0,0.000000,1,102.830189,0.000000,'',0.000000,0.00,0,0,0,1,'404',0,0,'0000-00-00','new',1,1,'both',0,1,'2015-08-28 23:19:25','2015-10-24 19:21:43',3),(117,1,14,1,0,1,0.000000,1,102.830189,0.000000,'',0.000000,0.00,0,0,0,1,'404',0,1,'0000-00-00','new',1,1,'both',0,1,'2015-08-28 23:21:59','2015-09-05 04:47:57',3),(118,1,9,1,0,1,0.000000,1,83.018868,0.000000,'',0.000000,0.00,0,0,0,1,'404',0,1,'0000-00-00','new',1,1,'both',0,1,'2015-09-06 18:09:41','2015-09-06 18:39:49',3),(119,1,9,1,0,1,0.000000,1,83.018868,0.000000,'',0.000000,0.00,0,0,0,1,'404',0,1,'0000-00-00','new',1,1,'both',0,1,'2015-09-06 18:11:26','2015-09-06 18:23:44',3),(120,1,9,1,0,1,0.000000,1,131.132075,0.000000,'',0.000000,0.00,0,0,0,1,'404',0,1,'0000-00-00','new',1,1,'both',0,1,'2015-09-06 18:48:15','2015-10-24 19:22:18',3),(121,1,9,1,0,1,0.000000,1,83.018868,0.000000,'',0.000000,0.00,0,0,0,1,'404',0,1,'0000-00-00','new',1,1,'both',0,1,'2015-09-06 18:59:55','2015-09-06 19:09:12',3),(122,1,26,1,0,1,0.000000,1,131.132075,0.000000,'',0.000000,0.00,0,0,0,1,'404',0,1,'0000-00-00','new',1,1,'both',0,1,'2015-09-09 20:47:26','2015-09-09 21:19:42',3),(123,1,14,1,0,1,0.000000,1,111.320755,0.000000,'',0.000000,0.00,0,0,0,1,'404',0,1,'0000-00-00','new',1,1,'both',0,1,'2015-09-09 21:02:02','2015-09-09 21:21:03',3),(124,1,14,1,0,0,0.000000,1,102.830189,0.000000,'',0.000000,0.00,0,0,0,1,'404',0,0,'0000-00-00','new',1,1,'both',0,1,'2015-09-11 17:08:34','2015-10-24 19:23:03',3),(125,1,26,1,0,1,0.000000,1,83.962264,0.000000,'',0.000000,0.00,0,0,0,1,'404',0,1,'0000-00-00','new',1,1,'both',93,1,'2015-09-11 17:54:27','2015-09-11 18:32:05',3),(126,1,14,1,0,0,0.000000,1,111.320755,0.000000,'',0.000000,0.00,0,0,0,1,'404',0,0,'0000-00-00','new',1,1,'both',0,1,'2015-09-11 18:38:46','2015-11-18 17:40:49',3),(127,1,9,1,0,1,0.000000,1,101.886792,0.000000,'',0.000000,0.00,0,0,0,1,'404',0,1,'0000-00-00','new',1,1,'both',0,1,'2015-09-11 19:05:32','2015-09-11 19:15:50',3),(128,1,18,1,0,1,0.000000,1,197.169811,0.000000,'',0.000000,0.00,0,0,0,0,'404',0,1,'0000-00-00','new',1,1,'both',0,1,'2015-09-11 19:26:16','2015-12-29 18:45:44',3),(129,1,17,1,0,0,0.000000,1,99.056604,0.000000,'',0.000000,0.00,0,0,0,1,'404',0,1,'0000-00-00','new',1,1,'both',0,1,'2015-09-11 19:42:45','2015-10-24 20:29:16',3),(130,1,9,1,0,0,0.000000,1,158.490566,0.000000,'',0.000000,0.00,0,0,0,1,'404',0,0,'0000-00-00','new',1,1,'both',0,1,'2015-10-24 21:07:23','2015-11-18 17:42:00',3),(131,1,15,1,0,0,0.000000,1,93.396226,0.000000,'',0.000000,0.00,0,0,0,1,'404',0,0,'0000-00-00','new',1,1,'both',99,1,'2015-10-24 21:21:40','2015-11-18 17:37:09',3),(132,1,26,1,0,0,0.000000,1,121.698113,0.000000,'',0.000000,0.00,0,0,0,1,'404',0,0,'0000-00-00','new',1,1,'both',0,1,'2015-10-24 21:50:49','2015-12-29 17:57:41',3),(133,1,26,1,0,0,0.000000,1,121.698113,0.000000,'',0.000000,0.00,0,0,0,1,'404',0,0,'0000-00-00','new',1,1,'both',0,1,'2015-10-24 21:55:04','2015-12-29 17:57:29',3),(134,1,4,1,0,1,0.000000,1,131.132075,0.000000,'',0.000000,0.00,0,0,0,1,'404',0,1,'0000-00-00','new',1,1,'both',0,1,'2015-11-09 17:01:13','2015-12-29 17:53:15',3),(135,1,4,1,0,1,0.000000,1,131.132075,0.000000,'',0.000000,0.00,0,0,0,1,'404',0,1,'0000-00-00','new',1,1,'both',0,1,'2015-11-09 17:17:40','2015-12-29 17:53:52',3),(136,1,4,1,0,1,0.000000,1,131.132075,0.000000,'',0.000000,0.00,0,0,0,1,'404',0,1,'0000-00-00','new',1,1,'both',0,1,'2015-11-09 17:18:19','2015-12-29 17:54:29',3),(137,1,4,1,0,1,0.000000,1,131.132075,0.000000,'',0.000000,0.00,0,0,0,1,'404',0,1,'0000-00-00','new',1,1,'both',0,1,'2015-11-09 17:18:48','2015-12-29 17:55:34',3),(138,1,21,1,0,1,0.000000,1,93.396226,0.000000,'',0.000000,0.00,0,0,0,1,'404',0,1,'0000-00-00','new',1,1,'both',0,1,'2015-11-13 17:46:59','2015-11-18 17:47:19',3),(139,1,21,1,0,1,0.000000,1,93.396226,0.000000,'',0.000000,0.00,0,0,0,1,'404',0,1,'0000-00-00','new',1,1,'both',0,1,'2015-11-13 17:52:43','2015-11-18 17:47:51',3),(140,1,21,1,0,1,0.000000,1,93.396226,0.000000,'',0.000000,0.00,0,0,0,1,'404',0,1,'0000-00-00','new',1,1,'both',0,1,'2015-11-13 18:00:46','2015-11-18 17:48:29',3),(141,1,21,1,0,1,0.000000,1,93.396226,0.000000,'',0.000000,0.00,0,0,0,1,'404',0,1,'0000-00-00','new',1,1,'both',0,1,'2015-11-13 18:07:18','2015-11-18 17:48:59',3),(142,1,21,1,0,1,0.000000,1,93.396226,0.000000,'',0.000000,0.00,0,0,0,1,'404',0,1,'0000-00-00','new',1,1,'both',0,1,'2015-11-13 18:48:11','2015-11-18 17:49:32',3),(143,1,21,1,0,1,0.000000,1,93.396226,0.000000,'',0.000000,0.00,0,0,0,1,'404',0,1,'0000-00-00','new',1,1,'both',0,1,'2015-11-13 18:48:33','2015-11-18 17:50:21',3),(144,1,23,1,0,1,0.000000,1,111.320755,0.000000,'',0.000000,0.00,0,0,0,1,'404',0,1,'0000-00-00','new',1,1,'both',102,1,'2015-11-13 19:07:04','2015-11-20 19:24:20',3),(145,1,14,1,0,1,0.000000,1,111.320755,0.000000,'',0.000000,0.00,0,0,0,1,'404',0,1,'0000-00-00','new',1,1,'both',106,1,'2015-11-14 14:39:19','2015-12-29 17:55:24',3),(146,1,9,1,0,1,0.000000,1,131.132075,0.000000,'',0.000000,0.00,0,0,0,1,'404',0,1,'0000-00-00','new',1,1,'both',0,1,'2015-11-16 18:50:56','2015-11-20 19:26:42',3),(147,1,9,1,0,1,0.000000,1,186.792453,0.000000,'',0.000000,0.00,0,0,0,1,'404',0,1,'0000-00-00','new',1,1,'both',0,1,'2015-11-16 19:08:11','2015-11-20 19:27:37',3),(148,1,9,1,0,1,0.000000,1,139.622642,0.000000,'',0.000000,0.00,0,0,0,1,'404',0,1,'0000-00-00','new',1,1,'both',0,1,'2015-11-16 19:30:33','2015-11-18 17:54:47',3),(149,1,9,1,0,1,0.000000,1,167.924528,0.000000,'',0.000000,0.00,0,0,0,1,'404',0,1,'0000-00-00','new',1,1,'both',0,1,'2015-11-16 22:04:02','2015-11-20 19:28:58',3),(150,1,21,1,0,1,0.000000,1,93.396226,0.000000,'',0.000000,0.00,0,0,0,1,'404',0,1,'0000-00-00','new',1,1,'both',114,1,'2015-11-17 17:55:10','2015-11-18 17:56:20',3),(151,1,23,1,0,1,0.000000,1,140.566038,0.000000,'',0.000000,0.00,0,0,0,1,'404',0,1,'0000-00-00','new',1,1,'both',123,1,'2015-11-17 18:26:06','2015-12-29 17:58:50',3),(152,1,23,1,0,1,0.000000,1,65.094340,0.000000,'',0.000000,0.00,0,0,0,1,'404',0,1,'0000-00-00','new',1,1,'both',140,1,'2015-11-17 21:11:09','2015-11-20 19:31:30',3),(153,1,17,1,0,1,0.000000,1,376.415094,0.000000,'',0.000000,0.00,0,0,0,1,'404',0,1,'0000-00-00','new',1,1,'both',0,1,'2015-11-18 13:39:53','2015-11-20 18:43:41',3),(154,1,17,1,0,1,0.000000,1,215.094340,0.000000,'',0.000000,0.00,0,0,0,1,'404',0,1,'0000-00-00','new',1,1,'both',0,1,'2015-11-18 14:41:26','2015-11-20 18:42:49',3),(155,1,17,1,0,1,0.000000,1,376.415094,0.000000,'',0.000000,0.00,0,0,0,1,'404',0,1,'0000-00-00','new',1,1,'both',0,1,'2015-11-18 14:50:03','2015-11-20 18:45:33',3),(156,1,17,1,1,1,0.000000,1,93.396226,0.000000,'',0.000000,0.00,0,0,0,1,'404',0,1,'0000-00-00','new',1,1,'both',0,1,'2015-11-18 14:56:43','2015-12-29 18:50:42',3),(157,1,16,1,0,1,0.000000,1,262.264151,0.000000,'',0.000000,0.00,0,0,0,1,'404',0,1,'0000-00-00','new',1,1,'both',0,1,'2015-11-18 15:08:41','2015-11-20 18:48:38',3),(158,1,22,1,0,0,0.000000,1,215.094340,0.000000,'',0.000000,0.00,0,0,0,1,'404',0,0,'0000-00-00','new',1,1,'both',0,1,'2015-11-18 15:18:06','2015-11-25 12:23:07',3),(159,1,16,1,0,1,0.000000,1,233.962264,0.000000,'',0.000000,0.00,0,0,0,1,'404',0,1,'0000-00-00','new',1,1,'both',0,1,'2015-11-18 15:25:32','2015-11-20 18:51:13',3),(160,1,22,1,0,0,0.000000,1,177.358491,0.000000,'',0.000000,0.00,0,0,0,1,'404',0,0,'0000-00-00','new',1,1,'both',0,1,'2015-11-18 15:33:22','2015-11-25 12:17:49',3),(161,1,22,1,0,0,0.000000,1,177.358491,0.000000,'',0.000000,0.00,0,0,0,1,'404',0,0,'0000-00-00','new',1,1,'both',0,1,'2015-11-18 15:39:32','2015-11-25 12:17:16',3),(162,1,17,1,0,1,0.000000,1,187.735849,0.000000,'',0.000000,0.00,0,0,0,1,'404',0,1,'0000-00-00','new',1,1,'both',0,1,'2015-11-18 15:46:45','2015-11-20 18:54:23',3),(163,1,17,1,0,0,0.000000,1,111.320755,0.000000,'',0.000000,0.00,0,0,0,1,'404',0,0,'0000-00-00','new',1,1,'both',0,1,'2015-11-18 15:53:22','2015-11-25 12:26:40',3),(164,1,17,1,0,1,0.000000,1,376.415094,0.000000,'',0.000000,0.00,0,0,0,1,'404',0,1,'0000-00-00','new',1,1,'both',0,1,'2015-11-18 16:01:11','2015-11-20 18:56:35',3),(165,1,18,1,0,1,0.000000,1,271.698113,0.000000,'',0.000000,0.00,0,0,0,1,'404',0,1,'0000-00-00','new',1,1,'both',0,1,'2015-11-18 16:11:44','2015-12-29 17:50:15',3),(167,1,15,1,0,1,0.000000,1,111.320755,0.000000,'',0.000000,0.00,0,0,0,1,'404',0,1,'0000-00-00','new',1,1,'both',0,1,'2015-11-18 16:25:31','2015-11-20 18:59:21',3),(168,1,15,1,0,1,0.000000,1,111.320755,0.000000,'',0.000000,0.00,0,0,0,1,'404',0,1,'0000-00-00','new',1,1,'both',0,1,'2015-11-18 16:37:06','2015-11-20 19:01:11',3),(169,1,15,1,0,1,0.000000,1,224.528302,0.000000,'',0.000000,0.00,0,0,0,1,'404',0,1,'0000-00-00','new',1,1,'both',0,1,'2015-11-18 16:58:44','2015-12-29 17:49:37',3),(170,1,15,1,0,1,0.000000,1,111.320755,0.000000,'',0.000000,0.00,0,0,0,1,'404',0,1,'0000-00-00','new',1,1,'both',0,1,'2015-11-18 17:11:55','2015-11-20 19:03:10',3),(171,1,17,1,0,1,0.000000,1,234.905660,0.000000,'',0.000000,0.00,0,0,0,1,'404',0,1,'0000-00-00','new',1,1,'both',0,1,'2015-11-18 17:17:03','2015-11-20 19:04:09',3),(172,1,16,1,0,1,0.000000,1,347.169811,0.000000,'',0.000000,0.00,0,0,0,1,'404',0,1,'0000-00-00','new',1,1,'both',0,1,'2015-11-18 17:27:59','2015-11-20 19:05:12',3),(173,1,27,1,0,1,0.000000,1,102.830189,0.000000,'',0.000000,0.00,0,0,0,1,'404',0,1,'0000-00-00','new',1,1,'both',0,1,'2015-11-18 20:10:59','2015-11-20 19:12:25',3),(174,1,27,1,0,1,0.000000,1,102.830189,0.000000,'',0.000000,0.00,0,0,0,1,'404',0,1,'0000-00-00','new',1,1,'both',0,1,'2015-11-18 20:26:36','2015-11-20 19:13:34',3),(175,1,27,1,0,1,0.000000,1,102.830189,0.000000,'',0.000000,0.00,0,0,0,1,'404',0,1,'0000-00-00','new',1,1,'both',0,1,'2015-11-18 20:32:04','2015-11-18 20:36:47',3),(176,1,27,1,0,1,0.000000,1,131.132075,0.000000,'',0.000000,0.00,0,0,0,1,'404',0,1,'0000-00-00','new',1,1,'both',0,1,'2015-11-18 20:37:05','2015-11-20 19:15:39',3),(177,1,27,1,0,1,0.000000,1,131.132075,0.000000,'',0.000000,0.00,0,0,0,1,'404',0,1,'0000-00-00','new',1,1,'both',0,1,'2015-11-18 20:44:45','2015-11-20 19:16:23',3),(178,1,27,1,0,1,0.000000,1,131.132075,0.000000,'',0.000000,0.00,0,0,0,1,'404',0,1,'0000-00-00','new',1,1,'both',0,1,'2015-11-18 20:48:54','2015-11-20 19:17:03',3),(179,1,16,1,0,1,0.000000,1,328.301887,0.000000,'',0.000000,0.00,0,0,0,1,'404',0,1,'0000-00-00','new',1,1,'both',0,1,'2015-11-23 17:52:23','2015-12-29 17:40:58',3),(180,1,18,1,0,1,0.000000,1,177.358491,0.000000,'',0.000000,0.00,0,0,0,1,'404',0,1,'0000-00-00','new',1,1,'both',0,1,'2015-11-23 18:05:10','2015-11-23 18:12:37',3),(181,1,18,1,0,1,0.000000,1,271.698113,0.000000,'',0.000000,0.00,0,0,0,1,'404',0,1,'0000-00-00','new',1,1,'both',0,1,'2015-11-23 18:12:50','2015-11-23 18:19:44',3),(182,1,26,1,0,1,0.000000,1,120.754717,0.000000,'',0.000000,0.00,0,0,0,1,'404',0,1,'0000-00-00','new',1,1,'both',0,1,'2015-11-23 18:20:08','2015-11-23 18:51:38',3),(183,1,15,1,0,1,0.000000,1,158.490566,0.000000,'',0.000000,0.00,0,0,0,1,'404',0,1,'0000-00-00','new',1,1,'both',0,1,'2015-11-23 18:20:42','2015-11-23 18:25:44',3),(184,1,4,1,0,1,0.000000,1,121.698113,0.000000,'',0.000000,0.00,0,0,0,1,'404',0,1,'0000-00-00','new',1,1,'both',0,1,'2015-11-23 18:30:46','2015-11-23 18:56:33',3),(185,1,4,1,0,1,0.000000,1,121.698113,0.000000,'',0.000000,0.00,0,0,0,1,'404',0,1,'0000-00-00','new',1,1,'both',0,1,'2015-11-23 18:56:47','2015-11-23 19:00:12',3),(186,1,14,1,0,1,0.000000,1,111.320755,0.000000,'',0.000000,0.00,0,0,0,1,'404',0,1,'0000-00-00','new',1,1,'both',147,1,'2015-11-23 19:04:58','2015-11-23 19:32:38',3),(187,1,4,1,0,0,0.000000,1,102.830189,0.000000,'',0.000000,0.00,0,0,0,1,'404',0,1,'0000-00-00','new',1,1,'both',0,1,'2015-12-07 22:16:10','2015-12-07 22:18:49',3),(188,1,13,1,0,0,0.000000,1,158.490566,0.000000,'',0.000000,0.00,0,0,0,1,'404',0,1,'0000-00-00','new',1,1,'both',0,1,'2015-12-14 13:26:04','2015-12-14 13:28:05',3),(189,1,26,1,0,0,0.000000,1,121.698113,0.000000,'',0.000000,0.00,0,0,0,1,'404',0,1,'0000-00-00','new',1,1,'both',0,1,'2015-12-29 18:20:42','2015-12-29 18:24:46',3),(190,1,13,1,0,0,0.000000,1,102.830189,0.000000,'',0.000000,0.00,0,0,0,1,'404',0,1,'0000-00-00','new',1,1,'both',0,1,'2015-12-29 19:36:31','2015-12-29 19:42:46',3),(191,1,9,1,0,0,0.000000,1,140.566038,0.000000,'',0.000000,0.00,0,0,0,1,'404',0,0,'0000-00-00','new',1,1,'both',0,1,'2015-12-30 16:48:54','2015-12-30 16:52:58',3),(192,1,15,1,0,0,0.000000,1,112.264151,0.000000,'',0.000000,0.00,0,0,0,1,'404',0,0,'0000-00-00','new',1,1,'both',0,1,'2015-12-31 18:51:27','2015-12-31 18:53:15',3),(193,1,4,1,0,0,0.000000,1,187.735849,0.000000,'',0.000000,0.00,0,0,0,1,'404',0,0,'0000-00-00','new',1,1,'both',0,1,'2015-12-31 20:03:26','2015-12-31 20:04:51',3);

--
-- Table structure for table `ps_product_supplier`
--

CREATE TABLE `ps_product_supplier` (
  `id_product_supplier` int(11) unsigned NOT NULL AUTO_INCREMENT,
  `id_product` int(11) unsigned NOT NULL,
  `id_product_attribute` int(11) unsigned NOT NULL DEFAULT '0',
  `id_supplier` int(11) unsigned NOT NULL,
  `product_supplier_reference` varchar(32) DEFAULT NULL,
  `product_supplier_price_te` decimal(20,6) NOT NULL DEFAULT '0.000000',
  `id_currency` int(11) unsigned NOT NULL,
  PRIMARY KEY (`id_product_supplier`),
  UNIQUE KEY `id_product` (`id_product`,`id_product_attribute`,`id_supplier`),
  KEY `id_supplier` (`id_supplier`,`id_product`)
) ENGINE=InnoDB AUTO_INCREMENT=213 DEFAULT CHARSET=utf8;

--
-- Dumping data for table `ps_product_supplier`
--

INSERT INTO `ps_product_supplier` (`id_product_supplier`, `id_product`, `id_product_attribute`, `id_supplier`, `product_supplier_reference`, `product_supplier_price_te`, `id_currency`) VALUES (2,118,0,1,'',0.000000,1),(3,121,0,1,'',0.000000,1),(4,122,0,1,'',0.000000,1),(5,123,0,1,'',0.000000,1),(6,124,0,1,'',0.000000,1),(7,125,0,1,'',0.000000,1),(8,125,93,1,'',0.000000,1),(9,125,94,1,'',0.000000,1),(10,125,95,1,'',0.000000,1),(11,125,96,1,'',0.000000,1),(12,125,97,1,'',0.000000,1),(13,125,98,1,'',0.000000,1),(14,126,0,1,'',10.700000,2),(16,127,0,1,'',0.000000,1),(17,128,0,1,'',0.000000,1),(18,129,0,1,'',0.000000,1),(19,134,0,1,'',12.840000,2),(20,135,0,1,'',12.840000,2),(21,136,0,1,'',12.840000,2),(22,137,0,1,'',12.840000,2),(23,8,0,1,'',10.380000,2),(24,17,0,1,'',17.120000,2),(25,18,0,1,'',17.120000,2),(26,9,0,1,'',8.350000,2),(27,12,0,1,'',8.350000,2),(28,13,0,1,'',13.380000,2),(29,14,0,1,'',15.520000,2),(31,24,0,1,'',10.700000,2),(32,25,0,1,'',10.700000,2),(33,26,0,1,'',10.700000,2),(34,31,0,1,'',14.450000,2),(35,33,0,1,'',21.400000,2),(36,32,0,1,'',11.770000,2),(37,38,0,1,'',14.450000,2),(38,39,0,1,'',21.400000,2),(39,43,0,1,'',21.400000,2),(40,58,0,1,'',9.950000,2),(41,60,0,1,'',13.110000,2),(42,61,0,1,'',13.110000,2),(43,64,0,1,'',24.610000,2),(44,66,0,1,'',12.310000,2),(46,68,0,1,'',18.730000,2),(47,69,0,1,'',18.730000,2),(48,70,0,1,'',18.730000,2),(49,71,0,1,'',25.150000,2),(50,73,0,1,'',15.520000,2),(51,74,0,1,'',12.310000,2),(52,75,0,1,'',12.310000,2),(53,76,0,1,'',12.310000,2),(54,77,0,1,'',18.730000,2),(55,78,0,1,'',18.730000,2),(56,79,0,1,'',18.730000,2),(57,80,0,1,'',18.730000,2),(58,81,0,1,'',10.700000,2),(59,82,0,1,'',10.700000,2),(60,88,0,1,'',0.000000,1),(61,88,71,1,'',10.700000,2),(62,88,72,1,'',10.700000,2),(63,88,73,1,'',10.700000,2),(64,88,74,1,'',10.700000,2),(65,89,0,1,'',0.000000,1),(66,89,75,1,'',10.700000,2),(67,89,76,1,'',10.700000,2),(68,89,77,1,'',10.700000,2),(69,89,78,1,'',10.700000,2),(70,96,0,1,'',9.950000,2),(71,97,0,1,'',9.950000,2),(72,99,0,1,'',9.950000,2),(73,100,0,1,'',9.950000,2),(74,130,0,1,'',15.520000,2),(75,131,0,1,'',0.000000,1),(76,131,99,1,'',9.360000,2),(77,131,100,1,'',9.360000,2),(78,131,101,1,'',9.360000,2),(79,132,0,1,'',12.310000,2),(80,133,0,1,'',12.310000,2),(81,138,0,1,'',10.170000,2),(82,139,0,1,'',10.170000,2),(83,140,0,1,'',9.950000,2),(84,141,0,1,'',9.950000,2),(85,142,0,1,'',9.950000,2),(86,143,0,1,'',9.950000,2),(87,144,0,1,'',0.000000,1),(88,144,102,1,'',10.700000,2),(89,144,103,1,'',10.700000,2),(90,144,104,1,'',10.700000,2),(91,144,105,1,'',10.700000,2),(92,145,0,1,'',9.630000,2),(93,145,106,1,'',10.700000,2),(94,145,107,1,'',10.700000,2),(95,145,108,1,'',10.700000,2),(96,145,109,1,'',10.700000,2),(97,145,110,1,'',10.700000,2),(98,145,111,1,'',10.700000,2),(99,146,0,1,'',13.110000,2),(100,147,0,1,'',18.990000,2),(101,148,0,1,'',13.640000,2),(102,149,0,1,'',17.120000,2),(103,150,0,1,'',0.000000,1),(104,150,112,1,'',9.950000,2),(105,150,113,1,'',9.950000,2),(106,150,114,1,'',9.950000,2),(107,150,115,1,'',9.950000,2),(112,151,0,1,'',0.000000,1),(113,151,120,1,'',15.520000,2),(114,151,121,1,'',15.520000,2),(115,151,122,1,'',15.520000,2),(116,151,123,1,'',15.520000,2),(117,151,124,1,'',15.520000,2),(118,151,125,1,'',15.520000,2),(119,152,0,1,'',4.460000,2),(120,152,126,1,'',5.940000,2),(121,152,127,1,'',5.940000,2),(122,152,128,1,'',5.940000,2),(123,152,129,1,'',5.940000,2),(124,152,130,1,'',5.940000,2),(125,152,131,1,'',5.940000,2),(126,152,132,1,'',5.940000,2),(127,152,133,1,'',5.940000,2),(128,152,134,1,'',5.940000,2),(129,152,135,1,'',5.940000,2),(130,152,136,1,'',5.940000,2),(131,152,137,1,'',5.940000,2),(132,152,138,1,'',5.940000,2),(133,152,139,1,'',5.940000,2),(134,152,140,1,'',5.940000,2),(135,152,141,1,'',5.940000,2),(136,153,0,1,'',38.520000,2),(137,154,0,1,'',20.920000,2),(138,155,0,1,'',38.520000,2),(139,156,0,1,'',9.100000,2),(140,157,0,1,'',26.430000,2),(141,158,0,1,'',14.340000,2),(142,159,0,1,'',23.540000,2),(143,160,0,1,'',16.850000,2),(144,161,0,1,'',16.850000,2),(145,162,0,1,'',18.730000,2),(146,163,0,1,'',10.700000,2),(147,164,0,1,'',37.450000,2),(148,165,0,1,'',26.750000,2),(150,167,0,1,'',10.700000,2),(151,168,0,1,'',10.700000,2),(152,169,0,1,'',21.400000,2),(153,170,0,1,'',10.700000,2),(154,171,0,1,'',24.080000,2),(155,172,0,1,'',35.850000,2),(156,173,0,1,'',9.100000,2),(157,174,0,1,'',9.100000,2),(158,175,0,1,'',9.100000,2),(159,176,0,1,'',11.770000,2),(160,177,0,1,'',11.770000,2),(161,178,0,1,'',11.770000,2),(162,179,0,1,'',32.100000,2),(163,180,0,1,'',16.050000,2),(164,181,0,1,'',26.750000,2),(165,182,0,1,'',12.310000,2),(166,183,0,1,'',14.450000,2),(167,184,0,1,'',12.310000,2),(168,185,0,1,'',12.310000,2),(169,186,0,1,'',9.630000,2),(170,186,142,1,'',11.770000,2),(171,186,143,1,'',11.770000,2),(172,186,144,1,'',11.770000,2),(173,186,145,1,'',11.770000,2),(174,186,146,1,'',11.770000,2),(175,186,147,1,'',11.770000,2),(177,187,0,1,'',0.000000,1),(179,188,0,1,'',0.000000,1),(180,189,0,1,'',12.310000,2),(181,190,0,1,'',10.380000,2),(182,191,0,1,'',13.380000,2),(183,20,0,1,'',12.310000,2),(184,29,0,1,'',8.030000,2),(186,192,0,1,'',8.030000,2),(187,35,0,1,'',12.360000,2),(188,36,0,1,'',20.870000,2),(189,37,0,1,'',10.700000,2),(190,40,0,1,'',0.000000,1),(191,40,49,1,'',10.700000,2),(192,40,50,1,'',10.700000,2),(193,41,0,1,'',7.490000,2),(194,44,0,1,'',26.750000,2),(195,45,0,1,'',19.260000,2),(196,46,0,1,'',18.190000,2),(197,47,0,1,'',18.190000,2),(198,48,0,1,'',8.030000,2),(199,49,0,1,'',10.430000,2),(200,50,0,1,'',10.170000,1),(201,51,0,1,'',8.030000,2),(202,52,0,1,'',8.030000,2),(203,53,0,1,'',16.850000,2),(204,54,0,1,'',16.850000,2),(205,55,0,1,'',16.850000,2),(206,56,0,1,'',16.850000,2),(207,57,0,1,'',17.120000,2),(208,59,0,1,'',9.950000,2),(209,62,0,1,'',13.110000,2),(210,63,0,1,'',13.110000,2),(211,65,0,1,'',14.180000,2),(212,193,0,1,'',18.730000,2);

--
-- Table structure for table `ps_product_tag`
--

CREATE TABLE `ps_product_tag` (
  `id_product` int(10) unsigned NOT NULL,
  `id_tag` int(10) unsigned NOT NULL,
  `id_lang` int(10) unsigned NOT NULL,
  PRIMARY KEY (`id_product`,`id_tag`),
  KEY `id_tag` (`id_tag`),
  KEY `id_lang` (`id_lang`,`id_tag`)
) ENGINE=InnoDB DEFAULT CHARSET=utf8;

--
-- Dumping data for table `ps_product_tag`
--


--
-- Table structure for table `ps_profile`
--

CREATE TABLE `ps_profile` (
  `id_profile` int(10) unsigned NOT NULL AUTO_INCREMENT,
  PRIMARY KEY (`id_profile`)
) ENGINE=InnoDB AUTO_INCREMENT=5 DEFAULT CHARSET=utf8;

--
-- Dumping data for table `ps_profile`
--

INSERT INTO `ps_profile` (`id_profile`) VALUES (1),(2),(3),(4);

--
-- Table structure for table `ps_profile_lang`
--

CREATE TABLE `ps_profile_lang` (
  `id_lang` int(10) unsigned NOT NULL,
  `id_profile` int(10) unsigned NOT NULL,
  `name` varchar(128) NOT NULL,
  PRIMARY KEY (`id_profile`,`id_lang`)
) ENGINE=InnoDB DEFAULT CHARSET=utf8;

--
-- Dumping data for table `ps_profile_lang`
--

INSERT INTO `ps_profile_lang` (`id_lang`, `id_profile`, `name`) VALUES (1,1,'SuperAdmin'),(2,1,'SuperAdmin'),(1,2,'Logistician'),(2,2,'Logistician'),(1,3,'Translator'),(2,3,'Translator'),(1,4,'Salesman'),(2,4,'Salesman');

--
-- Table structure for table `ps_quick_access`
--

CREATE TABLE `ps_quick_access` (
  `id_quick_access` int(10) unsigned NOT NULL AUTO_INCREMENT,
  `new_window` tinyint(1) NOT NULL DEFAULT '0',
  `link` varchar(255) NOT NULL,
  PRIMARY KEY (`id_quick_access`)
) ENGINE=InnoDB AUTO_INCREMENT=4 DEFAULT CHARSET=utf8;

--
-- Dumping data for table `ps_quick_access`
--

INSERT INTO `ps_quick_access` (`id_quick_access`, `new_window`, `link`) VALUES (1,0,'index.php?controller=AdminCategories&addcategory'),(2,0,'index.php?controller=AdminProducts&addproduct'),(3,0,'index.php?controller=AdminCartRules&addcart_rule');

--
-- Table structure for table `ps_quick_access_lang`
--

CREATE TABLE `ps_quick_access_lang` (
  `id_quick_access` int(10) unsigned NOT NULL,
  `id_lang` int(10) unsigned NOT NULL,
  `name` varchar(32) NOT NULL,
  PRIMARY KEY (`id_quick_access`,`id_lang`)
) ENGINE=InnoDB DEFAULT CHARSET=utf8;

--
-- Dumping data for table `ps_quick_access_lang`
--

INSERT INTO `ps_quick_access_lang` (`id_quick_access`, `id_lang`, `name`) VALUES (1,1,'New category'),(1,2,'New category'),(2,1,'New product'),(2,2,'New product'),(3,1,'New voucher'),(3,2,'New voucher');

--
-- Table structure for table `ps_range_price`
--

CREATE TABLE `ps_range_price` (
  `id_range_price` int(10) unsigned NOT NULL AUTO_INCREMENT,
  `id_carrier` int(10) unsigned NOT NULL,
  `delimiter1` decimal(20,6) NOT NULL,
  `delimiter2` decimal(20,6) NOT NULL,
  PRIMARY KEY (`id_range_price`),
  UNIQUE KEY `id_carrier` (`id_carrier`,`delimiter1`,`delimiter2`)
) ENGINE=InnoDB AUTO_INCREMENT=6 DEFAULT CHARSET=utf8;

--
-- Dumping data for table `ps_range_price`
--

INSERT INTO `ps_range_price` (`id_range_price`, `id_carrier`, `delimiter1`, `delimiter2`) VALUES (1,2,0.000000,10000.000000),(2,15,1.000000,100.000000),(3,15,100.000000,10000.000000),(4,19,1.000000,100.000000),(5,19,100.000000,10000.000000);

--
-- Table structure for table `ps_range_weight`
--

CREATE TABLE `ps_range_weight` (
  `id_range_weight` int(10) unsigned NOT NULL AUTO_INCREMENT,
  `id_carrier` int(10) unsigned NOT NULL,
  `delimiter1` decimal(20,6) NOT NULL,
  `delimiter2` decimal(20,6) NOT NULL,
  PRIMARY KEY (`id_range_weight`),
  UNIQUE KEY `id_carrier` (`id_carrier`,`delimiter1`,`delimiter2`)
) ENGINE=InnoDB AUTO_INCREMENT=220 DEFAULT CHARSET=utf8;

--
-- Dumping data for table `ps_range_weight`
--

INSERT INTO `ps_range_weight` (`id_range_weight`, `id_carrier`, `delimiter1`, `delimiter2`) VALUES (1,2,0.000000,10000.000000),(2,4,0.100000,10.000000),(3,5,0.001000,0.500000),(4,5,0.500000,0.750000),(5,5,0.750000,1.000000),(6,5,1.000000,1.250000),(7,5,1.250000,1.500000),(8,5,1.500000,1.750000),(9,5,1.750000,2.000000),(10,6,0.001000,0.500000),(11,6,0.500000,0.750000),(12,6,0.750000,1.000000),(13,6,1.000000,1.250000),(14,6,1.250000,1.500000),(15,6,1.500000,1.750000),(16,6,1.750000,2.000000),(17,6,2.000000,3.000000),(18,6,3.000000,4.000000),(19,6,4.000000,5.000000),(20,6,5.000000,6.000000),(21,6,6.000000,7.000000),(22,6,7.000000,8.000000),(23,6,8.000000,9.000000),(24,6,9.000000,10.000000),(25,7,0.001000,0.500000),(26,7,0.500000,0.750000),(27,7,0.750000,1.000000),(28,7,1.000000,1.250000),(29,7,1.250000,1.500000),(30,7,1.500000,1.750000),(31,7,1.750000,2.000000),(32,7,2.000000,3.000000),(33,7,3.000000,4.000000),(34,7,4.000000,5.000000),(35,7,5.000000,6.000000),(36,7,6.000000,7.000000),(37,7,7.000000,8.000000),(38,7,8.000000,9.000000),(39,7,9.000000,10.000000),(40,8,0.001000,0.500000),(41,8,0.500000,0.750000),(42,8,0.750000,1.000000),(43,8,1.000000,1.250000),(44,8,1.250000,1.500000),(45,8,1.500000,1.750000),(46,8,1.750000,2.000000),(47,8,2.000000,3.000000),(48,8,3.000000,4.000000),(49,8,4.000000,5.000000),(50,8,5.000000,6.000000),(51,8,6.000000,7.000000),(52,8,7.000000,8.000000),(53,8,8.000000,9.000000),(54,8,9.000000,10.000000),(55,9,0.001000,0.500000),(56,9,0.500000,0.750000),(57,9,0.750000,1.000000),(58,9,1.000000,1.250000),(59,9,1.250000,1.500000),(60,9,1.500000,1.750000),(61,9,1.750000,2.000000),(62,9,2.000000,3.000000),(63,9,3.000000,4.000000),(64,9,4.000000,5.000000),(65,9,5.000000,6.000000),(66,9,6.000000,7.000000),(67,9,7.000000,8.000000),(68,9,8.000000,9.000000),(69,9,9.000000,10.000000),(70,13,0.001000,0.500000),(71,13,0.500000,0.750000),(72,13,0.750000,1.000000),(73,13,1.000000,1.250000),(74,13,1.250000,1.500000),(75,13,1.500000,1.750000),(76,13,1.750000,2.000000),(77,13,2.000000,3.000000),(78,13,3.000000,4.000000),(79,13,4.000000,5.000000),(80,13,5.000000,6.000000),(81,13,6.000000,7.000000),(82,13,7.000000,8.000000),(83,13,8.000000,9.000000),(84,13,9.000000,10.000000),(85,14,0.001000,0.500000),(86,14,0.500000,0.750000),(87,14,0.750000,1.000000),(88,14,1.000000,1.250000),(89,14,1.250000,1.500000),(90,14,1.500000,1.750000),(91,14,1.750000,2.000000),(92,14,2.000000,3.000000),(93,14,3.000000,4.000000),(94,14,4.000000,5.000000),(95,14,5.000000,6.000000),(96,14,6.000000,7.000000),(97,14,7.000000,8.000000),(98,14,8.000000,9.000000),(99,14,9.000000,10.000000),(100,16,0.001000,0.500000),(101,16,0.500000,0.750000),(102,16,0.750000,1.000000),(103,16,1.000000,1.250000),(104,16,1.250000,1.500000),(105,16,1.500000,1.750000),(106,16,1.750000,2.000000),(107,16,2.000000,3.000000),(108,16,3.000000,4.000000),(109,16,4.000000,5.000000),(110,16,5.000000,6.000000),(111,16,6.000000,7.000000),(112,16,7.000000,8.000000),(113,16,8.000000,9.000000),(114,16,9.000000,10.000000),(115,17,0.001000,0.500000),(116,17,0.500000,0.750000),(117,17,0.750000,1.000000),(118,17,1.000000,1.250000),(119,17,1.250000,1.500000),(120,17,1.500000,1.750000),(121,17,1.750000,2.000000),(122,17,2.000000,3.000000),(123,17,3.000000,4.000000),(124,17,4.000000,5.000000),(125,17,5.000000,6.000000),(126,17,6.000000,7.000000),(127,17,7.000000,8.000000),(128,17,8.000000,9.000000),(129,17,9.000000,10.000000),(130,18,0.001000,0.500000),(131,18,0.500000,0.750000),(132,18,0.750000,1.000000),(133,18,1.000000,1.250000),(134,18,1.250000,1.500000),(135,18,1.500000,1.750000),(136,18,1.750000,2.000000),(137,18,2.000000,3.000000),(138,18,3.000000,4.000000),(139,18,4.000000,5.000000),(140,18,5.000000,6.000000),(141,18,6.000000,7.000000),(142,18,7.000000,8.000000),(143,18,8.000000,9.000000),(144,18,9.000000,10.000000),(145,20,0.001000,0.500000),(146,20,0.500000,0.750000),(147,20,0.750000,1.000000),(148,20,1.000000,1.250000),(149,20,1.250000,1.500000),(150,20,1.500000,1.750000),(151,20,1.750000,2.000000),(152,20,2.000000,3.000000),(153,20,3.000000,4.000000),(154,20,4.000000,5.000000),(155,20,5.000000,6.000000),(156,20,6.000000,7.000000),(157,20,7.000000,8.000000),(158,20,8.000000,9.000000),(159,20,9.000000,10.000000),(160,21,0.000000,0.500000),(161,21,0.500000,0.750000),(162,21,0.750000,1.000000),(163,21,1.000000,1.250000),(164,21,1.250000,1.500000),(165,21,1.500000,1.750000),(166,21,1.750000,2.000000),(167,21,2.000000,3.000000),(168,21,3.000000,4.000000),(169,21,4.000000,5.000000),(170,21,5.000000,6.000000),(171,21,6.000000,7.000000),(172,21,7.000000,8.000000),(173,21,8.000000,9.000000),(174,21,9.000000,10.000000),(175,22,0.000000,0.500000),(176,22,0.500000,0.750000),(177,22,0.750000,1.000000),(178,22,1.000000,1.250000),(179,22,1.250000,1.500000),(180,22,1.500000,1.750000),(181,22,1.750000,2.000000),(182,22,2.000000,3.000000),(183,22,3.000000,4.000000),(184,22,4.000000,5.000000),(185,22,5.000000,6.000000),(186,22,6.000000,7.000000),(187,22,7.000000,8.000000),(188,22,8.000000,9.000000),(189,22,9.000000,10.000000),(190,23,0.000000,0.500000),(191,23,0.500000,0.750000),(192,23,0.750000,1.000000),(193,23,1.000000,1.250000),(194,23,1.250000,1.500000),(195,23,1.500000,1.750000),(196,23,1.750000,2.000000),(197,23,2.000000,3.000000),(198,23,3.000000,4.000000),(199,23,4.000000,5.000000),(200,23,5.000000,6.000000),(201,23,6.000000,7.000000),(202,23,7.000000,8.000000),(203,23,8.000000,9.000000),(204,23,9.000000,10.000000),(205,24,0.000000,0.500000),(206,24,0.500000,0.750000),(207,24,0.750000,1.000000),(208,24,1.000000,1.250000),(209,24,1.250000,1.500000),(210,24,1.500000,1.750000),(211,24,1.750000,2.000000),(212,24,2.000000,3.000000),(213,24,3.000000,4.000000),(214,24,4.000000,5.000000),(215,24,5.000000,6.000000),(216,24,6.000000,7.000000),(217,24,7.000000,8.000000),(218,24,8.000000,9.000000),(219,24,9.000000,10.000000);

--
-- Table structure for table `ps_referrer`
--

CREATE TABLE `ps_referrer` (
  `id_referrer` int(10) unsigned NOT NULL AUTO_INCREMENT,
  `name` varchar(64) NOT NULL,
  `passwd` varchar(32) DEFAULT NULL,
  `http_referer_regexp` varchar(64) DEFAULT NULL,
  `http_referer_like` varchar(64) DEFAULT NULL,
  `request_uri_regexp` varchar(64) DEFAULT NULL,
  `request_uri_like` varchar(64) DEFAULT NULL,
  `http_referer_regexp_not` varchar(64) DEFAULT NULL,
  `http_referer_like_not` varchar(64) DEFAULT NULL,
  `request_uri_regexp_not` varchar(64) DEFAULT NULL,
  `request_uri_like_not` varchar(64) DEFAULT NULL,
  `base_fee` decimal(5,2) NOT NULL DEFAULT '0.00',
  `percent_fee` decimal(5,2) NOT NULL DEFAULT '0.00',
  `click_fee` decimal(5,2) NOT NULL DEFAULT '0.00',
  `date_add` datetime NOT NULL,
  PRIMARY KEY (`id_referrer`)
) ENGINE=InnoDB DEFAULT CHARSET=utf8;

--
-- Dumping data for table `ps_referrer`
--


--
-- Table structure for table `ps_referrer_cache`
--

CREATE TABLE `ps_referrer_cache` (
  `id_connections_source` int(11) unsigned NOT NULL,
  `id_referrer` int(11) unsigned NOT NULL,
  PRIMARY KEY (`id_connections_source`,`id_referrer`)
) ENGINE=InnoDB DEFAULT CHARSET=utf8;

--
-- Dumping data for table `ps_referrer_cache`
--


--
-- Table structure for table `ps_referrer_shop`
--

CREATE TABLE `ps_referrer_shop` (
  `id_referrer` int(10) unsigned NOT NULL AUTO_INCREMENT,
  `id_shop` int(10) unsigned NOT NULL DEFAULT '1',
  `cache_visitors` int(11) DEFAULT NULL,
  `cache_visits` int(11) DEFAULT NULL,
  `cache_pages` int(11) DEFAULT NULL,
  `cache_registrations` int(11) DEFAULT NULL,
  `cache_orders` int(11) DEFAULT NULL,
  `cache_sales` decimal(17,2) DEFAULT NULL,
  `cache_reg_rate` decimal(5,4) DEFAULT NULL,
  `cache_order_rate` decimal(5,4) DEFAULT NULL,
  PRIMARY KEY (`id_referrer`,`id_shop`)
) ENGINE=InnoDB DEFAULT CHARSET=utf8;

--
-- Dumping data for table `ps_referrer_shop`
--


--
-- Table structure for table `ps_reinsurance`
--

CREATE TABLE `ps_reinsurance` (
  `id_reinsurance` int(10) unsigned NOT NULL AUTO_INCREMENT,
  `id_shop` int(10) unsigned NOT NULL,
  `file_name` varchar(100) NOT NULL,
  PRIMARY KEY (`id_reinsurance`)
) ENGINE=InnoDB AUTO_INCREMENT=6 DEFAULT CHARSET=utf8;

--
-- Dumping data for table `ps_reinsurance`
--

INSERT INTO `ps_reinsurance` (`id_reinsurance`, `id_shop`, `file_name`) VALUES (1,1,'reinsurance-1-1.jpg'),(2,1,'reinsurance-2-1.jpg'),(3,1,'reinsurance-3-1.jpg'),(4,1,'reinsurance-4-1.jpg'),(5,1,'reinsurance-5-1.jpg');

--
-- Table structure for table `ps_reinsurance_lang`
--

CREATE TABLE `ps_reinsurance_lang` (
  `id_reinsurance` int(10) unsigned NOT NULL AUTO_INCREMENT,
  `id_lang` int(10) unsigned NOT NULL,
  `text` varchar(300) NOT NULL,
  PRIMARY KEY (`id_reinsurance`,`id_lang`)
) ENGINE=InnoDB AUTO_INCREMENT=6 DEFAULT CHARSET=utf8;

--
-- Dumping data for table `ps_reinsurance_lang`
--

INSERT INTO `ps_reinsurance_lang` (`id_reinsurance`, `id_lang`, `text`) VALUES (1,1,'Money back guarantee.'),(1,2,'Money back guarantee.'),(2,1,'In-store exchange.'),(2,2,'In-store exchange.'),(3,1,'Payment upon shipment.'),(3,2,'Payment upon shipment.'),(4,1,'Free Shipping.'),(4,2,'Free Shipping.'),(5,1,'100% secure payment processing.'),(5,2,'100% secure payment processing.');

--
-- Table structure for table `ps_request_sql`
--

CREATE TABLE `ps_request_sql` (
  `id_request_sql` int(11) NOT NULL AUTO_INCREMENT,
  `name` varchar(200) NOT NULL,
  `sql` text NOT NULL,
  PRIMARY KEY (`id_request_sql`)
) ENGINE=InnoDB AUTO_INCREMENT=2 DEFAULT CHARSET=utf8;

--
-- Dumping data for table `ps_request_sql`
--

INSERT INTO `ps_request_sql` (`id_request_sql`, `name`, `sql`) VALUES (1,'Stock > Supply orders','SELECT SQL_CALC_FOUND_ROWS\r\n								 a.*\r\n			, \r\n			s.name AS supplier,\r\n			w.name AS warehouse,\r\n			stl.name AS state,\r\n			st.delivery_note,\r\n			st.editable,\r\n			st.enclosed,\r\n			st.receipt_state,\r\n			st.pending_receipt,\r\n			st.color AS color,\r\n			a.id_supply_order as id_export\r\n			FROM `ps_supply_order` a \r\n			\r\n			\r\n			LEFT JOIN `ps_supply_order_state_lang` stl ON\r\n			(\r\n				a.id_supply_order_state = stl.id_supply_order_state\r\n				AND stl.id_lang = 1\r\n			)\r\n			LEFT JOIN `ps_supply_order_state` st ON a.id_supply_order_state = st.id_supply_order_state\r\n			LEFT JOIN `ps_supplier` s ON a.id_supplier = s.id_supplier\r\n			LEFT JOIN `ps_warehouse` w ON (w.id_warehouse = a.id_warehouse) \r\n			 WHERE 1   AND a.is_template = 0 \r\n			\r\n			 ORDER BY a.`id_supply_order` ASC');

--
-- Table structure for table `ps_required_field`
--

CREATE TABLE `ps_required_field` (
  `id_required_field` int(11) NOT NULL AUTO_INCREMENT,
  `object_name` varchar(32) NOT NULL,
  `field_name` varchar(32) NOT NULL,
  PRIMARY KEY (`id_required_field`),
  KEY `object_name` (`object_name`)
) ENGINE=InnoDB DEFAULT CHARSET=utf8;

--
-- Dumping data for table `ps_required_field`
--


--
-- Table structure for table `ps_risk`
--

CREATE TABLE `ps_risk` (
  `id_risk` int(11) unsigned NOT NULL AUTO_INCREMENT,
  `percent` tinyint(3) NOT NULL,
  `color` varchar(32) DEFAULT NULL,
  PRIMARY KEY (`id_risk`)
) ENGINE=InnoDB AUTO_INCREMENT=5 DEFAULT CHARSET=utf8;

--
-- Dumping data for table `ps_risk`
--

INSERT INTO `ps_risk` (`id_risk`, `percent`, `color`) VALUES (1,0,'#32CD32'),(2,35,'#FF8C00'),(3,75,'#DC143C'),(4,100,'#ec2e15');

--
-- Table structure for table `ps_risk_lang`
--

CREATE TABLE `ps_risk_lang` (
  `id_risk` int(10) unsigned NOT NULL,
  `id_lang` int(10) unsigned NOT NULL,
  `name` varchar(20) NOT NULL,
  PRIMARY KEY (`id_risk`,`id_lang`),
  KEY `id_risk` (`id_risk`)
) ENGINE=InnoDB DEFAULT CHARSET=utf8;

--
-- Dumping data for table `ps_risk_lang`
--

INSERT INTO `ps_risk_lang` (`id_risk`, `id_lang`, `name`) VALUES (1,1,'None'),(1,2,'None'),(2,1,'Low'),(2,2,'Low'),(3,1,'Medium'),(3,2,'Medium'),(4,1,'High'),(4,2,'High');

--
-- Table structure for table `ps_scene`
--

CREATE TABLE `ps_scene` (
  `id_scene` int(10) unsigned NOT NULL AUTO_INCREMENT,
  `active` tinyint(1) NOT NULL DEFAULT '1',
  PRIMARY KEY (`id_scene`)
) ENGINE=InnoDB DEFAULT CHARSET=utf8;

--
-- Dumping data for table `ps_scene`
--


--
-- Table structure for table `ps_scene_category`
--

CREATE TABLE `ps_scene_category` (
  `id_scene` int(10) unsigned NOT NULL,
  `id_category` int(10) unsigned NOT NULL,
  PRIMARY KEY (`id_scene`,`id_category`)
) ENGINE=InnoDB DEFAULT CHARSET=utf8;

--
-- Dumping data for table `ps_scene_category`
--


--
-- Table structure for table `ps_scene_lang`
--

CREATE TABLE `ps_scene_lang` (
  `id_scene` int(10) unsigned NOT NULL,
  `id_lang` int(10) unsigned NOT NULL,
  `name` varchar(100) NOT NULL,
  PRIMARY KEY (`id_scene`,`id_lang`)
) ENGINE=InnoDB DEFAULT CHARSET=utf8;

--
-- Dumping data for table `ps_scene_lang`
--


--
-- Table structure for table `ps_scene_products`
--

CREATE TABLE `ps_scene_products` (
  `id_scene` int(10) unsigned NOT NULL,
  `id_product` int(10) unsigned NOT NULL,
  `x_axis` int(4) NOT NULL,
  `y_axis` int(4) NOT NULL,
  `zone_width` int(3) NOT NULL,
  `zone_height` int(3) NOT NULL,
  PRIMARY KEY (`id_scene`,`id_product`,`x_axis`,`y_axis`)
) ENGINE=InnoDB DEFAULT CHARSET=utf8;

--
-- Dumping data for table `ps_scene_products`
--


--
-- Table structure for table `ps_scene_shop`
--

CREATE TABLE `ps_scene_shop` (
  `id_scene` int(11) unsigned NOT NULL,
  `id_shop` int(11) unsigned NOT NULL,
  PRIMARY KEY (`id_scene`,`id_shop`),
  KEY `id_shop` (`id_shop`)
) ENGINE=InnoDB DEFAULT CHARSET=utf8;

--
-- Dumping data for table `ps_scene_shop`
--


--
-- Table structure for table `ps_search_engine`
--

CREATE TABLE `ps_search_engine` (
  `id_search_engine` int(10) unsigned NOT NULL AUTO_INCREMENT,
  `server` varchar(64) NOT NULL,
  `getvar` varchar(16) NOT NULL,
  PRIMARY KEY (`id_search_engine`)
) ENGINE=InnoDB AUTO_INCREMENT=39 DEFAULT CHARSET=utf8;

--
-- Dumping data for table `ps_search_engine`
--

INSERT INTO `ps_search_engine` (`id_search_engine`, `server`, `getvar`) VALUES (1,'google','q'),(2,'aol','q'),(3,'yandex','text'),(4,'ask.com','q'),(5,'nhl.com','q'),(6,'yahoo','p'),(7,'baidu','wd'),(8,'lycos','query'),(9,'exalead','q'),(10,'search.live','q'),(11,'voila','rdata'),(12,'altavista','q'),(13,'bing','q'),(14,'daum','q'),(15,'eniro','search_word'),(16,'naver','query'),(17,'msn','q'),(18,'netscape','query'),(19,'cnn','query'),(20,'about','terms'),(21,'mamma','query'),(22,'alltheweb','q'),(23,'virgilio','qs'),(24,'alice','qs'),(25,'najdi','q'),(26,'mama','query'),(27,'seznam','q'),(28,'onet','qt'),(29,'szukacz','q'),(30,'yam','k'),(31,'pchome','q'),(32,'kvasir','q'),(33,'sesam','q'),(34,'ozu','q'),(35,'terra','query'),(36,'mynet','q'),(37,'ekolay','q'),(38,'rambler','words');

--
-- Table structure for table `ps_search_index`
--

CREATE TABLE `ps_search_index` (
  `id_product` int(11) unsigned NOT NULL,
  `id_word` int(11) unsigned NOT NULL,
  `weight` smallint(4) unsigned NOT NULL DEFAULT '1',
  PRIMARY KEY (`id_word`,`id_product`)
) ENGINE=InnoDB DEFAULT CHARSET=utf8;

--
-- Dumping data for table `ps_search_index`
--

INSERT INTO `ps_search_index` (`id_product`, `id_word`, `weight`) VALUES (4,2,2),(6,2,2),(3,5,10),(4,5,10),(5,5,10),(6,5,10),(7,5,10),(6,7,1),(7,7,1),(73,8,10),(74,8,10),(75,8,10),(76,8,10),(88,8,10),(89,8,10),(134,8,10),(135,8,10),(136,8,10),(137,8,10),(144,8,10),(145,8,10),(149,8,10),(186,8,10),(3,16,1),(4,16,1),(5,16,1),(6,16,1),(7,16,1),(6,17,9),(7,17,3),(3,18,5),(4,18,5),(5,18,5),(6,18,5),(7,18,5),(3,19,1),(4,19,1),(5,19,1),(6,19,1),(7,19,1),(3,20,1),(4,20,1),(5,20,1),(6,20,1),(7,20,1),(3,21,1),(4,21,1),(5,21,1),(6,21,1),(7,21,1),(3,22,1),(4,22,1),(5,22,1),(6,22,1),(7,22,1),(3,23,2),(4,23,2),(5,23,2),(6,23,2),(7,23,2),(3,24,1),(4,24,1),(5,24,1),(6,24,1),(7,24,1),(3,25,1),(4,25,1),(5,25,1),(6,25,1),(7,25,1),(3,26,1),(4,26,1),(5,26,1),(6,26,1),(7,26,1),(3,27,1),(4,27,1),(5,27,1),(6,27,1),(7,27,1),(3,28,1),(4,28,1),(5,28,1),(6,28,1),(7,28,1),(3,29,1),(4,29,1),(5,29,1),(6,29,1),(7,29,1),(3,30,1),(4,30,1),(5,30,1),(6,30,1),(7,30,1),(3,31,1),(4,31,1),(5,31,1),(6,31,1),(7,31,1),(3,32,1),(4,32,1),(5,32,1),(6,32,1),(7,32,1),(3,33,4),(4,33,4),(5,33,4),(6,33,4),(7,33,4),(3,34,1),(4,34,1),(5,34,1),(6,34,1),(7,34,1),(3,35,1),(4,35,1),(5,35,1),(6,35,1),(7,35,1),(3,36,1),(4,36,1),(5,36,1),(6,36,1),(7,36,1),(3,37,1),(4,37,1),(5,37,1),(6,37,1),(7,37,1),(3,38,1),(4,38,1),(5,38,1),(6,38,1),(7,38,1),(3,39,1),(4,39,1),(5,39,1),(6,39,1),(7,39,1),(3,40,1),(4,40,1),(5,40,1),(6,40,1),(7,40,1),(3,41,1),(4,41,1),(5,41,1),(6,41,1),(7,41,1),(3,42,1),(4,42,1),(5,42,1),(6,42,1),(7,42,1),(3,43,1),(4,43,1),(5,43,1),(6,43,1),(7,43,1),(3,44,1),(4,44,1),(5,44,1),(6,44,1),(7,44,1),(3,45,1),(4,45,1),(5,45,1),(6,45,1),(7,45,1),(3,46,1),(4,46,1),(5,46,1),(6,46,1),(7,46,1),(3,47,1),(4,47,1),(5,47,1),(6,47,1),(7,47,1),(3,48,1),(4,48,1),(5,48,1),(6,48,1),(7,48,1),(3,49,1),(4,49,1),(5,49,1),(6,49,1),(7,49,1),(3,50,1),(4,50,1),(5,50,1),(6,50,1),(7,50,1),(3,51,1),(4,51,1),(5,51,1),(6,51,1),(7,51,1),(3,52,1),(4,52,1),(5,52,1),(6,52,1),(7,52,1),(3,53,1),(4,53,1),(5,53,1),(6,53,1),(7,53,1),(3,54,1),(4,54,1),(5,54,1),(6,54,1),(7,54,1),(3,55,1),(4,55,1),(5,55,1),(6,55,1),(7,55,1),(3,56,1),(4,56,1),(5,56,1),(6,56,1),(7,56,1),(3,57,1),(4,57,1),(5,57,1),(6,57,1),(7,57,1),(3,58,1),(4,58,1),(5,58,1),(6,58,1),(7,58,1),(3,59,1),(4,59,1),(5,59,1),(6,59,1),(7,59,1),(3,60,1),(4,60,1),(5,60,1),(6,60,1),(7,60,1),(3,61,1),(4,61,1),(5,61,1),(6,61,1),(7,61,1),(3,62,1),(4,62,1),(5,62,1),(6,62,1),(7,62,1),(3,63,1),(4,63,1),(5,63,1),(6,63,1),(7,63,1),(3,64,1),(4,64,1),(5,64,1),(6,64,1),(7,64,1),(3,65,1),(4,65,1),(5,65,1),(6,65,1),(7,65,1),(3,66,1),(4,66,1),(5,66,1),(6,66,1),(7,66,1),(3,67,1),(4,67,1),(5,67,1),(6,67,1),(7,67,1),(3,68,1),(4,68,1),(5,68,1),(6,68,1),(7,68,1),(3,70,3),(4,70,3),(5,70,3),(6,70,3),(7,70,3),(5,71,6),(3,73,3),(3,74,3),(5,74,2),(3,81,1),(4,81,1),(5,81,6),(3,82,1),(6,82,6),(4,141,7),(5,141,7),(6,141,6),(7,141,7),(4,142,9),(5,142,10),(6,142,9),(7,142,9),(5,150,1),(6,151,2),(7,151,2),(5,215,1),(5,222,2),(7,285,1),(6,287,1),(6,289,6),(7,289,6),(7,357,1),(7,358,1),(7,359,7),(7,362,2),(86,495,9),(87,495,9),(103,495,6),(105,495,6),(107,495,6),(108,495,6),(117,495,6),(8,496,20),(188,496,20),(8,497,10),(90,497,6),(129,497,10),(167,497,10),(168,497,10),(170,497,10),(173,497,10),(174,497,10),(175,497,10),(184,497,10),(185,497,10),(8,498,10),(83,499,1),(84,499,1),(85,499,1),(86,499,1),(87,499,1),(90,499,1),(91,499,2),(92,499,1),(93,499,1),(94,499,1),(98,499,1),(103,499,1),(105,499,1),(106,499,1),(107,499,1),(108,499,1),(109,499,1),(110,499,1),(111,499,1),(112,499,1),(113,499,1),(114,499,2),(117,499,1),(118,499,1),(119,499,1),(121,499,1),(83,500,3),(84,500,3),(85,500,3),(86,500,2),(87,500,2),(90,500,3),(91,500,4),(92,500,2),(93,500,2),(94,500,2),(98,500,2),(103,500,2),(105,500,2),(106,500,2),(107,500,2),(108,500,2),(109,500,2),(110,500,2),(111,500,2),(112,500,2),(113,500,2),(114,500,4),(117,500,2),(118,500,2),(119,500,2),(121,500,2),(83,549,1),(84,549,1),(85,549,1),(86,549,1),(87,549,1),(90,549,1),(91,549,2),(92,549,1),(93,549,1),(94,549,1),(103,549,1),(110,549,1),(111,549,1),(112,549,1),(113,549,1),(114,549,2),(117,549,1),(118,549,1),(119,549,1),(121,549,1),(83,550,1),(84,550,1),(85,550,1),(86,550,1),(87,550,1),(90,550,1),(91,550,2),(92,550,1),(93,550,1),(94,550,1),(103,550,1),(110,550,1),(111,550,1),(112,550,1),(113,550,1),(114,550,2),(117,550,1),(118,550,1),(119,550,1),(121,550,1),(83,551,1),(84,551,1),(85,551,1),(86,551,1),(87,551,1),(90,551,1),(91,551,2),(92,551,1),(93,551,1),(94,551,1),(103,551,1),(110,551,1),(111,551,1),(112,551,1),(113,551,1),(114,551,2),(117,551,1),(118,551,1),(119,551,1),(121,551,1),(86,552,1),(87,552,1),(90,552,1),(91,552,2),(92,552,1),(93,552,1),(94,552,1),(103,552,1),(110,552,1),(111,552,1),(112,552,1),(113,552,1),(114,552,2),(117,552,1),(118,552,1),(119,552,1),(121,552,1),(86,553,1),(87,553,1),(90,553,1),(91,553,2),(92,553,1),(93,553,1),(94,553,1),(103,553,1),(110,553,1),(111,553,1),(112,553,1),(113,553,1),(114,553,2),(117,553,1),(118,553,1),(119,553,1),(121,553,1),(84,655,13),(112,655,6),(117,655,6),(122,655,10),(125,655,22),(113,656,6),(152,656,36),(8,657,10),(83,657,14),(88,657,22),(89,657,22),(95,657,6),(108,657,6),(125,657,22),(150,657,22),(152,657,36),(186,657,22),(188,657,10),(81,658,10),(82,658,10),(83,658,1),(84,658,1),(85,658,1),(83,773,2),(84,773,2),(85,773,2),(86,773,2),(87,773,2),(90,773,2),(91,773,4),(92,773,2),(93,773,2),(94,773,2),(98,773,2),(105,773,2),(106,773,2),(107,773,2),(108,773,2),(109,773,2),(110,773,2),(111,773,2),(112,773,2),(113,773,2),(114,773,4),(117,773,2),(83,774,2),(84,774,2),(85,774,2),(86,774,2),(87,774,2),(90,774,2),(91,774,4),(92,774,2),(93,774,2),(94,774,2),(98,774,2),(105,774,2),(106,774,2),(107,774,2),(108,774,2),(109,774,2),(110,774,2),(111,774,2),(112,774,2),(113,774,2),(114,774,4),(117,774,2),(86,837,1),(87,837,1),(90,837,1),(91,837,2),(92,837,1),(93,837,1),(94,837,1),(98,837,1),(103,837,1),(105,837,1),(106,837,1),(107,837,1),(108,837,1),(109,837,1),(110,837,1),(111,837,1),(112,837,1),(113,837,1),(114,837,2),(117,837,1),(118,837,1),(119,837,1),(121,837,1),(86,838,1),(87,838,1),(90,838,1),(91,838,2),(92,838,1),(93,838,1),(94,838,1),(98,838,1),(103,838,1),(105,838,1),(106,838,1),(107,838,1),(108,838,1),(109,838,1),(110,838,1),(111,838,1),(112,838,1),(113,838,1),(114,838,2),(117,838,1),(118,838,1),(119,838,1),(121,838,1),(86,839,1),(87,839,1),(90,839,1),(91,839,2),(92,839,1),(93,839,1),(94,839,1),(98,839,1),(103,839,1),(105,839,1),(106,839,1),(107,839,1),(108,839,1),(109,839,1),(110,839,1),(111,839,1),(112,839,1),(113,839,1),(114,839,2),(117,839,1),(118,839,1),(119,839,1),(121,839,1),(98,913,3),(103,913,9),(105,913,3),(106,913,3),(107,913,3),(108,913,3),(109,913,3),(114,913,6),(117,913,3),(118,913,9),(119,913,9),(121,913,9),(119,915,6),(121,915,6),(127,915,10),(9,916,10),(12,916,10),(119,916,6),(121,916,6),(127,916,10),(152,916,10),(9,917,10),(118,969,3),(119,969,3),(120,969,10),(121,969,3),(127,969,10),(83,1068,4),(84,1068,4),(85,1068,4),(86,1068,6),(87,1068,6),(90,1068,4),(91,1068,8),(92,1068,4),(93,1068,4),(94,1068,4),(98,1068,2),(103,1068,4),(105,1068,2),(106,1068,2),(107,1068,2),(108,1068,2),(109,1068,2),(110,1068,4),(111,1068,4),(112,1068,4),(113,1068,4),(114,1068,8),(117,1068,4),(118,1068,4),(119,1068,4),(121,1068,4),(86,1540,6),(87,1540,6),(12,1565,10),(13,1565,10),(14,1565,10),(72,1565,10),(73,1565,10),(12,1566,10),(13,1566,10),(14,1566,10),(72,1566,10),(73,1566,10),(12,1567,10),(13,1687,10),(14,1797,10),(70,1998,20),(86,1998,9),(87,1998,9),(184,1998,20),(185,1998,20),(86,1999,6),(97,1999,10),(184,1999,10),(16,2110,10),(70,2110,10),(87,2110,6),(136,2110,10),(185,2110,10),(16,2111,10),(17,2222,10),(18,2222,10),(34,2222,10),(39,2222,10),(44,2222,10),(57,2222,10),(128,2222,10),(153,2222,10),(155,2222,10),(157,2222,10),(164,2222,10),(169,2222,10),(172,2222,10),(176,2222,10),(177,2222,10),(178,2222,10),(179,2222,10),(183,2222,10),(18,2223,10),(17,2296,10),(188,2503,10),(188,2504,10),(20,2857,10),(85,2968,13),(83,3062,13),(85,3062,13),(102,3062,22),(106,3062,6),(109,3062,6),(115,3062,10),(124,3062,10),(125,3062,66),(80,3192,10),(128,3192,10),(145,3192,22),(152,3192,12),(80,3193,10),(109,3193,6),(115,3193,10),(186,3193,22),(103,3266,6),(98,3267,6),(102,3267,22),(114,3267,12),(123,3267,10),(24,3268,10),(103,3300,3),(114,3300,6),(117,3300,3),(25,3370,10),(26,3480,10),(84,3732,1),(85,3732,1),(90,3732,1),(102,3732,10),(125,3732,10),(98,3763,3),(101,3763,10),(102,3763,10),(105,3763,3),(106,3763,3),(107,3763,3),(108,3763,3),(109,3763,3),(29,3849,10),(29,3850,10),(31,4044,10),(43,4044,10),(172,4044,10),(31,4045,20),(43,4045,20),(172,4045,20),(31,4046,10),(31,4074,10),(43,4074,10),(46,4074,10),(47,4074,10),(53,4074,10),(54,4074,10),(55,4074,10),(56,4074,10),(90,4074,9),(91,4074,18),(92,4074,9),(93,4074,9),(94,4074,9),(110,4074,9),(111,4074,9),(112,4074,9),(113,4074,9),(157,4074,10),(158,4074,10),(159,4074,10),(160,4074,10),(161,4074,10),(172,4074,10),(179,4074,10),(31,4075,10),(43,4075,10),(46,4075,10),(47,4075,10),(157,4075,10),(159,4075,10),(172,4075,10),(179,4075,10),(32,4125,10),(32,4251,10),(33,4251,10),(34,4251,10),(35,4251,10),(36,4251,10),(129,4251,10),(153,4251,10),(154,4251,10),(155,4251,10),(156,4251,10),(162,4251,10),(163,4251,10),(164,4251,10),(171,4251,10),(33,4288,10),(36,4288,10),(38,4288,10),(42,4288,10),(43,4288,10),(45,4288,10),(69,4288,10),(70,4288,10),(91,4288,12),(92,4288,6),(93,4288,6),(94,4288,6),(154,4288,10),(156,4288,10),(159,4288,10),(162,4288,10),(171,4288,10),(180,4288,10),(33,4289,10),(103,4424,2),(118,4424,2),(119,4424,2),(121,4424,2),(103,4425,2),(118,4425,2),(119,4425,2),(121,4425,2),(95,4884,3),(122,4884,10),(125,4884,10),(33,5111,2),(34,5111,2),(35,5111,2),(36,5111,2),(37,5111,2),(38,5111,2),(39,5111,2),(40,5111,2),(41,5111,2),(42,5111,2),(43,5111,2),(44,5111,2),(45,5111,2),(46,5111,2),(47,5111,2),(48,5111,2),(49,5111,2),(50,5111,2),(51,5111,2),(52,5111,2),(53,5111,2),(54,5111,2),(55,5111,2),(56,5111,2),(57,5111,2),(58,5111,2),(59,5111,2),(60,5111,2),(61,5111,2),(62,5111,2),(63,5111,2),(64,5111,2),(65,5111,2),(66,5111,2),(69,5111,2),(70,5111,2),(71,5111,2),(72,5111,2),(73,5111,2),(74,5111,2),(75,5111,2),(76,5111,2),(77,5111,2),(78,5111,2),(79,5111,2),(80,5111,2),(81,5111,2),(82,5111,2),(83,5111,2),(84,5111,2),(85,5111,2),(86,5111,2),(87,5111,2),(88,5111,2),(90,5111,2),(91,5111,4),(92,5111,2),(93,5111,2),(94,5111,2),(95,5111,2),(96,5111,2),(97,5111,2),(98,5111,2),(99,5111,2),(100,5111,2),(101,5111,2),(102,5111,2),(105,5111,2),(106,5111,2),(107,5111,2),(108,5111,2),(109,5111,2),(110,5111,2),(111,5111,2),(112,5111,2),(113,5111,2),(114,5111,4),(115,5111,2),(116,5111,2),(117,5111,2),(122,5111,2),(123,5111,2),(124,5111,2),(125,5111,2),(127,5111,2),(128,5111,2),(129,5111,2),(134,5111,2),(135,5111,2),(136,5111,2),(137,5111,2),(138,5111,2),(139,5111,2),(140,5111,2),(141,5111,2),(142,5111,2),(143,5111,2),(144,5111,2),(145,5111,2),(149,5111,2),(150,5111,2),(151,5111,2),(152,5111,2),(153,5111,2),(154,5111,2),(155,5111,2),(156,5111,2),(157,5111,2),(158,5111,2),(159,5111,2),(160,5111,2),(161,5111,2),(162,5111,2),(163,5111,2),(164,5111,2),(165,5111,2),(167,5111,2),(168,5111,2),(169,5111,2),(170,5111,2),(171,5111,2),(172,5111,2),(173,5111,2),(174,5111,2),(175,5111,2),(176,5111,2),(177,5111,2),(178,5111,2),(179,5111,2),(180,5111,2),(181,5111,2),(182,5111,2),(183,5111,2),(184,5111,2),(185,5111,2),(186,5111,2),(32,5129,10),(33,5129,10),(34,5129,10),(52,5129,10),(34,5130,10),(35,5187,10),(36,5187,10),(102,5187,22),(153,5187,10),(182,5187,10),(35,5188,10),(36,5288,10),(37,5521,10),(38,5661,10),(39,5661,10),(167,5661,10),(168,5661,10),(169,5661,10),(170,5661,10),(183,5661,10),(38,5662,10),(39,5662,10),(167,5662,10),(168,5662,10),(169,5662,10),(170,5662,10),(183,5662,10),(38,5663,10),(39,5744,10),(31,5745,10),(38,5745,10),(39,5745,10),(40,5745,10),(43,5745,10),(157,5745,10),(159,5745,10),(167,5745,10),(168,5745,10),(169,5745,10),(172,5745,10),(38,5746,20),(39,5746,20),(40,5746,22),(89,5746,22),(157,5746,20),(167,5746,20),(173,5746,10),(40,5860,10),(40,5861,30),(40,5862,22),(89,5862,22),(40,5890,10),(41,5890,10),(42,5890,10),(44,5890,10),(45,5890,10),(128,5890,10),(165,5890,10),(180,5890,10),(181,5890,10),(41,5990,10),(42,5990,10),(128,5990,10),(41,5991,10),(42,6054,10),(43,6095,10),(31,6157,10),(43,6157,10),(57,6157,10),(172,6157,10),(44,6227,10),(45,6227,10),(44,6228,10),(45,6228,10),(157,6228,10),(44,6229,10),(45,6307,10),(46,6447,10),(47,6447,10),(46,6448,10),(47,6540,10),(48,6638,10),(48,6639,20),(49,6639,20),(50,6639,20),(51,6639,20),(52,6639,20),(58,6639,20),(59,6639,20),(96,6639,20),(97,6639,20),(98,6639,7),(99,6639,20),(100,6639,20),(101,6639,20),(102,6639,20),(105,6639,7),(106,6639,7),(107,6639,7),(108,6639,7),(109,6639,7),(138,6639,20),(139,6639,20),(140,6639,20),(141,6639,20),(142,6639,20),(143,6639,20),(150,6639,20),(48,6640,10),(48,6641,10),(49,6641,10),(50,6641,10),(51,6641,10),(52,6641,10),(58,6641,10),(59,6641,10),(96,6641,10),(97,6641,10),(98,6641,1),(99,6641,10),(100,6641,10),(101,6641,10),(102,6641,10),(105,6641,1),(106,6641,1),(107,6641,1),(108,6641,1),(109,6641,1),(138,6641,10),(139,6641,10),(140,6641,10),(141,6641,10),(142,6641,10),(143,6641,10),(150,6641,10),(48,6642,10),(49,6642,10),(50,6642,10),(51,6642,10),(52,6642,10),(58,6642,10),(59,6642,10),(96,6642,10),(97,6642,10),(98,6642,1),(99,6642,10),(100,6642,10),(101,6642,10),(102,6642,10),(105,6642,1),(106,6642,1),(107,6642,1),(108,6642,1),(109,6642,1),(138,6642,10),(139,6642,10),(140,6642,10),(141,6642,10),(142,6642,10),(143,6642,10),(150,6642,10),(48,6643,10),(49,6643,10),(50,6643,10),(51,6643,10),(52,6643,10),(59,6643,10),(48,6644,10),(49,6644,10),(50,6644,10),(51,6644,10),(52,6644,10),(58,6644,10),(59,6644,10),(64,6644,10),(71,6644,10),(73,6644,10),(74,6644,10),(75,6644,10),(76,6644,10),(96,6644,10),(97,6644,10),(98,6644,1),(99,6644,10),(100,6644,10),(101,6644,10),(102,6644,10),(105,6644,1),(106,6644,1),(107,6644,1),(108,6644,1),(109,6644,1),(134,6644,10),(135,6644,10),(136,6644,10),(137,6644,10),(138,6644,10),(139,6644,10),(140,6644,10),(141,6644,10),(142,6644,10),(143,6644,10),(145,6644,10),(149,6644,10),(150,6644,10),(152,6644,22),(160,6644,10),(186,6644,10),(48,6645,10),(49,6645,10),(50,6645,10),(51,6645,10),(52,6645,10),(58,6645,10),(59,6645,10),(96,6645,10),(97,6645,10),(98,6645,1),(99,6645,10),(100,6645,10),(101,6645,10),(102,6645,10),(105,6645,1),(106,6645,1),(107,6645,1),(108,6645,1),(109,6645,1),(138,6645,10),(139,6645,10),(140,6645,10),(141,6645,10),(142,6645,10),(143,6645,10),(150,6645,10),(48,6646,10),(49,6646,10),(50,6646,10),(51,6646,10),(52,6646,10),(58,6646,10),(59,6646,10),(96,6646,10),(97,6646,10),(98,6646,1),(99,6646,10),(100,6646,10),(101,6646,10),(102,6646,10),(105,6646,1),(106,6646,1),(107,6646,1),(108,6646,1),(109,6646,1),(138,6646,10),(139,6646,10),(140,6646,10),(141,6646,10),(142,6646,10),(143,6646,10),(150,6646,10),(48,6649,10),(49,6649,10),(50,6649,10),(51,6649,10),(52,6649,10),(58,6649,10),(59,6649,10),(96,6649,10),(97,6649,10),(98,6649,1),(99,6649,10),(100,6649,10),(101,6649,10),(102,6649,10),(105,6649,1),(106,6649,1),(107,6649,1),(108,6649,1),(109,6649,1),(138,6649,10),(139,6649,10),(140,6649,10),(141,6649,10),(142,6649,10),(143,6649,10),(150,6649,10),(48,6650,10),(49,6650,10),(50,6650,10),(51,6650,10),(52,6650,10),(58,6650,10),(59,6650,10),(96,6650,10),(97,6650,10),(98,6650,1),(99,6650,10),(100,6650,10),(101,6650,10),(102,6650,10),(105,6650,1),(106,6650,1),(107,6650,1),(108,6650,1),(109,6650,1),(138,6650,10),(139,6650,10),(140,6650,10),(141,6650,10),(142,6650,10),(143,6650,10),(150,6650,10),(48,6719,10),(49,6719,10),(50,6719,10),(51,6719,10),(52,6719,10),(58,6719,10),(59,6719,10),(96,6719,10),(97,6719,10),(98,6719,3),(99,6719,10),(100,6719,10),(101,6719,10),(102,6719,10),(105,6719,3),(106,6719,3),(107,6719,3),(108,6719,3),(109,6719,3),(138,6719,10),(139,6719,10),(140,6719,10),(141,6719,10),(142,6719,10),(143,6719,10),(150,6719,10),(48,6720,10),(49,6720,10),(50,6720,10),(51,6720,10),(52,6720,10),(49,6738,10),(50,6738,10),(141,6738,10),(49,6739,20),(59,6739,10),(102,6739,32),(139,6739,10),(152,6739,12),(49,6740,10),(48,6741,10),(49,6741,10),(50,6741,10),(51,6741,10),(52,6741,10),(58,6741,10),(59,6741,10),(96,6741,10),(97,6741,10),(98,6741,1),(99,6741,10),(100,6741,10),(101,6741,10),(102,6741,10),(105,6741,1),(106,6741,1),(107,6741,1),(108,6741,1),(109,6741,1),(138,6741,10),(139,6741,10),(140,6741,10),(141,6741,10),(142,6741,10),(143,6741,10),(150,6741,10),(152,6741,10),(49,6742,10),(49,6743,10),(49,6744,10),(49,6745,10),(50,6861,10),(51,6977,10),(102,6977,22),(51,6978,10),(52,7063,10),(53,7179,10),(144,7179,22),(53,7180,10),(54,7180,10),(55,7180,10),(56,7180,10),(160,7180,10),(161,7180,10),(53,7181,10),(53,7205,10),(54,7205,10),(55,7205,10),(56,7205,10),(158,7205,10),(160,7205,10),(161,7205,10),(54,7252,10),(99,7252,10),(150,7252,22),(151,7252,22),(54,7253,10),(55,7344,10),(145,7344,22),(55,7345,10),(102,7345,12),(129,7345,10),(144,7345,22),(164,7345,10),(55,7346,10),(55,7347,10),(56,7442,10),(56,7443,10),(57,7543,10),(58,7651,10),(60,7651,10),(58,7652,10),(58,7653,10),(96,7653,10),(97,7653,10),(98,7653,1),(99,7653,10),(100,7653,10),(101,7653,10),(102,7653,10),(105,7653,1),(106,7653,1),(107,7653,1),(108,7653,1),(109,7653,1),(138,7653,10),(139,7653,10),(140,7653,10),(141,7653,10),(142,7653,10),(143,7653,10),(150,7653,10),(59,7870,10),(60,7990,10),(61,7990,10),(125,7990,10),(60,7991,10),(61,8093,10),(61,8094,10),(62,8182,10),(63,8182,10),(64,8182,10),(127,8182,10),(152,8182,12),(62,8183,10),(26,8270,10),(63,8270,10),(118,8270,6),(126,8270,10),(63,8271,10),(64,8345,20),(71,8345,20),(64,8346,10),(71,8346,10),(64,8347,10),(64,8438,10),(71,8438,10),(64,8439,10),(71,8439,10),(64,8440,10),(71,8440,10),(81,8440,10),(82,8440,10),(64,8441,10),(71,8441,10),(66,8552,10),(68,8552,10),(89,8552,22),(137,8552,10),(66,8553,10),(65,8789,10),(69,8869,10),(68,9029,10),(69,9169,10),(70,9269,10),(71,9349,10),(72,9449,10),(73,9527,10),(74,9527,10),(75,9527,10),(76,9527,10),(134,9527,10),(135,9527,10),(136,9527,10),(137,9527,10),(145,9527,10),(149,9527,10),(186,9527,20),(73,9528,10),(73,9529,10),(74,9529,10),(75,9529,10),(76,9529,10),(134,9529,10),(135,9529,10),(136,9529,10),(137,9529,10),(145,9529,10),(149,9529,10),(73,9530,10),(74,9530,10),(75,9530,10),(76,9530,10),(134,9530,10),(135,9530,10),(136,9530,10),(137,9530,10),(145,9530,10),(149,9530,10),(186,9530,10),(73,9531,10),(74,9531,10),(75,9531,10),(76,9531,10),(134,9531,10),(135,9531,10),(136,9531,10),(137,9531,10),(145,9531,10),(149,9531,10),(186,9531,10),(73,9532,10),(74,9532,10),(75,9532,10),(76,9532,10),(134,9532,10),(135,9532,10),(136,9532,10),(137,9532,10),(145,9532,10),(149,9532,10),(186,9532,10),(73,9533,10),(74,9533,10),(75,9533,10),(76,9533,10),(134,9533,10),(135,9533,10),(136,9533,10),(137,9533,10),(145,9533,10),(149,9533,10),(186,9533,10),(73,9534,10),(74,9534,10),(75,9534,10),(76,9534,10),(134,9534,10),(135,9534,10),(136,9534,10),(137,9534,10),(145,9534,10),(149,9534,10),(186,9534,10),(73,9535,10),(74,9535,10),(75,9535,10),(76,9535,10),(134,9535,10),(135,9535,10),(136,9535,10),(137,9535,10),(145,9535,10),(149,9535,10),(186,9535,10),(73,9536,10),(74,9536,10),(75,9536,10),(76,9536,10),(134,9536,10),(135,9536,10),(136,9536,10),(137,9536,10),(145,9536,10),(149,9536,10),(186,9536,10),(73,9537,20),(74,9537,22),(75,9537,22),(76,9537,22),(134,9537,22),(135,9537,22),(136,9537,22),(137,9537,22),(145,9537,22),(149,9537,22),(74,9665,10),(73,9929,10),(74,9929,12),(75,9929,12),(76,9929,12),(134,9929,12),(135,9929,12),(136,9929,12),(137,9929,12),(145,9929,12),(149,9929,12),(73,9930,10),(74,9930,12),(75,9930,12),(76,9930,12),(134,9930,12),(135,9930,12),(136,9930,12),(137,9930,12),(145,9930,12),(149,9930,12),(73,9931,10),(74,9931,12),(75,9931,12),(76,9931,12),(134,9931,12),(135,9931,12),(136,9931,12),(137,9931,12),(145,9931,12),(149,9931,12),(75,10033,10),(77,10345,10),(78,10562,10),(79,10717,10),(80,10934,10),(81,11081,20),(82,11081,20),(83,11081,6),(84,11081,6),(85,11081,6),(81,11082,10),(82,11082,10),(81,11083,10),(82,11083,10),(81,11085,10),(81,11086,10),(82,11086,10),(81,11087,12),(82,11087,12),(83,11087,3),(84,11087,3),(85,11087,3),(86,11087,3),(87,11087,3),(81,11103,10),(82,11103,10),(83,11103,3),(84,11103,3),(85,11103,3),(88,11103,10),(89,11103,10),(144,11103,10),(151,11103,10),(152,11103,10),(82,11141,10),(84,11141,6),(82,11142,10),(83,11205,6),(84,11205,6),(85,11205,6),(81,11206,10),(83,11206,6),(83,11207,50),(83,11208,1),(84,11208,1),(85,11208,1),(83,11423,13),(85,11423,13),(83,11424,13),(85,11424,13),(83,11425,1),(83,11426,13),(83,11518,12),(84,11586,50),(85,11586,10),(84,11587,13),(84,11588,12),(85,11588,1),(84,11589,13),(85,11589,13),(84,11590,13),(84,11591,13),(84,11856,14),(85,11856,12),(85,11976,6),(85,11977,40),(86,12214,6),(87,12214,6),(86,12215,10),(87,12322,10),(88,12443,10),(89,12443,10),(144,12443,10),(88,12444,50),(88,12445,12),(88,12446,10),(88,12447,22),(89,12593,54),(89,12594,54),(89,12595,54),(89,12596,50),(90,12746,9),(91,12746,18),(92,12746,9),(93,12746,9),(94,12746,9),(110,12746,9),(111,12746,9),(112,12746,9),(113,12746,9),(90,12747,70),(90,12748,13),(94,12748,6),(90,12749,13),(90,12750,13),(90,12751,13),(90,12752,13),(93,12752,6),(90,12753,13),(91,13032,20),(91,13090,12),(143,13090,10),(92,13165,6),(142,13165,10),(92,13166,10),(93,13241,10),(94,13317,10),(95,13393,6),(122,13393,10),(95,13394,6),(122,13394,10),(95,13395,10),(95,13396,1),(122,13396,10),(95,13397,1),(122,13397,10),(96,13483,10),(96,13484,10),(97,13583,10),(98,13683,6),(145,13683,22),(98,13684,10),(99,13833,10),(99,13834,10),(100,13933,10),(100,13934,10),(101,14033,10),(101,14034,10),(101,14035,10),(102,14108,10),(102,14109,10),(102,14110,90),(102,14554,22),(158,14554,10),(103,14653,10),(105,14782,6),(152,14782,24),(105,14783,10),(81,14907,10),(83,14907,1),(84,14907,1),(85,14907,1),(81,14986,10),(82,14986,10),(82,15008,10),(106,15030,6),(107,15030,6),(106,15031,10),(107,15130,10),(108,15230,10),(109,15330,10),(110,15405,6),(111,15405,6),(112,15405,6),(113,15405,6),(114,15405,12),(115,15405,10),(116,15405,10),(117,15405,6),(124,15405,10),(110,15406,6),(114,15406,12),(125,15406,22),(145,15406,22),(186,15406,22),(110,15407,10),(111,15557,6),(116,15557,10),(111,15558,10),(112,15633,10),(113,15728,10),(114,15785,12),(115,15785,10),(116,15785,10),(117,15785,6),(124,15785,10),(144,15785,10),(114,15786,20),(115,15869,10),(116,15932,10),(117,16079,10),(83,17146,1),(83,17172,1),(83,17173,1),(8,17336,10),(9,17450,10),(12,17666,10),(13,17738,10),(14,17804,10),(16,17984,10),(17,18094,10),(18,18186,10),(188,18278,10),(20,18443,10),(24,18811,10),(25,18895,10),(26,18983,10),(57,19167,10),(58,19233,10),(59,19363,10),(60,19463,10),(61,19543,10),(62,19623,10),(63,19737,10),(64,19797,10),(65,19901,10),(66,20025,10),(68,20214,10),(69,20277,10),(70,20361,10),(71,20445,10),(72,20549,10),(73,20633,10),(74,20773,10),(75,20917,10),(76,21061,10),(76,21062,10),(77,21205,10),(78,21333,10),(79,21461,10),(80,21589,10),(81,21717,10),(82,21809,10),(83,21901,10),(84,22046,10),(85,22181,10),(86,22321,10),(87,22409,10),(88,22497,10),(89,22563,10),(90,22653,10),(90,22654,3),(91,22654,6),(92,22654,3),(93,22654,3),(94,22654,3),(110,22654,3),(111,22654,3),(112,22654,3),(113,22654,3),(91,22707,20),(92,22770,10),(93,22833,10),(94,22917,10),(95,22980,10),(96,23072,10),(97,23150,10),(98,23202,10),(99,23280,10),(100,23332,10),(101,23410,10),(102,23488,10),(103,23593,10),(105,23650,10),(106,23754,10),(107,23832,10),(108,23910,10),(109,23988,10),(110,24066,10),(111,24129,10),(112,24192,10),(113,24255,10),(114,24318,20),(115,24406,10),(116,24475,10),(117,24541,10),(29,24722,10),(31,24869,10),(157,24869,10),(32,24941,10),(33,25025,10),(34,25082,10),(35,25124,10),(36,25125,10),(37,25182,10),(38,25242,10),(39,25320,10),(40,25424,10),(41,25487,10),(42,25532,10),(43,25592,10),(44,25667,10),(45,25730,10),(46,25793,10),(47,25856,10),(48,25919,10),(49,25991,10),(50,26069,10),(51,26165,10),(52,26228,10),(53,26300,10),(54,26360,10),(55,26420,10),(56,26462,10),(98,26545,3),(103,26545,9),(105,26545,3),(106,26545,3),(107,26545,3),(108,26545,3),(109,26545,3),(114,26545,6),(117,26545,3),(118,26545,9),(119,26545,9),(121,26545,9),(86,26546,9),(87,26546,9),(103,26546,6),(105,26546,6),(107,26546,6),(108,26546,6),(117,26546,6),(118,26546,6),(121,26546,6),(8,26547,20),(118,26547,6),(121,26547,6),(127,26547,10),(173,26547,10),(174,26547,10),(175,26547,10),(176,26547,10),(177,26547,10),(178,26547,10),(188,26547,20),(8,26548,10),(90,26548,6),(118,26548,6),(121,26548,6),(127,26548,10),(129,26548,10),(153,26548,10),(154,26548,10),(155,26548,10),(156,26548,10),(157,26548,10),(158,26548,10),(159,26548,10),(160,26548,10),(161,26548,10),(162,26548,10),(163,26548,10),(164,26548,10),(165,26548,10),(171,26548,10),(173,26548,10),(174,26548,10),(175,26548,10),(176,26548,10),(177,26548,10),(178,26548,10),(179,26548,10),(180,26548,10),(181,26548,10),(184,26548,10),(185,26548,10),(84,26549,13),(112,26549,6),(117,26549,6),(118,26549,6),(121,26549,6),(125,26549,22),(127,26549,10),(83,26552,1),(84,26552,1),(85,26552,1),(86,26552,1),(87,26552,1),(90,26552,1),(91,26552,2),(92,26552,1),(93,26552,1),(94,26552,1),(98,26552,1),(103,26552,1),(105,26552,1),(106,26552,1),(107,26552,1),(108,26552,1),(109,26552,1),(110,26552,1),(111,26552,1),(112,26552,1),(113,26552,1),(114,26552,2),(117,26552,1),(118,26552,1),(119,26552,1),(121,26552,1),(86,26553,1),(87,26553,1),(90,26553,1),(91,26553,2),(92,26553,1),(93,26553,1),(94,26553,1),(98,26553,1),(103,26553,1),(105,26553,1),(106,26553,1),(107,26553,1),(108,26553,1),(109,26553,1),(110,26553,1),(111,26553,1),(112,26553,1),(113,26553,1),(114,26553,2),(117,26553,1),(118,26553,1),(119,26553,1),(121,26553,1),(86,26554,1),(87,26554,1),(90,26554,1),(91,26554,2),(92,26554,1),(93,26554,1),(94,26554,1),(98,26554,1),(103,26554,1),(105,26554,1),(106,26554,1),(107,26554,1),(108,26554,1),(109,26554,1),(110,26554,1),(111,26554,1),(112,26554,1),(113,26554,1),(114,26554,2),(117,26554,1),(118,26554,1),(119,26554,1),(121,26554,1),(86,26555,1),(87,26555,1),(90,26555,1),(91,26555,2),(92,26555,1),(93,26555,1),(94,26555,1),(98,26555,1),(103,26555,1),(105,26555,1),(106,26555,1),(107,26555,1),(108,26555,1),(109,26555,1),(110,26555,1),(111,26555,1),(112,26555,1),(113,26555,1),(114,26555,2),(117,26555,1),(118,26555,1),(119,26555,1),(121,26555,1),(83,26556,1),(84,26556,1),(85,26556,1),(86,26556,1),(87,26556,1),(90,26556,1),(91,26556,2),(92,26556,1),(93,26556,1),(94,26556,1),(103,26556,1),(110,26556,1),(111,26556,1),(112,26556,1),(113,26556,1),(114,26556,2),(117,26556,1),(118,26556,1),(119,26556,1),(121,26556,1),(90,26557,3),(91,26557,6),(92,26557,3),(93,26557,3),(94,26557,3),(98,26557,10),(103,26557,2),(105,26557,10),(106,26557,10),(107,26557,10),(108,26557,10),(109,26557,10),(110,26557,3),(111,26557,3),(112,26557,3),(113,26557,3),(118,26557,2),(119,26557,2),(121,26557,2),(83,26558,1),(84,26558,1),(85,26558,1),(86,26558,1),(87,26558,1),(90,26558,1),(91,26558,2),(92,26558,1),(93,26558,1),(94,26558,1),(103,26558,1),(110,26558,1),(111,26558,1),(112,26558,1),(113,26558,1),(114,26558,2),(117,26558,1),(118,26558,1),(119,26558,1),(121,26558,1),(83,26559,1),(84,26559,1),(85,26559,1),(86,26559,1),(87,26559,1),(90,26559,1),(91,26559,2),(92,26559,1),(93,26559,1),(94,26559,1),(103,26559,1),(110,26559,1),(111,26559,1),(112,26559,1),(113,26559,1),(114,26559,2),(117,26559,1),(118,26559,1),(119,26559,1),(121,26559,1),(86,26560,1),(87,26560,1),(90,26560,1),(91,26560,2),(92,26560,1),(93,26560,1),(94,26560,1),(103,26560,1),(110,26560,1),(111,26560,1),(112,26560,1),(113,26560,1),(114,26560,2),(117,26560,1),(118,26560,1),(119,26560,1),(121,26560,1),(86,26561,1),(87,26561,1),(90,26561,1),(91,26561,2),(92,26561,1),(93,26561,1),(94,26561,1),(103,26561,1),(110,26561,1),(111,26561,1),(112,26561,1),(113,26561,1),(114,26561,2),(117,26561,1),(118,26561,1),(119,26561,1),(121,26561,1),(83,26562,3),(84,26562,3),(85,26562,3),(86,26562,2),(87,26562,2),(90,26562,3),(91,26562,4),(92,26562,2),(93,26562,2),(94,26562,2),(98,26562,2),(103,26562,2),(105,26562,2),(106,26562,2),(107,26562,2),(108,26562,2),(109,26562,2),(110,26562,2),(111,26562,2),(112,26562,2),(113,26562,2),(114,26562,4),(117,26562,2),(118,26562,3),(119,26562,3),(121,26562,3),(118,26563,2),(119,26563,2),(121,26563,2),(83,26564,2),(84,26564,2),(85,26564,2),(86,26564,2),(87,26564,2),(90,26564,2),(91,26564,4),(92,26564,2),(93,26564,2),(94,26564,2),(98,26564,2),(105,26564,2),(106,26564,2),(107,26564,2),(108,26564,2),(109,26564,2),(110,26564,2),(111,26564,2),(112,26564,2),(113,26564,2),(114,26564,4),(117,26564,2),(118,26564,1),(119,26564,1),(121,26564,1),(83,26565,2),(84,26565,2),(85,26565,2),(86,26565,2),(87,26565,2),(90,26565,2),(91,26565,4),(92,26565,2),(93,26565,2),(94,26565,2),(98,26565,2),(105,26565,2),(106,26565,2),(107,26565,2),(108,26565,2),(109,26565,2),(110,26565,2),(111,26565,2),(112,26565,2),(113,26565,2),(114,26565,4),(117,26565,2),(118,26565,1),(119,26565,1),(121,26565,1),(83,26566,4),(84,26566,4),(85,26566,4),(86,26566,6),(87,26566,6),(90,26566,4),(91,26566,8),(92,26566,4),(93,26566,4),(94,26566,4),(98,26566,2),(103,26566,4),(105,26566,2),(106,26566,2),(107,26566,2),(108,26566,2),(109,26566,2),(110,26566,4),(111,26566,4),(112,26566,4),(113,26566,4),(114,26566,8),(117,26566,4),(118,26566,4),(119,26566,4),(121,26566,4),(83,26567,2),(84,26567,2),(85,26567,2),(86,26567,2),(87,26567,2),(90,26567,2),(91,26567,4),(92,26567,2),(93,26567,2),(94,26567,2),(98,26567,2),(103,26567,2),(105,26567,2),(106,26567,2),(107,26567,2),(108,26567,2),(109,26567,2),(110,26567,2),(111,26567,2),(112,26567,2),(113,26567,2),(114,26567,4),(117,26567,2),(118,26567,2),(119,26567,2),(121,26567,2),(103,26568,2),(118,26568,2),(119,26568,2),(121,26568,2),(103,26569,2),(118,26569,2),(119,26569,2),(121,26569,2),(8,26593,10),(83,26593,14),(88,26593,22),(89,26593,22),(95,26593,6),(108,26593,6),(122,26593,10),(125,26593,12),(144,26593,10),(150,26593,12),(152,26593,36),(186,26593,12),(188,26593,10),(8,26594,10),(8,26595,10),(120,26636,10),(9,26637,10),(12,26637,10),(49,26637,10),(63,26637,10),(86,26637,6),(87,26637,6),(119,26637,6),(9,26638,10),(12,26638,10),(119,26638,6),(9,26639,10),(12,26639,10),(119,26639,6),(152,26639,10),(9,26640,10),(9,26641,10),(118,26642,3),(119,26642,3),(120,26642,10),(121,26642,3),(127,26642,10),(86,26736,6),(87,26736,6),(90,26738,1),(12,26829,10),(13,26829,10),(14,26829,10),(72,26829,10),(73,26829,10),(119,26829,6),(12,26830,10),(13,26830,10),(14,26830,10),(72,26830,10),(73,26830,10),(119,26830,6),(13,26831,10),(13,26832,10),(12,26877,10),(12,26878,10),(14,26938,10),(14,26939,10),(17,26997,10),(18,26997,10),(34,26997,10),(39,26997,10),(44,26997,10),(57,26997,10),(31,26998,10),(43,26998,10),(57,26998,10),(157,26998,10),(159,26998,10),(172,26998,10),(85,26999,13),(57,27000,10),(57,27001,10),(33,27002,2),(34,27002,2),(35,27002,2),(36,27002,2),(37,27002,2),(38,27002,2),(39,27002,2),(40,27002,2),(41,27002,2),(42,27002,2),(43,27002,2),(44,27002,2),(45,27002,2),(46,27002,2),(47,27002,2),(48,27002,2),(49,27002,2),(50,27002,2),(51,27002,2),(52,27002,2),(53,27002,2),(54,27002,2),(55,27002,2),(56,27002,2),(57,27002,2),(58,27002,2),(59,27002,2),(60,27002,2),(61,27002,2),(62,27002,2),(63,27002,2),(64,27002,2),(65,27002,2),(66,27002,2),(69,27002,2),(70,27002,2),(71,27002,2),(72,27002,2),(73,27002,2),(74,27002,2),(75,27002,2),(76,27002,2),(77,27002,2),(78,27002,2),(79,27002,2),(80,27002,2),(81,27002,2),(82,27002,2),(83,27002,2),(84,27002,2),(85,27002,2),(86,27002,2),(87,27002,2),(88,27002,2),(90,27002,2),(91,27002,4),(92,27002,2),(93,27002,2),(94,27002,2),(95,27002,2),(96,27002,2),(97,27002,2),(98,27002,2),(99,27002,2),(100,27002,2),(101,27002,2),(102,27002,2),(105,27002,2),(106,27002,2),(107,27002,2),(108,27002,2),(109,27002,2),(110,27002,2),(111,27002,2),(112,27002,2),(113,27002,2),(114,27002,4),(115,27002,2),(116,27002,2),(117,27002,2),(122,27002,2),(123,27002,2),(124,27002,2),(125,27002,2),(127,27002,2),(128,27002,2),(129,27002,2),(134,27002,2),(135,27002,2),(136,27002,2),(137,27002,2),(138,27002,2),(139,27002,2),(140,27002,2),(141,27002,2),(142,27002,2),(143,27002,2),(144,27002,2),(145,27002,2),(149,27002,2),(150,27002,2),(151,27002,2),(152,27002,2),(153,27002,2),(154,27002,2),(155,27002,2),(156,27002,2),(157,27002,2),(158,27002,2),(159,27002,2),(160,27002,2),(161,27002,2),(162,27002,2),(163,27002,2),(164,27002,2),(165,27002,2),(167,27002,2),(168,27002,2),(169,27002,2),(170,27002,2),(171,27002,2),(172,27002,2),(173,27002,2),(174,27002,2),(175,27002,2),(176,27002,2),(177,27002,2),(178,27002,2),(179,27002,2),(180,27002,2),(181,27002,2),(182,27002,2),(183,27002,2),(184,27002,2),(185,27002,2),(186,27002,2),(58,27117,10),(60,27117,10),(48,27118,20),(49,27118,20),(50,27118,20),(51,27118,20),(52,27118,20),(58,27118,20),(59,27118,20),(96,27118,20),(97,27118,20),(98,27118,7),(99,27118,20),(100,27118,20),(101,27118,20),(102,27118,20),(105,27118,7),(106,27118,7),(107,27118,7),(108,27118,7),(109,27118,7),(138,27118,20),(139,27118,20),(140,27118,20),(141,27118,20),(142,27118,20),(143,27118,20),(150,27118,20),(58,27119,10),(58,27120,10),(48,27121,10),(49,27121,10),(50,27121,10),(51,27121,10),(52,27121,10),(58,27121,10),(59,27121,10),(96,27121,10),(97,27121,10),(98,27121,1),(99,27121,10),(100,27121,10),(101,27121,10),(102,27121,10),(105,27121,1),(106,27121,1),(107,27121,1),(108,27121,1),(109,27121,1),(138,27121,10),(139,27121,10),(140,27121,10),(141,27121,10),(142,27121,10),(143,27121,10),(150,27121,10),(48,27122,10),(49,27122,10),(50,27122,10),(51,27122,10),(52,27122,10),(58,27122,10),(59,27122,10),(96,27122,10),(97,27122,10),(98,27122,1),(99,27122,10),(100,27122,10),(101,27122,10),(102,27122,10),(105,27122,1),(106,27122,1),(107,27122,1),(108,27122,1),(109,27122,1),(138,27122,10),(139,27122,10),(140,27122,10),(141,27122,10),(142,27122,10),(143,27122,10),(150,27122,10),(48,27123,10),(49,27123,10),(50,27123,10),(51,27123,10),(52,27123,10),(58,27123,10),(59,27123,10),(96,27123,10),(97,27123,10),(98,27123,1),(99,27123,10),(100,27123,10),(101,27123,10),(102,27123,10),(105,27123,1),(106,27123,1),(107,27123,1),(108,27123,1),(109,27123,1),(138,27123,10),(139,27123,10),(140,27123,10),(141,27123,10),(142,27123,10),(143,27123,10),(150,27123,10),(48,27124,10),(49,27124,10),(50,27124,10),(51,27124,10),(52,27124,10),(58,27124,10),(59,27124,10),(96,27124,10),(97,27124,10),(98,27124,1),(99,27124,10),(100,27124,10),(101,27124,10),(102,27124,10),(105,27124,1),(106,27124,1),(107,27124,1),(108,27124,1),(109,27124,1),(138,27124,10),(139,27124,10),(140,27124,10),(141,27124,10),(142,27124,10),(143,27124,10),(150,27124,10),(48,27125,10),(49,27125,10),(50,27125,10),(51,27125,10),(52,27125,10),(58,27125,10),(59,27125,10),(96,27125,10),(97,27125,10),(98,27125,1),(99,27125,10),(100,27125,10),(101,27125,10),(102,27125,10),(105,27125,1),(106,27125,1),(107,27125,1),(108,27125,1),(109,27125,1),(138,27125,10),(139,27125,10),(140,27125,10),(141,27125,10),(142,27125,10),(143,27125,10),(150,27125,10),(48,27126,10),(49,27126,10),(50,27126,10),(51,27126,10),(52,27126,10),(58,27126,10),(59,27126,10),(96,27126,10),(97,27126,10),(98,27126,1),(99,27126,10),(100,27126,10),(101,27126,10),(102,27126,10),(105,27126,1),(106,27126,1),(107,27126,1),(108,27126,1),(109,27126,1),(138,27126,10),(139,27126,10),(140,27126,10),(141,27126,10),(142,27126,10),(143,27126,10),(150,27126,10),(58,27127,10),(96,27127,10),(97,27127,10),(98,27127,1),(99,27127,10),(100,27127,10),(101,27127,10),(102,27127,10),(105,27127,1),(106,27127,1),(107,27127,1),(108,27127,1),(109,27127,1),(138,27127,10),(139,27127,10),(140,27127,10),(141,27127,10),(142,27127,10),(143,27127,10),(150,27127,10),(48,27128,10),(49,27128,10),(50,27128,10),(51,27128,10),(52,27128,10),(58,27128,10),(59,27128,10),(64,27128,10),(71,27128,10),(73,27128,10),(74,27128,10),(75,27128,10),(76,27128,10),(96,27128,10),(97,27128,10),(98,27128,1),(99,27128,10),(100,27128,10),(101,27128,10),(102,27128,10),(105,27128,1),(106,27128,1),(107,27128,1),(108,27128,1),(109,27128,1),(134,27128,10),(135,27128,10),(136,27128,10),(137,27128,10),(138,27128,10),(139,27128,10),(140,27128,10),(141,27128,10),(142,27128,10),(143,27128,10),(145,27128,10),(149,27128,10),(150,27128,10),(152,27128,12),(186,27128,10),(48,27129,10),(49,27129,10),(50,27129,10),(51,27129,10),(52,27129,10),(58,27129,10),(59,27129,10),(96,27129,10),(97,27129,10),(98,27129,1),(99,27129,10),(100,27129,10),(101,27129,10),(102,27129,10),(105,27129,1),(106,27129,1),(107,27129,1),(108,27129,1),(109,27129,1),(138,27129,10),(139,27129,10),(140,27129,10),(141,27129,10),(142,27129,10),(143,27129,10),(150,27129,10),(48,27130,10),(49,27130,10),(50,27130,10),(51,27130,10),(52,27130,10),(58,27130,10),(59,27130,10),(96,27130,10),(97,27130,10),(98,27130,1),(99,27130,10),(100,27130,10),(101,27130,10),(102,27130,10),(105,27130,1),(106,27130,1),(107,27130,1),(108,27130,1),(109,27130,1),(138,27130,10),(139,27130,10),(140,27130,10),(141,27130,10),(142,27130,10),(143,27130,10),(150,27130,10),(48,27131,10),(49,27131,10),(50,27131,10),(51,27131,10),(52,27131,10),(58,27131,10),(59,27131,10),(96,27131,10),(97,27131,10),(98,27131,3),(99,27131,10),(100,27131,10),(101,27131,10),(102,27131,10),(105,27131,3),(106,27131,3),(107,27131,3),(108,27131,3),(109,27131,3),(138,27131,10),(139,27131,10),(140,27131,10),(141,27131,10),(142,27131,10),(143,27131,10),(150,27131,10),(98,27132,3),(101,27132,10),(102,27132,10),(105,27132,3),(106,27132,3),(107,27132,3),(108,27132,3),(109,27132,3),(49,27171,20),(59,27171,10),(102,27171,32),(150,27171,20),(152,27171,12),(59,27172,10),(59,27173,10),(48,27174,10),(49,27174,10),(50,27174,10),(51,27174,10),(52,27174,10),(59,27174,10),(70,27221,20),(86,27221,9),(87,27221,9),(184,27221,20),(185,27221,20),(86,27222,6),(97,27222,10),(138,27222,10),(139,27222,10),(140,27222,10),(141,27222,10),(142,27222,10),(143,27222,10),(60,27265,10),(61,27265,10),(60,27266,10),(60,27267,10),(95,27268,3),(122,27268,10),(125,27268,10),(16,27349,10),(70,27349,10),(87,27349,6),(16,27350,10),(16,27351,10),(61,27393,10),(61,27394,10),(61,27395,10),(108,27440,10),(108,27441,10),(17,27492,10),(17,27493,10),(62,27536,10),(63,27536,10),(64,27536,10),(152,27536,12),(62,27537,10),(62,27538,10),(80,27582,10),(109,27582,6),(115,27582,10),(186,27582,12),(83,27583,13),(85,27583,13),(102,27583,22),(106,27583,6),(109,27583,6),(115,27583,10),(125,27583,36),(109,27584,10),(109,27585,10),(18,27634,10),(18,27635,10),(31,27680,10),(43,27680,10),(46,27680,10),(47,27680,10),(53,27680,10),(54,27680,10),(55,27680,10),(56,27680,10),(90,27680,9),(91,27680,18),(92,27680,9),(93,27680,9),(94,27680,9),(110,27680,9),(111,27680,9),(112,27680,9),(113,27680,9),(157,27680,10),(158,27680,10),(159,27680,10),(160,27680,10),(161,27680,10),(172,27680,10),(179,27680,10),(90,27681,9),(91,27681,18),(92,27681,9),(93,27681,9),(94,27681,9),(110,27681,9),(111,27681,9),(112,27681,9),(113,27681,9),(110,27682,6),(111,27682,6),(112,27682,6),(113,27682,6),(114,27682,12),(115,27682,10),(116,27682,10),(117,27682,6),(124,27682,10),(110,27683,6),(114,27683,12),(124,27683,10),(125,27683,12),(145,27683,12),(186,27683,12),(110,27684,10),(110,27685,10),(90,27686,3),(91,27686,6),(92,27686,3),(93,27686,3),(94,27686,3),(110,27686,3),(111,27686,3),(112,27686,3),(113,27686,3),(63,27723,10),(63,27724,10),(63,27725,10),(188,27778,10),(188,27779,10),(188,27780,10),(64,27840,20),(71,27840,20),(64,27841,10),(71,27841,10),(64,27842,10),(64,27843,10),(64,27844,10),(71,27844,10),(64,27845,10),(71,27845,10),(64,27846,10),(71,27846,10),(64,27847,10),(71,27847,10),(64,27848,10),(71,27848,10),(81,27848,10),(82,27848,10),(64,27849,10),(71,27849,10),(111,27891,6),(116,27891,10),(111,27892,10),(111,27893,10),(125,27937,10),(20,27938,10),(20,27939,10),(65,27993,10),(65,27994,10),(112,28048,10),(112,28049,10),(66,28140,10),(68,28140,10),(89,28140,22),(184,28140,10),(185,28140,10),(66,28141,10),(66,28142,10),(113,28184,6),(152,28184,36),(113,28185,10),(113,28186,10),(33,28320,10),(36,28320,10),(38,28320,10),(42,28320,10),(43,28320,10),(45,28320,10),(69,28320,10),(70,28320,10),(91,28320,12),(92,28320,6),(93,28320,6),(94,28320,6),(128,28320,10),(167,28320,10),(168,28320,10),(169,28320,10),(170,28320,10),(172,28320,10),(182,28320,10),(183,28320,10),(80,28366,10),(123,28366,10),(126,28366,10),(128,28366,10),(145,28366,12),(152,28366,12),(114,28413,12),(115,28413,10),(116,28413,10),(117,28413,6),(124,28413,10),(98,28414,6),(102,28414,22),(114,28414,12),(124,28414,10),(114,28415,20),(114,28416,20),(103,28417,3),(114,28417,6),(117,28417,3),(73,28472,10),(74,28472,10),(75,28472,10),(76,28472,10),(134,28472,10),(135,28472,10),(136,28472,10),(137,28472,10),(145,28472,10),(149,28472,10),(186,28472,10),(74,28473,10),(74,28474,10),(73,28475,10),(74,28475,10),(75,28475,10),(76,28475,10),(134,28475,10),(135,28475,10),(136,28475,10),(137,28475,10),(145,28475,10),(149,28475,10),(186,28475,10),(73,28476,10),(74,28476,10),(75,28476,10),(76,28476,10),(134,28476,10),(135,28476,10),(136,28476,10),(137,28476,10),(145,28476,10),(149,28476,10),(186,28476,10),(73,28477,10),(74,28477,10),(75,28477,10),(76,28477,10),(88,28477,10),(89,28477,10),(134,28477,10),(135,28477,10),(136,28477,10),(137,28477,10),(144,28477,10),(145,28477,10),(149,28477,10),(151,28477,10),(186,28477,10),(73,28478,10),(74,28478,10),(75,28478,10),(76,28478,10),(134,28478,10),(135,28478,10),(136,28478,10),(137,28478,10),(145,28478,10),(149,28478,10),(186,28478,10),(73,28479,10),(74,28479,10),(75,28479,10),(76,28479,10),(134,28479,10),(135,28479,10),(136,28479,10),(137,28479,10),(145,28479,10),(149,28479,10),(186,28479,10),(73,28480,10),(74,28480,10),(75,28480,10),(76,28480,10),(134,28480,10),(135,28480,10),(136,28480,10),(137,28480,10),(145,28480,10),(149,28480,10),(186,28480,10),(73,28481,10),(74,28481,10),(75,28481,10),(76,28481,10),(134,28481,10),(135,28481,10),(136,28481,10),(137,28481,10),(145,28481,10),(149,28481,10),(186,28481,10),(73,28482,10),(74,28482,10),(75,28482,10),(76,28482,10),(134,28482,10),(135,28482,10),(136,28482,10),(137,28482,10),(145,28482,10),(149,28482,10),(186,28482,10),(73,28483,10),(74,28483,10),(75,28483,10),(76,28483,10),(134,28483,10),(135,28483,10),(136,28483,10),(137,28483,10),(145,28483,10),(149,28483,10),(186,28483,10),(73,28484,10),(74,28484,12),(75,28484,12),(76,28484,12),(134,28484,12),(135,28484,12),(136,28484,12),(137,28484,12),(145,28484,12),(149,28484,12),(186,28484,10),(73,28485,20),(74,28485,22),(75,28485,22),(76,28485,22),(134,28485,22),(135,28485,22),(136,28485,22),(137,28485,22),(145,28485,22),(149,28485,22),(186,28485,20),(73,28486,20),(74,28486,22),(75,28486,22),(76,28486,22),(134,28486,22),(135,28486,22),(136,28486,22),(137,28486,22),(145,28486,22),(149,28486,22),(186,28486,20),(73,28487,10),(74,28487,12),(75,28487,12),(76,28487,12),(134,28487,12),(135,28487,12),(136,28487,12),(137,28487,12),(145,28487,12),(149,28487,12),(186,28487,10),(73,28488,10),(74,28488,12),(75,28488,12),(76,28488,12),(134,28488,12),(135,28488,12),(136,28488,12),(137,28488,12),(145,28488,12),(149,28488,12),(186,28488,10),(73,28489,10),(74,28489,12),(75,28489,12),(76,28489,12),(134,28489,12),(135,28489,12),(136,28489,12),(137,28489,12),(145,28489,12),(149,28489,12),(186,28489,10),(103,28533,6),(24,28534,10),(24,28535,10),(115,28579,10),(115,28580,10),(68,28625,10),(68,28626,10),(70,28768,10),(70,28769,10),(25,28813,10),(25,28814,10),(69,28858,10),(69,28859,10),(69,28860,10),(117,28903,10),(117,28904,10),(116,29044,10),(116,29045,10),(71,29093,10),(71,29094,10),(84,29153,1),(85,29153,1),(90,29153,1),(102,29153,10),(73,29217,10),(73,29218,10),(103,29275,10),(103,29276,10),(26,29319,10),(26,29320,10),(75,29380,10),(75,29381,10),(29,29445,10),(29,29446,10),(29,29447,10),(106,29499,6),(107,29499,6),(107,29500,10),(107,29501,10),(72,29549,10),(72,29550,10),(32,29585,10),(33,29585,10),(34,29585,10),(52,29585,10),(34,29586,10),(34,29587,10),(32,29588,10),(33,29588,10),(34,29588,10),(35,29588,10),(36,29588,10),(129,29588,10),(153,29588,10),(154,29588,10),(155,29588,10),(156,29588,10),(162,29588,10),(163,29588,10),(164,29588,10),(171,29588,10),(106,29627,10),(106,29628,10),(81,29679,20),(82,29679,20),(83,29679,6),(84,29679,6),(85,29679,6),(81,29680,10),(82,29680,10),(81,29681,10),(82,29681,10),(81,29682,10),(82,29682,10),(81,29683,10),(83,29683,6),(81,29684,10),(81,29685,10),(81,29686,10),(82,29686,10),(81,29687,12),(82,29687,12),(83,29687,3),(84,29687,3),(85,29687,3),(86,29687,3),(87,29687,3),(81,29688,10),(82,29688,10),(83,29688,1),(84,29688,1),(85,29688,1),(81,29689,10),(83,29689,1),(84,29689,1),(85,29689,1),(81,29690,10),(82,29690,10),(81,29691,10),(82,29691,10),(83,29691,3),(84,29691,3),(85,29691,3),(88,29691,10),(89,29691,10),(144,29691,10),(151,29691,10),(152,29691,10),(32,29775,10),(32,29776,10),(82,29821,10),(84,29821,6),(82,29822,10),(82,29823,10),(82,29824,10),(76,29883,10),(76,29884,10),(33,29942,10),(33,29943,10),(80,29995,10),(80,29996,10),(92,30051,6),(92,30052,10),(92,30053,10),(35,30093,10),(36,30093,10),(102,30093,22),(150,30093,10),(153,30093,10),(154,30093,10),(155,30093,10),(156,30093,10),(158,30093,10),(160,30093,10),(161,30093,10),(162,30093,10),(163,30093,10),(164,30093,10),(165,30093,10),(171,30093,10),(179,30093,10),(180,30093,10),(181,30093,10),(36,30094,10),(36,30095,10),(86,30136,6),(87,30136,6),(87,30137,10),(87,30138,10),(78,30192,10),(78,30193,10),(31,30251,10),(43,30251,10),(157,30251,10),(159,30251,10),(172,30251,10),(31,30252,20),(43,30252,20),(157,30252,20),(159,30252,20),(172,30252,20),(31,30253,10),(31,30254,10),(157,30254,10),(31,30255,10),(38,30255,10),(39,30255,10),(40,30255,10),(43,30255,10),(157,30255,10),(159,30255,10),(167,30255,10),(168,30255,10),(169,30255,10),(170,30255,10),(172,30255,10),(182,30255,10),(183,30255,10),(31,30256,10),(43,30256,10),(46,30256,10),(47,30256,10),(48,30256,10),(49,30256,10),(50,30256,10),(51,30256,10),(52,30256,10),(157,30256,10),(159,30256,10),(172,30256,10),(179,30256,10),(31,30257,10),(43,30257,10),(46,30257,10),(47,30257,10),(157,30257,10),(159,30257,10),(172,30257,10),(179,30257,10),(100,30304,10),(100,30305,10),(100,30306,10),(77,30365,10),(77,30366,10),(35,30418,10),(35,30419,10),(79,30542,10),(79,30543,10),(83,30639,6),(84,30639,6),(85,30639,6),(84,30640,50),(85,30640,10),(84,30641,10),(84,30642,13),(84,30643,12),(85,30643,1),(84,30644,13),(85,30644,13),(84,30645,13),(84,30646,13),(83,30647,1),(84,30647,1),(85,30647,1),(84,30648,14),(85,30648,12),(44,30688,10),(45,30688,10),(44,30689,10),(45,30689,10),(44,30690,10),(44,30691,10),(40,30692,10),(41,30692,10),(42,30692,10),(44,30692,10),(45,30692,10),(128,30692,10),(165,30692,10),(180,30692,10),(181,30692,10),(105,30737,6),(152,30737,24),(105,30738,10),(105,30739,10),(37,30786,10),(37,30787,10),(86,30830,10),(86,30831,10),(102,30889,10),(150,30889,10),(102,30890,10),(150,30890,10),(102,30891,90),(102,30892,10),(51,30893,10),(102,30893,22),(150,30893,10),(102,30894,22),(150,30894,10),(55,30895,10),(102,30895,12),(129,30895,10),(144,30895,12),(45,30948,10),(45,30949,10),(88,30989,10),(89,30989,10),(144,30989,10),(151,30989,10),(89,30990,54),(89,30991,54),(89,30992,54),(89,30993,50),(89,30994,10),(40,30995,22),(89,30995,22),(38,30996,10),(39,30996,10),(40,30996,22),(89,30996,22),(167,30996,10),(168,30996,10),(169,30996,10),(170,30996,10),(182,30996,10),(183,30996,10),(101,31034,10),(101,31035,10),(101,31036,10),(101,31037,10),(56,31213,10),(53,31214,10),(54,31214,10),(55,31214,10),(56,31214,10),(56,31215,10),(56,31216,10),(53,31217,10),(54,31217,10),(55,31217,10),(56,31217,10),(158,31217,10),(160,31217,10),(161,31217,10),(99,31281,10),(54,31282,10),(99,31282,10),(150,31282,12),(151,31282,12),(99,31283,10),(99,31284,10),(83,31339,50),(83,31340,10),(83,31341,1),(83,31342,1),(83,31343,1),(83,31344,1),(83,31345,13),(85,31345,13),(83,31346,13),(85,31346,13),(83,31347,1),(83,31348,13),(83,31349,12),(90,31391,13),(94,31391,6),(94,31392,10),(94,31393,10),(85,31442,6),(85,31443,40),(85,31444,10),(41,31486,10),(42,31486,10),(128,31486,10),(41,31487,10),(41,31488,10),(98,31529,6),(145,31529,12),(98,31530,10),(98,31531,10),(38,31639,10),(39,31639,10),(167,31639,10),(168,31639,10),(169,31639,10),(170,31639,10),(182,31639,10),(183,31639,10),(38,31640,10),(39,31640,10),(167,31640,10),(168,31640,10),(169,31640,10),(170,31640,10),(182,31640,10),(183,31640,10),(38,31641,10),(38,31642,10),(88,31689,50),(88,31690,10),(88,31691,12),(144,31691,12),(151,31691,12),(88,31692,10),(144,31692,10),(151,31692,10),(88,31693,22),(144,31693,10),(151,31693,10),(39,31783,10),(39,31784,10),(97,31891,10),(97,31892,10),(40,31996,10),(40,31997,30),(40,31998,10),(96,32045,10),(96,32046,10),(96,32047,10),(90,32101,70),(90,32102,10),(90,32103,13),(90,32104,13),(90,32105,13),(90,32106,13),(93,32106,6),(90,32107,13),(42,32146,10),(42,32147,10),(95,32186,6),(122,32186,10),(95,32187,6),(122,32187,10),(95,32188,10),(95,32189,10),(95,32190,1),(122,32190,10),(95,32191,1),(122,32191,10),(93,32232,10),(93,32233,10),(43,32280,10),(43,32281,10),(91,32329,12),(91,32330,20),(91,32331,20),(55,32373,10),(145,32373,12),(55,32374,10),(55,32375,10),(55,32376,10),(46,32416,10),(47,32416,10),(46,32417,10),(46,32418,10),(48,32464,10),(48,32465,10),(48,32466,10),(48,32467,10),(49,32467,10),(50,32467,10),(51,32467,10),(52,32467,10),(54,32512,10),(54,32513,10),(47,32554,10),(47,32555,10),(51,32599,10),(51,32600,10),(53,32644,10),(144,32644,12),(53,32645,10),(53,32646,10),(49,32691,10),(50,32691,10),(49,32692,10),(49,32693,10),(49,32694,10),(49,32695,10),(49,32696,10),(49,32697,10),(52,32747,10),(52,32748,10),(50,32875,10),(50,32876,10),(118,40544,6),(119,40544,6),(120,40544,10),(149,40544,10),(119,40545,10),(119,40546,10),(119,40564,10),(119,40565,10),(118,40873,10),(118,40874,10),(118,40893,10),(118,40894,10),(120,41323,10),(120,41324,10),(120,41341,10),(120,41342,10),(121,41610,6),(121,41611,10),(121,41612,10),(121,41630,10),(121,41631,10),(95,42053,9),(101,42053,10),(102,42053,10),(115,42053,10),(116,42053,10),(120,42053,20),(122,42053,20),(123,42053,20),(124,42053,10),(125,42053,20),(127,42053,20),(102,42054,22),(116,42054,10),(125,42054,66),(95,42055,1),(101,42055,10),(102,42055,10),(115,42055,10),(116,42055,10),(120,42055,10),(122,42055,10),(123,42055,10),(124,42055,10),(125,42055,10),(127,42055,10),(129,42055,10),(95,42056,1),(101,42056,10),(102,42056,10),(115,42056,10),(116,42056,10),(120,42056,10),(122,42056,10),(123,42056,10),(124,42056,10),(125,42056,10),(127,42056,10),(129,42056,10),(95,42057,1),(101,42057,10),(102,42057,10),(115,42057,10),(116,42057,10),(120,42057,10),(122,42057,10),(123,42057,10),(124,42057,10),(125,42057,10),(127,42057,10),(129,42057,10),(95,42058,1),(101,42058,10),(102,42058,10),(115,42058,10),(116,42058,10),(120,42058,10),(122,42058,10),(123,42058,10),(124,42058,10),(125,42058,10),(127,42058,10),(129,42058,10),(95,42059,1),(115,42059,10),(116,42059,10),(120,42059,10),(122,42059,10),(123,42059,10),(124,42059,10),(125,42059,10),(127,42059,10),(95,42060,1),(115,42060,10),(116,42060,10),(120,42060,10),(122,42060,10),(123,42060,10),(124,42060,10),(125,42060,10),(127,42060,10),(95,42061,1),(115,42061,10),(116,42061,10),(120,42061,10),(122,42061,10),(123,42061,10),(124,42061,10),(125,42061,10),(127,42061,10),(95,42062,1),(115,42062,10),(116,42062,10),(120,42062,10),(122,42062,10),(123,42062,10),(124,42062,10),(125,42062,10),(127,42062,10),(95,42063,1),(115,42063,10),(116,42063,10),(120,42063,10),(122,42063,10),(123,42063,10),(124,42063,10),(125,42063,10),(127,42063,10),(95,42064,2),(101,42064,12),(102,42064,12),(115,42064,12),(116,42064,12),(120,42064,12),(122,42064,2),(123,42064,2),(124,42064,12),(125,42064,12),(127,42064,2),(129,42064,12),(8,42066,10),(34,42066,2),(52,42066,2),(70,42066,2),(71,42066,2),(72,42066,2),(73,42066,2),(74,42066,2),(75,42066,2),(76,42066,2),(77,42066,2),(78,42066,2),(79,42066,2),(80,42066,2),(81,42066,2),(82,42066,2),(88,42066,2),(95,42066,2),(96,42066,2),(97,42066,2),(99,42066,2),(100,42066,2),(101,42066,2),(102,42066,2),(115,42066,2),(116,42066,2),(122,42066,2),(123,42066,2),(124,42066,2),(125,42066,2),(126,42066,10),(127,42066,2),(128,42066,2),(129,42066,2),(138,42066,2),(139,42066,2),(140,42066,2),(141,42066,2),(142,42066,2),(143,42066,2),(144,42066,2),(149,42066,2),(150,42066,2),(152,42066,2),(153,42066,2),(154,42066,2),(155,42066,2),(157,42066,2),(158,42066,2),(159,42066,2),(160,42066,2),(161,42066,2),(162,42066,2),(163,42066,2),(164,42066,2),(167,42066,2),(168,42066,2),(170,42066,2),(171,42066,2),(172,42066,2),(173,42066,2),(174,42066,2),(175,42066,2),(176,42066,2),(177,42066,2),(178,42066,2),(180,42066,2),(181,42066,2),(182,42066,2),(183,42066,2),(184,42066,2),(185,42066,2),(186,42066,2),(8,42067,10),(34,42067,2),(52,42067,2),(70,42067,2),(71,42067,2),(72,42067,2),(73,42067,2),(74,42067,2),(75,42067,2),(76,42067,2),(77,42067,2),(78,42067,2),(79,42067,2),(80,42067,2),(81,42067,2),(82,42067,2),(88,42067,2),(95,42067,2),(96,42067,2),(97,42067,2),(99,42067,2),(100,42067,2),(101,42067,2),(102,42067,2),(115,42067,2),(116,42067,2),(122,42067,2),(123,42067,2),(124,42067,2),(125,42067,2),(126,42067,10),(127,42067,2),(128,42067,2),(129,42067,2),(138,42067,2),(139,42067,2),(140,42067,2),(141,42067,2),(142,42067,2),(143,42067,2),(144,42067,2),(149,42067,2),(150,42067,2),(152,42067,2),(153,42067,2),(154,42067,2),(155,42067,2),(157,42067,2),(158,42067,2),(159,42067,2),(160,42067,2),(161,42067,2),(162,42067,2),(163,42067,2),(164,42067,2),(167,42067,2),(168,42067,2),(170,42067,2),(171,42067,2),(172,42067,2),(173,42067,2),(174,42067,2),(175,42067,2),(176,42067,2),(177,42067,2),(178,42067,2),(180,42067,2),(181,42067,2),(182,42067,2),(183,42067,2),(184,42067,2),(185,42067,2),(186,42067,2),(95,42068,6),(101,42068,2),(102,42068,2),(115,42068,4),(116,42068,4),(120,42068,4),(122,42068,6),(123,42068,4),(124,42068,4),(125,42068,4),(127,42068,4),(129,42068,2),(120,42069,2),(120,42070,2),(95,42076,9),(101,42076,10),(102,42076,10),(115,42076,10),(116,42076,10),(120,42076,20),(122,42076,20),(123,42076,20),(124,42076,10),(125,42076,20),(127,42076,20),(102,42077,22),(116,42077,10),(125,42077,46),(127,42077,10),(95,42078,1),(101,42078,10),(102,42078,10),(115,42078,10),(116,42078,10),(120,42078,10),(122,42078,10),(123,42078,10),(124,42078,10),(125,42078,10),(127,42078,10),(95,42079,1),(101,42079,10),(102,42079,10),(115,42079,10),(116,42079,10),(120,42079,10),(122,42079,10),(123,42079,10),(124,42079,10),(125,42079,10),(127,42079,10),(95,42080,1),(101,42080,10),(102,42080,10),(115,42080,10),(116,42080,10),(120,42080,10),(122,42080,10),(123,42080,10),(124,42080,10),(125,42080,10),(127,42080,10),(95,42081,1),(101,42081,10),(102,42081,10),(115,42081,10),(116,42081,10),(120,42081,10),(122,42081,10),(123,42081,10),(124,42081,10),(125,42081,10),(127,42081,10),(95,42082,1),(115,42082,10),(116,42082,10),(120,42082,10),(122,42082,10),(123,42082,10),(124,42082,10),(125,42082,10),(127,42082,10),(95,42083,1),(101,42083,30),(102,42083,30),(120,42083,20),(122,42083,10),(123,42083,20),(125,42083,20),(127,42083,20),(129,42083,10),(95,42084,1),(115,42084,10),(116,42084,10),(120,42084,10),(122,42084,10),(123,42084,10),(124,42084,10),(125,42084,10),(127,42084,10),(95,42085,1),(115,42085,10),(116,42085,10),(120,42085,10),(122,42085,10),(123,42085,10),(124,42085,10),(125,42085,10),(127,42085,10),(95,42086,1),(115,42086,10),(116,42086,10),(120,42086,10),(122,42086,10),(123,42086,10),(124,42086,10),(125,42086,10),(127,42086,10),(95,42087,1),(115,42087,10),(116,42087,10),(120,42087,10),(122,42087,10),(123,42087,10),(124,42087,10),(125,42087,10),(127,42087,10),(95,42088,2),(101,42088,2),(102,42088,12),(115,42088,2),(116,42088,2),(120,42088,12),(122,42088,2),(123,42088,12),(124,42088,2),(125,42088,12),(127,42088,12),(129,42088,2),(120,42089,20),(123,42089,20),(125,42089,20),(127,42089,20),(95,42090,2),(101,42090,2),(102,42090,2),(115,42090,2),(116,42090,2),(120,42090,10),(122,42090,2),(123,42090,12),(124,42090,2),(125,42090,12),(127,42090,12),(129,42090,2),(95,42091,2),(101,42091,2),(102,42091,2),(115,42091,2),(116,42091,2),(120,42091,10),(122,42091,2),(123,42091,12),(124,42091,2),(125,42091,12),(127,42091,12),(129,42091,2),(95,42092,6),(101,42092,2),(102,42092,2),(115,42092,4),(116,42092,4),(120,42092,4),(122,42092,6),(123,42092,4),(124,42092,4),(125,42092,4),(127,42092,4),(129,42092,2),(95,42093,2),(101,42093,2),(102,42093,2),(115,42093,2),(116,42093,2),(120,42093,2),(122,42093,2),(123,42093,2),(124,42093,2),(125,42093,2),(127,42093,2),(129,42093,2),(120,42094,2),(120,42095,2),(123,42603,10),(123,42635,10),(122,42919,10),(122,42920,10),(122,42942,10),(122,42943,10),(24,43303,10),(25,43303,10),(26,43303,10),(123,43303,10),(126,43303,10),(145,43303,10),(123,43304,10),(123,43305,10),(24,43306,10),(25,43306,10),(26,43306,10),(115,43306,10),(116,43306,10),(123,43306,10),(124,43306,10),(126,43306,10),(145,43306,10),(186,43306,10),(24,43323,10),(25,43323,10),(26,43323,10),(123,43323,10),(126,43323,10),(123,43324,10),(123,43325,10),(24,43326,10),(25,43326,10),(26,43326,10),(115,43326,10),(116,43326,10),(123,43326,10),(124,43326,10),(126,43326,10),(145,43326,10),(186,43326,10),(124,43372,10),(145,43372,22),(124,43373,10),(124,43374,10),(124,43394,10),(124,43395,10),(125,43642,10),(125,43643,70),(125,43644,10),(125,43661,70),(125,43662,10),(125,44214,22),(125,44235,12),(125,44312,44),(125,44336,24),(126,44859,10),(126,44860,10),(126,44882,10),(126,44883,10),(127,45239,10),(127,45240,10),(127,45259,10),(127,45260,10),(128,45561,10),(128,45562,10),(128,45576,10),(128,45577,10),(129,45849,10),(129,45850,10),(129,45858,10),(129,45859,10),(101,45905,10),(102,45905,10),(115,45905,10),(116,45905,10),(120,45905,10),(124,45905,10),(129,45905,10),(101,45906,10),(102,45906,10),(115,45906,10),(116,45906,10),(120,45906,10),(124,45906,10),(129,45906,10),(102,46806,10),(77,48118,10),(78,48118,10),(79,48118,10),(80,48118,10),(130,48118,10),(148,48118,10),(188,48118,10),(77,48119,10),(78,48119,10),(79,48119,10),(80,48119,10),(130,48119,10),(142,48119,10),(143,48119,10),(147,48119,10),(148,48119,10),(188,48119,10),(9,48120,10),(71,48120,10),(130,48120,10),(130,48121,10),(130,48122,10),(77,48124,10),(78,48124,10),(79,48124,10),(80,48124,10),(130,48124,10),(148,48124,10),(188,48124,10),(77,48125,10),(78,48125,10),(79,48125,10),(80,48125,10),(130,48125,10),(148,48125,10),(188,48125,10),(77,48126,10),(78,48126,10),(79,48126,10),(80,48126,10),(130,48126,10),(148,48126,10),(188,48126,10),(73,48127,10),(74,48127,10),(75,48127,10),(76,48127,10),(77,48127,10),(78,48127,10),(79,48127,10),(80,48127,10),(130,48127,10),(148,48127,10),(149,48127,10),(188,48127,10),(130,48128,10),(188,48128,10),(14,48129,10),(72,48129,10),(77,48129,10),(78,48129,10),(79,48129,10),(80,48129,10),(130,48129,10),(77,48130,10),(78,48130,10),(79,48130,10),(80,48130,10),(130,48130,10),(188,48130,10),(77,48131,10),(78,48131,10),(79,48131,10),(80,48131,10),(130,48131,10),(148,48131,10),(188,48131,10),(77,48132,10),(78,48132,10),(79,48132,10),(80,48132,10),(130,48132,10),(148,48132,10),(188,48132,10),(77,48133,10),(78,48133,10),(79,48133,10),(80,48133,10),(130,48133,10),(148,48133,10),(188,48133,10),(9,48146,10),(71,48146,10),(72,48146,10),(73,48146,10),(130,48146,10),(146,48146,10),(147,48146,10),(148,48146,10),(149,48146,10),(77,48151,10),(78,48151,10),(79,48151,10),(80,48151,10),(130,48151,10),(148,48151,10),(188,48151,10),(77,48152,10),(78,48152,10),(79,48152,10),(80,48152,10),(126,48152,10),(130,48152,10),(148,48152,10),(188,48152,10),(9,48153,10),(71,48153,10),(130,48153,10),(146,48153,10),(147,48153,10),(148,48153,10),(130,48154,10),(130,48155,10),(77,48157,10),(78,48157,10),(79,48157,10),(80,48157,10),(130,48157,10),(148,48157,10),(188,48157,10),(77,48158,10),(78,48158,10),(79,48158,10),(80,48158,10),(130,48158,10),(148,48158,10),(188,48158,10),(77,48159,10),(78,48159,10),(79,48159,10),(80,48159,10),(130,48159,10),(148,48159,10),(188,48159,10),(73,48160,10),(74,48160,10),(75,48160,10),(76,48160,10),(77,48160,10),(78,48160,10),(79,48160,10),(80,48160,10),(130,48160,10),(148,48160,10),(149,48160,10),(186,48160,10),(188,48160,10),(130,48161,10),(148,48161,10),(188,48161,10),(14,48162,10),(72,48162,10),(77,48162,10),(78,48162,10),(79,48162,10),(80,48162,10),(130,48162,10),(148,48162,10),(77,48163,10),(78,48163,10),(79,48163,10),(80,48163,10),(130,48163,10),(148,48163,10),(188,48163,10),(77,48165,10),(78,48165,10),(79,48165,10),(80,48165,10),(130,48165,10),(148,48165,10),(188,48165,10),(77,48166,10),(78,48166,10),(79,48166,10),(80,48166,10),(130,48166,10),(148,48166,10),(188,48166,10),(77,48167,10),(78,48167,10),(79,48167,10),(80,48167,10),(130,48167,10),(148,48167,10),(188,48167,10),(9,48181,10),(71,48181,10),(72,48181,10),(73,48181,10),(130,48181,10),(146,48181,10),(147,48181,10),(148,48181,10),(149,48181,10),(29,48502,10),(131,48502,10),(131,48504,40),(131,48505,10),(89,48507,10),(131,48507,10),(144,48507,10),(145,48507,10),(150,48507,10),(151,48507,10),(152,48507,10),(186,48507,10),(24,48509,10),(131,48509,22),(145,48509,22),(150,48509,22),(151,48509,22),(152,48509,24),(175,48509,10),(177,48509,10),(31,48521,10),(43,48521,10),(44,48521,10),(62,48521,10),(65,48521,10),(69,48521,10),(78,48521,10),(88,48521,10),(96,48521,10),(97,48521,10),(130,48521,10),(131,48521,10),(31,48522,10),(43,48522,10),(44,48522,10),(62,48522,10),(65,48522,10),(69,48522,10),(78,48522,10),(88,48522,10),(96,48522,10),(97,48522,10),(130,48522,10),(131,48522,10),(29,48523,10),(131,48523,10),(167,48523,10),(168,48523,10),(169,48523,10),(170,48523,10),(183,48523,10),(29,48524,10),(96,48524,10),(97,48524,10),(99,48524,10),(100,48524,10),(131,48524,10),(138,48524,10),(139,48524,10),(140,48524,10),(141,48524,10),(142,48524,10),(143,48524,10),(150,48524,10),(167,48524,10),(168,48524,10),(169,48524,10),(170,48524,10),(183,48524,10),(29,48525,10),(131,48525,10),(167,48525,10),(168,48525,10),(169,48525,10),(170,48525,10),(183,48525,10),(29,48526,10),(131,48526,10),(167,48526,10),(168,48526,10),(169,48526,10),(170,48526,10),(183,48526,10),(29,48530,10),(131,48530,10),(131,48532,40),(131,48533,10),(89,48535,10),(131,48535,10),(150,48535,10),(24,48537,10),(131,48537,22),(145,48537,12),(150,48537,22),(151,48537,12),(152,48537,24),(29,48552,10),(131,48552,10),(167,48552,10),(168,48552,10),(169,48552,10),(170,48552,10),(183,48552,10),(29,48553,10),(96,48553,10),(97,48553,10),(99,48553,10),(100,48553,10),(131,48553,10),(138,48553,10),(139,48553,10),(140,48553,10),(141,48553,10),(142,48553,10),(143,48553,10),(150,48553,10),(167,48553,10),(168,48553,10),(169,48553,10),(170,48553,10),(183,48553,10),(29,48554,10),(131,48554,10),(167,48554,10),(168,48554,10),(169,48554,10),(170,48554,10),(183,48554,10),(77,48555,10),(78,48555,10),(79,48555,10),(80,48555,10),(89,48555,20),(130,48555,10),(131,48555,10),(148,48555,10),(167,48555,10),(168,48555,10),(170,48555,10),(183,48555,10),(188,48555,10),(29,48556,10),(131,48556,10),(167,48556,10),(168,48556,10),(169,48556,10),(170,48556,10),(183,48556,10),(8,48951,20),(70,48951,20),(74,48951,10),(75,48951,10),(77,48951,10),(78,48951,10),(88,48951,10),(100,48951,10),(126,48951,10),(131,48951,22),(140,48951,10),(144,48951,22),(149,48951,10),(152,48951,72),(167,48951,10),(168,48951,10),(173,48951,10),(174,48951,10),(176,48951,10),(184,48951,20),(185,48951,20),(186,48951,66),(31,48952,10),(43,48952,10),(57,48952,10),(75,48952,10),(78,48952,10),(88,48952,22),(132,48952,10),(152,48952,12),(159,48952,20),(172,48952,10),(174,48952,10),(186,48952,22),(132,48953,10),(132,48954,10),(8,48973,20),(70,48973,20),(74,48973,10),(75,48973,10),(77,48973,10),(78,48973,10),(88,48973,10),(100,48973,10),(131,48973,22),(144,48973,22),(149,48973,10),(150,48973,10),(152,48973,72),(167,48973,10),(168,48973,10),(170,48973,10),(173,48973,10),(174,48973,10),(175,48973,10),(176,48973,10),(177,48973,10),(178,48973,10),(182,48973,10),(183,48973,10),(184,48973,20),(185,48973,20),(186,48973,46),(31,48974,10),(43,48974,10),(57,48974,10),(75,48974,10),(78,48974,10),(88,48974,22),(132,48974,10),(144,48974,10),(151,48974,10),(152,48974,12),(157,48974,10),(159,48974,10),(172,48974,10),(186,48974,12),(132,48975,10),(132,48976,10),(8,49184,10),(70,49184,10),(71,49184,10),(72,49184,10),(73,49184,10),(74,49184,20),(75,49184,20),(76,49184,20),(77,49184,20),(78,49184,20),(79,49184,20),(80,49184,20),(96,49184,10),(97,49184,10),(99,49184,10),(100,49184,10),(126,49184,20),(130,49184,10),(131,49184,10),(138,49184,10),(139,49184,10),(140,49184,10),(141,49184,10),(142,49184,10),(143,49184,10),(146,49184,20),(147,49184,10),(148,49184,10),(149,49184,10),(150,49184,20),(152,49184,10),(173,49184,10),(174,49184,10),(175,49184,10),(176,49184,10),(177,49184,10),(178,49184,10),(182,49184,10),(184,49184,10),(185,49184,10),(186,49184,30),(74,49185,10),(75,49185,10),(76,49185,10),(77,49185,10),(78,49185,10),(79,49185,10),(80,49185,10),(132,49185,10),(133,49185,10),(150,49185,10),(72,49186,10),(73,49186,10),(76,49186,10),(79,49186,10),(96,49186,10),(97,49186,10),(131,49186,22),(133,49186,10),(145,49186,44),(150,49186,44),(151,49186,22),(152,49186,72),(157,49186,10),(159,49186,20),(170,49186,10),(172,49186,10),(178,49186,10),(179,49186,10),(183,49186,10),(186,49186,66),(74,49187,10),(76,49187,10),(77,49187,10),(79,49187,10),(88,49187,22),(133,49187,10),(145,49187,22),(152,49187,24),(168,49187,20),(169,49187,20),(186,49187,44),(133,49188,10),(133,49189,10),(8,49190,10),(34,49190,20),(52,49190,10),(70,49190,10),(71,49190,10),(72,49190,10),(73,49190,10),(74,49190,10),(75,49190,10),(76,49190,10),(77,49190,10),(78,49190,10),(79,49190,10),(80,49190,10),(81,49190,10),(82,49190,10),(88,49190,10),(89,49190,10),(96,49190,10),(97,49190,10),(99,49190,10),(100,49190,10),(126,49190,10),(128,49190,20),(130,49190,10),(131,49190,10),(138,49190,10),(139,49190,10),(140,49190,10),(141,49190,10),(142,49190,10),(143,49190,10),(144,49190,10),(146,49190,10),(147,49190,10),(148,49190,10),(149,49190,10),(150,49190,10),(152,49190,10),(153,49190,20),(154,49190,20),(155,49190,20),(157,49190,20),(158,49190,10),(159,49190,20),(160,49190,10),(161,49190,10),(162,49190,20),(163,49190,10),(164,49190,20),(167,49190,10),(168,49190,10),(170,49190,10),(171,49190,20),(172,49190,10),(173,49190,10),(174,49190,10),(175,49190,10),(176,49190,10),(177,49190,10),(178,49190,10),(180,49190,10),(181,49190,10),(182,49190,10),(183,49190,10),(184,49190,10),(185,49190,10),(186,49190,10),(8,49191,10),(34,49191,10),(52,49191,10),(70,49191,10),(71,49191,10),(72,49191,10),(77,49191,10),(78,49191,10),(79,49191,10),(80,49191,10),(81,49191,10),(82,49191,10),(88,49191,10),(89,49191,10),(96,49191,10),(97,49191,10),(99,49191,10),(100,49191,10),(126,49191,10),(128,49191,10),(130,49191,10),(131,49191,10),(138,49191,10),(139,49191,10),(140,49191,10),(141,49191,10),(142,49191,10),(143,49191,10),(144,49191,10),(146,49191,10),(147,49191,10),(148,49191,10),(150,49191,10),(152,49191,10),(153,49191,10),(154,49191,10),(155,49191,10),(158,49191,10),(160,49191,10),(161,49191,10),(162,49191,10),(163,49191,10),(164,49191,10),(167,49191,10),(168,49191,10),(170,49191,10),(171,49191,10),(172,49191,10),(173,49191,10),(174,49191,10),(175,49191,10),(176,49191,10),(177,49191,10),(178,49191,10),(180,49191,10),(181,49191,10),(182,49191,10),(183,49191,10),(184,49191,10),(185,49191,10),(186,49191,10),(8,49192,10),(34,49192,10),(52,49192,10),(70,49192,10),(71,49192,10),(72,49192,10),(73,49192,10),(74,49192,10),(75,49192,10),(76,49192,10),(77,49192,10),(78,49192,10),(79,49192,10),(80,49192,10),(81,49192,10),(82,49192,10),(88,49192,10),(89,49192,10),(96,49192,10),(97,49192,10),(99,49192,10),(100,49192,10),(126,49192,10),(128,49192,10),(130,49192,10),(131,49192,10),(138,49192,10),(139,49192,10),(140,49192,10),(141,49192,10),(142,49192,10),(143,49192,10),(144,49192,10),(146,49192,10),(147,49192,10),(148,49192,10),(149,49192,10),(150,49192,10),(152,49192,10),(153,49192,10),(154,49192,10),(155,49192,10),(158,49192,10),(160,49192,10),(161,49192,10),(162,49192,10),(163,49192,10),(164,49192,10),(167,49192,10),(168,49192,10),(170,49192,10),(171,49192,10),(172,49192,10),(173,49192,10),(174,49192,10),(175,49192,10),(176,49192,10),(177,49192,10),(178,49192,10),(180,49192,10),(181,49192,10),(182,49192,10),(183,49192,10),(184,49192,10),(185,49192,10),(186,49192,10),(8,49193,10),(34,49193,10),(52,49193,10),(70,49193,10),(71,49193,10),(72,49193,10),(73,49193,10),(74,49193,10),(75,49193,10),(76,49193,10),(77,49193,10),(78,49193,10),(79,49193,10),(80,49193,10),(81,49193,10),(82,49193,10),(88,49193,10),(89,49193,10),(96,49193,10),(97,49193,10),(99,49193,10),(100,49193,10),(126,49193,10),(128,49193,10),(130,49193,10),(131,49193,10),(138,49193,10),(139,49193,10),(140,49193,10),(141,49193,10),(142,49193,10),(143,49193,10),(144,49193,10),(146,49193,10),(147,49193,10),(148,49193,10),(149,49193,10),(150,49193,10),(152,49193,10),(153,49193,10),(154,49193,10),(155,49193,10),(158,49193,10),(160,49193,10),(161,49193,10),(162,49193,10),(163,49193,10),(164,49193,10),(167,49193,10),(168,49193,10),(170,49193,10),(171,49193,10),(172,49193,10),(173,49193,10),(174,49193,10),(175,49193,10),(176,49193,10),(177,49193,10),(178,49193,10),(180,49193,10),(181,49193,10),(182,49193,10),(183,49193,10),(184,49193,10),(185,49193,10),(186,49193,10),(8,49194,10),(70,49194,10),(71,49194,10),(72,49194,10),(73,49194,10),(74,49194,10),(75,49194,10),(76,49194,10),(77,49194,10),(78,49194,10),(79,49194,10),(80,49194,10),(126,49194,10),(130,49194,10),(131,49194,10),(144,49194,10),(146,49194,10),(147,49194,10),(148,49194,10),(149,49194,10),(154,49194,10),(157,49194,10),(158,49194,10),(159,49194,10),(160,49194,10),(161,49194,10),(162,49194,10),(163,49194,10),(167,49194,10),(168,49194,10),(170,49194,10),(172,49194,10),(173,49194,10),(174,49194,10),(175,49194,10),(176,49194,10),(177,49194,10),(178,49194,10),(182,49194,10),(183,49194,10),(184,49194,10),(185,49194,10),(186,49194,10),(8,49195,10),(70,49195,10),(71,49195,10),(72,49195,10),(73,49195,10),(74,49195,10),(75,49195,10),(76,49195,10),(77,49195,10),(78,49195,10),(79,49195,10),(80,49195,10),(126,49195,10),(130,49195,10),(131,49195,10),(146,49195,10),(147,49195,10),(148,49195,10),(149,49195,10),(154,49195,10),(157,49195,10),(158,49195,10),(159,49195,10),(160,49195,10),(161,49195,10),(162,49195,10),(163,49195,10),(167,49195,10),(168,49195,10),(170,49195,10),(172,49195,10),(173,49195,10),(174,49195,10),(175,49195,10),(176,49195,10),(177,49195,10),(178,49195,10),(182,49195,10),(183,49195,10),(184,49195,10),(185,49195,10),(186,49195,30),(8,49196,10),(70,49196,10),(71,49196,10),(72,49196,10),(73,49196,20),(74,49196,20),(75,49196,20),(76,49196,20),(77,49196,10),(78,49196,10),(79,49196,10),(80,49196,10),(81,49196,10),(82,49196,10),(126,49196,10),(130,49196,10),(131,49196,10),(144,49196,10),(146,49196,10),(147,49196,10),(148,49196,10),(149,49196,20),(154,49196,10),(157,49196,10),(158,49196,10),(159,49196,10),(160,49196,10),(161,49196,10),(162,49196,10),(163,49196,10),(167,49196,10),(168,49196,10),(170,49196,10),(172,49196,10),(173,49196,10),(174,49196,10),(175,49196,10),(176,49196,10),(177,49196,10),(178,49196,10),(182,49196,10),(183,49196,10),(184,49196,10),(185,49196,10),(186,49196,50),(8,49197,10),(70,49197,10),(71,49197,10),(72,49197,10),(73,49197,10),(74,49197,10),(75,49197,10),(76,49197,10),(77,49197,10),(78,49197,10),(79,49197,10),(80,49197,10),(126,49197,10),(130,49197,10),(131,49197,10),(144,49197,10),(146,49197,10),(147,49197,10),(148,49197,10),(149,49197,10),(154,49197,10),(157,49197,10),(158,49197,10),(159,49197,10),(160,49197,10),(161,49197,10),(162,49197,10),(163,49197,10),(167,49197,10),(168,49197,10),(170,49197,10),(172,49197,10),(173,49197,10),(174,49197,10),(175,49197,10),(176,49197,10),(177,49197,10),(178,49197,10),(182,49197,10),(183,49197,10),(184,49197,10),(185,49197,10),(186,49197,10),(8,49198,10),(70,49198,10),(71,49198,10),(72,49198,10),(73,49198,10),(74,49198,10),(75,49198,10),(76,49198,10),(77,49198,10),(78,49198,10),(79,49198,10),(80,49198,10),(126,49198,10),(130,49198,10),(131,49198,10),(144,49198,10),(146,49198,10),(147,49198,10),(148,49198,10),(149,49198,10),(154,49198,10),(157,49198,10),(158,49198,10),(159,49198,10),(160,49198,10),(161,49198,10),(162,49198,10),(163,49198,10),(167,49198,10),(168,49198,10),(170,49198,10),(172,49198,10),(173,49198,10),(174,49198,10),(175,49198,10),(176,49198,10),(177,49198,10),(178,49198,10),(182,49198,10),(183,49198,10),(184,49198,10),(185,49198,10),(186,49198,10),(8,49199,12),(34,49199,2),(52,49199,2),(70,49199,2),(71,49199,2),(72,49199,2),(73,49199,12),(74,49199,12),(75,49199,12),(76,49199,12),(77,49199,2),(78,49199,12),(79,49199,2),(80,49199,2),(81,49199,12),(82,49199,12),(88,49199,22),(89,49199,20),(96,49199,12),(97,49199,12),(99,49199,2),(100,49199,2),(126,49199,12),(128,49199,2),(130,49199,12),(131,49199,12),(138,49199,2),(139,49199,2),(140,49199,2),(141,49199,2),(142,49199,2),(143,49199,2),(144,49199,12),(146,49199,2),(147,49199,2),(148,49199,2),(149,49199,2),(150,49199,12),(152,49199,12),(153,49199,2),(154,49199,2),(155,49199,2),(157,49199,2),(158,49199,12),(159,49199,2),(160,49199,12),(161,49199,12),(162,49199,2),(163,49199,12),(164,49199,2),(167,49199,2),(168,49199,2),(170,49199,2),(171,49199,2),(172,49199,2),(173,49199,2),(174,49199,2),(175,49199,2),(176,49199,2),(177,49199,2),(178,49199,2),(180,49199,2),(181,49199,2),(182,49199,2),(183,49199,2),(184,49199,2),(185,49199,2),(186,49199,12),(8,49200,20),(126,49200,20),(130,49200,10),(131,49200,10),(73,49201,10),(74,49201,10),(75,49201,10),(76,49201,10),(81,49201,10),(82,49201,10),(89,49201,10),(132,49201,10),(133,49201,10),(74,49202,10),(75,49202,10),(76,49202,10),(77,49202,10),(78,49202,10),(79,49202,10),(80,49202,10),(132,49202,10),(133,49202,10),(182,49202,10),(8,49203,4),(34,49203,2),(52,49203,2),(70,49203,4),(71,49203,4),(72,49203,6),(73,49203,4),(74,49203,4),(75,49203,4),(76,49203,4),(77,49203,8),(78,49203,8),(79,49203,8),(80,49203,8),(81,49203,4),(82,49203,4),(88,49203,2),(96,49203,2),(97,49203,2),(99,49203,2),(100,49203,2),(126,49203,4),(128,49203,2),(130,49203,10),(131,49203,4),(138,49203,2),(139,49203,2),(140,49203,2),(141,49203,2),(142,49203,2),(143,49203,2),(144,49203,4),(146,49203,4),(147,49203,4),(148,49203,6),(149,49203,4),(150,49203,2),(152,49203,4),(153,49203,2),(154,49203,4),(155,49203,2),(157,49203,4),(158,49203,4),(159,49203,4),(160,49203,4),(161,49203,4),(162,49203,2),(163,49203,4),(164,49203,2),(167,49203,4),(168,49203,4),(170,49203,4),(171,49203,2),(172,49203,4),(173,49203,4),(174,49203,4),(175,49203,4),(176,49203,4),(177,49203,4),(178,49203,4),(180,49203,2),(181,49203,2),(182,49203,4),(183,49203,4),(184,49203,4),(185,49203,4),(186,49203,6),(8,49204,2),(126,49204,2),(130,49204,2),(131,49204,2),(146,49204,2),(147,49204,2),(148,49204,2),(8,49205,2),(126,49205,2),(130,49205,2),(131,49205,2),(146,49205,2),(147,49205,2),(148,49205,2),(8,49206,10),(70,49206,10),(71,49206,10),(72,49206,10),(73,49206,10),(74,49206,20),(75,49206,20),(76,49206,20),(77,49206,20),(78,49206,20),(79,49206,20),(80,49206,20),(96,49206,10),(97,49206,10),(99,49206,10),(100,49206,10),(126,49206,20),(130,49206,10),(131,49206,10),(138,49206,10),(139,49206,10),(140,49206,10),(141,49206,10),(142,49206,10),(143,49206,10),(146,49206,20),(147,49206,20),(148,49206,10),(149,49206,20),(150,49206,10),(173,49206,10),(174,49206,10),(175,49206,10),(176,49206,10),(177,49206,10),(178,49206,10),(182,49206,10),(184,49206,10),(185,49206,10),(186,49206,20),(74,49207,10),(75,49207,10),(76,49207,10),(77,49207,10),(78,49207,10),(79,49207,10),(80,49207,10),(132,49207,10),(133,49207,10),(134,49207,10),(135,49207,10),(136,49207,10),(137,49207,10),(145,49207,10),(149,49207,10),(186,49207,10),(76,49208,10),(79,49208,10),(96,49208,10),(97,49208,10),(131,49208,22),(133,49208,10),(138,49208,10),(139,49208,10),(140,49208,10),(141,49208,10),(142,49208,10),(143,49208,10),(145,49208,24),(150,49208,34),(151,49208,12),(152,49208,72),(157,49208,10),(159,49208,10),(172,49208,10),(186,49208,36),(74,49209,10),(76,49209,10),(77,49209,10),(79,49209,10),(88,49209,22),(133,49209,10),(134,49209,10),(135,49209,10),(136,49209,10),(137,49209,10),(144,49209,10),(145,49209,22),(149,49209,10),(151,49209,10),(152,49209,24),(173,49209,10),(174,49209,10),(175,49209,10),(176,49209,10),(177,49209,10),(178,49209,10),(186,49209,34),(133,49210,10),(133,49211,10),(8,49212,10),(34,49212,20),(52,49212,10),(70,49212,10),(71,49212,10),(72,49212,10),(73,49212,10),(74,49212,10),(75,49212,10),(76,49212,10),(77,49212,10),(78,49212,10),(79,49212,10),(80,49212,10),(81,49212,10),(82,49212,10),(88,49212,10),(89,49212,10),(96,49212,10),(97,49212,10),(99,49212,10),(100,49212,10),(126,49212,10),(128,49212,20),(130,49212,10),(131,49212,10),(138,49212,10),(139,49212,10),(140,49212,10),(141,49212,10),(142,49212,10),(143,49212,10),(144,49212,10),(146,49212,10),(147,49212,10),(148,49212,10),(149,49212,10),(150,49212,10),(153,49212,20),(154,49212,20),(155,49212,20),(157,49212,10),(158,49212,20),(159,49212,10),(160,49212,20),(161,49212,20),(162,49212,20),(163,49212,20),(164,49212,20),(167,49212,10),(168,49212,10),(170,49212,10),(171,49212,20),(172,49212,10),(173,49212,10),(174,49212,10),(175,49212,10),(176,49212,10),(177,49212,10),(178,49212,10),(180,49212,20),(181,49212,20),(182,49212,10),(183,49212,10),(184,49212,10),(185,49212,10),(186,49212,10),(8,49213,10),(34,49213,10),(52,49213,10),(70,49213,10),(71,49213,10),(72,49213,10),(77,49213,10),(78,49213,10),(79,49213,10),(80,49213,10),(81,49213,10),(82,49213,10),(88,49213,10),(89,49213,10),(96,49213,10),(97,49213,10),(99,49213,10),(100,49213,10),(126,49213,10),(128,49213,10),(130,49213,10),(131,49213,10),(138,49213,10),(139,49213,10),(140,49213,10),(141,49213,10),(142,49213,10),(143,49213,10),(144,49213,10),(146,49213,10),(147,49213,10),(148,49213,10),(150,49213,10),(153,49213,10),(154,49213,10),(155,49213,10),(158,49213,10),(160,49213,10),(161,49213,10),(162,49213,10),(163,49213,10),(164,49213,10),(167,49213,10),(168,49213,10),(170,49213,10),(171,49213,10),(172,49213,10),(173,49213,10),(174,49213,10),(175,49213,10),(176,49213,10),(177,49213,10),(178,49213,10),(180,49213,10),(181,49213,10),(182,49213,10),(183,49213,10),(184,49213,10),(185,49213,10),(8,49214,10),(34,49214,10),(52,49214,10),(70,49214,10),(71,49214,10),(72,49214,10),(73,49214,10),(74,49214,10),(75,49214,10),(76,49214,10),(77,49214,10),(78,49214,10),(79,49214,10),(80,49214,10),(81,49214,10),(82,49214,10),(88,49214,10),(89,49214,10),(96,49214,10),(97,49214,10),(99,49214,10),(100,49214,10),(126,49214,10),(128,49214,10),(130,49214,10),(131,49214,10),(138,49214,10),(139,49214,10),(140,49214,10),(141,49214,10),(142,49214,10),(143,49214,10),(144,49214,10),(146,49214,10),(147,49214,10),(148,49214,10),(149,49214,10),(150,49214,10),(153,49214,10),(154,49214,10),(155,49214,10),(158,49214,10),(160,49214,10),(161,49214,10),(162,49214,10),(163,49214,10),(164,49214,10),(167,49214,10),(168,49214,10),(170,49214,10),(171,49214,10),(172,49214,10),(173,49214,10),(174,49214,10),(175,49214,10),(176,49214,10),(177,49214,10),(178,49214,10),(180,49214,10),(181,49214,10),(182,49214,10),(183,49214,10),(184,49214,10),(185,49214,10),(186,49214,10),(8,49215,10),(34,49215,10),(52,49215,10),(70,49215,10),(71,49215,10),(72,49215,10),(73,49215,10),(74,49215,10),(75,49215,10),(76,49215,10),(77,49215,10),(78,49215,10),(79,49215,10),(80,49215,10),(81,49215,10),(82,49215,10),(88,49215,10),(89,49215,10),(96,49215,10),(97,49215,10),(99,49215,10),(100,49215,10),(126,49215,10),(128,49215,10),(130,49215,10),(131,49215,10),(138,49215,10),(139,49215,10),(140,49215,10),(141,49215,10),(142,49215,10),(143,49215,10),(144,49215,10),(146,49215,10),(147,49215,10),(148,49215,10),(149,49215,10),(150,49215,10),(153,49215,10),(154,49215,10),(155,49215,10),(158,49215,10),(160,49215,10),(161,49215,10),(162,49215,10),(163,49215,10),(164,49215,10),(167,49215,10),(168,49215,10),(170,49215,10),(171,49215,10),(172,49215,10),(173,49215,10),(174,49215,10),(175,49215,10),(176,49215,10),(177,49215,10),(178,49215,10),(180,49215,10),(181,49215,10),(182,49215,10),(183,49215,10),(184,49215,10),(185,49215,10),(186,49215,10),(8,49216,10),(70,49216,10),(71,49216,10),(72,49216,10),(73,49216,10),(74,49216,10),(75,49216,10),(76,49216,10),(77,49216,10),(78,49216,10),(79,49216,10),(80,49216,10),(126,49216,10),(130,49216,10),(131,49216,10),(146,49216,10),(147,49216,10),(148,49216,10),(149,49216,10),(153,49216,10),(154,49216,10),(155,49216,10),(157,49216,10),(158,49216,10),(159,49216,10),(160,49216,10),(161,49216,10),(162,49216,10),(163,49216,10),(164,49216,10),(167,49216,10),(168,49216,10),(170,49216,10),(171,49216,10),(172,49216,10),(173,49216,10),(174,49216,10),(175,49216,10),(176,49216,10),(177,49216,10),(178,49216,10),(180,49216,10),(181,49216,10),(182,49216,10),(183,49216,10),(184,49216,10),(185,49216,10),(186,49216,10),(8,49217,20),(34,49217,10),(52,49217,30),(70,49217,10),(71,49217,10),(73,49217,20),(74,49217,20),(75,49217,20),(76,49217,20),(77,49217,10),(78,49217,10),(79,49217,10),(80,49217,10),(81,49217,10),(82,49217,10),(96,49217,30),(97,49217,30),(99,49217,30),(100,49217,30),(126,49217,20),(128,49217,20),(130,49217,20),(131,49217,10),(138,49217,30),(139,49217,30),(140,49217,30),(141,49217,30),(142,49217,30),(143,49217,30),(146,49217,20),(147,49217,20),(148,49217,20),(149,49217,20),(150,49217,30),(153,49217,30),(154,49217,30),(155,49217,30),(157,49217,30),(158,49217,20),(159,49217,30),(160,49217,20),(161,49217,20),(162,49217,30),(163,49217,30),(164,49217,30),(171,49217,30),(172,49217,20),(173,49217,30),(174,49217,30),(175,49217,30),(176,49217,30),(177,49217,30),(178,49217,30),(180,49217,30),(181,49217,30),(184,49217,10),(185,49217,10),(186,49217,20),(8,49218,10),(70,49218,10),(71,49218,10),(72,49218,10),(73,49218,10),(74,49218,10),(75,49218,10),(76,49218,10),(77,49218,10),(78,49218,10),(79,49218,10),(80,49218,10),(126,49218,10),(130,49218,10),(131,49218,10),(146,49218,10),(147,49218,10),(148,49218,10),(149,49218,10),(153,49218,10),(154,49218,10),(155,49218,10),(157,49218,10),(158,49218,10),(159,49218,10),(160,49218,10),(161,49218,10),(162,49218,10),(163,49218,10),(164,49218,10),(167,49218,10),(168,49218,10),(170,49218,10),(171,49218,10),(172,49218,10),(173,49218,10),(174,49218,10),(175,49218,10),(176,49218,10),(177,49218,10),(178,49218,10),(180,49218,10),(181,49218,10),(182,49218,10),(183,49218,10),(184,49218,10),(185,49218,10),(186,49218,10),(8,49219,10),(70,49219,10),(71,49219,10),(72,49219,10),(73,49219,20),(74,49219,20),(75,49219,20),(76,49219,20),(77,49219,10),(78,49219,10),(79,49219,10),(80,49219,10),(81,49219,10),(82,49219,10),(126,49219,10),(130,49219,10),(131,49219,10),(146,49219,10),(147,49219,10),(148,49219,10),(149,49219,20),(153,49219,10),(154,49219,10),(155,49219,10),(157,49219,10),(158,49219,10),(159,49219,10),(160,49219,10),(161,49219,10),(162,49219,10),(163,49219,10),(164,49219,10),(167,49219,10),(168,49219,10),(170,49219,10),(171,49219,10),(172,49219,10),(173,49219,10),(174,49219,10),(175,49219,10),(176,49219,10),(177,49219,10),(178,49219,10),(180,49219,10),(181,49219,10),(182,49219,10),(183,49219,10),(184,49219,10),(185,49219,10),(186,49219,20),(8,49220,10),(70,49220,10),(71,49220,10),(72,49220,10),(73,49220,10),(74,49220,10),(75,49220,10),(76,49220,10),(77,49220,10),(78,49220,10),(79,49220,10),(80,49220,10),(126,49220,10),(130,49220,10),(131,49220,10),(146,49220,10),(147,49220,10),(148,49220,10),(149,49220,10),(153,49220,10),(154,49220,10),(155,49220,10),(157,49220,10),(158,49220,10),(159,49220,10),(160,49220,10),(161,49220,10),(162,49220,10),(163,49220,10),(164,49220,10),(167,49220,10),(168,49220,10),(170,49220,10),(171,49220,10),(172,49220,10),(173,49220,10),(174,49220,10),(175,49220,10),(176,49220,10),(177,49220,10),(178,49220,10),(180,49220,10),(181,49220,10),(182,49220,10),(183,49220,10),(184,49220,10),(185,49220,10),(186,49220,10),(8,49221,10),(70,49221,10),(71,49221,10),(72,49221,10),(73,49221,10),(74,49221,10),(75,49221,10),(76,49221,10),(77,49221,10),(78,49221,10),(79,49221,10),(80,49221,10),(126,49221,10),(130,49221,10),(131,49221,10),(146,49221,10),(147,49221,10),(148,49221,10),(149,49221,10),(153,49221,10),(154,49221,10),(155,49221,10),(157,49221,10),(158,49221,10),(159,49221,10),(160,49221,10),(161,49221,10),(162,49221,10),(163,49221,10),(164,49221,10),(167,49221,10),(168,49221,10),(170,49221,10),(171,49221,10),(172,49221,10),(173,49221,10),(174,49221,10),(175,49221,10),(176,49221,10),(177,49221,10),(178,49221,10),(180,49221,10),(181,49221,10),(182,49221,10),(183,49221,10),(184,49221,10),(185,49221,10),(186,49221,10),(8,49222,12),(34,49222,2),(52,49222,2),(70,49222,2),(71,49222,2),(72,49222,2),(73,49222,2),(74,49222,2),(75,49222,2),(76,49222,2),(77,49222,2),(78,49222,2),(79,49222,2),(80,49222,2),(81,49222,2),(82,49222,2),(88,49222,12),(89,49222,10),(96,49222,2),(97,49222,2),(99,49222,2),(100,49222,2),(126,49222,12),(128,49222,2),(130,49222,12),(131,49222,12),(138,49222,2),(139,49222,2),(140,49222,2),(141,49222,2),(142,49222,2),(143,49222,2),(144,49222,12),(146,49222,12),(147,49222,12),(148,49222,12),(149,49222,2),(150,49222,12),(152,49222,2),(153,49222,2),(154,49222,2),(155,49222,2),(157,49222,12),(158,49222,2),(159,49222,12),(160,49222,2),(161,49222,2),(162,49222,2),(163,49222,2),(164,49222,2),(167,49222,2),(168,49222,2),(170,49222,2),(171,49222,2),(172,49222,2),(173,49222,12),(174,49222,12),(175,49222,12),(176,49222,12),(177,49222,12),(178,49222,12),(180,49222,2),(181,49222,2),(182,49222,2),(183,49222,2),(184,49222,2),(185,49222,2),(186,49222,2),(8,49223,20),(126,49223,20),(130,49223,20),(131,49223,20),(146,49223,20),(147,49223,20),(148,49223,20),(157,49223,20),(159,49223,20),(173,49223,20),(174,49223,20),(175,49223,20),(176,49223,20),(177,49223,20),(178,49223,20),(8,49224,10),(34,49224,2),(52,49224,2),(70,49224,2),(71,49224,2),(72,49224,2),(73,49224,2),(74,49224,2),(75,49224,2),(76,49224,2),(77,49224,2),(78,49224,2),(79,49224,2),(80,49224,2),(81,49224,2),(82,49224,2),(88,49224,2),(96,49224,2),(97,49224,2),(99,49224,2),(100,49224,2),(126,49224,10),(128,49224,2),(130,49224,10),(131,49224,10),(138,49224,2),(139,49224,2),(140,49224,2),(141,49224,2),(142,49224,2),(143,49224,2),(144,49224,2),(146,49224,10),(147,49224,10),(148,49224,10),(149,49224,2),(150,49224,2),(152,49224,2),(153,49224,2),(154,49224,2),(155,49224,2),(157,49224,12),(158,49224,2),(159,49224,12),(160,49224,2),(161,49224,2),(162,49224,2),(163,49224,2),(164,49224,2),(167,49224,2),(168,49224,2),(170,49224,2),(171,49224,2),(172,49224,2),(173,49224,12),(174,49224,12),(175,49224,12),(176,49224,12),(177,49224,12),(178,49224,12),(180,49224,2),(181,49224,2),(182,49224,2),(183,49224,2),(184,49224,2),(185,49224,2),(186,49224,2),(8,49225,10),(34,49225,2),(52,49225,2),(70,49225,2),(71,49225,2),(72,49225,2),(73,49225,2),(74,49225,2),(75,49225,2),(76,49225,2),(77,49225,2),(78,49225,2),(79,49225,2),(80,49225,2),(81,49225,2),(82,49225,2),(88,49225,2),(96,49225,2),(97,49225,2),(99,49225,2),(100,49225,2),(126,49225,10),(128,49225,2),(130,49225,10),(131,49225,10),(138,49225,2),(139,49225,2),(140,49225,2),(141,49225,2),(142,49225,2),(143,49225,2),(144,49225,2),(146,49225,10),(147,49225,10),(148,49225,10),(149,49225,2),(150,49225,2),(152,49225,2),(153,49225,2),(154,49225,2),(155,49225,2),(157,49225,12),(158,49225,2),(159,49225,12),(160,49225,2),(161,49225,2),(162,49225,2),(163,49225,2),(164,49225,2),(167,49225,2),(168,49225,2),(170,49225,2),(171,49225,2),(172,49225,2),(173,49225,12),(174,49225,12),(175,49225,12),(176,49225,12),(177,49225,12),(178,49225,12),(180,49225,2),(181,49225,2),(182,49225,2),(183,49225,2),(184,49225,2),(185,49225,2),(186,49225,2),(74,49226,10),(75,49226,10),(76,49226,10),(77,49226,10),(78,49226,10),(79,49226,10),(80,49226,10),(132,49226,10),(133,49226,10),(182,49226,10),(8,49227,4),(34,49227,2),(52,49227,2),(70,49227,4),(71,49227,4),(72,49227,6),(73,49227,4),(74,49227,4),(75,49227,4),(76,49227,4),(77,49227,8),(78,49227,8),(79,49227,8),(80,49227,8),(81,49227,4),(82,49227,4),(88,49227,2),(96,49227,2),(97,49227,2),(99,49227,2),(100,49227,2),(126,49227,4),(128,49227,2),(130,49227,10),(131,49227,4),(138,49227,2),(139,49227,2),(140,49227,2),(141,49227,2),(142,49227,2),(143,49227,2),(144,49227,4),(146,49227,4),(147,49227,4),(148,49227,6),(149,49227,4),(150,49227,2),(152,49227,4),(153,49227,2),(154,49227,4),(155,49227,2),(157,49227,4),(158,49227,4),(159,49227,4),(160,49227,4),(161,49227,4),(162,49227,2),(163,49227,4),(164,49227,2),(167,49227,4),(168,49227,4),(170,49227,4),(171,49227,2),(172,49227,4),(173,49227,4),(174,49227,4),(175,49227,4),(176,49227,4),(177,49227,4),(178,49227,4),(180,49227,2),(181,49227,2),(182,49227,4),(183,49227,4),(184,49227,4),(185,49227,4),(186,49227,6),(8,49228,2),(34,49228,2),(52,49228,2),(70,49228,2),(71,49228,2),(72,49228,2),(73,49228,12),(74,49228,14),(75,49228,14),(76,49228,14),(77,49228,2),(78,49228,2),(79,49228,2),(80,49228,2),(81,49228,2),(82,49228,2),(88,49228,2),(96,49228,2),(97,49228,2),(99,49228,2),(100,49228,2),(126,49228,2),(128,49228,2),(130,49228,2),(131,49228,2),(138,49228,2),(139,49228,2),(140,49228,2),(141,49228,2),(142,49228,2),(143,49228,2),(144,49228,2),(146,49228,2),(147,49228,2),(148,49228,2),(149,49228,14),(150,49228,2),(152,49228,2),(153,49228,2),(154,49228,2),(155,49228,2),(157,49228,2),(158,49228,2),(159,49228,2),(160,49228,2),(161,49228,2),(162,49228,2),(163,49228,2),(164,49228,2),(167,49228,2),(168,49228,2),(170,49228,2),(171,49228,2),(172,49228,2),(173,49228,2),(174,49228,2),(175,49228,2),(176,49228,2),(177,49228,2),(178,49228,2),(180,49228,2),(181,49228,2),(182,49228,2),(183,49228,2),(184,49228,2),(185,49228,2),(186,49228,12),(8,49229,2),(126,49229,2),(130,49229,2),(131,49229,2),(146,49229,2),(147,49229,2),(148,49229,2),(8,49230,2),(126,49230,2),(130,49230,2),(131,49230,2),(146,49230,2),(147,49230,2),(148,49230,2),(134,49369,10),(134,49370,10),(134,49405,10),(134,49406,10),(135,50039,10),(135,50040,10),(135,50041,10),(135,50073,10),(135,50074,10),(136,50335,10),(136,50336,10),(136,50369,10),(136,50370,10),(137,51001,10),(137,51002,10),(137,51035,10),(137,51036,10),(138,61052,10),(138,61053,10),(138,61054,10),(138,61055,10),(138,61078,10),(138,61079,10),(139,61327,10),(139,61328,10),(139,61329,10),(139,61353,10),(139,61354,10),(140,61657,10),(140,61658,10),(140,61659,10),(140,61683,10),(140,61684,10),(141,62042,10),(141,62043,10),(141,62044,10),(141,62045,10),(141,62069,10),(141,62070,10),(142,62528,10),(142,62529,10),(142,62554,10),(142,62555,10),(143,62858,10),(143,62859,10),(143,62884,10),(143,62885,10),(144,63188,50),(144,63189,10),(144,63190,22),(154,63190,10),(155,63190,10),(171,63190,10),(144,63214,50),(144,63215,10),(144,63360,12),(145,64158,70),(145,64159,10),(145,64202,70),(145,64203,10),(145,65665,12),(145,65806,2),(146,66089,10),(146,66090,10),(146,66106,10),(146,66107,10),(146,66375,10),(147,66375,10),(148,66375,10),(147,66416,10),(147,66417,10),(147,66435,10),(147,66436,10),(148,66792,10),(148,66793,10),(148,66819,10),(148,66820,10),(149,66821,10),(149,66822,10),(149,66855,10),(149,66856,10),(150,67007,50),(150,67008,10),(150,67009,22),(150,67045,50),(150,67046,10),(150,68047,12),(151,68302,10),(151,68303,10),(151,68304,70),(151,68305,10),(151,68306,22),(151,68307,22),(151,68329,70),(151,68330,10),(151,69021,12),(151,69068,12),(9,69335,10),(12,69335,10),(152,69335,20),(152,69336,170),(152,69337,10),(152,69338,10),(152,69339,10),(152,69340,10),(152,69350,10),(152,69351,170),(152,69352,10),(152,70596,12),(152,70623,12),(152,70690,12),(152,70720,12),(152,70968,24),(152,71002,24),(153,71331,10),(153,71332,10),(153,71345,10),(153,71346,10),(154,71934,10),(154,71935,10),(154,71953,10),(154,71954,10),(155,72244,10),(155,72245,10),(155,72258,10),(155,72259,10),(156,72489,10),(156,72490,10),(156,72491,10),(156,72503,10),(156,72504,10),(157,72769,10),(157,72788,10),(158,73091,10),(158,73092,10),(158,73109,10),(158,73110,10),(159,73452,10),(159,73453,10),(159,73454,10),(159,73471,10),(159,73472,10),(160,73818,10),(160,73820,10),(160,73821,10),(160,73839,10),(160,73840,10),(161,74162,10),(161,74163,10),(161,74164,10),(161,74165,10),(161,74183,10),(161,74184,10),(162,74377,10),(162,74378,10),(162,74379,10),(162,74380,10),(162,74398,10),(162,74399,10),(163,74750,10),(163,74751,10),(163,74752,10),(163,74769,10),(163,74770,10),(164,75105,10),(164,75106,10),(164,75119,10),(164,75120,10),(165,75385,10),(165,75386,10),(165,75387,10),(165,75399,10),(165,75400,10),(167,75665,10),(167,75666,10),(167,75691,10),(167,75692,10),(168,76205,10),(168,76206,10),(168,76231,10),(168,76232,10),(169,76583,10),(169,76584,10),(169,76609,10),(169,76610,10),(170,77015,10),(170,77016,10),(170,77039,10),(170,77040,10),(171,77275,10),(171,77276,10),(171,77277,10),(171,77290,10),(171,77291,10),(172,77669,10),(172,77670,10),(172,77694,10),(172,77695,10),(173,79554,10),(173,79555,10),(173,79556,20),(174,79556,20),(175,79556,20),(176,79556,20),(177,79556,20),(178,79556,20),(173,79574,10),(173,79575,10),(173,79576,10),(174,79576,10),(175,79576,10),(176,79576,10),(177,79576,10),(178,79576,10),(174,79974,10),(174,79975,10),(174,79995,10),(174,79996,10),(176,80158,10),(175,80159,10),(176,80178,10),(175,80179,10),(175,80293,10),(175,80313,10),(176,80383,10),(176,80403,10),(177,80698,10),(177,80699,10),(177,80718,10),(177,80719,10),(178,80878,10),(178,80879,10),(178,80898,10),(178,80899,10),(179,85995,10),(179,85996,10),(179,85997,10),(179,86010,10),(179,86011,10),(180,86262,10),(181,86262,10),(180,86263,10),(180,86264,10),(180,86265,10),(180,86278,10),(180,86279,10),(181,86484,10),(181,86485,10),(181,86486,10),(181,86499,10),(181,86500,10),(183,86770,10),(183,86771,10),(183,86794,10),(183,86795,10),(182,87082,10),(182,87083,10),(182,87084,10),(182,87104,10),(182,87105,10),(184,87407,10),(184,87408,10),(184,87428,10),(184,87429,10),(185,87671,10),(185,87692,10),(185,87803,10),(185,87824,10),(186,87847,10),(186,87848,10),(186,87849,10),(186,87850,10),(186,87851,10),(186,87852,10),(186,87853,10),(186,87854,10),(186,87899,10),(186,87947,70),(186,88000,70),(32,89706,10),(35,89706,10),(40,89706,10),(53,89706,10),(54,89706,10),(55,89706,10),(56,89706,10),(158,89706,10),(160,89706,10),(161,89706,10),(163,89706,10),(69,89983,10),(132,89983,20),(133,89983,20),(145,89983,10),(187,89983,10),(187,89984,20),(188,89984,20),(16,89985,20),(66,89985,20),(69,89985,20),(134,89985,20),(135,89985,20),(136,89985,20),(137,89985,20),(187,89985,20),(134,89986,10),(187,89986,10),(187,89987,10),(187,89988,10),(187,89989,10),(188,89989,10),(187,89990,10),(188,89990,10),(187,89991,10),(188,89991,10),(187,89992,10),(188,89992,10),(187,89993,10),(188,89993,10),(187,89994,10),(188,89994,10),(187,89995,10),(188,89995,10),(187,89996,10),(188,89996,10),(187,89997,10),(188,89997,10),(187,89998,12),(188,89998,12),(187,89999,20),(188,89999,20),(187,90000,10),(188,90000,10),(187,90001,10),(188,90001,10),(187,90002,4),(188,90002,10),(187,90003,2),(188,90003,2),(187,90004,2),(188,90004,2),(69,90005,10),(132,90005,20),(133,90005,20),(134,90005,10),(135,90005,10),(136,90005,10),(137,90005,10),(145,90005,20),(187,90005,10),(187,90006,20),(188,90006,20),(16,90007,20),(66,90007,20),(69,90007,20),(134,90007,10),(135,90007,10),(136,90007,10),(137,90007,10),(187,90007,20),(187,90008,10),(187,90009,10),(187,90010,10),(69,90011,20),(132,90011,10),(134,90011,20),(135,90011,20),(136,90011,20),(137,90011,20),(145,90011,44),(151,90011,22),(165,90011,10),(169,90011,10),(187,90011,10),(188,90011,10),(187,90012,10),(188,90012,10),(69,90013,10),(132,90013,10),(133,90013,10),(134,90013,10),(135,90013,10),(136,90013,10),(137,90013,10),(145,90013,10),(151,90013,10),(165,90013,10),(169,90013,10),(179,90013,10),(187,90013,10),(188,90013,10),(69,90014,10),(132,90014,10),(133,90014,10),(151,90014,10),(165,90014,10),(169,90014,10),(179,90014,10),(187,90014,10),(188,90014,10),(69,90015,10),(132,90015,10),(133,90015,10),(134,90015,10),(135,90015,10),(136,90015,10),(137,90015,10),(145,90015,10),(151,90015,10),(165,90015,10),(169,90015,10),(179,90015,10),(187,90015,10),(188,90015,10),(69,90016,10),(132,90016,10),(133,90016,10),(134,90016,10),(135,90016,10),(136,90016,10),(137,90016,10),(145,90016,10),(151,90016,10),(165,90016,10),(169,90016,10),(179,90016,10),(187,90016,20),(188,90016,20),(69,90017,10),(132,90017,10),(133,90017,10),(134,90017,10),(135,90017,10),(136,90017,10),(137,90017,10),(145,90017,10),(169,90017,10),(187,90017,10),(188,90017,10),(69,90018,10),(132,90018,10),(133,90018,10),(134,90018,10),(135,90018,10),(136,90018,10),(137,90018,10),(145,90018,10),(169,90018,10),(187,90018,10),(188,90018,10),(69,90019,10),(132,90019,10),(133,90019,10),(134,90019,20),(135,90019,20),(136,90019,20),(137,90019,20),(145,90019,20),(169,90019,10),(187,90019,10),(188,90019,10),(69,90020,10),(132,90020,10),(133,90020,10),(134,90020,10),(135,90020,10),(136,90020,10),(137,90020,10),(145,90020,10),(169,90020,10),(187,90020,10),(188,90020,10),(69,90021,10),(132,90021,10),(133,90021,10),(134,90021,10),(135,90021,10),(136,90021,10),(137,90021,10),(145,90021,10),(169,90021,10),(187,90021,12),(188,90021,12),(69,90022,12),(132,90022,12),(133,90022,12),(134,90022,2),(135,90022,2),(136,90022,2),(137,90022,2),(145,90022,12),(151,90022,12),(165,90022,2),(169,90022,2),(179,90022,2),(187,90022,20),(188,90022,20),(132,90023,10),(133,90023,10),(187,90023,10),(188,90023,10),(69,90024,2),(134,90024,2),(135,90024,2),(136,90024,2),(137,90024,2),(145,90024,2),(151,90024,2),(156,90024,2),(165,90024,2),(169,90024,2),(179,90024,2),(187,90024,10),(188,90024,10),(69,90025,2),(134,90025,2),(135,90025,2),(136,90025,2),(137,90025,2),(145,90025,2),(151,90025,2),(156,90025,2),(165,90025,2),(169,90025,2),(179,90025,2),(187,90025,4),(188,90025,10),(187,90026,2),(188,90026,2),(69,90027,4),(132,90027,4),(133,90027,4),(134,90027,4),(135,90027,4),(136,90027,4),(137,90027,4),(145,90027,4),(151,90027,2),(165,90027,2),(169,90027,4),(179,90027,2),(187,90027,2),(188,90027,2),(132,90028,2),(133,90028,2),(187,90028,2),(188,90028,2),(132,90029,2),(133,90029,2),(69,90035,20),(132,90035,10),(134,90035,20),(135,90035,20),(136,90035,20),(137,90035,20),(145,90035,34),(151,90035,22),(169,90035,10),(69,90037,10),(132,90037,10),(133,90037,10),(134,90037,10),(135,90037,10),(136,90037,10),(137,90037,10),(145,90037,10),(151,90037,10),(165,90037,20),(169,90037,10),(179,90037,20),(69,90038,10),(132,90038,10),(133,90038,10),(151,90038,10),(165,90038,10),(169,90038,10),(179,90038,10),(69,90039,10),(132,90039,10),(133,90039,10),(134,90039,10),(135,90039,10),(136,90039,10),(137,90039,10),(145,90039,10),(151,90039,10),(165,90039,10),(169,90039,10),(179,90039,10),(69,90040,10),(132,90040,10),(133,90040,10),(134,90040,10),(135,90040,10),(136,90040,10),(137,90040,10),(145,90040,10),(151,90040,10),(165,90040,10),(169,90040,10),(179,90040,10),(69,90041,10),(132,90041,10),(133,90041,10),(134,90041,10),(135,90041,10),(136,90041,10),(137,90041,10),(145,90041,10),(165,90041,10),(169,90041,10),(179,90041,10),(69,90042,10),(132,90042,20),(133,90042,20),(134,90042,20),(135,90042,20),(136,90042,20),(137,90042,20),(145,90042,20),(165,90042,30),(179,90042,30),(69,90043,10),(132,90043,10),(133,90043,10),(134,90043,10),(135,90043,10),(136,90043,10),(137,90043,10),(145,90043,10),(165,90043,10),(169,90043,10),(179,90043,10),(69,90044,10),(132,90044,10),(133,90044,10),(134,90044,20),(135,90044,20),(136,90044,20),(137,90044,20),(145,90044,20),(165,90044,10),(169,90044,10),(179,90044,10),(69,90045,10),(132,90045,10),(133,90045,10),(134,90045,10),(135,90045,10),(136,90045,10),(137,90045,10),(145,90045,10),(165,90045,10),(169,90045,10),(179,90045,10),(69,90046,10),(132,90046,10),(133,90046,10),(134,90046,10),(135,90046,10),(136,90046,10),(137,90046,10),(145,90046,10),(165,90046,10),(169,90046,10),(179,90046,10),(69,90047,2),(132,90047,12),(133,90047,12),(134,90047,2),(135,90047,2),(136,90047,2),(137,90047,2),(145,90047,2),(151,90047,12),(165,90047,2),(169,90047,2),(179,90047,2),(132,90048,20),(133,90048,20),(69,90049,2),(132,90049,10),(133,90049,10),(134,90049,2),(135,90049,2),(136,90049,2),(137,90049,2),(145,90049,2),(151,90049,2),(165,90049,2),(169,90049,2),(179,90049,2),(69,90050,2),(132,90050,10),(133,90050,10),(134,90050,2),(135,90050,2),(136,90050,2),(137,90050,2),(145,90050,2),(151,90050,2),(165,90050,2),(169,90050,2),(179,90050,2),(69,90051,4),(132,90051,4),(133,90051,4),(134,90051,4),(135,90051,4),(136,90051,4),(137,90051,4),(145,90051,4),(151,90051,2),(165,90051,2),(169,90051,4),(179,90051,2),(69,90052,2),(132,90052,2),(133,90052,2),(134,90052,14),(135,90052,14),(136,90052,14),(137,90052,14),(145,90052,14),(151,90052,2),(165,90052,2),(169,90052,2),(179,90052,2),(132,90053,2),(133,90053,2),(132,90054,2),(133,90054,2),(14,90125,10),(29,90125,10),(169,90125,10),(14,90388,10),(65,90388,10),(134,90388,10),(135,90388,10),(136,90388,10),(137,90388,10),(145,90388,10),(14,90422,10),(65,90422,10),(134,90422,10),(135,90422,10),(136,90422,10),(137,90422,10),(145,90422,10),(18,90684,10),(46,90684,10),(145,90684,22),(18,90730,10),(46,90730,10),(145,90730,12),(151,90730,10),(189,91014,20),(20,91015,10),(189,91015,10),(25,91016,10),(26,91016,10),(37,91016,10),(40,91016,10),(41,91016,10),(42,91016,10),(189,91016,10),(189,91017,10),(189,91018,10),(189,91019,10),(156,91020,20),(189,91020,10),(156,91021,10),(189,91021,10),(156,91022,10),(189,91022,10),(156,91023,10),(189,91023,10),(189,91024,10),(189,91025,10),(189,91026,10),(189,91027,10),(189,91028,10),(156,91029,2),(189,91029,12),(189,91030,10),(20,91031,10),(60,91031,10),(61,91031,10),(189,91031,10),(20,91032,10),(60,91032,10),(61,91032,10),(189,91032,10),(156,91033,2),(189,91033,4),(189,91034,2),(189,91035,2),(189,91036,20),(20,91037,10),(189,91037,10),(25,91038,10),(26,91038,10),(37,91038,10),(40,91038,10),(41,91038,10),(42,91038,10),(189,91038,10),(189,91039,10),(189,91040,10),(189,91041,10),(156,91042,20),(189,91042,10),(156,91043,10),(189,91043,10),(156,91044,10),(189,91044,10),(156,91045,10),(189,91045,10),(156,91046,10),(189,91046,10),(156,91047,30),(189,91047,20),(156,91048,10),(189,91048,10),(156,91049,10),(189,91049,10),(156,91050,10),(189,91050,10),(156,91051,10),(189,91051,10),(156,91052,2),(189,91052,12),(189,91053,20),(156,91054,2),(189,91054,10),(156,91055,2),(189,91055,10),(20,91056,10),(60,91056,10),(61,91056,10),(189,91056,10),(156,91057,2),(189,91057,4),(156,91058,2),(189,91058,2),(189,91059,2),(189,91060,2),(9,91194,20),(190,91194,10),(16,91195,20),(17,91195,20),(18,91195,20),(20,91195,10),(29,91195,10),(38,91195,10),(39,91195,10),(44,91195,10),(45,91195,10),(57,91195,20),(58,91195,10),(65,91195,20),(66,91195,20),(190,91195,20),(17,91196,20),(18,91196,20),(57,91196,20),(65,91196,20),(190,91196,20),(31,91197,10),(32,91197,10),(35,91197,10),(41,91197,10),(66,91197,10),(190,91197,10),(17,91198,10),(20,91198,10),(47,91198,10),(65,91198,10),(190,91198,10),(190,91199,10),(190,91200,10),(9,91201,10),(190,91201,10),(9,91202,10),(190,91202,10),(9,91203,10),(190,91203,10),(9,91204,10),(190,91204,10),(190,91205,10),(190,91206,10),(190,91207,10),(190,91208,10),(190,91209,10),(9,91210,12),(190,91210,12),(9,91211,20),(190,91211,20),(9,91212,10),(190,91212,10),(9,91213,10),(190,91213,10),(17,91214,10),(18,91214,10),(57,91214,10),(65,91214,10),(190,91214,10),(9,91215,6),(190,91215,4),(9,91216,2),(190,91216,2),(9,91217,2),(190,91217,2),(9,91218,20),(190,91218,10),(16,91219,20),(17,91219,20),(18,91219,20),(20,91219,10),(29,91219,10),(38,91219,10),(39,91219,10),(44,91219,10),(45,91219,10),(57,91219,20),(58,91219,10),(65,91219,20),(66,91219,20),(190,91219,20),(17,91220,20),(18,91220,20),(57,91220,20),(65,91220,20),(190,91220,20),(31,91221,10),(32,91221,10),(35,91221,10),(41,91221,10),(66,91221,10),(190,91221,10),(17,91222,10),(20,91222,10),(47,91222,10),(65,91222,10),(190,91222,10),(190,91223,10),(190,91224,10),(9,91225,10),(190,91225,10),(9,91226,10),(190,91226,10),(9,91227,10),(190,91227,10),(9,91228,10),(190,91228,10),(190,91229,10),(190,91230,20),(190,91231,10),(190,91232,10),(190,91233,10),(190,91234,10),(9,91235,12),(190,91235,12),(9,91236,20),(190,91236,20),(9,91237,10),(190,91237,10),(9,91238,10),(190,91238,10),(9,91239,6),(190,91239,4),(9,91240,2),(190,91240,2),(9,91241,2),(190,91241,2),(9,91242,2),(190,91242,2),(12,91363,20),(13,91363,20),(14,91363,10),(16,91363,10),(17,91363,10),(18,91363,10),(20,91363,20),(24,91363,20),(25,91363,20),(26,91363,20),(57,91363,10),(58,91363,10),(59,91363,10),(60,91363,20),(61,91363,20),(62,91363,20),(63,91363,20),(64,91363,10),(66,91363,10),(191,91363,20),(191,91364,10),(191,91365,10),(191,91366,10),(12,91367,10),(13,91367,10),(14,91367,10),(16,91367,10),(17,91367,10),(18,91367,10),(20,91367,10),(25,91367,10),(26,91367,10),(29,91367,10),(191,91367,10),(12,91368,10),(13,91368,10),(14,91368,10),(16,91368,10),(17,91368,10),(18,91368,10),(20,91368,10),(24,91368,10),(25,91368,10),(26,91368,10),(29,91368,10),(191,91368,10),(12,91369,10),(13,91369,10),(14,91369,10),(16,91369,10),(17,91369,10),(18,91369,10),(20,91369,10),(24,91369,10),(25,91369,10),(26,91369,10),(29,91369,10),(191,91369,10),(12,91370,10),(13,91370,10),(14,91370,10),(16,91370,10),(17,91370,10),(18,91370,10),(20,91370,10),(24,91370,10),(25,91370,10),(26,91370,10),(29,91370,10),(191,91370,10),(12,91371,10),(13,91371,10),(14,91371,10),(16,91371,10),(17,91371,10),(18,91371,10),(20,91371,10),(24,91371,10),(25,91371,10),(26,91371,10),(29,91371,10),(191,91371,10),(12,91372,10),(13,91372,10),(14,91372,10),(16,91372,10),(17,91372,10),(18,91372,10),(20,91372,10),(24,91372,10),(25,91372,10),(26,91372,10),(29,91372,10),(191,91372,10),(12,91373,10),(13,91373,10),(14,91373,10),(16,91373,10),(17,91373,10),(18,91373,10),(20,91373,10),(24,91373,10),(25,91373,10),(26,91373,10),(29,91373,10),(31,91373,10),(32,91373,10),(33,91373,10),(35,91373,10),(36,91373,10),(37,91373,10),(38,91373,10),(39,91373,10),(40,91373,10),(43,91373,10),(44,91373,10),(45,91373,10),(46,91373,10),(47,91373,10),(53,91373,10),(54,91373,10),(55,91373,10),(57,91373,10),(60,91373,10),(61,91373,10),(62,91373,10),(63,91373,10),(64,91373,10),(65,91373,10),(66,91373,10),(191,91373,10),(12,91374,10),(13,91374,10),(14,91374,10),(16,91374,10),(17,91374,10),(18,91374,10),(20,91374,10),(24,91374,10),(25,91374,10),(26,91374,10),(29,91374,10),(191,91374,10),(12,91375,10),(13,91375,10),(14,91375,10),(16,91375,10),(17,91375,10),(18,91375,10),(20,91375,10),(24,91375,10),(25,91375,10),(26,91375,10),(29,91375,10),(191,91375,10),(12,91376,12),(13,91376,12),(14,91376,12),(16,91376,12),(17,91376,12),(18,91376,12),(20,91376,12),(24,91376,12),(25,91376,12),(26,91376,12),(29,91376,2),(191,91376,12),(12,91377,20),(13,91377,20),(14,91377,20),(16,91377,20),(17,91377,20),(18,91377,20),(20,91377,10),(24,91377,20),(25,91377,20),(26,91377,20),(29,91377,20),(191,91377,20),(12,91378,10),(13,91378,10),(14,91378,10),(16,91378,10),(17,91378,10),(18,91378,10),(24,91378,10),(25,91378,10),(26,91378,10),(29,91378,10),(191,91378,10),(12,91379,10),(13,91379,10),(14,91379,10),(16,91379,10),(17,91379,10),(18,91379,10),(24,91379,10),(25,91379,10),(26,91379,10),(29,91379,10),(191,91379,10),(12,91380,10),(13,91380,10),(14,91380,10),(62,91380,10),(63,91380,10),(64,91380,10),(191,91380,10),(12,91381,6),(13,91381,4),(14,91381,10),(16,91381,4),(17,91381,4),(18,91381,4),(20,91381,4),(24,91381,4),(25,91381,4),(26,91381,4),(29,91381,4),(191,91381,4),(12,91382,2),(13,91382,2),(14,91382,2),(16,91382,2),(17,91382,2),(18,91382,2),(20,91382,2),(24,91382,2),(25,91382,2),(26,91382,2),(29,91382,2),(191,91382,2),(12,91383,2),(13,91383,2),(14,91383,2),(16,91383,2),(17,91383,2),(18,91383,2),(20,91383,2),(24,91383,2),(25,91383,2),(26,91383,2),(29,91383,2),(191,91383,2),(12,91384,20),(13,91384,20),(14,91384,10),(16,91384,10),(17,91384,10),(18,91384,10),(20,91384,20),(24,91384,20),(25,91384,20),(26,91384,20),(57,91384,10),(58,91384,10),(59,91384,10),(60,91384,20),(61,91384,20),(62,91384,20),(63,91384,20),(64,91384,10),(66,91384,10),(191,91384,20),(191,91385,10),(191,91386,10),(191,91387,10),(12,91388,10),(13,91388,10),(14,91388,10),(16,91388,10),(17,91388,10),(18,91388,10),(20,91388,10),(25,91388,10),(26,91388,10),(29,91388,10),(191,91388,10),(12,91389,10),(13,91389,10),(14,91389,10),(16,91389,10),(17,91389,10),(18,91389,10),(20,91389,10),(24,91389,10),(25,91389,10),(26,91389,10),(29,91389,10),(191,91389,10),(12,91390,10),(13,91390,10),(14,91390,10),(16,91390,10),(17,91390,10),(18,91390,10),(20,91390,10),(24,91390,10),(25,91390,10),(26,91390,10),(29,91390,10),(191,91390,10),(12,91391,10),(13,91391,10),(14,91391,10),(16,91391,10),(17,91391,10),(18,91391,10),(20,91391,10),(24,91391,10),(25,91391,10),(26,91391,10),(29,91391,10),(191,91391,10),(12,91392,10),(13,91392,10),(14,91392,10),(16,91392,10),(17,91392,10),(18,91392,10),(20,91392,10),(24,91392,10),(25,91392,10),(26,91392,10),(29,91392,10),(191,91392,10),(12,91393,20),(13,91393,10),(14,91393,10),(16,91393,10),(17,91393,20),(18,91393,20),(20,91393,20),(24,91393,20),(25,91393,20),(26,91393,20),(29,91393,10),(191,91393,20),(12,91394,10),(13,91394,10),(14,91394,10),(16,91394,10),(17,91394,10),(18,91394,10),(20,91394,10),(24,91394,10),(25,91394,10),(26,91394,10),(29,91394,10),(191,91394,10),(12,91395,10),(13,91395,10),(14,91395,10),(16,91395,10),(17,91395,10),(18,91395,10),(20,91395,10),(24,91395,10),(25,91395,10),(26,91395,10),(29,91395,10),(31,91395,10),(32,91395,10),(33,91395,10),(35,91395,10),(36,91395,10),(37,91395,10),(38,91395,10),(39,91395,10),(43,91395,10),(44,91395,10),(45,91395,10),(46,91395,10),(47,91395,10),(53,91395,10),(54,91395,10),(55,91395,10),(56,91395,10),(57,91395,10),(60,91395,10),(61,91395,10),(62,91395,10),(63,91395,10),(64,91395,10),(65,91395,10),(66,91395,10),(191,91395,10),(12,91396,10),(13,91396,10),(14,91396,10),(16,91396,10),(17,91396,10),(18,91396,10),(20,91396,10),(24,91396,10),(25,91396,10),(26,91396,10),(29,91396,10),(191,91396,10),(12,91397,10),(13,91397,10),(14,91397,10),(16,91397,10),(17,91397,10),(18,91397,10),(20,91397,10),(24,91397,10),(25,91397,10),(26,91397,10),(29,91397,10),(191,91397,10),(12,91398,12),(13,91398,12),(14,91398,12),(16,91398,12),(17,91398,12),(18,91398,12),(20,91398,12),(24,91398,12),(25,91398,12),(26,91398,12),(29,91398,2),(191,91398,12),(12,91399,20),(13,91399,20),(14,91399,20),(16,91399,20),(17,91399,20),(18,91399,20),(20,91399,20),(24,91399,20),(25,91399,20),(26,91399,20),(29,91399,20),(191,91399,20),(12,91400,10),(13,91400,10),(14,91400,10),(16,91400,10),(17,91400,10),(18,91400,10),(20,91400,10),(24,91400,10),(25,91400,10),(26,91400,10),(29,91400,10),(191,91400,10),(12,91401,10),(13,91401,10),(14,91401,10),(16,91401,10),(17,91401,10),(18,91401,10),(20,91401,10),(24,91401,10),(25,91401,10),(26,91401,10),(29,91401,10),(191,91401,10),(12,91402,10),(13,91402,10),(14,91402,10),(62,91402,10),(63,91402,10),(64,91402,10),(191,91402,10),(12,91403,6),(13,91403,4),(14,91403,10),(16,91403,4),(17,91403,4),(18,91403,4),(20,91403,4),(24,91403,4),(25,91403,4),(26,91403,4),(29,91403,4),(191,91403,4),(12,91404,2),(13,91404,2),(14,91404,2),(16,91404,2),(17,91404,2),(18,91404,2),(20,91404,2),(24,91404,2),(25,91404,2),(26,91404,2),(29,91404,2),(191,91404,2),(12,91405,2),(13,91405,2),(14,91405,2),(16,91405,2),(17,91405,2),(18,91405,2),(20,91405,2),(24,91405,2),(25,91405,2),(26,91405,2),(29,91405,2),(191,91405,2),(12,91406,2),(13,91406,2),(14,91406,2),(16,91406,2),(17,91406,2),(18,91406,2),(20,91406,2),(24,91406,2),(25,91406,2),(26,91406,2),(29,91406,2),(191,91406,2),(14,91594,10),(65,91594,10),(14,91595,10),(65,91595,10),(14,91596,10),(65,91596,10),(14,91597,10),(65,91597,10),(14,91598,10),(65,91598,10),(14,91599,10),(65,91599,10),(14,91600,10),(65,91600,10),(14,91601,10),(65,91601,10),(14,91602,10),(65,91602,10),(14,91603,10),(65,91603,10),(14,91628,10),(65,91628,10),(14,91629,10),(26,91629,10),(65,91629,10),(14,91630,10),(65,91630,10),(14,91631,10),(65,91631,10),(14,91632,10),(65,91632,10),(14,91633,10),(65,91633,10),(14,91634,10),(65,91634,10),(14,91635,10),(65,91635,10),(14,91636,10),(65,91636,10),(14,91637,10),(65,91637,10),(37,92369,10),(192,92369,10),(31,92370,10),(43,92370,10),(46,92370,10),(47,92370,10),(192,92370,10),(192,92371,10),(192,92372,10),(31,92373,10),(32,92373,20),(33,92373,20),(35,92373,20),(36,92373,20),(37,92373,10),(38,92373,10),(39,92373,10),(40,92373,10),(41,92373,20),(42,92373,20),(43,92373,10),(44,92373,10),(45,92373,10),(46,92373,10),(47,92373,10),(48,92373,10),(49,92373,10),(50,92373,10),(51,92373,10),(53,92373,10),(54,92373,10),(56,92373,10),(57,92373,10),(58,92373,10),(59,92373,10),(60,92373,10),(61,92373,10),(62,92373,10),(63,92373,10),(64,92373,10),(65,92373,10),(66,92373,10),(192,92373,10),(32,92374,10),(33,92374,10),(35,92374,10),(36,92374,10),(37,92374,10),(38,92374,10),(39,92374,10),(40,92374,10),(41,92374,10),(42,92374,10),(43,92374,10),(44,92374,10),(45,92374,10),(46,92374,10),(47,92374,10),(48,92374,10),(50,92374,10),(53,92374,10),(54,92374,10),(55,92374,10),(56,92374,10),(57,92374,10),(58,92374,10),(59,92374,10),(60,92374,10),(61,92374,10),(62,92374,10),(63,92374,10),(64,92374,10),(65,92374,10),(66,92374,10),(192,92374,10),(32,92375,10),(33,92375,10),(35,92375,10),(36,92375,10),(37,92375,10),(38,92375,10),(39,92375,10),(40,92375,10),(41,92375,10),(42,92375,10),(43,92375,10),(44,92375,10),(45,92375,10),(46,92375,10),(47,92375,10),(48,92375,10),(50,92375,10),(53,92375,10),(54,92375,10),(55,92375,10),(56,92375,10),(57,92375,10),(58,92375,10),(59,92375,10),(60,92375,10),(61,92375,10),(62,92375,10),(63,92375,10),(64,92375,10),(65,92375,10),(66,92375,10),(192,92375,10),(32,92376,10),(33,92376,10),(35,92376,10),(36,92376,10),(37,92376,10),(38,92376,10),(39,92376,10),(40,92376,10),(41,92376,10),(42,92376,10),(43,92376,10),(44,92376,10),(45,92376,10),(46,92376,10),(47,92376,10),(48,92376,10),(50,92376,10),(53,92376,10),(54,92376,10),(55,92376,10),(56,92376,10),(57,92376,10),(58,92376,10),(59,92376,10),(60,92376,10),(61,92376,10),(62,92376,10),(63,92376,10),(64,92376,10),(65,92376,10),(66,92376,10),(192,92376,10),(31,92377,10),(32,92377,10),(33,92377,10),(35,92377,10),(36,92377,10),(37,92377,10),(38,92377,10),(39,92377,10),(40,92377,10),(43,92377,10),(44,92377,10),(45,92377,10),(46,92377,10),(47,92377,10),(53,92377,10),(54,92377,10),(55,92377,10),(57,92377,10),(60,92377,10),(61,92377,10),(62,92377,10),(63,92377,10),(64,92377,10),(65,92377,10),(66,92377,10),(192,92377,10),(31,92378,10),(32,92378,10),(33,92378,10),(35,92378,10),(36,92378,10),(37,92378,10),(38,92378,10),(39,92378,10),(40,92378,10),(43,92378,10),(44,92378,10),(45,92378,10),(46,92378,10),(47,92378,10),(53,92378,10),(54,92378,10),(55,92378,10),(57,92378,10),(60,92378,10),(61,92378,10),(62,92378,10),(63,92378,10),(64,92378,10),(65,92378,10),(66,92378,10),(192,92378,10),(192,92379,10),(31,92380,10),(32,92380,10),(33,92380,10),(35,92380,10),(36,92380,10),(38,92380,10),(39,92380,10),(40,92380,10),(43,92380,10),(44,92380,10),(45,92380,10),(46,92380,10),(47,92380,10),(53,92380,10),(54,92380,10),(55,92380,10),(57,92380,10),(60,92380,10),(61,92380,10),(62,92380,10),(63,92380,10),(64,92380,10),(65,92380,10),(66,92380,10),(192,92380,10),(31,92381,10),(32,92381,10),(33,92381,10),(35,92381,10),(36,92381,10),(38,92381,10),(39,92381,10),(40,92381,10),(43,92381,10),(44,92381,10),(45,92381,10),(46,92381,10),(47,92381,10),(53,92381,10),(54,92381,10),(55,92381,10),(57,92381,10),(60,92381,10),(61,92381,10),(62,92381,10),(63,92381,10),(64,92381,10),(65,92381,10),(66,92381,10),(192,92381,10),(31,92382,12),(32,92382,12),(33,92382,2),(35,92382,12),(36,92382,2),(37,92382,2),(38,92382,2),(39,92382,2),(40,92382,12),(41,92382,2),(42,92382,2),(43,92382,12),(44,92382,12),(45,92382,2),(46,92382,2),(47,92382,2),(48,92382,2),(49,92382,2),(50,92382,2),(51,92382,2),(53,92382,12),(54,92382,12),(55,92382,12),(56,92382,12),(57,92382,2),(58,92382,2),(59,92382,2),(60,92382,12),(61,92382,12),(62,92382,12),(63,92382,2),(64,92382,2),(65,92382,12),(66,92382,2),(192,92382,12),(31,92383,10),(32,92383,10),(192,92383,20),(33,92384,2),(35,92384,2),(36,92384,2),(37,92384,2),(38,92384,2),(39,92384,2),(40,92384,2),(41,92384,2),(42,92384,2),(43,92384,2),(44,92384,2),(45,92384,2),(46,92384,2),(47,92384,2),(48,92384,2),(49,92384,2),(50,92384,2),(51,92384,2),(53,92384,2),(54,92384,2),(55,92384,2),(56,92384,2),(57,92384,2),(58,92384,2),(59,92384,2),(60,92384,2),(61,92384,2),(62,92384,2),(63,92384,2),(64,92384,2),(65,92384,2),(66,92384,2),(192,92384,10),(33,92385,2),(35,92385,2),(36,92385,2),(37,92385,2),(38,92385,2),(39,92385,2),(40,92385,2),(41,92385,2),(42,92385,2),(43,92385,2),(44,92385,2),(45,92385,2),(46,92385,2),(47,92385,2),(48,92385,2),(49,92385,2),(50,92385,2),(51,92385,2),(53,92385,2),(54,92385,2),(55,92385,2),(56,92385,2),(57,92385,2),(58,92385,2),(59,92385,2),(60,92385,2),(61,92385,2),(62,92385,2),(63,92385,2),(64,92385,2),(65,92385,2),(66,92385,2),(192,92385,10),(37,92386,10),(38,92386,10),(39,92386,10),(192,92386,10),(37,92387,10),(38,92387,10),(39,92387,10),(58,92387,10),(59,92387,10),(192,92387,10),(37,92388,10),(38,92388,10),(39,92388,10),(192,92388,10),(37,92389,10),(38,92389,10),(39,92389,10),(192,92389,10),(31,92390,2),(32,92390,4),(33,92390,4),(35,92390,4),(36,92390,4),(37,92390,4),(38,92390,4),(39,92390,4),(40,92390,4),(41,92390,2),(42,92390,2),(43,92390,4),(44,92390,4),(45,92390,4),(46,92390,4),(47,92390,4),(48,92390,2),(49,92390,2),(50,92390,2),(51,92390,2),(53,92390,4),(54,92390,4),(55,92390,4),(56,92390,4),(57,92390,4),(58,92390,2),(59,92390,2),(60,92390,4),(61,92390,4),(62,92390,4),(63,92390,4),(64,92390,4),(65,92390,10),(66,92390,4),(192,92390,4),(31,92391,2),(32,92391,2),(192,92391,2),(31,92392,2),(32,92392,2),(192,92392,2),(37,92393,10),(192,92393,10),(31,92394,10),(43,92394,10),(46,92394,10),(47,92394,10),(192,92394,10),(192,92395,10),(192,92396,10),(31,92397,10),(32,92397,20),(33,92397,20),(35,92397,20),(36,92397,20),(37,92397,10),(38,92397,10),(39,92397,10),(40,92397,10),(41,92397,20),(42,92397,20),(43,92397,10),(44,92397,10),(45,92397,10),(46,92397,10),(47,92397,10),(48,92397,10),(49,92397,10),(50,92397,10),(51,92397,10),(53,92397,10),(54,92397,10),(56,92397,10),(57,92397,10),(58,92397,10),(59,92397,10),(60,92397,10),(61,92397,10),(62,92397,10),(63,92397,10),(64,92397,10),(65,92397,10),(66,92397,10),(192,92397,10),(32,92398,10),(33,92398,10),(35,92398,10),(36,92398,10),(37,92398,10),(38,92398,10),(39,92398,10),(40,92398,10),(41,92398,10),(42,92398,10),(43,92398,10),(44,92398,10),(45,92398,10),(46,92398,10),(47,92398,10),(48,92398,10),(50,92398,10),(53,92398,10),(54,92398,10),(55,92398,10),(56,92398,10),(57,92398,10),(58,92398,10),(59,92398,10),(60,92398,10),(61,92398,10),(62,92398,10),(63,92398,10),(64,92398,10),(65,92398,10),(66,92398,10),(192,92398,10),(32,92399,10),(33,92399,10),(35,92399,10),(36,92399,10),(37,92399,10),(38,92399,10),(39,92399,10),(40,92399,10),(41,92399,10),(42,92399,10),(43,92399,10),(44,92399,10),(45,92399,10),(46,92399,10),(47,92399,10),(48,92399,10),(50,92399,10),(53,92399,10),(54,92399,10),(55,92399,10),(56,92399,10),(57,92399,10),(58,92399,10),(59,92399,10),(60,92399,10),(61,92399,10),(62,92399,10),(63,92399,10),(64,92399,10),(65,92399,10),(66,92399,10),(192,92399,10),(32,92400,10),(33,92400,10),(35,92400,10),(36,92400,10),(37,92400,10),(38,92400,10),(39,92400,10),(40,92400,10),(41,92400,10),(42,92400,10),(43,92400,10),(44,92400,10),(45,92400,10),(46,92400,10),(47,92400,10),(48,92400,10),(50,92400,10),(53,92400,10),(54,92400,10),(55,92400,10),(56,92400,10),(57,92400,10),(58,92400,10),(59,92400,10),(60,92400,10),(61,92400,10),(62,92400,10),(63,92400,10),(64,92400,10),(65,92400,10),(66,92400,10),(192,92400,10),(31,92401,10),(32,92401,10),(33,92401,10),(35,92401,10),(36,92401,10),(37,92401,10),(38,92401,10),(39,92401,10),(40,92401,10),(43,92401,10),(44,92401,10),(45,92401,10),(46,92401,10),(47,92401,10),(53,92401,10),(54,92401,10),(55,92401,10),(56,92401,10),(57,92401,10),(60,92401,10),(61,92401,10),(62,92401,10),(63,92401,10),(64,92401,10),(65,92401,10),(66,92401,10),(192,92401,10),(31,92402,30),(32,92402,30),(33,92402,30),(35,92402,30),(36,92402,10),(40,92402,30),(41,92402,20),(42,92402,20),(43,92402,20),(44,92402,20),(45,92402,20),(46,92402,10),(47,92402,10),(48,92402,30),(49,92402,40),(50,92402,30),(51,92402,30),(58,92402,30),(59,92402,30),(64,92402,10),(65,92402,10),(66,92402,10),(192,92402,20),(31,92403,10),(32,92403,10),(33,92403,10),(35,92403,10),(36,92403,10),(37,92403,10),(38,92403,10),(39,92403,10),(40,92403,10),(43,92403,10),(44,92403,10),(45,92403,10),(46,92403,10),(47,92403,10),(53,92403,10),(54,92403,10),(55,92403,10),(56,92403,10),(57,92403,10),(60,92403,10),(61,92403,10),(62,92403,10),(63,92403,10),(64,92403,10),(65,92403,10),(66,92403,10),(192,92403,10),(192,92404,10),(31,92405,10),(32,92405,10),(33,92405,10),(35,92405,10),(36,92405,10),(38,92405,10),(39,92405,10),(40,92405,10),(43,92405,10),(44,92405,10),(45,92405,10),(46,92405,10),(47,92405,10),(53,92405,10),(54,92405,10),(55,92405,10),(56,92405,10),(57,92405,10),(60,92405,10),(61,92405,10),(62,92405,10),(63,92405,10),(64,92405,10),(65,92405,10),(66,92405,10),(192,92405,10),(31,92406,10),(32,92406,10),(33,92406,10),(35,92406,10),(36,92406,10),(38,92406,10),(39,92406,10),(40,92406,10),(43,92406,10),(44,92406,10),(45,92406,10),(46,92406,10),(47,92406,10),(53,92406,10),(54,92406,10),(55,92406,10),(56,92406,10),(57,92406,10),(60,92406,10),(61,92406,10),(62,92406,10),(63,92406,10),(64,92406,10),(65,92406,10),(66,92406,10),(192,92406,10),(31,92407,12),(32,92407,12),(33,92407,2),(35,92407,2),(36,92407,2),(37,92407,2),(38,92407,2),(39,92407,2),(40,92407,2),(41,92407,2),(42,92407,2),(43,92407,2),(44,92407,2),(45,92407,2),(46,92407,2),(47,92407,2),(48,92407,2),(49,92407,2),(50,92407,2),(51,92407,2),(53,92407,2),(54,92407,2),(55,92407,2),(56,92407,2),(57,92407,2),(58,92407,2),(59,92407,2),(60,92407,2),(61,92407,2),(62,92407,2),(63,92407,2),(64,92407,2),(65,92407,2),(66,92407,2),(192,92407,12),(31,92408,20),(32,92408,20),(192,92408,20),(31,92409,10),(32,92409,10),(33,92409,2),(35,92409,2),(36,92409,2),(37,92409,2),(38,92409,2),(39,92409,2),(40,92409,2),(41,92409,2),(42,92409,2),(43,92409,2),(44,92409,2),(45,92409,2),(46,92409,2),(47,92409,2),(48,92409,2),(49,92409,2),(50,92409,2),(51,92409,2),(53,92409,2),(54,92409,2),(55,92409,2),(56,92409,2),(57,92409,2),(58,92409,2),(59,92409,2),(60,92409,2),(61,92409,2),(62,92409,2),(63,92409,2),(64,92409,2),(65,92409,2),(66,92409,2),(192,92409,10),(31,92410,10),(32,92410,10),(33,92410,2),(35,92410,2),(36,92410,2),(37,92410,2),(38,92410,2),(39,92410,2),(40,92410,2),(41,92410,2),(42,92410,2),(43,92410,2),(44,92410,2),(45,92410,2),(46,92410,2),(47,92410,2),(48,92410,2),(49,92410,2),(50,92410,2),(51,92410,2),(53,92410,2),(54,92410,2),(55,92410,2),(56,92410,2),(57,92410,2),(58,92410,2),(59,92410,2),(60,92410,2),(61,92410,2),(62,92410,2),(63,92410,2),(64,92410,2),(65,92410,2),(66,92410,2),(192,92410,10),(37,92411,10),(38,92411,10),(39,92411,10),(192,92411,10),(37,92412,10),(38,92412,10),(39,92412,10),(58,92412,10),(59,92412,10),(192,92412,10),(37,92413,10),(38,92413,10),(39,92413,10),(192,92413,10),(37,92414,10),(38,92414,10),(39,92414,10),(49,92414,10),(65,92414,10),(192,92414,10),(37,92415,10),(38,92415,10),(39,92415,10),(192,92415,10),(31,92416,2),(32,92416,4),(33,92416,4),(35,92416,4),(36,92416,4),(37,92416,4),(38,92416,4),(39,92416,4),(40,92416,4),(41,92416,2),(42,92416,2),(43,92416,4),(44,92416,4),(45,92416,4),(46,92416,4),(47,92416,4),(48,92416,2),(49,92416,2),(50,92416,2),(51,92416,2),(53,92416,4),(54,92416,4),(55,92416,4),(56,92416,4),(57,92416,4),(58,92416,2),(59,92416,2),(60,92416,4),(61,92416,4),(62,92416,4),(63,92416,4),(64,92416,4),(65,92416,10),(66,92416,4),(192,92416,4),(31,92417,2),(32,92417,2),(33,92417,2),(35,92417,2),(36,92417,2),(37,92417,2),(38,92417,2),(39,92417,2),(40,92417,2),(41,92417,2),(42,92417,2),(43,92417,2),(44,92417,2),(45,92417,2),(46,92417,2),(47,92417,2),(48,92417,2),(49,92417,2),(50,92417,2),(51,92417,2),(53,92417,2),(54,92417,2),(55,92417,2),(56,92417,2),(57,92417,2),(58,92417,2),(59,92417,2),(60,92417,2),(61,92417,2),(62,92417,2),(63,92417,2),(64,92417,2),(65,92417,2),(66,92417,2),(192,92417,2),(31,92418,2),(32,92418,2),(192,92418,2),(31,92419,2),(32,92419,2),(192,92419,2),(65,95365,10),(65,95399,10),(68,95591,10),(193,95591,10),(68,95592,20),(193,95592,20),(68,95593,20),(193,95593,20),(68,95594,10),(193,95594,10),(193,95595,10),(193,95596,10),(193,95597,10),(68,95598,10),(193,95598,10),(68,95599,10),(193,95599,10),(68,95600,10),(193,95600,10),(68,95601,10),(193,95601,10),(68,95602,10),(193,95602,10),(68,95603,10),(193,95603,10),(68,95604,10),(193,95604,10),(68,95605,10),(193,95605,10),(68,95606,10),(193,95606,10),(68,95607,12),(193,95607,12),(68,95608,10),(193,95608,10),(68,95609,10),(193,95609,10),(68,95610,4),(193,95610,4),(68,95611,2),(193,95611,2),(68,95612,2),(193,95612,2),(68,95613,2),(193,95613,2),(68,95614,10),(193,95614,10),(68,95615,20),(193,95615,20),(68,95616,20),(193,95616,20),(68,95617,10),(193,95617,10),(193,95618,10),(193,95619,10),(193,95620,10),(68,95621,10),(193,95621,10),(68,95622,10),(193,95622,10),(68,95623,10),(193,95623,10),(68,95624,10),(193,95624,10),(68,95625,10),(193,95625,10),(68,95626,10),(193,95626,10),(68,95627,10),(193,95627,10),(68,95628,10),(193,95628,10),(68,95629,10),(193,95629,10),(68,95630,10),(193,95630,10),(68,95631,4),(193,95631,4),(68,95632,2),(193,95632,2),(68,95633,2),(193,95633,2),(68,95634,2),(193,95634,2),(68,95635,2),(193,95635,2),(68,95636,2),(193,95636,2);

--
