-- Table structure for table `ps_homeslider`
--

CREATE TABLE `ps_homeslider` (
  `id_homeslider_slides` int(10) unsigned NOT NULL AUTO_INCREMENT,
  `id_shop` int(10) unsigned NOT NULL,
  PRIMARY KEY (`id_homeslider_slides`,`id_shop`)
) ENGINE=InnoDB AUTO_INCREMENT=5 DEFAULT CHARSET=utf8;

--
-- Dumping data for table `ps_homeslider`
--

INSERT INTO `ps_homeslider` (`id_homeslider_slides`, `id_shop`) VALUES (1,1),(2,1),(3,1),(4,1);

--
-- Table structure for table `ps_homeslider_slides`
--

CREATE TABLE `ps_homeslider_slides` (
  `id_homeslider_slides` int(10) unsigned NOT NULL AUTO_INCREMENT,
  `position` int(10) unsigned NOT NULL DEFAULT '0',
  `active` tinyint(1) unsigned NOT NULL DEFAULT '0',
  PRIMARY KEY (`id_homeslider_slides`)
) ENGINE=InnoDB AUTO_INCREMENT=5 DEFAULT CHARSET=utf8;

--
-- Dumping data for table `ps_homeslider_slides`
--

INSERT INTO `ps_homeslider_slides` (`id_homeslider_slides`, `position`, `active`) VALUES (1,0,1),(2,0,1),(3,0,1),(4,0,1);

--
-- Table structure for table `ps_homeslider_slides_lang`
--

CREATE TABLE `ps_homeslider_slides_lang` (
  `id_homeslider_slides` int(10) unsigned NOT NULL,
  `id_lang` int(10) unsigned NOT NULL,
  `title` varchar(255) NOT NULL,
  `description` text NOT NULL,
  `legend` varchar(255) NOT NULL,
  `url` varchar(255) NOT NULL,
  `image` varchar(255) NOT NULL,
  PRIMARY KEY (`id_homeslider_slides`,`id_lang`)
) ENGINE=InnoDB DEFAULT CHARSET=utf8;

--
-- Dumping data for table `ps_homeslider_slides_lang`
--

INSERT INTO `ps_homeslider_slides_lang` (`id_homeslider_slides`, `id_lang`, `title`, `description`, `legend`, `url`, `image`) VALUES (1,1,'Doudou et Compagnie','<h2><span style=\"color:#9b3799;\">DOUDOU ET COMPAGNIE</span><br /><span style=\"color:#9b3799;\">COLLECTION</span></h2>\n<p><span style=\"color:#9b3799;\">Follow us to discover the Doudou et Compagnie collection available in Malaysia</span></p>\n<p><button class=\"btn btn-default\" type=\"button\">SHOP now !</button></p>','Trio Doudou','http://www.doudoumalaysia.com.my/3-doudou-et-compagnie','edebbe724276c820934c89861b7b8c7be1243649_Doudou et Cie No Logo Slide Show.jpg'),(1,2,'Doudou et Compagnie','<h2><span style=\"color:#9b3799;\">DOUDOU ET COMPAGNIE</span><br /><span style=\"color:#9b3799;\">COLLECTION</span></h2>\n<p><span style=\"color:#9b3799;\">Follow us to discover the Doudou et Compagnie collection available in Malaysia</span></p>\n<p><button class=\"btn btn-default\" type=\"button\">VISIT now !</button></p>','Trio Doudou','http://www.doudoumalaysia.com.my/3-doudou-et-compagnie','edebbe724276c820934c89861b7b8c7be1243649_Doudou et Cie No Logo Slide Show.jpg'),(2,1,'Histoire d Ours','<h2 style=\"text-align:left;\"><span style=\"color:#2b209b;\">HISTOIRE D OURS</span><br /><span style=\"color:#2b209b;\">COLLECTION</span></h2>\n<p style=\"text-align:left;\"><span style=\"color:#2b209b;\">Follow us to discover the Histoire d Ours collection available in Malaysia</span></p>\n<p><button class=\"btn btn-default\" type=\"button\">SHOP now !</button></p>','Ours Pelote','http://www.doudoumalaysia.com.my/12-histoire-d-ours','7b3adaccd31b15975ca428992db35ba9e064c25b_Histoire d Ours Hook no logo Slide Show.jpg'),(2,2,'Histoire d Ours','<h2 style=\"text-align:left;\"><span style=\"color:#2b209b;\">HISTOIRE D OURS</span><br /><span style=\"color:#2b209b;\">COLLECTION</span></h2>\n<p style=\"text-align:left;\"><span style=\"color:#2b209b;\">Follow us to discover the Histoire d Ours collection available in Malaysia</span></p>\n<p><button class=\"btn btn-default\" type=\"button\">VISIT now !</button></p>','Ours Pelote','http://www.doudoumalaysia.com.my/12-histoire-d-ours','7b3adaccd31b15975ca428992db35ba9e064c25b_Histoire d Ours Hook no logo Slide Show.jpg'),(3,1,'The Puppets','<h2>THE PUPPETS COLLECTION</h2>\n<p>Follow us to discover the Puppets from DOUDOU ET COMPAGNIE and HISTOIRE D OURS available in Malaysia</p>\n<p><button class=\"btn btn-default\" type=\"button\">SHOP now !</button></p>','Puppets Slideshow','http://www.doudoumalaysia.com.my/19-the-puppets','0a550ce19773c2b095129d11675dfffb30b83be8_Puppet Slideshow Home.jpg'),(3,2,'The Puppets','<h2>THE PUPPETS COLLECTION</h2>\n<p>Follow us to discover the Puppets from DOUDOU ET COMPAGNIE and HISTOIRE D OURS available in Malaysia</p>\n<p><button class=\"btn btn-default\" type=\"button\">VISIT now !</button></p>','Puppets Slideshow','http://www.doudoumalaysia.com.my/19-the-puppets','0a550ce19773c2b095129d11675dfffb30b83be8_Puppet Slideshow Home.jpg'),(4,1,'What is a Doudou ','<h1><span style=\"color:#ff0070;\">WHAT IS A DOUDOU ?</span></h1>\n<p><span style=\"color:#ff0070;\">Follow us to know more about what is a Doudou and a transitional object</span></p>\n<p><span style=\"color:#ff9300;\"><a class=\"btn btn-default\" href=\"FOLLOW%20US%20!\">VISIT NOW !</a></span></p>','what is a doudou','http://www.doudoumalaysia.com.my/content/4-about-us','93143bff247b10729206c7c585a981c16eb57d64_What is a doudou 2.jpg'),(4,2,'What is a Doudou ','<h1><span style=\"color:#ff0070;\">WHAT IS A DOUDOU ?</span></h1>\n<p><span style=\"color:#ff0070;\">Follow us to know more about what is a Doudou and a transitional object</span></p>\n<p><span style=\"color:#ff9300;\"><a class=\"btn btn-default\" href=\"FOLLOW%20US%20!\">FOLLOW NOW !</a></span></p>','what is a doudou','http://www.doudoumalaysia.com.my/content/4-about-us','93143bff247b10729206c7c585a981c16eb57d64_What is a doudou 2.jpg');

--
-- Table structure for table `ps_hook`
--

CREATE TABLE `ps_hook` (
  `id_hook` int(10) unsigned NOT NULL AUTO_INCREMENT,
  `name` varchar(64) NOT NULL,
  `title` varchar(64) NOT NULL,
  `description` text,
  `position` tinyint(1) NOT NULL DEFAULT '1',
  `live_edit` tinyint(1) NOT NULL DEFAULT '0',
  PRIMARY KEY (`id_hook`),
  UNIQUE KEY `hook_name` (`name`)
) ENGINE=InnoDB AUTO_INCREMENT=171 DEFAULT CHARSET=utf8;

--
-- Dumping data for table `ps_hook`
--

INSERT INTO `ps_hook` (`id_hook`, `name`, `title`, `description`, `position`, `live_edit`) VALUES (1,'displayPayment','Payment','This hook displays new elements on the payment page',1,1),(2,'actionValidateOrder','New orders','',1,0),(3,'displayMaintenance','Maintenance Page','This hook displays new elements on the maintenance page',1,0),(4,'actionPaymentConfirmation','Payment confirmation','This hook displays new elements after the payment is validated',1,0),(5,'displayPaymentReturn','Payment return','',1,0),(6,'actionUpdateQuantity','Quantity update','Quantity is updated only when a customer effectively places their order',1,0),(7,'displayRightColumn','Right column blocks','This hook displays new elements in the right-hand column',1,1),(8,'displayLeftColumn','Left column blocks','This hook displays new elements in the left-hand column',1,1),(9,'displayHome','Homepage content','This hook displays new elements on the homepage',1,1),(10,'Header','Pages html head section','This hook adds additional elements in the head section of your pages (head section of html)',1,0),(11,'actionCartSave','Cart creation and update','This hook is displayed when a product is added to the cart or if the cart\'s content is modified',1,0),(12,'actionAuthentication','Successful customer authentication','This hook is displayed after a customer successfully signs in',1,0),(13,'actionProductAdd','Product creation','This hook is displayed after a product is created',1,0),(14,'actionProductUpdate','Product update','This hook is displayed after a product has been updated',1,0),(15,'displayTop','Top of pages','This hook displays additional elements at the top of your pages',1,0),(16,'displayRightColumnProduct','New elements on the product page (right column)','This hook displays new elements in the right-hand column of the product page',1,0),(17,'actionProductDelete','Product deletion','This hook is called when a product is deleted',1,0),(18,'displayFooterProduct','Product footer','This hook adds new blocks under the product\'s description',1,1),(19,'displayInvoice','Invoice','This hook displays new blocks on the invoice (order)',1,0),(20,'actionOrderStatusUpdate','Order status update - Event','This hook launches modules when the status of an order changes.',1,0),(21,'displayAdminOrder','Display new elements in the Back Office, tab AdminOrder','This hook launches modules when the AdminOrder tab is displayed in the Back Office',1,0),(22,'displayAdminOrderTabOrder','Display new elements in Back Office, AdminOrder, panel Order','This hook launches modules when the AdminOrder tab is displayed in the Back Office and extends / override Order panel tabs',1,0),(23,'displayAdminOrderTabShip','Display new elements in Back Office, AdminOrder, panel Shipping','This hook launches modules when the AdminOrder tab is displayed in the Back Office and extends / override Shipping panel tabs',1,0),(24,'displayAdminOrderContentOrder','Display new elements in Back Office, AdminOrder, panel Order','This hook launches modules when the AdminOrder tab is displayed in the Back Office and extends / override Order panel content',1,0),(25,'displayAdminOrderContentShip','Display new elements in Back Office, AdminOrder, panel Shipping','This hook launches modules when the AdminOrder tab is displayed in the Back Office and extends / override Shipping panel content',1,0),(26,'displayFooter','Footer','This hook displays new blocks in the footer',1,0),(27,'displayPDFInvoice','PDF Invoice','This hook allows you to display additional information on PDF invoices',1,0),(28,'displayInvoiceLegalFreeText','PDF Invoice - Legal Free Text','This hook allows you to modify the legal free text on PDF invoices',1,0),(29,'displayAdminCustomers','Display new elements in the Back Office, tab AdminCustomers','This hook launches modules when the AdminCustomers tab is displayed in the Back Office',1,0),(30,'displayOrderConfirmation','Order confirmation page','This hook is called within an order\'s confirmation page',1,0),(31,'actionCustomerAccountAdd','Successful customer account creation','This hook is called when a new customer creates an account successfully',1,0),(32,'displayCustomerAccount','Customer account displayed in Front Office','This hook displays new elements on the customer account page',1,0),(33,'displayCustomerIdentityForm','Customer identity form displayed in Front Office','This hook displays new elements on the form to update a customer identity',1,0),(34,'actionOrderSlipAdd','Order slip creation','This hook is called when a new credit slip is added regarding client order',1,0),(35,'displayProductTab','Tabs on product page','This hook is called on the product page\'s tab',1,0),(36,'displayProductTabContent','Tabs content on the product page','This hook is called on the product page\'s tab',1,0),(37,'displayShoppingCartFooter','Shopping cart footer','This hook displays some specific information on the shopping cart\'s page',1,0),(38,'displayCustomerAccountForm','Customer account creation form','This hook displays some information on the form to create a customer account',1,0),(39,'displayAdminStatsModules','Stats - Modules','',1,0),(40,'displayAdminStatsGraphEngine','Graph engines','',1,0),(41,'actionOrderReturn','Returned product','This hook is displayed when a customer returns a product ',1,0),(42,'displayProductButtons','Product page actions','This hook adds new action buttons on the product page',1,0),(43,'displayBackOfficeHome','Administration panel homepage','This hook is displayed on the admin panel\'s homepage',1,0),(44,'displayAdminStatsGridEngine','Grid engines','',1,0),(45,'actionWatermark','Watermark','',1,0),(46,'actionProductCancel','Product cancelled','This hook is called when you cancel a product in an order',1,0),(47,'displayLeftColumnProduct','New elements on the product page (left column)','This hook displays new elements in the left-hand column of the product page',1,0),(48,'actionProductOutOfStock','Out-of-stock product','This hook displays new action buttons if a product is out of stock',1,0),(49,'actionProductAttributeUpdate','Product attribute update','This hook is displayed when a product\'s attribute is updated',1,0),(50,'displayCarrierList','Extra carrier (module mode)','',1,0),(51,'displayShoppingCart','Shopping cart - Additional button','This hook displays new action buttons within the shopping cart',1,0),(52,'actionSearch','Search','',1,0),(53,'displayBeforePayment','Redirect during the order process','This hook redirects the user to the module instead of displaying payment modules',1,0),(54,'actionCarrierUpdate','Carrier Update','This hook is called when a carrier is updated',1,0),(55,'actionOrderStatusPostUpdate','Post update of order status','',1,0),(56,'displayCustomerAccountFormTop','Block above the form for create an account','This hook is displayed above the customer\'s account creation form',1,0),(57,'displayBackOfficeHeader','Administration panel header','This hook is displayed in the header of the admin panel',1,0),(58,'displayBackOfficeTop','Administration panel hover the tabs','This hook is displayed on the roll hover of the tabs within the admin panel',1,0),(59,'displayBackOfficeFooter','Administration panel footer','This hook is displayed within the admin panel\'s footer',1,0),(60,'actionProductAttributeDelete','Product attribute deletion','This hook is displayed when a product\'s attribute is deleted',1,0),(61,'actionCarrierProcess','Carrier process','',1,0),(62,'actionOrderDetail','Order detail','This hook is used to set the follow-up in Smarty when an order\'s detail is called',1,0),(63,'displayBeforeCarrier','Before carriers list','This hook is displayed before the carrier list in Front Office',1,0),(64,'displayOrderDetail','Order detail','This hook is displayed within the order\'s details in Front Office',1,0),(65,'actionPaymentCCAdd','Payment CC added','',1,0),(66,'displayProductComparison','Extra product comparison','',1,0),(67,'actionCategoryAdd','Category creation','This hook is displayed when a category is created',1,0),(68,'actionCategoryUpdate','Category modification','This hook is displayed when a category is modified',1,0),(69,'actionCategoryDelete','Category deletion','This hook is displayed when a category is deleted',1,0),(70,'actionBeforeAuthentication','Before authentication','This hook is displayed before the customer\'s authentication',1,0),(71,'displayPaymentTop','Top of payment page','This hook is displayed at the top of the payment page',1,0),(72,'actionHtaccessCreate','After htaccess creation','This hook is displayed after the htaccess creation',1,0),(73,'actionAdminMetaSave','After saving the configuration in AdminMeta','This hook is displayed after saving the configuration in AdminMeta',1,0),(74,'displayAttributeGroupForm','Add fields to the form \'attribute group\'','This hook adds fields to the form \'attribute group\'',1,0),(75,'actionAttributeGroupSave','Saving an attribute group','This hook is called while saving an attributes group',1,0),(76,'actionAttributeGroupDelete','Deleting attribute group','This hook is called while deleting an attributes  group',1,0),(77,'displayFeatureForm','Add fields to the form \'feature\'','This hook adds fields to the form \'feature\'',1,0),(78,'actionFeatureSave','Saving attributes\' features','This hook is called while saving an attributes features',1,0),(79,'actionFeatureDelete','Deleting attributes\' features','This hook is called while deleting an attributes features',1,0),(80,'actionProductSave','Saving products','This hook is called while saving products',1,0),(81,'actionProductListOverride','Assign a products list to a category','This hook assigns a products list to a category',1,0),(82,'displayAttributeGroupPostProcess','On post-process in admin attribute group','This hook is called on post-process in admin attribute group',1,0),(83,'displayFeaturePostProcess','On post-process in admin feature','This hook is called on post-process in admin feature',1,0),(84,'displayFeatureValueForm','Add fields to the form \'feature value\'','This hook adds fields to the form \'feature value\'',1,0),(85,'displayFeatureValuePostProcess','On post-process in admin feature value','This hook is called on post-process in admin feature value',1,0),(86,'actionFeatureValueDelete','Deleting attributes\' features\' values','This hook is called while deleting an attributes features value',1,0),(87,'actionFeatureValueSave','Saving an attributes features value','This hook is called while saving an attributes features value',1,0),(88,'displayAttributeForm','Add fields to the form \'attribute value\'','This hook adds fields to the form \'attribute value\'',1,0),(89,'actionAttributePostProcess','On post-process in admin feature value','This hook is called on post-process in admin feature value',1,0),(90,'actionAttributeDelete','Deleting an attributes features value','This hook is called while deleting an attributes features value',1,0),(91,'actionAttributeSave','Saving an attributes features value','This hook is called while saving an attributes features value',1,0),(92,'actionTaxManager','Tax Manager Factory','',1,0),(93,'displayMyAccountBlock','My account block','This hook displays extra information within the \'my account\' block\"',1,0),(94,'actionModuleInstallBefore','actionModuleInstallBefore','',1,0),(95,'actionModuleInstallAfter','actionModuleInstallAfter','',1,0),(96,'displayHomeTab','Home Page Tabs','This hook displays new elements on the homepage tabs',1,1),(97,'displayHomeTabContent','Home Page Tabs Content','This hook displays new elements on the homepage tabs content',1,1),(98,'displayTopColumn','Top column blocks','This hook displays new elements in the top of columns',1,1),(99,'displayBackOfficeCategory','Display new elements in the Back Office, tab AdminCategories','This hook launches modules when the AdminCategories tab is displayed in the Back Office',1,0),(100,'displayProductListFunctionalButtons','Display new elements in the Front Office, products list','This hook launches modules when the products list is displayed in the Front Office',1,0),(101,'displayNav','Navigation','',1,1),(102,'displayOverrideTemplate','Change the default template of current controller','',1,0),(103,'actionAdminLoginControllerSetMedia','Set media on admin login page header','This hook is called after adding media to admin login page header',1,0),(104,'actionOrderEdited','Order edited','This hook is called when an order is edited.',1,0),(105,'actionEmailAddBeforeContent','Add extra content before mail content','This hook is called just before fetching mail template',1,0),(106,'actionEmailAddAfterContent','Add extra content after mail content','This hook is called just after fetching mail template',1,0),(107,'actionObjectProductUpdateAfter','actionObjectProductUpdateAfter','',0,0),(108,'actionObjectProductDeleteAfter','actionObjectProductDeleteAfter','',0,0),(109,'displayCompareExtraInformation','displayCompareExtraInformation','',1,1),(110,'displaySocialSharing','displaySocialSharing','',1,1),(111,'displayBanner','displayBanner','',1,1),(112,'actionObjectLanguageAddAfter','actionObjectLanguageAddAfter','',0,0),(113,'displayPaymentEU','displayPaymentEU','',1,1),(114,'actionCartListOverride','actionCartListOverride','',0,0),(115,'actionAdminMetaControllerUpdate_optionsBefore','actionAdminMetaControllerUpdate_optionsBefore','',0,0),(116,'actionAdminLanguagesControllerStatusBefore','actionAdminLanguagesControllerStatusBefore','',0,0),(117,'actionObjectCmsUpdateAfter','actionObjectCmsUpdateAfter','',0,0),(118,'actionObjectCmsDeleteAfter','actionObjectCmsDeleteAfter','',0,0),(119,'actionShopDataDuplication','actionShopDataDuplication','',0,0),(120,'actionAdminStoresControllerUpdate_optionsAfter','actionAdminStoresControllerUpdate_optionsAfter','',0,0),(121,'actionObjectManufacturerDeleteAfter','actionObjectManufacturerDeleteAfter','',0,0),(122,'actionObjectManufacturerAddAfter','actionObjectManufacturerAddAfter','',0,0),(123,'actionObjectManufacturerUpdateAfter','actionObjectManufacturerUpdateAfter','',0,0),(125,'actionModuleRegisterHookAfter','actionModuleRegisterHookAfter','',0,0),(126,'actionModuleUnRegisterHookAfter','actionModuleUnRegisterHookAfter','',0,0),(127,'displayMyAccountBlockfooter','My account block','Display extra informations inside the \"my account\" block',1,0),(128,'displayMobileTopSiteMap','displayMobileTopSiteMap','',1,1),(129,'actionObjectSupplierDeleteAfter','actionObjectSupplierDeleteAfter','',0,0),(130,'actionObjectSupplierAddAfter','actionObjectSupplierAddAfter','',0,0),(131,'actionObjectSupplierUpdateAfter','actionObjectSupplierUpdateAfter','',0,0),(132,'actionObjectCategoryUpdateAfter','actionObjectCategoryUpdateAfter','',0,0),(133,'actionObjectCategoryDeleteAfter','actionObjectCategoryDeleteAfter','',0,0),(134,'actionObjectCategoryAddAfter','actionObjectCategoryAddAfter','',0,0),(135,'actionObjectCmsAddAfter','actionObjectCmsAddAfter','',0,0),(136,'actionObjectProductAddAfter','actionObjectProductAddAfter','',0,0),(137,'dashboardZoneOne','dashboardZoneOne','',0,0),(138,'dashboardData','dashboardData','',0,0),(139,'actionObjectOrderAddAfter','actionObjectOrderAddAfter','',0,0),(140,'actionObjectCustomerAddAfter','actionObjectCustomerAddAfter','',0,0),(141,'actionObjectCustomerMessageAddAfter','actionObjectCustomerMessageAddAfter','',0,0),(142,'actionObjectCustomerThreadAddAfter','actionObjectCustomerThreadAddAfter','',0,0),(143,'actionObjectOrderReturnAddAfter','actionObjectOrderReturnAddAfter','',0,0),(144,'actionAdminControllerSetMedia','actionAdminControllerSetMedia','',0,0),(145,'dashboardZoneTwo','dashboardZoneTwo','',0,0),(146,'displayProductListReviews','displayProductListReviews','',1,1),(147,'actionAdminMetaControllerUpdate_optionsAfter','actionAdminMetaControllerUpdate_optionsAfter','',0,0),(148,'actionAdminPerformanceControllerSaveAfter','actionAdminPerformanceControllerSaveAfter','',0,0),(149,'actionObjectCarrierAddAfter','actionObjectCarrierAddAfter','',0,0),(150,'actionObjectContactAddAfter','actionObjectContactAddAfter','',0,0),(151,'actionAdminThemesControllerUpdate_optionsAfter','actionAdminThemesControllerUpdate_optionsAfter','',0,0),(152,'actionObjectShopUpdateAfter','actionObjectShopUpdateAfter','',0,0),(153,'actionAdminPreferencesControllerUpdate_optionsAfter','actionAdminPreferencesControllerUpdate_optionsAfter','',0,0),(154,'actionObjectShopAddAfter','actionObjectShopAddAfter','',0,0),(155,'actionObjectShopGroupAddAfter','actionObjectShopGroupAddAfter','',0,0),(156,'actionObjectCartAddAfter','actionObjectCartAddAfter','',0,0),(157,'actionObjectEmployeeAddAfter','actionObjectEmployeeAddAfter','',0,0),(158,'actionObjectImageAddAfter','actionObjectImageAddAfter','',0,0),(159,'actionObjectCartRuleAddAfter','actionObjectCartRuleAddAfter','',0,0),(160,'actionAdminStoresControllerSaveAfter','actionAdminStoresControllerSaveAfter','',0,0),(161,'actionAdminWebserviceControllerSaveAfter','actionAdminWebserviceControllerSaveAfter','',0,0),(162,'actionBeforeSubmitAccount','actionBeforeSubmitAccount','',0,0),(163,'displayBeforeShoppingCartBlock','display before Shopping cart block','',1,0),(164,'displayAfterShoppingCartBlock','display after Shopping cart block','',1,0),(165,'displayProductPriceBlock','displayProductPriceBlock','',1,1),(166,'overrideTOSDisplay','overrideTOSDisplay','',0,0),(167,'advancedPaymentOptions','advancedPaymentOptions','',0,0),(168,'displayCartTotalPriceLabel','displayCartTotalPriceLabel','',1,1),(169,'actionProductCoverage','actionProductCoverage','',0,0),(170,'displaySearch','displaySearch','',1,1);

--
-- Table structure for table `ps_hook_alias`
--

CREATE TABLE `ps_hook_alias` (
  `id_hook_alias` int(10) unsigned NOT NULL AUTO_INCREMENT,
  `alias` varchar(64) NOT NULL,
  `name` varchar(64) NOT NULL,
  PRIMARY KEY (`id_hook_alias`),
  UNIQUE KEY `alias` (`alias`)
) ENGINE=InnoDB AUTO_INCREMENT=87 DEFAULT CHARSET=utf8;

--
-- Dumping data for table `ps_hook_alias`
--

INSERT INTO `ps_hook_alias` (`id_hook_alias`, `alias`, `name`) VALUES (1,'payment','displayPayment'),(2,'newOrder','actionValidateOrder'),(3,'paymentConfirm','actionPaymentConfirmation'),(4,'paymentReturn','displayPaymentReturn'),(5,'updateQuantity','actionUpdateQuantity'),(6,'rightColumn','displayRightColumn'),(7,'leftColumn','displayLeftColumn'),(8,'home','displayHome'),(9,'displayHeader','Header'),(10,'cart','actionCartSave'),(11,'authentication','actionAuthentication'),(12,'addproduct','actionProductAdd'),(13,'updateproduct','actionProductUpdate'),(14,'top','displayTop'),(15,'extraRight','displayRightColumnProduct'),(16,'deleteproduct','actionProductDelete'),(17,'productfooter','displayFooterProduct'),(18,'invoice','displayInvoice'),(19,'updateOrderStatus','actionOrderStatusUpdate'),(20,'adminOrder','displayAdminOrder'),(21,'footer','displayFooter'),(22,'PDFInvoice','displayPDFInvoice'),(23,'adminCustomers','displayAdminCustomers'),(24,'orderConfirmation','displayOrderConfirmation'),(25,'createAccount','actionCustomerAccountAdd'),(26,'customerAccount','displayCustomerAccount'),(27,'orderSlip','actionOrderSlipAdd'),(28,'productTab','displayProductTab'),(29,'productTabContent','displayProductTabContent'),(30,'shoppingCart','displayShoppingCartFooter'),(31,'createAccountForm','displayCustomerAccountForm'),(32,'AdminStatsModules','displayAdminStatsModules'),(33,'GraphEngine','displayAdminStatsGraphEngine'),(34,'orderReturn','actionOrderReturn'),(35,'productActions','displayProductButtons'),(36,'backOfficeHome','displayBackOfficeHome'),(37,'GridEngine','displayAdminStatsGridEngine'),(38,'watermark','actionWatermark'),(39,'cancelProduct','actionProductCancel'),(40,'extraLeft','displayLeftColumnProduct'),(41,'productOutOfStock','actionProductOutOfStock'),(42,'updateProductAttribute','actionProductAttributeUpdate'),(43,'extraCarrier','displayCarrierList'),(44,'shoppingCartExtra','displayShoppingCart'),(45,'search','actionSearch'),(46,'backBeforePayment','displayBeforePayment'),(47,'updateCarrier','actionCarrierUpdate'),(48,'postUpdateOrderStatus','actionOrderStatusPostUpdate'),(49,'createAccountTop','displayCustomerAccountFormTop'),(50,'backOfficeHeader','displayBackOfficeHeader'),(51,'backOfficeTop','displayBackOfficeTop'),(52,'backOfficeFooter','displayBackOfficeFooter'),(53,'deleteProductAttribute','actionProductAttributeDelete'),(54,'processCarrier','actionCarrierProcess'),(55,'orderDetail','actionOrderDetail'),(56,'beforeCarrier','displayBeforeCarrier'),(57,'orderDetailDisplayed','displayOrderDetail'),(58,'paymentCCAdded','actionPaymentCCAdd'),(59,'extraProductComparison','displayProductComparison'),(60,'categoryAddition','actionCategoryAdd'),(61,'categoryUpdate','actionCategoryUpdate'),(62,'categoryDeletion','actionCategoryDelete'),(63,'beforeAuthentication','actionBeforeAuthentication'),(64,'paymentTop','displayPaymentTop'),(65,'afterCreateHtaccess','actionHtaccessCreate'),(66,'afterSaveAdminMeta','actionAdminMetaSave'),(67,'attributeGroupForm','displayAttributeGroupForm'),(68,'afterSaveAttributeGroup','actionAttributeGroupSave'),(69,'afterDeleteAttributeGroup','actionAttributeGroupDelete'),(70,'featureForm','displayFeatureForm'),(71,'afterSaveFeature','actionFeatureSave'),(72,'afterDeleteFeature','actionFeatureDelete'),(73,'afterSaveProduct','actionProductSave'),(74,'productListAssign','actionProductListOverride'),(75,'postProcessAttributeGroup','displayAttributeGroupPostProcess'),(76,'postProcessFeature','displayFeaturePostProcess'),(77,'featureValueForm','displayFeatureValueForm'),(78,'postProcessFeatureValue','displayFeatureValuePostProcess'),(79,'afterDeleteFeatureValue','actionFeatureValueDelete'),(80,'afterSaveFeatureValue','actionFeatureValueSave'),(81,'attributeForm','displayAttributeForm'),(82,'postProcessAttribute','actionAttributePostProcess'),(83,'afterDeleteAttribute','actionAttributeDelete'),(84,'afterSaveAttribute','actionAttributeSave'),(85,'taxManager','actionTaxManager'),(86,'myAccountBlock','displayMyAccountBlock');

--
-- Table structure for table `ps_hook_module`
--

CREATE TABLE `ps_hook_module` (
  `id_module` int(10) unsigned NOT NULL,
  `id_shop` int(11) unsigned NOT NULL DEFAULT '1',
  `id_hook` int(10) unsigned NOT NULL,
  `position` tinyint(2) unsigned NOT NULL,
  PRIMARY KEY (`id_module`,`id_hook`,`id_shop`),
  KEY `id_hook` (`id_hook`),
  KEY `id_module` (`id_module`),
  KEY `position` (`id_shop`,`position`)
) ENGINE=InnoDB DEFAULT CHARSET=utf8;

--
-- Dumping data for table `ps_hook_module`
--

INSERT INTO `ps_hook_module` (`id_module`, `id_shop`, `id_hook`, `position`) VALUES (1,1,10,1),(1,1,16,1),(1,1,107,1),(1,1,108,1),(1,1,109,1),(1,1,110,1),(2,1,111,1),(2,1,112,1),(3,1,1,1),(3,1,5,1),(3,1,113,1),(4,1,8,1),(4,1,13,1),(4,1,14,1),(4,1,17,1),(4,1,55,1),(5,1,114,1),(7,1,67,1),(7,1,68,1),(7,1,69,1),(7,1,99,1),(7,1,115,1),(7,1,116,1),(11,1,74,1),(11,1,75,1),(11,1,76,1),(11,1,77,1),(11,1,78,1),(11,1,79,1),(11,1,80,1),(11,1,81,1),(11,1,82,1),(11,1,83,1),(11,1,84,1),(11,1,85,1),(11,1,86,1),(11,1,87,1),(11,1,88,1),(11,1,89,1),(11,1,90,1),(11,1,91,1),(12,1,117,1),(12,1,118,1),(12,1,119,1),(12,1,120,1),(16,1,121,1),(16,1,122,1),(16,1,123,1),(17,1,125,1),(17,1,126,1),(19,1,96,1),(19,1,97,1),(20,1,26,1),(20,1,31,1),(22,1,15,1),(22,1,128,1),(22,1,170,1),(25,1,129,1),(25,1,130,1),(25,1,131,1),(27,1,132,1),(27,1,133,1),(27,1,134,1),(27,1,135,1),(27,1,136,1),(28,1,101,1),(31,1,137,1),(31,1,138,1),(31,1,139,1),(31,1,140,1),(31,1,141,1),(31,1,142,1),(31,1,143,1),(31,1,144,1),(32,1,145,1),(34,1,52,1),(35,1,40,1),(36,1,44,1),(37,1,98,1),(40,1,39,1),(50,1,12,1),(63,1,9,1),(63,1,57,1),(64,1,2,1),(64,1,20,1),(64,1,95,1),(64,1,147,1),(64,1,148,1),(64,1,149,1),(64,1,150,1),(64,1,151,1),(64,1,152,1),(64,1,153,1),(64,1,154,1),(64,1,155,1),(64,1,156,1),(64,1,157,1),(64,1,158,1),(64,1,159,1),(64,1,160,1),(64,1,161,1),(65,1,11,1),(65,1,29,1),(65,1,32,1),(65,1,42,1),(65,1,93,1),(65,1,100,1),(66,1,35,1),(66,1,36,1),(66,1,66,1),(66,1,146,1),(67,1,47,1),(71,1,18,1),(71,1,37,1),(72,1,33,1),(72,1,38,1),(72,1,162,1),(79,1,106,1),(79,1,163,1),(79,1,164,1),(79,1,165,1),(79,1,166,1),(79,1,167,1),(79,1,168,1),(80,1,27,1),(80,1,54,1),(80,1,63,1),(80,1,64,1),(81,1,6,1),(81,1,41,1),(81,1,48,1),(81,1,49,1),(81,1,60,1),(81,1,104,1),(81,1,169,1),(82,1,45,1),(2,1,10,2),(5,1,15,2),(6,1,26,2),(7,1,8,2),(8,1,101,2),(9,1,9,2),(11,1,67,2),(11,1,68,2),(11,1,69,2),(18,1,125,2),(18,1,126,2),(19,1,13,2),(19,1,14,2),(19,1,17,2),(27,1,107,2),(27,1,108,2),(27,1,117,2),(27,1,118,2),(27,1,119,2),(27,1,121,2),(27,1,122,2),(27,1,123,2),(27,1,129,2),(27,1,130,2),(27,1,131,2),(30,1,1,2),(30,1,5,2),(30,1,113,2),(32,1,55,2),(32,1,138,2),(32,1,144,2),(33,1,145,2),(34,1,139,2),(38,1,96,2),(38,1,97,2),(39,1,42,2),(41,1,39,2),(50,1,31,2),(60,1,52,2),(63,1,98,2),(63,1,112,2),(64,1,57,2),(64,1,120,2),(64,1,135,2),(64,1,136,2),(64,1,140,2),(64,1,142,2),(66,1,16,2),(70,1,47,2),(75,1,18,2),(77,1,20,2),(81,1,2,2),(81,1,32,2),(81,1,93,2),(84,1,37,2),(4,1,10,3),(4,1,96,3),(4,1,97,3),(7,1,26,3),(10,1,101,3),(11,1,8,3),(13,1,9,3),(23,1,13,3),(23,1,14,3),(23,1,17,3),(23,1,96,3),(23,1,97,3),(27,1,15,3),(27,1,68,3),(33,1,138,3),(33,1,144,3),(34,1,145,3),(37,1,119,3),(42,1,39,3),(64,1,139,3),(68,1,57,3),(68,1,125,3),(68,1,126,3),(71,1,55,3),(76,1,1,3),(76,1,5,3),(76,1,113,3),(5,1,10,4),(12,1,8,4),(12,1,26,4),(14,1,101,4),(26,1,13,4),(26,1,14,4),(26,1,17,4),(28,1,15,4),(34,1,138,4),(35,1,144,4),(38,1,68,4),(43,1,39,4),(77,1,57,4),(6,1,10,5),(16,1,8,5),(18,1,26,5),(38,1,13,5),(38,1,14,5),(38,1,17,5),(40,1,15,5),(44,1,39,5),(7,1,10,6),(15,1,26,6),(17,1,8,6),(41,1,15,6),(45,1,39,6),(75,1,13,6),(75,1,14,6),(75,1,17,6),(8,1,10,7),(19,1,8,7),(46,1,39,7),(50,1,26,7),(65,1,15,7),(81,1,17,7),(9,1,10,8),(21,1,8,8),(47,1,39,8),(63,1,26,8),(10,1,10,9),(23,1,8,9),(48,1,39,9),(73,1,26,9),(11,1,10,10),(24,1,8,10),(49,1,39,10),(12,1,10,11),(25,1,8,11),(51,1,39,11),(14,1,10,12),(26,1,8,12),(52,1,39,12),(15,1,10,13),(29,1,8,13),(53,1,39,13),(16,1,10,14),(54,1,39,14),(63,1,8,14),(17,1,10,15),(55,1,39,15),(74,1,8,15),(18,1,10,16),(56,1,39,16),(19,1,10,17),(57,1,39,17),(20,1,10,18),(58,1,39,18),(21,1,10,19),(59,1,39,19),(22,1,10,20),(60,1,39,20),(23,1,10,21),(61,1,39,21),(24,1,10,22),(62,1,39,22),(25,1,10,23),(26,1,10,24),(27,1,10,25),(28,1,10,26),(29,1,10,27),(37,1,10,28),(38,1,10,29),(39,1,10,30),(63,1,10,31),(65,1,10,32),(66,1,10,33),(67,1,10,34),(71,1,10,35),(74,1,10,36),(75,1,10,37),(79,1,10,38),(81,1,10,39),(84,1,10,40);

--
-- Table structure for table `ps_hook_module_exceptions`
--

CREATE TABLE `ps_hook_module_exceptions` (
  `id_hook_module_exceptions` int(10) unsigned NOT NULL AUTO_INCREMENT,
  `id_shop` int(11) unsigned NOT NULL DEFAULT '1',
  `id_module` int(10) unsigned NOT NULL,
  `id_hook` int(10) unsigned NOT NULL,
  `file_name` varchar(255) DEFAULT NULL,
  PRIMARY KEY (`id_hook_module_exceptions`),
  KEY `id_module` (`id_module`),
  KEY `id_hook` (`id_hook`)
) ENGINE=InnoDB AUTO_INCREMENT=6 DEFAULT CHARSET=utf8;

--
-- Dumping data for table `ps_hook_module_exceptions`
--

INSERT INTO `ps_hook_module_exceptions` (`id_hook_module_exceptions`, `id_shop`, `id_module`, `id_hook`, `file_name`) VALUES (1,1,4,8,'category'),(2,1,16,8,'category'),(3,1,17,8,'category'),(4,1,21,8,'category'),(5,1,25,8,'category');

--
-- Table structure for table `ps_image`
--

CREATE TABLE `ps_image` (
  `id_image` int(10) unsigned NOT NULL AUTO_INCREMENT,
  `id_product` int(10) unsigned NOT NULL,
  `position` smallint(2) unsigned NOT NULL DEFAULT '0',
  `cover` tinyint(1) unsigned DEFAULT NULL,
  PRIMARY KEY (`id_image`),
  UNIQUE KEY `id_product_cover` (`id_product`,`cover`),
  UNIQUE KEY `idx_product_image` (`id_image`,`id_product`,`cover`),
  KEY `image_product` (`id_product`)
) ENGINE=InnoDB AUTO_INCREMENT=430 DEFAULT CHARSET=utf8;

--
-- Dumping data for table `ps_image`
--

INSERT INTO `ps_image` (`id_image`, `id_product`, `position`, `cover`) VALUES (30,8,1,1),(31,9,1,1),(34,12,1,1),(35,13,1,1),(36,14,1,1),(38,16,1,1),(39,17,1,1),(40,18,1,1),(42,20,1,1),(46,24,1,1),(47,25,1,1),(48,26,1,1),(53,29,1,1),(55,31,1,1),(56,32,1,1),(57,33,1,1),(58,34,1,1),(59,35,1,1),(60,36,1,1),(61,37,1,1),(62,38,1,1),(63,39,1,1),(64,40,1,1),(65,40,2,NULL),(66,41,1,1),(67,42,1,1),(68,43,1,1),(69,44,1,1),(70,45,1,1),(71,46,1,1),(72,47,1,1),(73,48,1,1),(74,49,1,1),(75,50,1,1),(76,51,1,1),(77,52,1,1),(78,53,1,1),(79,54,1,1),(80,55,1,1),(81,56,1,1),(82,57,1,1),(83,58,1,1),(84,59,1,1),(85,60,1,1),(86,61,1,1),(87,62,1,1),(88,63,1,1),(90,64,1,1),(92,65,1,1),(94,66,1,1),(97,68,1,1),(100,69,1,1),(103,70,1,1),(105,71,1,1),(106,72,1,1),(107,73,1,1),(109,74,1,1),(111,75,1,1),(113,76,1,1),(115,77,1,1),(117,78,1,1),(119,79,1,1),(121,80,1,1),(122,81,1,1),(124,82,1,1),(125,83,1,NULL),(127,83,2,NULL),(128,83,3,NULL),(129,83,4,NULL),(130,83,5,1),(136,84,1,1),(137,84,2,NULL),(138,84,3,NULL),(139,84,4,NULL),(140,84,5,NULL),(146,85,1,1),(147,85,2,NULL),(148,85,3,NULL),(149,85,4,NULL),(150,85,5,NULL),(151,86,1,1),(153,87,1,1),(154,88,1,1),(155,88,2,NULL),(156,88,3,NULL),(157,88,4,NULL),(158,89,1,1),(159,89,2,NULL),(160,89,3,NULL),(161,89,4,NULL),(162,90,1,1),(163,90,2,NULL),(164,90,3,NULL),(165,90,4,NULL),(166,90,5,NULL),(167,90,6,NULL),(168,91,1,1),(170,92,1,1),(172,93,1,1),(174,94,1,1),(175,95,1,1),(178,96,1,1),(180,97,1,1),(182,98,1,1),(184,99,1,1),(186,100,1,1),(188,101,1,1),(190,102,1,1),(191,102,2,NULL),(192,102,3,NULL),(193,102,4,NULL),(194,102,5,NULL),(195,102,6,NULL),(196,102,7,NULL),(197,102,8,NULL),(199,103,1,1),(209,105,1,1),(211,106,1,1),(213,107,1,1),(215,108,1,1),(217,109,1,1),(219,110,1,1),(221,111,1,1),(223,112,1,1),(225,113,1,1),(227,114,1,1),(229,115,1,1),(231,116,1,1),(233,117,1,1),(236,119,1,1),(237,118,1,1),(239,120,1,1),(241,121,1,1),(243,122,1,1),(245,123,1,1),(247,124,1,1),(249,125,1,NULL),(250,125,2,NULL),(251,125,3,NULL),(252,125,4,1),(253,125,5,NULL),(254,125,6,NULL),(256,126,1,1),(258,127,1,1),(260,128,1,1),(261,129,1,1),(262,130,1,1),(263,131,1,1),(264,131,2,NULL),(265,131,3,NULL),(266,132,1,1),(267,133,1,1),(269,134,1,1),(273,135,1,1),(274,136,1,1),(275,137,1,1),(277,138,1,1),(279,139,1,1),(281,140,1,1),(283,141,1,1),(286,142,1,1),(287,143,1,1),(293,144,1,NULL),(297,144,2,NULL),(298,144,3,NULL),(299,144,4,NULL),(300,144,5,1),(302,145,1,1),(303,145,2,NULL),(304,145,3,NULL),(305,145,4,NULL),(306,145,5,NULL),(307,145,6,NULL),(309,146,1,1),(311,147,1,1),(313,148,1,1),(314,149,1,1),(323,150,1,1),(324,150,2,NULL),(325,150,3,NULL),(326,150,4,NULL),(331,151,1,NULL),(332,151,2,NULL),(333,151,3,1),(334,151,4,NULL),(335,151,5,NULL),(336,151,6,NULL),(337,151,7,NULL),(338,152,1,NULL),(339,152,2,NULL),(340,152,3,NULL),(341,152,4,NULL),(342,152,5,NULL),(343,152,6,NULL),(344,152,7,NULL),(345,152,8,NULL),(346,152,9,1),(347,152,10,NULL),(348,152,11,NULL),(349,152,12,NULL),(350,152,13,NULL),(351,152,14,NULL),(352,152,15,NULL),(353,152,16,NULL),(355,153,1,1),(357,154,1,1),(359,155,1,1),(361,156,1,1),(363,157,1,1),(365,158,1,1),(367,159,1,1),(369,160,1,1),(371,161,1,1),(373,162,1,1),(375,163,1,1),(377,164,1,1),(379,165,1,1),(382,167,1,1),(384,168,1,1),(386,169,1,1),(388,170,1,1),(390,171,1,1),(392,172,1,1),(394,173,1,1),(396,174,1,1),(398,175,1,1),(400,176,1,1),(402,177,1,1),(404,178,1,1),(406,179,1,1),(408,180,1,1),(410,181,1,1),(412,183,1,1),(414,182,1,1),(415,184,1,1),(416,185,1,1),(417,186,1,1),(418,186,2,NULL),(419,186,3,NULL),(420,186,4,NULL),(421,186,5,NULL),(422,186,6,NULL),(423,187,1,1),(424,188,1,1),(425,189,1,1),(426,190,1,1),(427,191,1,1),(428,192,1,1),(429,193,1,1);

--
-- Table structure for table `ps_image_lang`
--

CREATE TABLE `ps_image_lang` (
  `id_image` int(10) unsigned NOT NULL,
  `id_lang` int(10) unsigned NOT NULL,
  `legend` varchar(128) DEFAULT NULL,
  PRIMARY KEY (`id_image`,`id_lang`),
  KEY `id_image` (`id_image`)
) ENGINE=InnoDB DEFAULT CHARSET=utf8;

--
-- Dumping data for table `ps_image_lang`
--

INSERT INTO `ps_image_lang` (`id_image`, `id_lang`, `legend`) VALUES (30,1,'Rabbit Bonbon Small Blue'),(30,2,'Rabbit Bonbon Small Blue'),(31,1,'Doudou Cerise with Dummy holder'),(31,2,'Doudou Cerise with Dummy holder'),(34,1,'Doudou Petit Chou with Dummy holder'),(34,2,'Doudou Petit Chou with Dummy holder'),(35,1,'Doudou Petit Chou'),(35,2,'Doudou Petit Chou'),(36,1,'Activity Doll Petit Chou'),(36,2,'Activity Doll Petit Chou'),(38,1,'Doudou Rabbit Pompon Almond'),(38,2,'Doudou Rabbit Pompon Almond'),(39,1,'Rabbit Bonbon Large Pink'),(39,2,'Rabbit Bonbon Large Pink'),(40,1,'Rabbit Bonbon Large Blue'),(40,2,'Rabbit Bonbon Large Blue'),(42,1,'Doudou Collector Rabbit Pink'),(42,2,'Doudou Collector Rabbit Pink'),(46,1,'Doudou Cueillettes Mouse'),(46,2,'Doudou Cueillettes Mouse'),(47,1,'Doudou Cueillettes Dog'),(47,2,'Doudou Cueillettes Dog'),(48,1,'Doudou Cueillettes Dog with Handkerchief'),(48,2,'Doudou Doll Cueillettes Dog'),(53,1,'Sweety Rabbit'),(53,2,'Sweety Rabbit'),(55,1,'Douillet Bear Champagne '),(55,2,'Douillet Bear Champagne '),(56,1,'Girafe Small Size'),(56,2,'Girafe Small Size'),(57,1,'Girafe Medium Size'),(57,2,'Girafe Medium Size'),(58,1,'Giraffe Large Size'),(58,2,'Giraffe Large Size'),(59,1,'Hippo Small Size'),(59,2,'Hippo Small Size'),(60,1,'Hippo Medium Size'),(60,2,'Hippo Medium Size'),(61,1,'Sweety Dog'),(61,2,'Sweety Dog'),(62,1,'Copain Calin Rabbit Medium'),(62,2,'Copain Calin Rabbit Medium'),(63,1,'Copain Calin Rabbit Large'),(63,2,'Copain Calin Rabbit Large'),(64,1,'Brownie the Dog - Beige'),(64,2,'Brownie the Dog - Beige'),(65,1,'Brownie the Dog - White'),(65,2,'Brownie the Dog - White'),(66,1,'Cookie the Dog Small Size'),(66,2,'Cookie the Dog Small Size'),(67,1,'Cookie the Dog Medium Size'),(67,2,'Cookie the Dog Medium Size'),(68,1,'Douillet Bear Champagne Medium'),(68,2,'Douillet Bear Champagne Medium'),(69,1,'Marius the Rabbit Large - Z Animoos'),(69,2,'Marius the Rabbit Large - Z Animoos'),(70,1,'Marius the Rabbit Medium - Z Animoos'),(70,2,'Marius the Rabbit Medium - Z Animoos'),(71,1,'Layette Bear Blue'),(71,2,'Layette Bear Blue'),(72,1,'Layette Bear Pink'),(72,2,'Layette Bear Pink'),(73,1,'Zebra the Puppet'),(73,2,'Zebra the Puppet'),(74,1,'Cow the Puppet with Ladybird'),(74,2,'Cow the Puppet with Ladybird'),(75,1,'Cow the Puppet'),(75,2,'Cow the Puppet'),(76,1,'Donkey the Puppet'),(76,2,'Donkey the Puppet'),(77,1,'Giraffe the Puppet'),(77,2,'Giraffe the Puppet'),(78,1,'Lion Authentique'),(78,2,'Lion Authentique'),(79,1,'Cat Authentique'),(79,2,'Cat Authentique'),(80,1,'Red Panda Authentique'),(80,2,'Red Panda Authentique'),(81,1,'Koala Authentique'),(81,2,'Koala Authentique'),(82,1,'Doudou Rabbit Bonbon Large Light Brown'),(82,2,'Doudou Rabbit Bonbon Large Light Brown'),(83,1,'Puppet Celestine the Rabbit'),(83,2,'Puppet Celestine the Rabbit'),(84,1,'Ladybird the Puppet'),(84,2,'Ladybird the Puppet'),(85,1,'Doudou Classical Celestine'),(85,2,'Doudou Classical Celestine'),(86,1,'Doudou Classical Celestin'),(86,2,'Doudou Classical Celestin'),(87,1,'Doudou Celeste'),(87,2,'Doudou Celeste'),(88,1,'Doudou Celeste with Handkerchief'),(88,2,'Doudou Celeste with Handkerchief'),(90,1,'Pyjama Bag Celeste'),(90,2,'Pyjama Bag Celeste'),(92,1,'Activity Doll Lapin Bonbon Pink'),(92,2,'Activity Doll Lapin Bonbon Pink'),(94,1,'Rabbit Pompon Small Coral'),(94,2,'Rabbit Pompon Small Coral'),(97,1,'Rabbit Pompon Medium Coral'),(97,2,'Rabbit Pompon Medium Coral'),(100,1,'Rabbit Pompon Medium Lavander'),(100,2,'Rabbit Pompon Medium Lavander'),(103,1,'Rabbit Pompon Medium Almond'),(103,2,'Rabbit Pompon Medium Almond'),(105,1,'Pyjama Bag Cerise'),(105,2,'Pyjama Bag Cerise'),(106,1,'Rattle Bear Petit Chou '),(106,2,'Rattle Petit Chou '),(107,1,'Musical Box Bear Petit Chou'),(107,2,'Musical Box Petit Chou'),(109,1,'Musical Box Doudou Collector Pink Rabbit'),(109,2,'Musical Box Doudou Collector Pink Rabbit'),(111,1,'Musical Box Doudou Collector Brown Rabbit'),(111,2,'Musical Box Doudou Collector Brown Rabbit'),(113,1,'Musical Box Doudou Collector Pink Bear'),(113,2,'Musical Box Doudou Collector Pink Bear'),(115,1,'Activity Doll Doudou Collector Pink Rabbit'),(115,2,'Activity Doll Doudou Collector Pink Rabbit'),(117,1,'Activity Doll Doudou Collector Brown Rabbit'),(117,2,'Activity Doll Doudou Collector Brown Rabbit'),(119,1,'Activity Doll Doudou Collector Brown Rabbit'),(119,2,'Activity Doll Doudou Collector Brown Rabbit'),(121,1,'Activity Doll Doudou Collector Mint Dog'),(121,2,'Activity Doll Doudou Collector Mint Dog'),(122,1,'Socks for Every Day of the Week - Boy'),(122,2,'Socks for Every Day of the Week - Boy'),(124,1,'Socks for Every Day of the Week - Girl'),(124,2,'Socks for Every Day of the Week - Girl'),(125,1,'Childbirth Socks - Boy - Blue'),(125,2,'Childbirth Socks - Boy - Blue'),(127,1,'Childbirth Socks - Boy - Bear Head'),(127,2,'Childbirth Socks - Boy - Bear Head'),(128,1,'Childbirth Socks - Boy - 4 models'),(128,2,'Childbirth Socks - Boy - 4 models'),(129,1,'Childbirth Socks - Boy - Ptit Bout'),(129,2,'Childbirth Socks - Boy - Ptit Bout'),(130,1,'Childbirth Socks - Boy - Stripes'),(130,2,'Childbirth Socks - Boy - Stripes'),(136,1,'Childbirth Socks - Girl - Bebe d Amour'),(136,2,'Childbirth Socks - Girl - Bebe d Amour'),(137,1,'Childbirth Socks - Girl - Dancing Shoes'),(137,2,'Childbirth Socks - Girl - Dancing Shoes'),(138,1,'Childbirth Socks - Girl - Shoe Imitation'),(138,2,'Childbirth Socks - Girl - Shoe Imitation'),(139,1,'Childbirth Socks - Girl - Pink'),(139,2,'Childbirth Socks - Girl - Pink'),(140,1,'Childbirth Socks - Girl - 4 models'),(140,2,'Childbirth Socks - Girl - 4 models'),(146,1,'Childbirth Socks - Unisex - Bear Head'),(146,2,'Childbirth Socks - Unisex - Bear Head'),(147,1,'Childbirth Socks - Unisex - Shoe Imitation'),(147,2,'Childbirth Socks - Unisex - Shoe Imitation'),(148,1,'Childbirth Socks - Unisex - Stripes'),(148,2,'Childbirth Socks - Unisex - Stripes'),(149,1,'Childbirth Socks - Unisex - Brown'),(149,2,'Childbirth Socks - Unisex - Brown'),(150,1,'Childbirth Socks - Unisex - 4 models'),(150,2,'Childbirth Socks - Unisex - 4 models'),(151,1,'Booties Rabbit Pompon with Rattle - Strawberry'),(151,2,'Booties Rabbit Pompon with Rattle - Strawberry'),(153,1,'Booties Rabbit Pompon with Rattle - Almond'),(153,2,'Booties Rabbit Pompon with Rattle - Almond'),(154,1,'Soft Blanket Rabbit - Blue'),(154,2,'Soft Blanket Rabbit - Blue'),(155,1,'Soft Blanket Rabbit - Brown'),(155,2,'Soft Blanket Rabbit - Brown'),(156,1,'Soft Blanket Rabbit - Ivory'),(156,2,'Soft Blanket Rabbit - Ivory'),(157,1,'Soft Blanket Rabbit - Pink'),(157,2,'Soft Blanket Rabbit - Pink'),(158,1,'Soft Blanket Flower Coral'),(158,2,'Soft Blanket Flower Coral'),(159,1,'Soft Blanket Flower White'),(159,2,'Soft Blanket Flower White'),(160,1,'Soft Blanket Wind Mill Beige'),(160,2,'Soft Blanket Wind Mill Beige'),(161,1,'Soft Blanket Wind Mill Blue'),(161,2,'Soft Blanket Wind Mill Blue'),(162,1,'Les Demoiselles Small - Blanche'),(162,2,'Les Demoiselles Small - Blanche'),(163,1,'Les Demoiselles Small - Camelia'),(163,2,'Les Demoiselles Small - Camelia'),(164,1,'Les Demoiselles Small - Fraise'),(164,2,'Les Demoiselles Small - Fraise'),(165,1,'Les Demoiselles Small - Hortensia'),(165,2,'Les Demoiselles Small - Hortensia'),(166,1,'Les Demoiselles Small - Orchidee'),(166,2,'Les Demoiselles Small - Orchidee'),(167,1,'Les Demoiselles Small - Peche'),(167,2,'Les Demoiselles Small - Peche'),(168,1,'Les Demoiselles Medium - Rose'),(168,2,'Les Demoiselles Medium - Rose'),(170,1,'Les Demoiselles Medium - Framboise'),(170,2,'Les Demoiselles Medium - Framboise'),(172,1,'Les Demoiselles Medium - Orchidee'),(172,2,'Les Demoiselles Medium - Orchidee'),(174,1,'Les Demoiselles Medium - Blanche'),(174,2,'Les Demoiselles Medium - Blanche'),(175,1,'Doudou Chouette ca Brille - Blue '),(175,2,'Doudou Chouette ca Brille - Blue '),(178,1,'Theodore Bear the Puppet'),(178,2,'Theodore Bear the Puppet'),(180,1,'Strawberry Bear the Puppet'),(180,2,'Strawberry Bear the Puppet'),(182,1,'Green Mouse the Puppet'),(182,2,'Green Mouse the Puppet'),(184,1,'Catchou Cat the Puppet'),(184,2,'Catchou Cat the Puppet'),(186,1,'Catchou Cat the Puppet'),(186,2,'Catchou Cat the Puppet'),(188,1,'Barnabe Gardener the Puppet'),(188,2,'Barnabe Gardener the Puppet'),(190,1,'Little Secrets Puppet - Ladybird'),(190,2,'Little Secrets Puppet - Ladybird'),(191,1,'Little Secrets Puppet - Bear'),(191,2,'Little Secrets Puppet - Bear'),(192,1,'Little Secrets Puppet - Donkey'),(192,2,'Little Secrets Puppet - Donkey'),(193,1,'Little Secrets Puppet - Hippo'),(193,2,'Little Secrets Puppet - Hippo'),(194,1,'Little Secrets Puppet - Mouse'),(194,2,'Little Secrets Puppet - Mouse'),(195,1,'Little Secrets Puppet - Panda'),(195,2,'Little Secrets Puppet - Panda'),(196,1,'Little Secrets Puppet - Penguin'),(196,2,'Little Secrets Puppet - Penguin'),(197,1,'Little Secrets Puppet - Rabbit'),(197,2,'Little Secrets Puppet - Rabbit'),(199,1,'Doudou Cueillettes Rabbit'),(199,2,'Doudou Cueillettes Rabbit'),(209,1,'Amerindian Rabbit the Puppet'),(209,2,'Amerindian Rabbit the Puppet'),(211,1,'Zigzag Bear the Puppet'),(211,2,'Zigzag Bear the Puppet'),(213,1,'Zigzag Rabbit the Puppet'),(213,2,'Zigzag Rabbit the Puppet'),(215,1,'Blue Rabbit the Puppet'),(215,2,'Blue Rabbit the Puppet'),(217,1,'Mint Bear the Puppet'),(217,2,'Mint Bear the Puppet'),(219,1,'Les Demoiselles Graffitis - Purple'),(219,2,'Les Demoiselles Graffitis - Purple'),(221,1,'Les Demoiselles Graffitis - Turquoise'),(221,2,'Les Demoiselles Graffitis - Turquoise'),(223,1,'Les Demoiselles Graffitis - Pink'),(223,2,'Les Demoiselles Graffitis - Pink'),(225,1,'Les Demoiselles Graffitis - Orange'),(225,2,'Les Demoiselles Graffitis - Orange'),(227,1,'Animals Graffitis - Purple Mouse'),(227,2,'Animals Graffitis - Purple Mouse'),(229,1,'Animals Graffitis - Mint Bear'),(229,2,'Animals Graffitis - Mint Bear'),(231,1,'Animals Graffitis - Turquoise Rabbit'),(231,2,'Animals Graffitis - Turquoise Rabbit'),(233,1,'Animals Graffitis - Pink Rabbit'),(233,2,'Animals Graffitis - Pink Rabbit'),(236,1,'Doudou Lila with Dummy holder'),(236,2,'Doudou Petit Chou with Dummy holder'),(237,1,'Doudou Lila with Handkerchief'),(237,2,'Rabbit Bonbon Small Pink'),(239,1,'Doudou Lila'),(239,2,'Doudou Cerise'),(241,1,'Doudou Melis with Dummy holder'),(241,2,'Rabbit Bonbon Small Pink'),(243,1,'Doudou Chouette ca Brille - Pink'),(243,2,'Doudou Chouette ca Brille - Blue '),(245,1,'Doudou Doll Cueillettes Mouse'),(245,2,'Doudou Doll Cueillettes Dog'),(247,1,'Animals Graffitis - Yellow Bear'),(247,2,'Animals Graffitis - Purple Mouse'),(249,1,'Mini Doudou Classical - Blue Bear'),(249,2,'Doudou Collector Rabbit Pink'),(250,1,'Mini Doudou Classical - Multicolor Bear'),(250,2,'Doudou Collector Rabbit Pink'),(251,1,'Mini Doudou Classical - Purple Bear'),(251,2,'Doudou Collector Rabbit Pink'),(252,1,'Mini Doudou Classical - Grey Rabbit'),(252,2,'Doudou Collector Rabbit Pink'),(253,1,'Mini Doudou Classical - Multicolor Rabbit'),(253,2,'Doudou Collector Rabbit Pink'),(254,1,'Mini Doudou Classical - Pink Rabbit'),(254,2,'Doudou Collector Rabbit Pink'),(256,1,'Doudou Cueillettes Rabbit with Handkerchief'),(256,2,'Doudou Doll Cueillettes Dog'),(258,1,'Doudou Celeste with Dummy holder'),(258,2,'Rabbit Bonbon Small Pink'),(260,1,'Cookie the Dog Large Size'),(260,2,'Cookie the Dog Medium Size'),(261,1,'Panda Small'),(261,2,'Panda Small'),(262,1,'Activity Doll Cerise'),(262,2,'Activity Doll Cerise'),(263,1,'Doudou Sweety'),(263,2,'Doudou Sweety'),(264,1,'Doudou Sweety'),(264,2,'Doudou Sweety'),(265,1,'Doudou Sweety'),(265,2,'Doudou Sweety'),(266,1,'Doudou Collector Rabbit Brown'),(266,2,'Doudou Collector Rabbit Brown'),(267,1,'Doudou Collector Bear Pink'),(267,2,'Doudou Collector Bear Pink'),(269,1,'Rabbit Pompon Musical Box - Strawberry'),(269,2,'Musical Box Doudou Collector Pink Rabbit'),(273,1,'Rabbit Pompon Musical Box - Lavanda'),(273,2,'Musical Box Doudou Collector Pink Rabbit'),(274,1,'Rabbit Pompon Musical Box - Almond'),(274,2,'Musical Box Doudou Collector Pink Rabbit'),(275,1,'Rabbit Pompon Musical Box - Coral'),(275,2,'Musical Box Doudou Collector Pink Rabbit'),(277,1,'Miloo Butterfly the Puppet'),(277,2,'Strawberry Bear the Puppet'),(279,1,'Lady Ladybird the Puppet'),(279,2,'Strawberry Bear the Puppet'),(281,1,'Paulin Rabbit the Puppet'),(281,2,'Strawberry Bear the Puppet'),(283,1,'Cherry Cow the Greedy Puppet'),(283,2,'Strawberry Bear the Puppet'),(286,1,'Doll Framboise the Puppet'),(286,2,'Strawberry Bear the Puppet'),(287,1,'Doll Rose the Puppet'),(287,2,'Strawberry Bear the Puppet'),(293,1,'Soft Blanket Animals Unfolded'),(293,2,'Soft Blanket Rabbit'),(297,1,'Soft Blanket Animals - Lion'),(297,2,'Soft Blanket Rabbit'),(298,1,'Soft Blanket Animals - Panda'),(298,2,'Soft Blanket Rabbit'),(299,1,'Soft Blanket Animals - Rabbit'),(299,2,'Soft Blanket Rabbit'),(300,1,'Soft Blanket Animals - Elephant'),(300,2,'Soft Blanket Rabbit'),(302,1,'Cueillettes Musical Box - Blue Rabbit'),(302,2,'Musical Box Doudou Collector Pink Rabbit'),(303,1,'Cueillettes Musical Box - Green Bear'),(303,2,'Musical Box Doudou Collector Pink Rabbit'),(304,1,'Cueillettes Musical Box - Pink Mouse'),(304,2,'Musical Box Doudou Collector Pink Rabbit'),(305,1,'Cueillettes Musical Box - Purple Rabbit'),(305,2,'Musical Box Doudou Collector Pink Rabbit'),(306,1,'Cueillettes Musical Box - Red Dog'),(306,2,'Musical Box Doudou Collector Pink Rabbit'),(307,1,'Cueillettes Musical Box - Yellow Bear'),(307,2,'Musical Box Doudou Collector Pink Rabbit'),(309,1,'Doudou Clementine'),(309,2,'Doudou Cerise'),(311,1,'Doll Clementine'),(311,2,'Doudou Cerise'),(313,1,'Activity Doll Clementine'),(313,2,'Activity Doll Cerise'),(314,1,'Lila Rabbit Musical Box'),(314,2,'Musical Box Doudou Collector Pink Rabbit'),(323,1,'Doudou Collector the Puppet - Blue Bear'),(323,2,'Little Secrets Puppet - Ladybird'),(324,1,'Doudou Collector the Puppet - Cat'),(324,2,'Little Secrets Puppet - Ladybird'),(325,1,'Doudou Collector the Puppet - Mouse'),(325,2,'Little Secrets Puppet - Ladybird'),(326,1,'Doudou Collector the Puppet - Peach Bear'),(326,2,'Little Secrets Puppet - Ladybird'),(331,1,'Awakening Spiral - Bear'),(331,2,'Soft Blanket Rabbit - Blue'),(332,1,'Awakening Spiral - Cat'),(332,2,'Soft Blanket Rabbit - Blue'),(333,1,'Awakening Spiral'),(333,2,'Soft Blanket Rabbit - Blue'),(334,1,'Awakening Spiral - Fox'),(334,2,'Soft Blanket Rabbit - Blue'),(335,1,'Awakening Spiral - Mouse'),(335,2,'Soft Blanket Rabbit - Blue'),(336,1,'Awakening Spiral - Rabbit'),(336,2,'Soft Blanket Rabbit - Blue'),(337,1,'Awakening Spiral - Sheep'),(337,2,'Soft Blanket Rabbit - Blue'),(338,1,'Pacifier Holder - Amerindian Bear'),(338,2,'Pacifier Holder'),(339,1,'Pacifier Holder - Amerindian Rabbit'),(339,2,'Pacifier Holder'),(340,1,'Pacifier Holder - Baby Rabbit'),(340,2,'Pacifier Holder'),(341,1,'Pacifier Holder - Blue Bear'),(341,2,'Pacifier Holder'),(342,1,'Pacifier Holder - Blue Rabbit'),(342,2,'Pacifier Holder'),(343,1,'Pacifier Holder - Broawn Bear'),(343,2,'Pacifier Holder'),(344,1,'Pacifier Holder -Celeste Rabbit'),(344,2,'Pacifier Holder'),(345,1,'Pacifier Holder - Joker Bear'),(345,2,'Pacifier Holder'),(346,1,'Pacifier Holder - Ladybird'),(346,2,'Pacifier Holder'),(347,1,'Pacifier Holder - Multicoloured Mouse'),(347,2,'Pacifier Holder'),(348,1,'Pacifier Holder - Orange Blue Bear'),(348,2,'Pacifier Holder'),(349,1,'Pacifier Holder - Orange Dog'),(349,2,'Pacifier Holder'),(350,1,'Pacifier Holder - Pink Orange Rabbit'),(350,2,'Pacifier Holder'),(351,1,'Pacifier Holder - Pink Rabbit'),(351,2,'Pacifier Holder'),(352,1,'Pacifier Holder - Sleeping Bear'),(352,2,'Pacifier Holder'),(353,1,'Pacifier Holder - Sleeping Mouse'),(353,2,'Pacifier Holder'),(355,1,'Hippo Large Size'),(355,2,'Hippo Small Size'),(357,1,'Elephant Medium Size'),(357,2,'Hippo Small Size'),(359,1,'Elephant Large Size'),(359,2,'Hippo Small Size'),(361,1,'Crocodile Medium Size'),(361,2,'Hippo Small Size'),(363,1,'Z\'Animoos the Bear - Large'),(363,2,'Douillet Bear Champagne '),(365,1,'Penguin'),(365,2,'Hippo Small Size'),(367,1,'Bear Collection - Brown - Medium'),(367,2,'Douillet Bear Champagne '),(369,1,'Kangaroo & Baby Authentique'),(369,2,'Hippo Small Size'),(371,1,'Black Panther Authentique'),(371,2,'Hippo Small Size'),(373,1,'Snow Leopard Medium Size'),(373,2,'Hippo Small Size'),(375,1,'Monkey'),(375,2,'Hippo Small Size'),(377,1,'Panda Large Size'),(377,2,'Hippo Small Size'),(379,1,'Panda Large Size'),(379,2,'Hippo Small Size'),(382,1,'Copain Calin Rabbit Small'),(382,2,'Copain Calin Rabbit Medium'),(384,1,'Copain Calin - Pink Rabbit - Small'),(384,2,'Copain Calin Rabbit Medium'),(386,1,'Copain Calin - Pink Rabbit - Large'),(386,2,'Copain Calin Rabbit Medium'),(388,1,'Copain Calin - Bear - Small'),(388,2,'Copain Calin Rabbit Medium'),(390,1,'Pearl the Elephant - Medium Size'),(390,2,'Hippo Small Size'),(392,1,'Douillet Bear Champagne Large'),(392,2,'Douillet Bear Champagne Medium'),(394,1,'Choupidoux Rabbit Beige Small'),(394,2,'Rabbit Bonbon Small Pink'),(396,1,'Choupidoux Rabbit Brown Small'),(396,2,'Rabbit Bonbon Small Pink'),(398,1,'Choupidoux Mouse Small'),(398,2,'Rabbit Bonbon Small Pink'),(400,1,'Doudou Choupidoux Rabbit - Large'),(400,2,'Doudou Rabbit Bonbon Small Pink'),(402,1,'Doudou Choupidoux Rabbit - Large'),(402,2,'Doudou Rabbit Bonbon Small Pink'),(404,1,'Doudou Choupidoux Bear - Large'),(404,2,'Doudou Rabbit Bonbon Small Pink'),(406,1,'Bear Bel Ours Large'),(406,2,'Hippo Small Size'),(408,1,'Dandy Hedgehog Medium'),(408,2,'Hippo Small Size'),(410,1,'Dandy Chicken Medium'),(410,2,'Hippo Small Size'),(412,1,'Copain Calin - Bear - Large'),(412,2,'Copain Calin Rabbit Medium'),(414,1,'Hippo Nature'),(414,2,'Copain Calin Rabbit Medium'),(415,1,'Doudou Rabbit Pompon Small Strawberry'),(415,2,'Doudou Rabbit Pompon Small Coral'),(416,1,'Doudou Rabbit Pompon Small Almond'),(416,2,'Doudou Rabbit Pompon Small Coral'),(417,1,'Vol au Vent Musical Box & Doudou - Blue Bear'),(417,2,'Musical Box Doudou Collector Pink Rabbit'),(418,1,'Vol au Vent Musical Box & Doudou - Brown Rabbit'),(418,2,'Musical Box Doudou Collector Pink Rabbit'),(419,1,'Vol au Vent Musical Box & Doudou - Mint Rabbit'),(419,2,'Musical Box Doudou Collector Pink Rabbit'),(420,1,'Vol au Vent Musical Box & Doudou - Pink Bear'),(420,2,'Musical Box Doudou Collector Pink Rabbit'),(421,1,'Vol au Vent Musical Box & Doudou - Pink Rabbit'),(421,2,'Musical Box Doudou Collector Pink Rabbit'),(422,1,'Vol au Vent Musical Box & Doudou - Purple Bear'),(422,2,'Musical Box Doudou Collector Pink Rabbit'),(423,1,'Doudou Rabbit Pompon Strawberry'),(423,2,'Doudou Rabbit Pompon Strawberry'),(424,1,'Activity Doll Lapin Bonbon Blue'),(424,2,'Activity Doll Lapin Bonbon Blue'),(425,1,'Doudou Collector Dog Mint'),(425,2,'Doudou Collector Dog Mint'),(426,1,'Rabbit Bonbon Small Pink'),(426,2,'Rabbit Bonbon Small Pink'),(427,1,'Doudou Cerise'),(427,2,'Doudou Cerise'),(428,1,'Sweety Bear'),(428,2,'Sweety Bear'),(429,1,'Rabbit Pompon Medium Strawberry'),(429,2,'Rabbit Pompon Medium Strawberry');

--
-- Table structure for table `ps_image_shop`
--

CREATE TABLE `ps_image_shop` (
  `id_product` int(10) unsigned NOT NULL,
  `id_image` int(11) unsigned NOT NULL,
  `id_shop` int(11) unsigned NOT NULL,
  `cover` tinyint(1) unsigned DEFAULT NULL,
  PRIMARY KEY (`id_image`,`id_shop`),
  UNIQUE KEY `id_product` (`id_product`,`id_shop`,`cover`),
  KEY `id_shop` (`id_shop`)
) ENGINE=InnoDB DEFAULT CHARSET=utf8;

--
-- Dumping data for table `ps_image_shop`
--

INSERT INTO `ps_image_shop` (`id_product`, `id_image`, `id_shop`, `cover`) VALUES (8,30,1,1),(9,31,1,1),(12,34,1,1),(13,35,1,1),(14,36,1,1),(16,38,1,1),(17,39,1,1),(18,40,1,1),(20,42,1,1),(24,46,1,1),(25,47,1,1),(26,48,1,1),(29,53,1,1),(31,55,1,1),(32,56,1,1),(33,57,1,1),(34,58,1,1),(35,59,1,1),(36,60,1,1),(37,61,1,1),(38,62,1,1),(39,63,1,1),(40,65,1,NULL),(40,64,1,1),(41,66,1,1),(42,67,1,1),(43,68,1,1),(44,69,1,1),(45,70,1,1),(46,71,1,1),(47,72,1,1),(48,73,1,1),(49,74,1,1),(50,75,1,1),(51,76,1,1),(52,77,1,1),(53,78,1,1),(54,79,1,1),(55,80,1,1),(56,81,1,1),(57,82,1,1),(58,83,1,1),(59,84,1,1),(60,85,1,1),(61,86,1,1),(62,87,1,1),(63,88,1,1),(64,90,1,1),(65,92,1,1),(66,94,1,1),(68,97,1,1),(69,100,1,1),(70,103,1,1),(71,105,1,1),(72,106,1,1),(73,107,1,1),(74,109,1,1),(75,111,1,1),(76,113,1,1),(77,115,1,1),(78,117,1,1),(79,119,1,1),(80,121,1,1),(81,122,1,1),(82,124,1,1),(83,125,1,NULL),(83,127,1,NULL),(83,128,1,NULL),(83,129,1,NULL),(83,130,1,1),(84,137,1,NULL),(84,138,1,NULL),(84,139,1,NULL),(84,140,1,NULL),(84,136,1,1),(85,147,1,NULL),(85,148,1,NULL),(85,149,1,NULL),(85,150,1,NULL),(85,146,1,1),(86,151,1,1),(87,153,1,1),(88,155,1,NULL),(88,156,1,NULL),(88,157,1,NULL),(88,154,1,1),(89,159,1,NULL),(89,160,1,NULL),(89,161,1,NULL),(89,158,1,1),(90,163,1,NULL),(90,164,1,NULL),(90,165,1,NULL),(90,166,1,NULL),(90,167,1,NULL),(90,162,1,1),(91,168,1,1),(92,170,1,1),(93,172,1,1),(94,174,1,1),(95,175,1,1),(96,178,1,1),(97,180,1,1),(98,182,1,1),(99,184,1,1),(100,186,1,1),(101,188,1,1),(102,191,1,NULL),(102,192,1,NULL),(102,193,1,NULL),(102,194,1,NULL),(102,195,1,NULL),(102,196,1,NULL),(102,197,1,NULL),(102,190,1,1),(103,199,1,1),(105,209,1,1),(106,211,1,1),(107,213,1,1),(108,215,1,1),(109,217,1,1),(110,219,1,1),(111,221,1,1),(112,223,1,1),(113,225,1,1),(114,227,1,1),(115,229,1,1),(116,231,1,1),(117,233,1,1),(118,237,1,1),(119,236,1,1),(120,239,1,1),(121,241,1,1),(122,243,1,1),(123,245,1,1),(124,247,1,1),(125,249,1,NULL),(125,250,1,NULL),(125,251,1,NULL),(125,253,1,NULL),(125,254,1,NULL),(125,252,1,1),(126,256,1,1),(127,258,1,1),(128,260,1,1),(129,261,1,1),(130,262,1,1),(131,264,1,NULL),(131,265,1,NULL),(131,263,1,1),(132,266,1,1),(133,267,1,1),(134,269,1,1),(135,273,1,1),(136,274,1,1),(137,275,1,1),(138,277,1,1),(139,279,1,1),(140,281,1,1),(141,283,1,1),(142,286,1,1),(143,287,1,1),(144,293,1,NULL),(144,297,1,NULL),(144,298,1,NULL),(144,299,1,NULL),(144,300,1,1),(145,303,1,NULL),(145,304,1,NULL),(145,305,1,NULL),(145,306,1,NULL),(145,307,1,NULL),(145,302,1,1),(146,309,1,1),(147,311,1,1),(148,313,1,1),(149,314,1,1),(150,324,1,NULL),(150,325,1,NULL),(150,326,1,NULL),(150,323,1,1),(151,331,1,NULL),(151,332,1,NULL),(151,334,1,NULL),(151,335,1,NULL),(151,336,1,NULL),(151,337,1,NULL),(151,333,1,1),(152,338,1,NULL),(152,339,1,NULL),(152,340,1,NULL),(152,341,1,NULL),(152,342,1,NULL),(152,343,1,NULL),(152,344,1,NULL),(152,345,1,NULL),(152,347,1,NULL),(152,348,1,NULL),(152,349,1,NULL),(152,350,1,NULL),(152,351,1,NULL),(152,352,1,NULL),(152,353,1,NULL),(152,346,1,1),(153,355,1,1),(154,357,1,1),(155,359,1,1),(156,361,1,1),(157,363,1,1),(158,365,1,1),(159,367,1,1),(160,369,1,1),(161,371,1,1),(162,373,1,1),(163,375,1,1),(164,377,1,1),(165,379,1,1),(167,382,1,1),(168,384,1,1),(169,386,1,1),(170,388,1,1),(171,390,1,1),(172,392,1,1),(173,394,1,1),(174,396,1,1),(175,398,1,1),(176,400,1,1),(177,402,1,1),(178,404,1,1),(179,406,1,1),(180,408,1,1),(181,410,1,1),(182,414,1,1),(183,412,1,1),(184,415,1,1),(185,416,1,1),(186,418,1,NULL),(186,419,1,NULL),(186,420,1,NULL),(186,421,1,NULL),(186,422,1,NULL),(186,417,1,1),(187,423,1,1),(188,424,1,1),(189,425,1,1),(190,426,1,1),(191,427,1,1),(192,428,1,1),(193,429,1,1);

--
-- Table structure for table `ps_image_type`
--

CREATE TABLE `ps_image_type` (
  `id_image_type` int(10) unsigned NOT NULL AUTO_INCREMENT,
  `name` varchar(64) NOT NULL,
  `width` int(10) unsigned NOT NULL,
  `height` int(10) unsigned NOT NULL,
  `products` tinyint(1) NOT NULL DEFAULT '1',
  `categories` tinyint(1) NOT NULL DEFAULT '1',
  `manufacturers` tinyint(1) NOT NULL DEFAULT '1',
  `suppliers` tinyint(1) NOT NULL DEFAULT '1',
  `scenes` tinyint(1) NOT NULL DEFAULT '1',
  `stores` tinyint(1) NOT NULL DEFAULT '1',
  PRIMARY KEY (`id_image_type`),
  KEY `image_type_name` (`name`)
) ENGINE=InnoDB AUTO_INCREMENT=11 DEFAULT CHARSET=utf8;

--
-- Dumping data for table `ps_image_type`
--

INSERT INTO `ps_image_type` (`id_image_type`, `name`, `width`, `height`, `products`, `categories`, `manufacturers`, `suppliers`, `scenes`, `stores`) VALUES (1,'cart_default',80,80,1,0,0,0,0,0),(2,'small_default',98,98,1,0,1,1,0,0),(3,'medium_default',125,125,1,1,1,1,1,1),(4,'home_default',250,250,1,0,0,0,0,0),(5,'large_default',458,458,1,0,1,1,0,0),(6,'thickbox_default',800,800,1,0,0,0,0,0),(7,'category_default',870,217,0,1,0,0,1,1),(8,'scene_default',870,270,0,0,0,0,1,0),(9,'m_scene_default',161,58,0,0,0,0,1,0),(10,'subcategory_default',125,125,0,1,0,0,0,0);

--
-- Table structure for table `ps_import_match`
--

CREATE TABLE `ps_import_match` (
  `id_import_match` int(10) NOT NULL AUTO_INCREMENT,
  `name` varchar(32) NOT NULL,
  `match` text NOT NULL,
  `skip` int(2) NOT NULL,
  PRIMARY KEY (`id_import_match`)
) ENGINE=InnoDB DEFAULT CHARSET=utf8;

--
-- Dumping data for table `ps_import_match`
--


--
-- Table structure for table `ps_info`
--

CREATE TABLE `ps_info` (
  `id_info` int(10) unsigned NOT NULL AUTO_INCREMENT,
  `id_shop` int(10) unsigned DEFAULT NULL,
  PRIMARY KEY (`id_info`)
) ENGINE=InnoDB AUTO_INCREMENT=3 DEFAULT CHARSET=utf8;

--
-- Dumping data for table `ps_info`
--

INSERT INTO `ps_info` (`id_info`, `id_shop`) VALUES (1,1),(2,1);

--
-- Table structure for table `ps_info_lang`
--

CREATE TABLE `ps_info_lang` (
  `id_info` int(10) unsigned NOT NULL,
  `id_lang` int(10) unsigned NOT NULL,
  `text` text NOT NULL,
  PRIMARY KEY (`id_info`,`id_lang`)
) ENGINE=InnoDB DEFAULT CHARSET=utf8;

--
-- Dumping data for table `ps_info_lang`
--

INSERT INTO `ps_info_lang` (`id_info`, `id_lang`, `text`) VALUES (1,1,'<ul style=\"padding-left:30px;\"><li><em class=\"icon-truck\" id=\"icon-truck\"></em>\n<h3 class=\"type-text\">Free Delivery</h3>\n<p>Free delivery in Peninsula Malaysia for any order above RM100 placed before the 30th September! For Sabah et Sarawak, please email for further information</p>\n</li>\n<li><em class=\"icon-credit-card\" id=\"icon-credit-card\"></em>\n<h3 class=\"type-text\">Credit Card Payment</h3>\n<p>Credit Card Payment will be available soon. In the meantime, you can still order and pay by Bank transfer :</p>\n<p>Bank : Maybank<br />Account owner : A&amp;O Distribution Sdn Bhd<br />Bank Account Number : 514712409478</p>\n</li>\n</ul>'),(1,2,'<ul style=\"padding-left:30px;\"><li><em class=\"icon-truck\" id=\"icon-truck\"></em>\n<div class=\"type-text\">\n<h3>Free Delivery</h3>\n<p>For any order above RM100 value placed before the 30th September, enjoy free delivery within the Klang Valley !</p>\n</div>\n</li>\n<li><em class=\"icon-credit-card\" id=\"icon-credit-card\"></em>\n<h3 class=\"type-text\">Credit Card Payment</h3>\n</li>\n</ul><p style=\"padding-left:30px;\">Credit Card Payment will be available very soon, but in the meantime, you can still order and pay by Bank transfer :</p>\n<p style=\"padding-left:90px;\">Bank : Maybank<br />Account owner : A&amp;O Distribution Sdn Bhd<br />Bank Account Number : 514712409478</p>'),(2,1,'<ul style=\"padding-left:30px;\"><li><em class=\"icon-info\" id=\"icon-info\"></em>\n<h3 class=\"type-text\">How to pronounce Doudou?</h3>\n<p>If you know how to pronounce \"YOU\", you know how to pronounce \"DOUDOU\"!</p>\n<p>Swap the \"Y\" with a \"D\" and repeat it twice:</p>\n<h4 style=\"text-align:center;\">DOU DOU</h4>\n<p>You got it!</p>\n</li>\n</ul>'),(2,2,'<h3><img src=\"http://www.doudoumalaysia.com.my/img/cms/20623-bubka-Info.png\" alt=\"Info\" width=\"70\" height=\"70\" />  How to pronounce Doudou?</h3>\n<p>If you know how to pronounce \"YOU\", you know how to pronounce \"DOUDOU\"!</p>\n<p>Swap the \"Y\" with a \"D\" and repeat it twice: DOU DOU! You got it.</p>');

--
-- Table structure for table `ps_lang`
--

CREATE TABLE `ps_lang` (
  `id_lang` int(10) unsigned NOT NULL AUTO_INCREMENT,
  `name` varchar(32) NOT NULL,
  `active` tinyint(3) unsigned NOT NULL DEFAULT '0',
  `iso_code` char(2) NOT NULL,
  `language_code` char(5) NOT NULL,
  `date_format_lite` char(32) NOT NULL DEFAULT 'Y-m-d',
  `date_format_full` char(32) NOT NULL DEFAULT 'Y-m-d H:i:s',
  `is_rtl` tinyint(1) NOT NULL DEFAULT '0',
  PRIMARY KEY (`id_lang`),
  KEY `lang_iso_code` (`iso_code`)
) ENGINE=InnoDB AUTO_INCREMENT=3 DEFAULT CHARSET=utf8;

--
-- Dumping data for table `ps_lang`
--

INSERT INTO `ps_lang` (`id_lang`, `name`, `active`, `iso_code`, `language_code`, `date_format_lite`, `date_format_full`, `is_rtl`) VALUES (1,'English (English)',1,'en','en-us','m/d/Y','m/d/Y H:i:s',0),(2,'Bahasa melayu (Malay)',0,'ms','ms-my','d MMMM yyyy','d MMMM yyyy h:mm:ss',0);

--
-- Table structure for table `ps_lang_shop`
--

CREATE TABLE `ps_lang_shop` (
  `id_lang` int(11) unsigned NOT NULL,
  `id_shop` int(11) unsigned NOT NULL,
  PRIMARY KEY (`id_lang`,`id_shop`),
  KEY `id_shop` (`id_shop`)
) ENGINE=InnoDB DEFAULT CHARSET=utf8;

--
-- Dumping data for table `ps_lang_shop`
--

INSERT INTO `ps_lang_shop` (`id_lang`, `id_shop`) VALUES (1,1),(2,1);

--
-- Table structure for table `ps_layered_category`
--

CREATE TABLE `ps_layered_category` (
  `id_layered_category` int(10) unsigned NOT NULL AUTO_INCREMENT,
  `id_shop` int(11) unsigned NOT NULL,
  `id_category` int(10) unsigned NOT NULL,
  `id_value` int(10) unsigned DEFAULT '0',
  `type` enum('category','id_feature','id_attribute_group','quantity','condition','manufacturer','weight','price') NOT NULL,
  `position` int(10) unsigned NOT NULL,
  `filter_type` int(10) unsigned NOT NULL DEFAULT '0',
  `filter_show_limit` int(10) unsigned NOT NULL DEFAULT '0',
  PRIMARY KEY (`id_layered_category`),
  KEY `id_category` (`id_category`,`type`)
) ENGINE=InnoDB AUTO_INCREMENT=122 DEFAULT CHARSET=latin1;

--
-- Dumping data for table `ps_layered_category`
--

INSERT INTO `ps_layered_category` (`id_layered_category`, `id_shop`, `id_category`, `id_value`, `type`, `position`, `filter_type`, `filter_show_limit`) VALUES (1,1,2,NULL,'category',1,0,0),(2,1,2,NULL,'price',2,0,0),(3,1,2,4,'id_attribute_group',3,0,0),(4,1,2,2,'id_feature',4,0,0),(5,1,2,3,'id_feature',5,0,0),(6,1,2,4,'id_feature',6,0,0),(7,1,2,5,'id_feature',7,0,0),(8,1,2,6,'id_feature',8,0,0),(9,1,2,7,'id_feature',9,0,0),(10,1,2,8,'id_feature',10,0,0),(11,1,2,9,'id_feature',11,0,0),(12,1,3,NULL,'category',1,0,0),(13,1,3,NULL,'price',2,0,0),(14,1,3,4,'id_attribute_group',3,0,0),(15,1,3,2,'id_feature',4,0,0),(16,1,3,3,'id_feature',5,0,0),(17,1,3,4,'id_feature',6,0,0),(18,1,3,5,'id_feature',7,0,0),(19,1,3,6,'id_feature',8,0,0),(20,1,3,7,'id_feature',9,0,0),(21,1,3,8,'id_feature',10,0,0),(22,1,3,9,'id_feature',11,0,0),(23,1,4,NULL,'category',1,0,0),(24,1,4,NULL,'price',2,0,0),(25,1,4,4,'id_attribute_group',3,0,0),(26,1,4,2,'id_feature',4,0,0),(27,1,4,3,'id_feature',5,0,0),(28,1,4,4,'id_feature',6,0,0),(29,1,4,5,'id_feature',7,0,0),(30,1,4,6,'id_feature',8,0,0),(31,1,4,7,'id_feature',9,0,0),(32,1,4,8,'id_feature',10,0,0),(33,1,4,9,'id_feature',11,0,0),(34,1,8,NULL,'category',1,0,0),(35,1,8,NULL,'price',2,0,0),(36,1,8,4,'id_attribute_group',3,0,0),(37,1,8,2,'id_feature',4,0,0),(38,1,8,3,'id_feature',5,0,0),(39,1,8,4,'id_feature',6,0,0),(40,1,8,5,'id_feature',7,0,0),(41,1,8,6,'id_feature',8,0,0),(42,1,8,7,'id_feature',9,0,0),(43,1,8,8,'id_feature',10,0,0),(44,1,8,9,'id_feature',11,0,0),(45,1,13,NULL,'category',1,0,0),(46,1,13,NULL,'price',2,0,0),(47,1,13,4,'id_attribute_group',3,0,0),(48,1,13,2,'id_feature',4,0,0),(49,1,13,3,'id_feature',5,0,0),(50,1,13,4,'id_feature',6,0,0),(51,1,13,5,'id_feature',7,0,0),(52,1,13,6,'id_feature',8,0,0),(53,1,13,7,'id_feature',9,0,0),(54,1,13,8,'id_feature',10,0,0),(55,1,13,9,'id_feature',11,0,0),(56,1,9,NULL,'category',1,0,0),(57,1,9,NULL,'price',2,0,0),(58,1,9,4,'id_attribute_group',3,0,0),(59,1,9,2,'id_feature',4,0,0),(60,1,9,3,'id_feature',5,0,0),(61,1,9,4,'id_feature',6,0,0),(62,1,9,5,'id_feature',7,0,0),(63,1,9,6,'id_feature',8,0,0),(64,1,9,7,'id_feature',9,0,0),(65,1,9,8,'id_feature',10,0,0),(66,1,9,9,'id_feature',11,0,0),(67,1,14,NULL,'category',1,0,0),(68,1,14,NULL,'price',2,0,0),(69,1,14,4,'id_attribute_group',3,0,0),(70,1,14,2,'id_feature',4,0,0),(71,1,14,3,'id_feature',5,0,0),(72,1,14,4,'id_feature',6,0,0),(73,1,14,5,'id_feature',7,0,0),(74,1,14,6,'id_feature',8,0,0),(75,1,14,7,'id_feature',9,0,0),(76,1,14,8,'id_feature',10,0,0),(77,1,14,9,'id_feature',11,0,0),(78,1,12,NULL,'category',1,0,0),(79,1,12,NULL,'price',2,0,0),(80,1,12,4,'id_attribute_group',3,0,0),(81,1,12,2,'id_feature',4,0,0),(82,1,12,3,'id_feature',5,0,0),(83,1,12,4,'id_feature',6,0,0),(84,1,12,5,'id_feature',7,0,0),(85,1,12,6,'id_feature',8,0,0),(86,1,12,7,'id_feature',9,0,0),(87,1,12,8,'id_feature',10,0,0),(88,1,12,9,'id_feature',11,0,0),(89,1,15,NULL,'category',1,0,0),(90,1,15,NULL,'price',2,0,0),(91,1,15,4,'id_attribute_group',3,0,0),(92,1,15,2,'id_feature',4,0,0),(93,1,15,3,'id_feature',5,0,0),(94,1,15,4,'id_feature',6,0,0),(95,1,15,5,'id_feature',7,0,0),(96,1,15,6,'id_feature',8,0,0),(97,1,15,7,'id_feature',9,0,0),(98,1,15,8,'id_feature',10,0,0),(99,1,15,9,'id_feature',11,0,0),(100,1,16,NULL,'category',1,0,0),(101,1,16,NULL,'price',2,0,0),(102,1,16,4,'id_attribute_group',3,0,0),(103,1,16,2,'id_feature',4,0,0),(104,1,16,3,'id_feature',5,0,0),(105,1,16,4,'id_feature',6,0,0),(106,1,16,5,'id_feature',7,0,0),(107,1,16,6,'id_feature',8,0,0),(108,1,16,7,'id_feature',9,0,0),(109,1,16,8,'id_feature',10,0,0),(110,1,16,9,'id_feature',11,0,0),(111,1,17,NULL,'category',1,0,0),(112,1,17,NULL,'price',2,0,0),(113,1,17,4,'id_attribute_group',3,0,0),(114,1,17,2,'id_feature',4,0,0),(115,1,17,3,'id_feature',5,0,0),(116,1,17,4,'id_feature',6,0,0),(117,1,17,5,'id_feature',7,0,0),(118,1,17,6,'id_feature',8,0,0),(119,1,17,7,'id_feature',9,0,0),(120,1,17,8,'id_feature',10,0,0),(121,1,17,9,'id_feature',11,0,0);

--
-- Table structure for table `ps_layered_filter`
--

CREATE TABLE `ps_layered_filter` (
  `id_layered_filter` int(10) unsigned NOT NULL AUTO_INCREMENT,
  `name` varchar(64) NOT NULL,
  `filters` text,
  `n_categories` int(10) unsigned NOT NULL,
  `date_add` datetime NOT NULL,
  PRIMARY KEY (`id_layered_filter`)
) ENGINE=InnoDB AUTO_INCREMENT=2 DEFAULT CHARSET=utf8;

--
-- Dumping data for table `ps_layered_filter`
--

INSERT INTO `ps_layered_filter` (`id_layered_filter`, `name`, `filters`, `n_categories`, `date_add`) VALUES (1,'Navigation Block','a:13:{s:10:\"categories\";a:11:{i:0;i:2;i:1;i:3;i:2;i:4;i:3;i:8;i:4;i:13;i:5;i:9;i:6;i:14;i:7;i:12;i:8;i:15;i:9;i:16;i:10;i:17;}s:9:\"shop_list\";a:1:{i:0;i:1;}s:31:\"layered_selection_subcategories\";a:2:{s:11:\"filter_type\";i:0;s:17:\"filter_show_limit\";i:0;}s:30:\"layered_selection_price_slider\";a:2:{s:11:\"filter_type\";i:0;s:17:\"filter_show_limit\";i:0;}s:22:\"layered_selection_ag_4\";a:2:{s:11:\"filter_type\";i:0;s:17:\"filter_show_limit\";i:0;}s:24:\"layered_selection_feat_2\";a:2:{s:11:\"filter_type\";i:0;s:17:\"filter_show_limit\";i:0;}s:24:\"layered_selection_feat_3\";a:2:{s:11:\"filter_type\";i:0;s:17:\"filter_show_limit\";i:0;}s:24:\"layered_selection_feat_4\";a:2:{s:11:\"filter_type\";i:0;s:17:\"filter_show_limit\";i:0;}s:24:\"layered_selection_feat_5\";a:2:{s:11:\"filter_type\";i:0;s:17:\"filter_show_limit\";i:0;}s:24:\"layered_selection_feat_6\";a:2:{s:11:\"filter_type\";i:0;s:17:\"filter_show_limit\";i:0;}s:24:\"layered_selection_feat_7\";a:2:{s:11:\"filter_type\";i:0;s:17:\"filter_show_limit\";i:0;}s:24:\"layered_selection_feat_8\";a:2:{s:11:\"filter_type\";i:0;s:17:\"filter_show_limit\";i:0;}s:24:\"layered_selection_feat_9\";a:2:{s:11:\"filter_type\";i:0;s:17:\"filter_show_limit\";i:0;}}',11,'2015-08-20 23:32:10');

--
-- Table structure for table `ps_layered_filter_shop`
--

CREATE TABLE `ps_layered_filter_shop` (
  `id_layered_filter` int(10) unsigned NOT NULL,
  `id_shop` int(11) unsigned NOT NULL,
  PRIMARY KEY (`id_layered_filter`,`id_shop`),
  KEY `id_shop` (`id_shop`)
) ENGINE=InnoDB DEFAULT CHARSET=utf8;

--
-- Dumping data for table `ps_layered_filter_shop`
--


--
-- Table structure for table `ps_layered_friendly_url`
--

CREATE TABLE `ps_layered_friendly_url` (
  `id_layered_friendly_url` int(11) NOT NULL AUTO_INCREMENT,
  `url_key` varchar(32) NOT NULL,
  `data` varchar(200) NOT NULL,
  `id_lang` int(11) NOT NULL,
  PRIMARY KEY (`id_layered_friendly_url`),
  KEY `id_lang` (`id_lang`),
  KEY `url_key` (`url_key`(5))
) ENGINE=InnoDB AUTO_INCREMENT=56 DEFAULT CHARSET=utf8;

--
-- Dumping data for table `ps_layered_friendly_url`
--

INSERT INTO `ps_layered_friendly_url` (`id_layered_friendly_url`, `url_key`, `data`, `id_lang`) VALUES (1,'03c8c4cf29ea8a405778f138021df5df','a:1:{s:8:\"category\";a:1:{i:7;s:1:\"7\";}}',1),(2,'2def08957abfc829e80d5279c5086b73','a:1:{s:8:\"category\";a:1:{i:9;s:1:\"9\";}}',1),(3,'eaaa28d2b62b097bb8706dd014c8203b','a:1:{s:8:\"category\";a:1:{i:8;s:1:\"8\";}}',1),(4,'84ce4d36b2b77bb85d2a7aebd27c8a67','a:1:{s:8:\"category\";a:1:{i:10;s:2:\"10\";}}',1),(5,'e22ad4e9f8f445df1283ec3383c55ed8','a:1:{s:8:\"category\";a:1:{i:2;s:1:\"2\";}}',1),(6,'3f1005f8be7881795fc5feddfdba756f','a:1:{s:8:\"category\";a:1:{i:1;s:1:\"1\";}}',1),(7,'3f9036e3dcf0507782e3d6a1d3ca1fe1','a:1:{s:8:\"category\";a:1:{i:11;s:2:\"11\";}}',1),(8,'6fc253242f3fe98946ecdd26762e95eb','a:1:{s:8:\"category\";a:1:{i:5;s:1:\"5\";}}',1),(9,'c66ef06ef2ca8b06dd3d19b70727adb7','a:1:{s:8:\"category\";a:1:{i:4;s:1:\"4\";}}',1),(10,'929674e49248753da273092629bb45ec','a:1:{s:8:\"category\";a:1:{i:3;s:1:\"3\";}}',1),(11,'c4d7335317f2f1ba381e038fb625d918','a:1:{s:10:\"id_feature\";a:1:{i:1;s:3:\"5_1\";}}',1),(12,'18f41c9cab1c150e429f1b670cae3bc1','a:1:{s:10:\"id_feature\";a:1:{i:2;s:3:\"5_2\";}}',1),(13,'823192a052e44927f06b39b32bcef002','a:1:{s:10:\"id_feature\";a:1:{i:3;s:3:\"5_3\";}}',1),(14,'905fe5b57eb2e1353911171da4ee7706','a:1:{s:10:\"id_feature\";a:1:{i:4;s:3:\"5_4\";}}',1),(15,'ebb42f1bbf0d25b40049c14f1860b952','a:1:{s:10:\"id_feature\";a:1:{i:5;s:3:\"5_5\";}}',1),(16,'f9a71edd8befbb99baceadc2b2fbe793','a:1:{s:10:\"id_feature\";a:1:{i:6;s:3:\"5_6\";}}',1),(17,'e195459fb3d97a32e94673db75dcf299','a:1:{s:10:\"id_feature\";a:1:{i:7;s:3:\"5_7\";}}',1),(18,'b7783cae5eeefc81ff4a69f4ea712ea7','a:1:{s:10:\"id_feature\";a:1:{i:8;s:3:\"5_8\";}}',1),(19,'45f1d9162a9fe2ffcf9f365eace9eeec','a:1:{s:10:\"id_feature\";a:1:{i:9;s:3:\"5_9\";}}',1),(20,'7a04872959f09781f3b883a91c5332c7','a:1:{s:10:\"id_feature\";a:1:{i:10;s:4:\"6_10\";}}',1),(21,'025d11eb379709c8e409a7d712d8e362','a:1:{s:10:\"id_feature\";a:1:{i:11;s:4:\"6_11\";}}',1),(22,'e224c427b75f7805c14e8b63ca9e4e0c','a:1:{s:10:\"id_feature\";a:1:{i:12;s:4:\"6_12\";}}',1),(23,'677717092975926de02151dd9227864e','a:1:{s:10:\"id_feature\";a:1:{i:13;s:4:\"6_13\";}}',1),(24,'00dff7b63b6f7ddb4b341a9308422730','a:1:{s:10:\"id_feature\";a:1:{i:14;s:4:\"6_14\";}}',1),(25,'ff721a9727728b15cd4654a462aaeea0','a:1:{s:10:\"id_feature\";a:1:{i:15;s:4:\"6_15\";}}',1),(26,'0327a5c6fbcd99ae1fa8ef01f1e7e100','a:1:{s:10:\"id_feature\";a:1:{i:16;s:4:\"6_16\";}}',1),(27,'58ddd7a988c042c25121ffeb149f3ac7','a:1:{s:10:\"id_feature\";a:1:{i:17;s:4:\"7_17\";}}',1),(28,'b7248af6c62c1e54b6f13739739e2d17','a:1:{s:10:\"id_feature\";a:1:{i:18;s:4:\"7_18\";}}',1),(29,'b97d201e9d169f46c2a9e6fa356e40d2','a:1:{s:10:\"id_feature\";a:1:{i:19;s:4:\"7_19\";}}',1),(30,'de50b73f078d5cde7cc9d8efc61c9e55','a:1:{s:10:\"id_feature\";a:1:{i:20;s:4:\"7_20\";}}',1),(31,'85a3c64761151fe72e5d027e729072a3','a:1:{s:10:\"id_feature\";a:1:{i:21;s:4:\"7_21\";}}',1),(32,'97d9dd08827238b39342d37e16ee7fc3','a:1:{s:18:\"id_attribute_group\";a:1:{i:1;s:3:\"1_1\";}}',1),(33,'2f3d5048a6335cac20241e0f8cb5294e','a:1:{s:18:\"id_attribute_group\";a:1:{i:2;s:3:\"1_2\";}}',1),(34,'19819345209f29bb2865355fa2cdb800','a:1:{s:18:\"id_attribute_group\";a:1:{i:3;s:3:\"1_3\";}}',1),(35,'27dd5799da96500f9e0ab61387a556b5','a:1:{s:18:\"id_attribute_group\";a:1:{i:4;s:3:\"1_4\";}}',1),(36,'6a73ce72468db97129f092fa3d9a0b2e','a:1:{s:18:\"id_attribute_group\";a:1:{i:5;s:3:\"3_5\";}}',1),(37,'f1fc935c7d64dfac606eb814dcc6c4a7','a:1:{s:18:\"id_attribute_group\";a:1:{i:6;s:3:\"3_6\";}}',1),(38,'f036e061c6e0e9cd6b3c463f72f524a5','a:1:{s:18:\"id_attribute_group\";a:1:{i:7;s:3:\"3_7\";}}',1),(39,'468a278b79ece55c0ed0d3bd1b2dd01f','a:1:{s:18:\"id_attribute_group\";a:1:{i:8;s:3:\"3_8\";}}',1),(40,'8996dbd99c9d2240f117ba0d26b39b10','a:1:{s:18:\"id_attribute_group\";a:1:{i:9;s:3:\"3_9\";}}',1),(41,'601a4dd13077730810f102b18680b537','a:1:{s:18:\"id_attribute_group\";a:1:{i:10;s:4:\"3_10\";}}',1),(42,'0a68b3ba0819d7126935f51335ef9503','a:1:{s:18:\"id_attribute_group\";a:1:{i:11;s:4:\"3_11\";}}',1),(43,'5f556205d67d7c26c2726dba638c2d95','a:1:{s:18:\"id_attribute_group\";a:1:{i:12;s:4:\"3_12\";}}',1),(44,'4b4bb79b20455e8047c972f9ca69cd72','a:1:{s:18:\"id_attribute_group\";a:1:{i:13;s:4:\"3_13\";}}',1),(45,'54dd539ce8bbf02b44485941f2d8d80b','a:1:{s:18:\"id_attribute_group\";a:1:{i:14;s:4:\"3_14\";}}',1),(46,'73b845a28e9ced9709fa414f9b97dae9','a:1:{s:18:\"id_attribute_group\";a:1:{i:15;s:4:\"3_15\";}}',1),(47,'be50cfae4c360fdb124af017a4e80905','a:1:{s:18:\"id_attribute_group\";a:1:{i:16;s:4:\"3_16\";}}',1),(48,'4c4550abfc4eec4c91e558fa9b5171c9','a:1:{s:18:\"id_attribute_group\";a:1:{i:17;s:4:\"3_17\";}}',1),(49,'ab223cc0ca7ebf34af71e067556ee2aa','a:1:{s:18:\"id_attribute_group\";a:1:{i:24;s:4:\"3_24\";}}',1),(50,'14ef3952eddf958ec1f628065f6c7689','a:1:{s:8:\"quantity\";a:1:{i:0;i:0;}}',1),(51,'19e5bdea58716c8f3ff52345d1b5a442','a:1:{s:8:\"quantity\";a:1:{i:0;i:1;}}',1),(52,'11c2881845b925423888cd329d0c4953','a:1:{s:9:\"condition\";a:1:{s:3:\"new\";s:3:\"new\";}}',1),(53,'074755ccbf623ca666bd866203d0dec7','a:1:{s:9:\"condition\";a:1:{s:4:\"used\";s:4:\"used\";}}',1),(54,'70b63b881a45f66c86ea78ace4cfb6a7','a:1:{s:9:\"condition\";a:1:{s:11:\"refurbished\";s:11:\"refurbished\";}}',1),(55,'7b51d2594a28b8f82cfe82b0c3f161e7','a:1:{s:12:\"manufacturer\";a:1:{i:1;s:1:\"1\";}}',1);

--
-- Table structure for table `ps_layered_indexable_attribute_group`
--

CREATE TABLE `ps_layered_indexable_attribute_group` (
  `id_attribute_group` int(11) NOT NULL,
  `indexable` tinyint(1) NOT NULL DEFAULT '0',
  PRIMARY KEY (`id_attribute_group`)
) ENGINE=InnoDB DEFAULT CHARSET=utf8;

--
-- Dumping data for table `ps_layered_indexable_attribute_group`
--

INSERT INTO `ps_layered_indexable_attribute_group` (`id_attribute_group`, `indexable`) VALUES (1,1),(2,1),(3,1),(4,1),(6,1),(7,1);

--
-- Table structure for table `ps_layered_indexable_attribute_group_lang_value`
--

CREATE TABLE `ps_layered_indexable_attribute_group_lang_value` (
  `id_attribute_group` int(11) NOT NULL,
  `id_lang` int(11) NOT NULL,
  `url_name` varchar(128) DEFAULT NULL,
  `meta_title` varchar(128) DEFAULT NULL,
  PRIMARY KEY (`id_attribute_group`,`id_lang`)
) ENGINE=InnoDB DEFAULT CHARSET=utf8;

--
-- Dumping data for table `ps_layered_indexable_attribute_group_lang_value`
--

INSERT INTO `ps_layered_indexable_attribute_group_lang_value` (`id_attribute_group`, `id_lang`, `url_name`, `meta_title`) VALUES (4,1,'doudou-sweety',''),(6,1,'model',''),(7,1,'puppet-model','');

--
-- Table structure for table `ps_layered_indexable_attribute_lang_value`
--

CREATE TABLE `ps_layered_indexable_attribute_lang_value` (
  `id_attribute` int(11) NOT NULL,
  `id_lang` int(11) NOT NULL,
  `url_name` varchar(128) DEFAULT NULL,
  `meta_title` varchar(128) DEFAULT NULL,
  PRIMARY KEY (`id_attribute`,`id_lang`)
) ENGINE=InnoDB DEFAULT CHARSET=utf8;

--
-- Dumping data for table `ps_layered_indexable_attribute_lang_value`
--

INSERT INTO `ps_layered_indexable_attribute_lang_value` (`id_attribute`, `id_lang`, `url_name`, `meta_title`) VALUES (25,1,'bear',''),(26,1,'mouse',''),(27,1,'rabbit',''),(28,1,'blue',''),(29,1,'stripes',''),(30,1,'mulicolore',''),(31,1,'bear-head',''),(32,1,'shoe-imitation',''),(33,1,'dancing-shoe',''),(34,1,'ptit-bout',''),(35,1,'bebe-d-amour',''),(36,1,'pink',''),(37,1,'brown',''),(38,1,'ivory',''),(39,1,'flower-white',''),(40,1,'flower-coral',''),(41,1,'wind-mill-beige',''),(42,1,'wind-mill-blue',''),(43,1,'fraise',''),(44,1,'orchidee',''),(45,1,'blanche',''),(46,1,'camelia',''),(47,1,'hortensia',''),(48,1,'peche',''),(49,1,'ladybird',''),(50,1,'bear',''),(51,1,'donkey',''),(52,1,'hippo',''),(53,1,'mouse',''),(54,1,'panda',''),(55,1,'penguin',''),(56,1,'rabbit','');

--
-- Table structure for table `ps_layered_indexable_feature`
--

CREATE TABLE `ps_layered_indexable_feature` (
  `id_feature` int(11) NOT NULL,
  `indexable` tinyint(1) NOT NULL DEFAULT '0',
  PRIMARY KEY (`id_feature`)
) ENGINE=InnoDB DEFAULT CHARSET=utf8;

--
-- Dumping data for table `ps_layered_indexable_feature`
--

INSERT INTO `ps_layered_indexable_feature` (`id_feature`, `indexable`) VALUES (1,1),(2,1),(3,1),(4,1),(5,1),(6,1),(7,1),(8,1),(9,1),(10,1);

--
-- Table structure for table `ps_layered_indexable_feature_lang_value`
--

CREATE TABLE `ps_layered_indexable_feature_lang_value` (
  `id_feature` int(11) NOT NULL,
  `id_lang` int(11) NOT NULL,
  `url_name` varchar(128) NOT NULL,
  `meta_title` varchar(128) DEFAULT NULL,
  PRIMARY KEY (`id_feature`,`id_lang`)
) ENGINE=InnoDB DEFAULT CHARSET=utf8;

--
-- Dumping data for table `ps_layered_indexable_feature_lang_value`
--

INSERT INTO `ps_layered_indexable_feature_lang_value` (`id_feature`, `id_lang`, `url_name`, `meta_title`) VALUES (1,1,'size',''),(2,1,'washable-in-washing-machine',''),(3,1,'sold-in-a-gift-box',''),(4,1,'rattle',''),(5,1,'bell',''),(6,1,'musical',''),(7,1,'glowing-in-the-dark',''),(8,1,'teething-ring',''),(9,1,'miror',''),(10,1,'shop-availability','');

--
-- Table structure for table `ps_layered_indexable_feature_value_lang_value`
--

CREATE TABLE `ps_layered_indexable_feature_value_lang_value` (
  `id_feature_value` int(11) NOT NULL,
  `id_lang` int(11) NOT NULL,
  `url_name` varchar(128) DEFAULT NULL,
  `meta_title` varchar(128) DEFAULT NULL,
  PRIMARY KEY (`id_feature_value`,`id_lang`)
) ENGINE=InnoDB DEFAULT CHARSET=utf8;

--
-- Dumping data for table `ps_layered_indexable_feature_value_lang_value`
--

INSERT INTO `ps_layered_indexable_feature_value_lang_value` (`id_feature_value`, `id_lang`, `url_name`, `meta_title`) VALUES (53,1,'',''),(54,1,'',''),(55,1,'',''),(56,1,'',''),(78,1,'',''),(79,1,'',''),(80,1,'',''),(81,1,'',''),(82,1,'',''),(83,1,'',''),(84,1,'',''),(85,1,'',''),(86,1,'',''),(87,1,'',''),(89,1,'',''),(90,1,'',''),(161,1,'',''),(162,1,'','');

--
-- Table structure for table `ps_layered_price_index`
--

CREATE TABLE `ps_layered_price_index` (
  `id_product` int(11) NOT NULL,
  `id_currency` int(11) NOT NULL,
  `id_shop` int(11) NOT NULL,
  `price_min` int(11) NOT NULL,
  `price_max` int(11) NOT NULL,
  PRIMARY KEY (`id_product`,`id_currency`,`id_shop`),
  KEY `id_currency` (`id_currency`),
  KEY `price_min` (`price_min`),
  KEY `price_max` (`price_max`)
) ENGINE=InnoDB DEFAULT CHARSET=utf8;

--
-- Dumping data for table `ps_layered_price_index`
--

INSERT INTO `ps_layered_price_index` (`id_product`, `id_currency`, `id_shop`, `price_min`, `price_max`) VALUES (1,1,1,102,109),(2,1,1,26,30),(3,1,1,25,29),(4,1,1,50,56),(5,1,1,28,32),(6,1,1,30,34),(7,1,1,16,18),(8,1,1,102,109),(9,1,1,83,88),(10,1,1,131,139),(11,1,1,158,168),(12,1,1,83,88),(13,1,1,131,139),(14,1,1,158,168),(15,1,1,102,109),(16,1,1,102,109),(17,1,1,169,180),(18,1,1,169,180),(19,1,1,158,168),(20,1,1,121,129),(21,1,1,121,129),(22,1,1,121,129),(23,1,1,121,129),(24,1,1,111,118),(25,1,1,111,118),(26,1,1,111,118),(27,1,1,111,118),(28,1,1,93,99),(29,1,1,93,99),(30,1,1,93,99),(31,1,1,135,144),(32,1,1,111,118),(33,1,1,206,219),(34,1,1,271,288),(35,1,1,121,129),(36,1,1,206,219),(37,1,1,93,99),(38,1,1,135,144),(39,1,1,199,211),(40,1,1,101,108),(41,1,1,70,75),(42,1,1,99,105),(43,1,1,205,218),(44,1,1,248,263),(45,1,1,180,191),(46,1,1,167,178),(47,1,1,167,178),(48,1,1,80,85),(49,1,1,97,103),(50,1,1,97,103),(51,1,1,97,103),(52,1,1,97,103),(53,1,1,159,169),(54,1,1,159,169),(55,1,1,159,169),(56,1,1,159,169),(57,1,1,169,180),(58,1,1,93,99),(59,1,1,93,99),(60,1,1,127,135),(61,1,1,127,135),(62,1,1,131,139),(63,1,1,131,139),(64,1,1,244,259),(65,1,1,158,168),(66,1,1,121,129),(67,1,1,186,198),(68,1,1,186,198),(69,1,1,186,198),(70,1,1,186,198),(71,1,1,244,259),(72,1,1,82,87),(73,1,1,152,162),(74,1,1,121,129),(75,1,1,121,129),(76,1,1,121,129),(77,1,1,186,198),(78,1,1,186,198),(79,1,1,186,198),(80,1,1,186,198),(81,1,1,111,118),(82,1,1,111,118),(83,1,1,24,26),(84,1,1,24,26),(85,1,1,24,26),(86,1,1,101,108),(87,1,1,101,108),(88,1,1,111,118),(89,1,1,111,118),(90,1,1,83,89),(91,1,1,131,139),(92,1,1,131,139),(93,1,1,131,139),(94,1,1,131,139),(95,1,1,131,139),(96,1,1,93,99),(97,1,1,93,99),(98,1,1,93,99),(99,1,1,93,99),(100,1,1,93,99),(101,1,1,93,99),(102,1,1,93,99),(103,1,1,16,18),(104,1,1,93,99),(105,1,1,93,99),(106,1,1,93,99),(107,1,1,93,99),(108,1,1,93,99),(109,1,1,93,99),(110,1,1,102,109),(111,1,1,102,109),(112,1,1,102,109),(113,1,1,102,109),(114,1,1,102,109),(115,1,1,102,109),(116,1,1,102,109),(117,1,1,102,109);

--
-- Table structure for table `ps_layered_product_attribute`
--

CREATE TABLE `ps_layered_product_attribute` (
  `id_attribute` int(10) unsigned NOT NULL,
  `id_product` int(10) unsigned NOT NULL,
  `id_attribute_group` int(10) unsigned NOT NULL DEFAULT '0',
  `id_shop` int(10) unsigned NOT NULL DEFAULT '1',
  PRIMARY KEY (`id_attribute`,`id_product`,`id_shop`),
  UNIQUE KEY `id_attribute_group` (`id_attribute_group`,`id_attribute`,`id_product`,`id_shop`)
) ENGINE=InnoDB DEFAULT CHARSET=utf8;

--
-- Dumping data for table `ps_layered_product_attribute`
--

INSERT INTO `ps_layered_product_attribute` (`id_attribute`, `id_product`, `id_attribute_group`, `id_shop`) VALUES (1,2,1,1),(1,3,1,1),(1,4,1,1),(1,5,1,1),(1,6,1,1),(1,7,1,1),(2,2,1,1),(2,3,1,1),(2,4,1,1),(2,5,1,1),(2,6,1,1),(2,7,1,1),(3,2,1,1),(3,3,1,1),(3,4,1,1),(3,5,1,1),(3,6,1,1),(3,7,1,1),(7,4,3,1),(7,40,3,1),(8,2,3,1),(8,6,3,1),(11,2,3,1),(11,5,3,1),(13,3,3,1),(13,5,3,1),(14,5,3,1),(14,88,3,1),(15,7,3,1),(16,5,3,1),(16,6,3,1),(16,7,3,1),(17,88,3,1),(24,4,3,1),(24,88,3,1),(38,88,3,1),(25,28,4,1),(26,28,4,1),(27,28,4,1),(28,83,6,1),(29,83,6,1),(29,85,6,1),(31,83,6,1),(31,85,6,1),(32,84,6,1),(32,85,6,1),(33,84,6,1),(34,83,6,1),(35,84,6,1),(36,84,6,1),(37,85,6,1),(39,89,6,1),(40,89,6,1),(41,89,6,1),(43,90,6,1),(44,90,6,1),(45,90,6,1),(46,90,6,1),(47,90,6,1),(48,90,6,1),(49,102,7,1),(50,102,7,1),(51,102,7,1),(52,102,7,1),(53,102,7,1),(54,102,7,1),(55,102,7,1),(56,102,7,1);

--
-- Table structure for table `ps_linksmenutop`
--

CREATE TABLE `ps_linksmenutop` (
  `id_linksmenutop` int(10) unsigned NOT NULL AUTO_INCREMENT,
  `id_shop` int(11) unsigned NOT NULL,
  `new_window` tinyint(1) NOT NULL,
  PRIMARY KEY (`id_linksmenutop`),
  KEY `id_shop` (`id_shop`)
) ENGINE=InnoDB DEFAULT CHARSET=utf8;

--
-- Dumping data for table `ps_linksmenutop`
--


--
-- Table structure for table `ps_linksmenutop_lang`
--

CREATE TABLE `ps_linksmenutop_lang` (
  `id_linksmenutop` int(11) unsigned NOT NULL,
  `id_lang` int(11) unsigned NOT NULL,
  `id_shop` int(11) unsigned NOT NULL,
  `label` varchar(128) NOT NULL,
  `link` varchar(128) NOT NULL,
  KEY `id_linksmenutop` (`id_linksmenutop`,`id_lang`,`id_shop`)
) ENGINE=InnoDB DEFAULT CHARSET=utf8;

--
-- Dumping data for table `ps_linksmenutop_lang`
--


--
-- Table structure for table `ps_log`
--

CREATE TABLE `ps_log` (
  `id_log` int(10) unsigned NOT NULL AUTO_INCREMENT,
  `severity` tinyint(1) NOT NULL,
  `error_code` int(11) DEFAULT NULL,
  `message` text NOT NULL,
  `object_type` varchar(32) DEFAULT NULL,
  `object_id` int(10) unsigned DEFAULT NULL,
  `id_employee` int(10) unsigned DEFAULT NULL,
  `date_add` datetime NOT NULL,
  `date_upd` datetime NOT NULL,
  PRIMARY KEY (`id_log`)
) ENGINE=InnoDB AUTO_INCREMENT=4581 DEFAULT CHARSET=utf8;

--
-- Dumping data for table `ps_log`
--

INSERT INTO `ps_log` (`id_log`, `severity`, `error_code`, `message`, `object_type`, `object_id`, `id_employee`, `date_add`, `date_upd`) VALUES (1,1,0,'Back Office connection from 115.135.148.52','',0,1,'2015-08-17 20:44:13','2015-08-17 20:44:13'),(2,1,0,'Back Office connection from 115.135.148.52','',0,1,'2015-08-18 09:39:23','2015-08-18 09:39:23'),(3,1,0,'Back Office connection from 115.135.148.52','',0,1,'2015-08-18 10:51:22','2015-08-18 10:51:22'),(4,1,0,'Back Office connection from 115.135.148.52','',0,1,'2015-08-18 10:52:50','2015-08-18 10:52:50'),(5,1,0,'Back Office connection from 115.135.148.52','',0,1,'2015-08-18 11:23:44','2015-08-18 11:23:44'),(6,1,0,'Back Office connection from 115.135.148.52','',0,1,'2015-08-18 11:43:24','2015-08-18 11:43:24'),(7,1,0,'Back Office connection from 115.135.148.52','',0,1,'2015-08-18 12:13:29','2015-08-18 12:13:29'),(8,1,0,'Product addition','Product',8,1,'2015-08-18 12:31:34','2015-08-18 12:31:34'),(9,1,0,'Product modification','Product',8,1,'2015-08-18 12:32:21','2015-08-18 12:32:21'),(10,1,0,'Product modification','Product',8,1,'2015-08-18 12:33:31','2015-08-18 12:33:31'),(11,1,0,'Product modification','Product',8,1,'2015-08-18 12:36:17','2015-08-18 12:36:17'),(12,1,0,'Product modification','Product',8,1,'2015-08-18 12:37:08','2015-08-18 12:37:08'),(13,1,0,'TaxRulesGroup addition','TaxRulesGroup',4,1,'2015-08-18 12:37:46','2015-08-18 12:37:46'),(14,1,0,'TaxRulesGroup modification','TaxRulesGroup',4,1,'2015-08-18 12:38:37','2015-08-18 12:38:37'),(15,1,0,'TaxRulesGroup modification','TaxRulesGroup',4,1,'2015-08-18 12:42:59','2015-08-18 12:42:59'),(16,1,0,'TaxRulesGroup addition','TaxRulesGroup',5,1,'2015-08-18 12:49:40','2015-08-18 12:49:40'),(17,1,0,'Back Office connection from 115.135.148.52','',0,1,'2015-08-18 13:26:01','2015-08-18 13:26:01'),(18,1,0,'Category modification','Category',3,1,'2015-08-18 13:30:57','2015-08-18 13:30:57'),(19,1,0,'Category modification','Category',3,1,'2015-08-18 13:32:49','2015-08-18 13:32:49'),(20,1,0,'Category modification','Category',3,1,'2015-08-18 13:36:19','2015-08-18 13:36:19'),(21,1,0,'Category addition','Category',12,1,'2015-08-18 13:43:32','2015-08-18 13:43:32'),(22,1,0,'Category modification','Category',12,1,'2015-08-18 13:44:14','2015-08-18 13:44:14'),(23,1,0,'Category modification','Category',12,1,'2015-08-18 13:45:29','2015-08-18 13:45:29'),(24,1,0,'Back Office connection from 115.135.148.52','',0,1,'2015-08-18 14:19:38','2015-08-18 14:19:38'),(25,1,0,'Product modification','Product',8,1,'2015-08-18 14:21:35','2015-08-18 14:21:35'),(26,1,0,'Product modification','Product',1,1,'2015-08-18 14:30:39','2015-08-18 14:30:39'),(27,1,0,'Product modification','Product',1,1,'2015-08-18 14:30:39','2015-08-18 14:30:39'),(28,1,0,'Product modification','Product',1,1,'2015-08-18 14:31:15','2015-08-18 14:31:15'),(29,1,0,'Product modification','Product',1,1,'2015-08-18 14:32:34','2015-08-18 14:32:34'),(30,1,0,'Product modification','Product',1,1,'2015-08-18 14:35:07','2015-08-18 14:35:07'),(31,1,0,'Product deletion','Product',2,1,'2015-08-18 14:36:09','2015-08-18 14:36:09'),(32,1,0,'Product deletion','Product',3,1,'2015-08-18 14:36:09','2015-08-18 14:36:09'),(33,1,0,'Product deletion','Product',4,1,'2015-08-18 14:36:11','2015-08-18 14:36:11'),(34,1,0,'Product deletion','Product',5,1,'2015-08-18 14:36:12','2015-08-18 14:36:12'),(35,1,0,'Product deletion','Product',6,1,'2015-08-18 14:36:13','2015-08-18 14:36:13'),(36,1,0,'Product deletion','Product',7,1,'2015-08-18 14:36:14','2015-08-18 14:36:14'),(37,1,0,'Product modification','Product',1,1,'2015-08-18 14:37:07','2015-08-18 14:37:07'),(38,1,0,'Product modification','Product',1,1,'2015-08-18 14:37:50','2015-08-18 14:37:50'),(39,1,0,'Product modification','Product',1,1,'2015-08-18 14:45:01','2015-08-18 14:45:01'),(40,1,0,'Product modification','Product',1,1,'2015-08-18 14:45:56','2015-08-18 14:45:56'),(41,1,0,'Back Office connection from 115.135.148.52','',0,1,'2015-08-18 15:07:15','2015-08-18 15:07:15'),(42,1,0,'Category modification','Category',4,1,'2015-08-18 15:09:08','2015-08-18 15:09:08'),(43,1,0,'Category modification','Category',4,1,'2015-08-18 15:11:08','2015-08-18 15:11:08'),(44,1,0,'Category modification','Category',4,1,'2015-08-18 15:16:36','2015-08-18 15:16:36'),(45,1,0,'Category modification','Category',4,1,'2015-08-18 15:21:37','2015-08-18 15:21:37'),(46,1,0,'Category modification','Category',8,1,'2015-08-18 15:23:06','2015-08-18 15:23:06'),(47,1,0,'Back Office connection from 115.135.148.52','',0,1,'2015-08-18 15:30:00','2015-08-18 15:30:00'),(48,1,0,'Product modification','Product',1,1,'2015-08-18 15:50:29','2015-08-18 15:50:29'),(49,1,0,'Product modification','Product',8,1,'2015-08-18 15:51:46','2015-08-18 15:51:46'),(50,1,0,'Product modification','Product',1,1,'2015-08-18 15:55:26','2015-08-18 15:55:26'),(51,1,0,'Product modification','Product',8,1,'2015-08-18 15:58:17','2015-08-18 15:58:17'),(52,1,0,'Product modification','Product',1,1,'2015-08-18 16:00:35','2015-08-18 16:00:35'),(53,1,0,'Back Office connection from 115.135.148.52','',0,1,'2015-08-18 17:14:56','2015-08-18 17:14:56'),(54,1,0,'Category modification','Category',4,1,'2015-08-18 17:16:47','2015-08-18 17:16:47'),(55,1,0,'Category modification','Category',13,1,'2015-08-18 17:17:28','2015-08-18 17:17:28'),(56,1,0,'Category modification','Category',13,1,'2015-08-18 17:22:21','2015-08-18 17:22:21'),(57,1,0,'Category modification','Category',13,1,'2015-08-18 17:28:06','2015-08-18 17:28:06'),(58,1,0,'Category modification','Category',13,1,'2015-08-18 17:34:24','2015-08-18 17:34:24'),(59,1,0,'Category modification','Category',13,1,'2015-08-18 17:37:09','2015-08-18 17:37:09'),(60,1,0,'Category modification','Category',13,1,'2015-08-18 17:41:08','2015-08-18 17:41:08'),(61,1,0,'Category modification','Category',13,1,'2015-08-18 17:42:29','2015-08-18 17:42:29'),(62,1,0,'Category modification','Category',8,1,'2015-08-18 17:54:30','2015-08-18 17:54:30'),(63,1,0,'Category modification','Category',4,1,'2015-08-18 17:57:04','2015-08-18 17:57:04'),(64,1,0,'Category modification','Category',4,1,'2015-08-18 18:05:20','2015-08-18 18:05:20'),(65,1,0,'Category modification','Category',13,1,'2015-08-18 18:08:06','2015-08-18 18:08:06'),(66,1,0,'Back Office connection from 115.135.148.52','',0,1,'2015-08-18 18:23:33','2015-08-18 18:23:33'),(67,1,0,'Category modification','Category',8,1,'2015-08-18 18:24:41','2015-08-18 18:24:41'),(68,1,0,'Category modification','Category',9,1,'2015-08-18 18:26:44','2015-08-18 18:26:44'),(69,1,0,'Category modification','Category',9,1,'2015-08-18 18:27:59','2015-08-18 18:27:59'),(70,1,0,'Category modification','Category',9,1,'2015-08-18 18:32:26','2015-08-18 18:32:26'),(71,1,0,'Back Office connection from 115.135.148.52','',0,1,'2015-08-18 19:03:45','2015-08-18 19:03:45'),(72,1,0,'Category modification','Category',9,1,'2015-08-18 19:10:34','2015-08-18 19:10:34'),(73,1,0,'Category modification','Category',9,1,'2015-08-18 19:12:59','2015-08-18 19:12:59'),(74,1,0,'Category modification','Category',9,1,'2015-08-18 19:15:26','2015-08-18 19:15:26'),(75,1,0,'Back Office connection from 115.135.148.52','',0,1,'2015-08-18 19:48:06','2015-08-18 19:48:06'),(76,1,0,'Category modification','Category',9,1,'2015-08-18 19:49:26','2015-08-18 19:49:26'),(77,1,0,'Category modification','Category',11,1,'2015-08-18 19:52:50','2015-08-18 19:52:50'),(78,1,0,'Category modification','Category',10,1,'2015-08-18 19:53:11','2015-08-18 19:53:11'),(79,1,0,'Category modification','Category',7,1,'2015-08-18 19:54:29','2015-08-18 19:54:29'),(80,1,0,'Category modification','Category',5,1,'2015-08-18 19:54:49','2015-08-18 19:54:49'),(81,1,0,'Category modification','Category',6,1,'2015-08-18 19:55:09','2015-08-18 19:55:09'),(82,1,0,'Meta modification','Meta',3,1,'2015-08-18 20:05:46','2015-08-18 20:05:46'),(83,1,0,'Zone modification','Zone',3,1,'2015-08-18 20:08:23','2015-08-18 20:08:23'),(84,1,0,'Zone modification','Zone',1,1,'2015-08-18 20:08:59','2015-08-18 20:08:59'),(85,1,0,'Zone modification','Zone',2,1,'2015-08-18 20:09:11','2015-08-18 20:09:11'),(86,1,0,'Zone modification','Zone',4,1,'2015-08-18 20:09:23','2015-08-18 20:09:23'),(87,1,0,'Zone modification','Zone',5,1,'2015-08-18 20:09:38','2015-08-18 20:09:38'),(88,1,0,'Zone modification','Zone',6,1,'2015-08-18 20:09:49','2015-08-18 20:09:49'),(89,1,0,'Zone modification','Zone',7,1,'2015-08-18 20:10:00','2015-08-18 20:10:00'),(90,1,0,'Zone modification','Zone',8,1,'2015-08-18 20:10:23','2015-08-18 20:10:23'),(91,1,0,'TaxRulesGroup modification','TaxRulesGroup',1,1,'2015-08-18 20:13:58','2015-08-18 20:13:58'),(92,1,0,'Back Office connection from 115.135.148.52','',0,1,'2015-08-19 12:34:14','2015-08-19 12:34:14'),(93,1,0,'Product modification','Product',1,1,'2015-08-19 12:35:34','2015-08-19 12:35:34'),(94,1,0,'Product modification','Product',8,1,'2015-08-19 12:36:43','2015-08-19 12:36:43'),(95,1,0,'Product modification','Product',1,1,'2015-08-19 12:38:56','2015-08-19 12:38:56'),(96,1,0,'Product modification','Product',8,1,'2015-08-19 12:40:09','2015-08-19 12:40:09'),(97,1,0,'Product modification','Product',1,1,'2015-08-19 12:43:22','2015-08-19 12:43:22'),(98,1,0,'Product modification','Product',8,1,'2015-08-19 12:43:47','2015-08-19 12:43:47'),(99,1,0,'Product addition','Product',9,1,'2015-08-19 12:48:28','2015-08-19 12:48:28'),(100,1,0,'Product modification','Product',9,1,'2015-08-19 12:49:05','2015-08-19 12:49:05'),(101,1,0,'Product modification','Product',9,1,'2015-08-19 12:49:58','2015-08-19 12:49:58'),(102,1,0,'Product modification','Product',9,1,'2015-08-19 12:51:00','2015-08-19 12:51:00'),(103,1,0,'Product modification','Product',9,1,'2015-08-19 12:52:32','2015-08-19 12:52:32'),(104,1,0,'Product addition','Product',10,1,'2015-08-19 12:55:35','2015-08-19 12:55:35'),(105,1,0,'Product modification','Product',10,1,'2015-08-19 12:56:13','2015-08-19 12:56:13'),(106,1,0,'Product modification','Product',10,1,'2015-08-19 12:57:05','2015-08-19 12:57:05'),(107,1,0,'Product modification','Product',10,1,'2015-08-19 12:57:56','2015-08-19 12:57:56'),(108,1,0,'Product modification','Product',10,1,'2015-08-19 13:01:45','2015-08-19 13:01:45'),(109,1,0,'Feature modification','Feature',1,1,'2015-08-19 13:02:42','2015-08-19 13:02:42'),(110,1,0,'Feature modification','Feature',2,1,'2015-08-19 13:03:10','2015-08-19 13:03:10'),(111,1,0,'Feature modification','Feature',3,1,'2015-08-19 13:03:34','2015-08-19 13:03:34'),(112,1,0,'Product modification','Product',1,1,'2015-08-19 13:06:09','2015-08-19 13:06:09'),(113,1,0,'Product modification','Product',1,1,'2015-08-19 13:06:44','2015-08-19 13:06:44'),(114,1,0,'Product modification','Product',1,1,'2015-08-19 13:10:57','2015-08-19 13:10:57'),(115,1,0,'Product modification','Product',1,1,'2015-08-19 13:15:38','2015-08-19 13:15:38'),(116,1,0,'FeatureValue addition','FeatureValue',53,1,'2015-08-19 13:17:51','2015-08-19 13:17:51'),(117,1,0,'FeatureValue addition','FeatureValue',54,1,'2015-08-19 13:20:27','2015-08-19 13:20:27'),(118,1,0,'FeatureValue addition','FeatureValue',55,1,'2015-08-19 13:20:35','2015-08-19 13:20:35'),(119,1,0,'Feature modification','Feature',2,1,'2015-08-19 13:21:14','2015-08-19 13:21:14'),(120,1,0,'FeatureValue modification','FeatureValue',53,1,'2015-08-19 13:21:28','2015-08-19 13:21:28'),(121,1,0,'FeatureValue modification','FeatureValue',53,1,'2015-08-19 13:21:45','2015-08-19 13:21:45'),(122,1,0,'FeatureValue addition','FeatureValue',56,1,'2015-08-19 13:21:59','2015-08-19 13:21:59'),(123,1,0,'Product modification','Product',8,1,'2015-08-19 13:23:01','2015-08-19 13:23:01'),(124,1,0,'Product modification','Product',8,1,'2015-08-19 13:23:41','2015-08-19 13:23:41'),(125,1,0,'Product modification','Product',8,1,'2015-08-19 13:24:15','2015-08-19 13:24:15'),(126,1,0,'Product modification','Product',9,1,'2015-08-19 13:25:06','2015-08-19 13:25:06'),(127,1,0,'Back Office connection from 115.135.148.52','',0,1,'2015-08-19 13:49:27','2015-08-19 13:49:27'),(128,1,0,'Product modification','Product',1,1,'2015-08-19 13:50:06','2015-08-19 13:50:06'),(129,1,0,'Product modification','Product',1,1,'2015-08-19 13:50:47','2015-08-19 13:50:47'),(130,1,0,'Product modification','Product',1,1,'2015-08-19 13:51:15','2015-08-19 13:51:15'),(131,1,0,'Product modification','Product',1,1,'2015-08-19 13:52:49','2015-08-19 13:52:49'),(132,1,0,'Product modification','Product',8,1,'2015-08-19 13:54:14','2015-08-19 13:54:14'),(133,1,0,'Product modification','Product',9,1,'2015-08-19 13:55:05','2015-08-19 13:55:05'),(134,1,0,'Product modification','Product',10,1,'2015-08-19 13:55:46','2015-08-19 13:55:46'),(135,1,0,'Product modification','Product',10,1,'2015-08-19 13:56:33','2015-08-19 13:56:33'),(136,1,0,'Product modification','Product',10,1,'2015-08-19 13:56:55','2015-08-19 13:56:55'),(137,1,0,'Product modification','Product',10,1,'2015-08-19 14:00:28','2015-08-19 14:00:28'),(138,1,0,'Back Office connection from 115.135.148.52','',0,1,'2015-08-19 15:36:34','2015-08-19 15:36:34'),(139,1,0,'Feature modification','Feature',2,1,'2015-08-19 15:47:26','2015-08-19 15:47:26'),(140,1,0,'Product addition','Product',11,1,'2015-08-19 15:50:22','2015-08-19 15:50:22'),(141,1,0,'Product modification','Product',11,1,'2015-08-19 15:50:55','2015-08-19 15:50:55'),(142,1,0,'Product modification','Product',11,1,'2015-08-19 15:51:27','2015-08-19 15:51:27'),(143,1,0,'Product modification','Product',11,1,'2015-08-19 15:52:19','2015-08-19 15:52:19'),(144,1,0,'Product modification','Product',11,1,'2015-08-19 15:52:51','2015-08-19 15:52:51'),(145,1,0,'Feature addition','Feature',8,1,'2015-08-19 15:54:52','2015-08-19 15:54:52'),(146,1,0,'Feature modification','Feature',8,1,'2015-08-19 15:55:43','2015-08-19 15:55:43'),(147,1,0,'Feature modification','Feature',4,1,'2015-08-19 15:56:15','2015-08-19 15:56:15'),(148,1,0,'Feature modification','Feature',5,1,'2015-08-19 15:56:37','2015-08-19 15:56:37'),(149,1,0,'Feature modification','Feature',6,1,'2015-08-19 15:56:59','2015-08-19 15:56:59'),(150,1,0,'Feature modification','Feature',7,1,'2015-08-19 15:57:26','2015-08-19 15:57:26'),(151,1,0,'FeatureValue addition','FeatureValue',78,1,'2015-08-19 15:59:02','2015-08-19 15:59:02'),(152,1,0,'FeatureValue addition','FeatureValue',79,1,'2015-08-19 15:59:15','2015-08-19 15:59:15'),(153,1,0,'FeatureValue addition','FeatureValue',80,1,'2015-08-19 15:59:33','2015-08-19 15:59:33'),(154,1,0,'FeatureValue addition','FeatureValue',81,1,'2015-08-19 15:59:42','2015-08-19 15:59:42'),(155,1,0,'FeatureValue addition','FeatureValue',82,1,'2015-08-19 15:59:56','2015-08-19 15:59:56'),(156,1,0,'FeatureValue addition','FeatureValue',83,1,'2015-08-19 16:00:05','2015-08-19 16:00:05'),(157,1,0,'FeatureValue addition','FeatureValue',84,1,'2015-08-19 16:00:18','2015-08-19 16:00:18'),(158,1,0,'FeatureValue addition','FeatureValue',85,1,'2015-08-19 16:00:26','2015-08-19 16:00:26'),(159,1,0,'FeatureValue addition','FeatureValue',86,1,'2015-08-19 16:00:40','2015-08-19 16:00:40'),(160,1,0,'FeatureValue addition','FeatureValue',87,1,'2015-08-19 16:00:48','2015-08-19 16:00:48'),(161,1,0,'FeatureValue deletion','FeatureValue',1,1,'2015-08-19 16:02:02','2015-08-19 16:02:02'),(162,1,0,'FeatureValue deletion','FeatureValue',2,1,'2015-08-19 16:02:03','2015-08-19 16:02:03'),(163,1,0,'FeatureValue deletion','FeatureValue',3,1,'2015-08-19 16:02:03','2015-08-19 16:02:03'),(164,1,0,'FeatureValue deletion','FeatureValue',4,1,'2015-08-19 16:02:03','2015-08-19 16:02:03'),(165,1,0,'FeatureValue deletion','FeatureValue',5,1,'2015-08-19 16:02:04','2015-08-19 16:02:04'),(166,1,0,'FeatureValue deletion','FeatureValue',6,1,'2015-08-19 16:02:04','2015-08-19 16:02:04'),(167,1,0,'FeatureValue deletion','FeatureValue',7,1,'2015-08-19 16:02:04','2015-08-19 16:02:04'),(168,1,0,'FeatureValue deletion','FeatureValue',8,1,'2015-08-19 16:02:04','2015-08-19 16:02:04'),(169,1,0,'FeatureValue deletion','FeatureValue',9,1,'2015-08-19 16:02:04','2015-08-19 16:02:04'),(170,1,0,'FeatureValue deletion','FeatureValue',10,1,'2015-08-19 16:02:28','2015-08-19 16:02:28'),(171,1,0,'FeatureValue deletion','FeatureValue',11,1,'2015-08-19 16:02:28','2015-08-19 16:02:28'),(172,1,0,'FeatureValue deletion','FeatureValue',12,1,'2015-08-19 16:02:28','2015-08-19 16:02:28'),(173,1,0,'FeatureValue deletion','FeatureValue',13,1,'2015-08-19 16:02:28','2015-08-19 16:02:28'),(174,1,0,'FeatureValue deletion','FeatureValue',14,1,'2015-08-19 16:02:28','2015-08-19 16:02:28'),(175,1,0,'FeatureValue deletion','FeatureValue',15,1,'2015-08-19 16:02:28','2015-08-19 16:02:28'),(176,1,0,'FeatureValue deletion','FeatureValue',16,1,'2015-08-19 16:02:28','2015-08-19 16:02:28'),(177,1,0,'FeatureValue deletion','FeatureValue',17,1,'2015-08-19 16:02:58','2015-08-19 16:02:58'),(178,1,0,'FeatureValue deletion','FeatureValue',18,1,'2015-08-19 16:02:58','2015-08-19 16:02:58'),(179,1,0,'FeatureValue deletion','FeatureValue',19,1,'2015-08-19 16:02:58','2015-08-19 16:02:58'),(180,1,0,'FeatureValue deletion','FeatureValue',20,1,'2015-08-19 16:02:58','2015-08-19 16:02:58'),(181,1,0,'FeatureValue deletion','FeatureValue',21,1,'2015-08-19 16:02:58','2015-08-19 16:02:58'),(182,1,0,'Product modification','Product',11,1,'2015-08-19 16:04:43','2015-08-19 16:04:43'),(183,1,0,'Feature addition','Feature',9,1,'2015-08-19 16:05:23','2015-08-19 16:05:23'),(184,1,0,'FeatureValue addition','FeatureValue',89,1,'2015-08-19 16:06:22','2015-08-19 16:06:22'),(185,1,0,'FeatureValue addition','FeatureValue',90,1,'2015-08-19 16:06:32','2015-08-19 16:06:32'),(186,1,0,'Product modification','Product',11,1,'2015-08-19 16:08:03','2015-08-19 16:08:03'),(187,1,0,'Product modification','Product',11,1,'2015-08-19 16:10:23','2015-08-19 16:10:23'),(188,1,0,'Back Office connection from 115.135.148.52','',0,1,'2015-08-19 16:40:06','2015-08-19 16:40:06'),(189,1,0,'Product addition','Product',12,1,'2015-08-19 16:44:19','2015-08-19 16:44:19'),(190,1,0,'Product modification','Product',12,1,'2015-08-19 16:45:15','2015-08-19 16:45:15'),(191,1,0,'Product modification','Product',12,1,'2015-08-19 16:45:55','2015-08-19 16:45:55'),(192,1,0,'Product modification','Product',12,1,'2015-08-19 16:46:34','2015-08-19 16:46:34'),(193,1,0,'Product modification','Product',12,1,'2015-08-19 16:47:20','2015-08-19 16:47:20'),(194,1,0,'Product modification','Product',12,1,'2015-08-19 16:48:30','2015-08-19 16:48:30'),(195,1,0,'Product addition','Product',13,1,'2015-08-19 16:59:34','2015-08-19 16:59:34'),(196,1,0,'Product modification','Product',13,1,'2015-08-19 17:00:06','2015-08-19 17:00:06'),(197,1,0,'Product modification','Product',13,1,'2015-08-19 17:00:39','2015-08-19 17:00:39'),(198,1,0,'Product modification','Product',13,1,'2015-08-19 17:01:29','2015-08-19 17:01:29'),(199,1,0,'Product modification','Product',13,1,'2015-08-19 17:01:58','2015-08-19 17:01:58'),(200,1,0,'Product modification','Product',13,1,'2015-08-19 17:02:25','2015-08-19 17:02:25'),(201,1,0,'Product addition','Product',14,1,'2015-08-19 17:06:39','2015-08-19 17:06:39'),(202,1,0,'Product modification','Product',14,1,'2015-08-19 17:07:23','2015-08-19 17:07:23'),(203,1,0,'Product modification','Product',14,1,'2015-08-19 17:07:50','2015-08-19 17:07:50'),(204,1,0,'Product modification','Product',14,1,'2015-08-19 17:08:28','2015-08-19 17:08:28'),(205,1,0,'Product modification','Product',14,1,'2015-08-19 17:09:01','2015-08-19 17:09:01'),(206,1,0,'Product modification','Product',14,1,'2015-08-19 17:09:21','2015-08-19 17:09:21'),(207,1,0,'Product modification','Product',12,1,'2015-08-19 17:13:29','2015-08-19 17:13:29'),(208,1,0,'Product addition','Product',15,1,'2015-08-19 17:16:55','2015-08-19 17:16:55'),(209,1,0,'Product modification','Product',15,1,'2015-08-19 17:17:31','2015-08-19 17:17:31'),(210,1,0,'Product modification','Product',15,1,'2015-08-19 17:18:15','2015-08-19 17:18:15'),(211,1,0,'Product modification','Product',15,1,'2015-08-19 17:18:51','2015-08-19 17:18:51'),(212,1,0,'Product modification','Product',15,1,'2015-08-19 17:19:24','2015-08-19 17:19:24'),(213,1,0,'Product modification','Product',15,1,'2015-08-19 17:19:45','2015-08-19 17:19:45'),(214,1,0,'Product addition','Product',16,1,'2015-08-19 17:22:47','2015-08-19 17:22:47'),(215,1,0,'Product modification','Product',16,1,'2015-08-19 17:23:09','2015-08-19 17:23:09'),(216,1,0,'Product modification','Product',16,1,'2015-08-19 17:23:43','2015-08-19 17:23:43'),(217,1,0,'Product modification','Product',16,1,'2015-08-19 17:24:20','2015-08-19 17:24:20'),(218,1,0,'Product modification','Product',16,1,'2015-08-19 17:25:00','2015-08-19 17:25:00'),(219,1,0,'Product modification','Product',16,1,'2015-08-19 17:25:18','2015-08-19 17:25:18'),(220,1,0,'Product addition','Product',17,1,'2015-08-19 17:28:20','2015-08-19 17:28:20'),(221,1,0,'Product modification','Product',17,1,'2015-08-19 17:28:55','2015-08-19 17:28:55'),(222,1,0,'Product modification','Product',17,1,'2015-08-19 17:29:29','2015-08-19 17:29:29'),(223,1,0,'Product modification','Product',17,1,'2015-08-19 17:30:16','2015-08-19 17:30:16'),(224,1,0,'Product modification','Product',17,1,'2015-08-19 17:30:41','2015-08-19 17:30:41'),(225,1,0,'Product modification','Product',17,1,'2015-08-19 17:31:07','2015-08-19 17:31:07'),(226,1,0,'Product modification','Product',17,1,'2015-08-19 17:31:26','2015-08-19 17:31:26'),(227,1,0,'Product addition','Product',18,1,'2015-08-19 17:34:11','2015-08-19 17:34:11'),(228,1,0,'Product modification','Product',18,1,'2015-08-19 17:34:44','2015-08-19 17:34:44'),(229,1,0,'Product modification','Product',18,1,'2015-08-19 17:35:14','2015-08-19 17:35:14'),(230,1,0,'Product modification','Product',18,1,'2015-08-19 17:39:15','2015-08-19 17:39:15'),(231,1,0,'Product modification','Product',18,1,'2015-08-19 17:41:26','2015-08-19 17:41:26'),(232,1,0,'Product modification','Product',18,1,'2015-08-19 17:41:28','2015-08-19 17:41:28'),(233,1,0,'Product modification','Product',18,1,'2015-08-19 17:41:52','2015-08-19 17:41:52'),(234,1,0,'Product addition','Product',19,1,'2015-08-19 17:47:27','2015-08-19 17:47:27'),(235,1,0,'Product modification','Product',19,1,'2015-08-19 17:48:08','2015-08-19 17:48:08'),(236,1,0,'Product modification','Product',19,1,'2015-08-19 17:48:48','2015-08-19 17:48:48'),(237,1,0,'Product modification','Product',19,1,'2015-08-19 17:49:16','2015-08-19 17:49:16'),(238,1,0,'Product modification','Product',19,1,'2015-08-19 17:50:14','2015-08-19 17:50:14'),(239,1,0,'Feature modification','Feature',9,1,'2015-08-19 17:50:38','2015-08-19 17:50:38'),(240,1,0,'Product modification','Product',11,1,'2015-08-19 17:51:26','2015-08-19 17:51:26'),(241,1,0,'Product modification','Product',14,1,'2015-08-19 17:52:14','2015-08-19 17:52:14'),(242,1,0,'Product modification','Product',14,1,'2015-08-19 17:52:34','2015-08-19 17:52:34'),(243,1,0,'Product modification','Product',19,1,'2015-08-19 17:53:09','2015-08-19 17:53:09'),(244,1,0,'Product modification','Product',1,1,'2015-08-19 17:53:41','2015-08-19 17:53:41'),(245,1,0,'Product modification','Product',8,1,'2015-08-19 17:54:15','2015-08-19 17:54:15'),(246,1,0,'Product modification','Product',17,1,'2015-08-19 17:54:51','2015-08-19 17:54:51'),(247,1,0,'Product modification','Product',18,1,'2015-08-19 17:55:26','2015-08-19 17:55:26'),(248,1,0,'Product addition','Product',20,1,'2015-08-19 17:58:00','2015-08-19 17:58:00'),(249,1,0,'Product modification','Product',20,1,'2015-08-19 17:58:19','2015-08-19 17:58:19'),(250,1,0,'Product modification','Product',20,1,'2015-08-19 17:58:53','2015-08-19 17:58:53'),(251,1,0,'Product modification','Product',20,1,'2015-08-19 17:59:30','2015-08-19 17:59:30'),(252,1,0,'Product modification','Product',20,1,'2015-08-19 17:59:56','2015-08-19 17:59:56'),(253,1,0,'Product modification','Product',20,1,'2015-08-19 18:00:23','2015-08-19 18:00:23'),(254,1,0,'Product addition','Product',21,1,'2015-08-19 18:02:00','2015-08-19 18:02:00'),(255,1,0,'Product modification','Product',21,1,'2015-08-19 18:02:24','2015-08-19 18:02:24'),(256,1,0,'Product modification','Product',21,1,'2015-08-19 18:02:50','2015-08-19 18:02:50'),(257,1,0,'Product modification','Product',21,1,'2015-08-19 18:03:31','2015-08-19 18:03:31'),(258,1,0,'Product modification','Product',21,1,'2015-08-19 18:03:52','2015-08-19 18:03:52'),(259,1,0,'Product addition','Product',22,1,'2015-08-19 18:05:59','2015-08-19 18:05:59'),(260,1,0,'Product modification','Product',22,1,'2015-08-19 18:06:22','2015-08-19 18:06:22'),(261,1,0,'Product modification','Product',22,1,'2015-08-19 18:06:48','2015-08-19 18:06:48'),(262,1,0,'Product modification','Product',22,1,'2015-08-19 18:07:53','2015-08-19 18:07:53'),(263,1,0,'Product modification','Product',22,1,'2015-08-19 18:08:22','2015-08-19 18:08:22'),(264,1,0,'Product modification','Product',22,1,'2015-08-19 18:08:51','2015-08-19 18:08:51'),(265,1,0,'Product modification','Product',22,1,'2015-08-19 18:09:38','2015-08-19 18:09:38'),(266,1,0,'Product addition','Product',23,1,'2015-08-19 18:11:50','2015-08-19 18:11:50'),(267,1,0,'Product modification','Product',23,1,'2015-08-19 18:12:18','2015-08-19 18:12:18'),(268,1,0,'Product modification','Product',23,1,'2015-08-19 18:12:52','2015-08-19 18:12:52'),(269,1,0,'Product modification','Product',23,1,'2015-08-19 18:13:12','2015-08-19 18:13:12'),(270,1,0,'Category addition','Category',14,1,'2015-08-19 18:16:55','2015-08-19 18:16:55'),(271,1,0,'Product addition','Product',24,1,'2015-08-19 18:20:58','2015-08-19 18:20:58'),(272,1,0,'Product modification','Product',24,1,'2015-08-19 18:21:32','2015-08-19 18:21:32'),(273,1,0,'Product modification','Product',24,1,'2015-08-19 18:22:00','2015-08-19 18:22:00'),(274,1,0,'Product modification','Product',24,1,'2015-08-19 18:22:30','2015-08-19 18:22:30'),(275,1,0,'Product modification','Product',24,1,'2015-08-19 18:23:01','2015-08-19 18:23:01'),(276,1,0,'Product modification','Product',24,1,'2015-08-19 18:23:23','2015-08-19 18:23:23'),(277,1,0,'Product addition','Product',25,1,'2015-08-19 18:28:32','2015-08-19 18:28:32'),(278,1,0,'Product modification','Product',25,1,'2015-08-19 18:28:56','2015-08-19 18:28:56'),(279,1,0,'Product modification','Product',25,1,'2015-08-19 18:29:20','2015-08-19 18:29:20'),(280,1,0,'Product modification','Product',25,1,'2015-08-19 18:29:58','2015-08-19 18:29:58'),(281,1,0,'Product modification','Product',25,1,'2015-08-19 18:30:24','2015-08-19 18:30:24'),(282,1,0,'Product modification','Product',25,1,'2015-08-19 18:30:45','2015-08-19 18:30:45'),(283,1,0,'Product addition','Product',26,1,'2015-08-19 18:33:34','2015-08-19 18:33:34'),(284,1,0,'Product modification','Product',26,1,'2015-08-19 18:34:06','2015-08-19 18:34:06'),(285,1,0,'Product modification','Product',26,1,'2015-08-19 18:34:30','2015-08-19 18:34:30'),(286,1,0,'Product modification','Product',26,1,'2015-08-19 18:35:03','2015-08-19 18:35:03'),(287,1,0,'Product modification','Product',26,1,'2015-08-19 18:35:31','2015-08-19 18:35:31'),(288,1,0,'Product modification','Product',26,1,'2015-08-19 18:36:05','2015-08-19 18:36:05'),(289,1,0,'Product modification','Product',24,1,'2015-08-19 18:36:37','2015-08-19 18:36:37'),(290,1,0,'Product addition','Product',27,1,'2015-08-19 18:38:54','2015-08-19 18:38:54'),(291,1,0,'Product modification','Product',27,1,'2015-08-19 18:39:13','2015-08-19 18:39:13'),(292,1,0,'Product modification','Product',27,1,'2015-08-19 18:39:39','2015-08-19 18:39:39'),(293,1,0,'Product modification','Product',27,1,'2015-08-19 18:40:10','2015-08-19 18:40:10'),(294,1,0,'Product modification','Product',27,1,'2015-08-19 18:40:34','2015-08-19 18:40:34'),(295,1,0,'Product modification','Product',27,1,'2015-08-19 18:40:52','2015-08-19 18:40:52'),(296,1,0,'Product addition','Product',28,1,'2015-08-19 18:47:50','2015-08-19 18:47:50'),(297,1,0,'Product modification','Product',28,1,'2015-08-19 18:48:08','2015-08-19 18:48:08'),(298,1,0,'Category addition','Category',15,1,'2015-08-19 18:48:56','2015-08-19 18:48:56'),(299,1,0,'Product modification','Product',28,1,'2015-08-19 18:49:56','2015-08-19 18:49:56'),(300,1,0,'AttributeGroup addition','AttributeGroup',4,1,'2015-08-19 18:52:40','2015-08-19 18:52:40'),(301,1,0,'Attribute addition','Attribute',25,1,'2015-08-19 18:53:13','2015-08-19 18:53:13'),(302,1,0,'Attribute addition','Attribute',26,1,'2015-08-19 18:53:22','2015-08-19 18:53:22'),(303,1,0,'Attribute addition','Attribute',27,1,'2015-08-19 18:53:30','2015-08-19 18:53:30'),(304,1,0,'Product modification','Product',28,1,'2015-08-19 18:54:21','2015-08-19 18:54:21'),(305,1,0,'Product modification','Product',28,1,'2015-08-19 18:57:44','2015-08-19 18:57:44'),(306,1,0,'Product modification','Product',28,1,'2015-08-19 18:58:11','2015-08-19 18:58:11'),(307,1,0,'Product modification','Product',28,1,'2015-08-19 18:58:36','2015-08-19 18:58:36'),(308,1,0,'Product addition','Product',29,1,'2015-08-19 19:02:35','2015-08-19 19:02:35'),(309,1,0,'Product modification','Product',29,1,'2015-08-19 19:04:22','2015-08-19 19:04:22'),(310,1,0,'Product modification','Product',29,1,'2015-08-19 19:04:42','2015-08-19 19:04:42'),(311,1,0,'Product modification','Product',29,1,'2015-08-19 19:07:40','2015-08-19 19:07:40'),(312,1,0,'Product modification','Product',29,1,'2015-08-19 19:08:16','2015-08-19 19:08:16'),(313,1,0,'Product modification','Product',29,1,'2015-08-19 19:08:37','2015-08-19 19:08:37'),(314,1,0,'Product addition','Product',30,1,'2015-08-19 19:13:52','2015-08-19 19:13:52'),(315,1,0,'Product modification','Product',30,1,'2015-08-19 19:14:16','2015-08-19 19:14:16'),(316,1,0,'Product modification','Product',30,1,'2015-08-19 19:14:51','2015-08-19 19:14:51'),(317,1,0,'Product modification','Product',30,1,'2015-08-19 19:15:16','2015-08-19 19:15:16'),(318,1,0,'Product modification','Product',30,1,'2015-08-19 19:15:36','2015-08-19 19:15:36'),(319,1,0,'Category addition','Category',16,1,'2015-08-19 19:19:50','2015-08-19 19:19:50'),(320,1,0,'Product addition','Product',31,1,'2015-08-19 19:22:53','2015-08-19 19:22:53'),(321,1,0,'Product modification','Product',31,1,'2015-08-19 19:23:16','2015-08-19 19:23:16'),(322,1,0,'Product modification','Product',31,1,'2015-08-19 19:23:49','2015-08-19 19:23:49'),(323,1,0,'Product modification','Product',31,1,'2015-08-19 19:24:16','2015-08-19 19:24:16'),(324,1,0,'Product modification','Product',31,1,'2015-08-19 19:25:31','2015-08-19 19:25:31'),(325,1,0,'Category addition','Category',17,1,'2015-08-19 19:26:17','2015-08-19 19:26:17'),(326,1,0,'Product addition','Product',32,1,'2015-08-19 19:28:26','2015-08-19 19:28:26'),(327,1,0,'Product modification','Product',32,1,'2015-08-19 19:28:49','2015-08-19 19:28:49'),(328,1,0,'Product modification','Product',32,1,'2015-08-19 19:29:12','2015-08-19 19:29:12'),(329,1,0,'Product modification','Product',32,1,'2015-08-19 19:29:54','2015-08-19 19:29:54'),(330,1,0,'Product modification','Product',32,1,'2015-08-19 19:30:15','2015-08-19 19:30:15'),(331,1,0,'Back Office connection from 115.135.148.52','',0,1,'2015-08-20 11:51:11','2015-08-20 11:51:11'),(332,1,0,'Store modification','Store',1,1,'2015-08-20 12:13:29','2015-08-20 12:13:29'),(333,1,0,'Store modification','Store',1,1,'2015-08-20 12:18:07','2015-08-20 12:18:07'),(334,1,0,'Store modification','Store',1,1,'2015-08-20 12:23:07','2015-08-20 12:23:07'),(335,1,0,'Store modification','Store',1,1,'2015-08-20 12:24:02','2015-08-20 12:24:02'),(336,1,0,'Store modification','Store',1,1,'2015-08-20 12:26:52','2015-08-20 12:26:52'),(337,1,0,'Store modification','Store',2,1,'2015-08-20 12:29:58','2015-08-20 12:29:58'),(338,1,0,'Store modification','Store',2,1,'2015-08-20 12:31:42','2015-08-20 12:31:42'),(339,1,0,'Store modification','Store',1,1,'2015-08-20 12:32:10','2015-08-20 12:32:10'),(340,1,0,'Store modification','Store',2,1,'2015-08-20 12:34:22','2015-08-20 12:34:22'),(341,1,0,'Store modification','Store',3,1,'2015-08-20 12:52:56','2015-08-20 12:52:56'),(342,1,0,'Store modification','Store',4,1,'2015-08-20 13:01:02','2015-08-20 13:01:02'),(343,1,0,'Store modification','Store',3,1,'2015-08-20 13:02:00','2015-08-20 13:02:00'),(344,1,0,'Store modification','Store',5,1,'2015-08-20 13:06:29','2015-08-20 13:06:29'),(345,1,0,'Store addition','Store',6,1,'2015-08-20 13:14:14','2015-08-20 13:14:14'),(346,1,0,'Store modification','Store',3,1,'2015-08-20 13:20:01','2015-08-20 13:20:01'),(347,1,0,'Store modification','Store',3,1,'2015-08-20 13:23:37','2015-08-20 13:23:37'),(348,1,0,'Store modification','Store',3,1,'2015-08-20 13:25:39','2015-08-20 13:25:39'),(349,1,0,'Store modification','Store',1,1,'2015-08-20 13:27:14','2015-08-20 13:27:14'),(350,1,0,'Back Office connection from 175.142.234.132','',0,1,'2015-08-20 18:55:52','2015-08-20 18:55:52'),(351,1,0,'Category modification','Category',14,1,'2015-08-20 19:25:32','2015-08-20 19:25:32'),(352,1,0,'Category modification','Category',14,1,'2015-08-20 19:25:56','2015-08-20 19:25:56'),(353,1,0,'Category modification','Category',3,1,'2015-08-20 19:26:43','2015-08-20 19:26:43'),(354,1,0,'Category modification','Category',3,1,'2015-08-20 19:32:08','2015-08-20 19:32:08'),(355,1,0,'Category modification','Category',12,1,'2015-08-20 19:34:58','2015-08-20 19:34:58'),(356,1,0,'Back Office connection from 175.142.234.132','',0,1,'2015-08-20 23:02:53','2015-08-20 23:02:53'),(357,1,0,'Category modification','Category',17,1,'2015-08-21 00:46:10','2015-08-21 00:46:10'),(358,1,0,'Back Office connection from 175.142.234.132','',0,1,'2015-08-23 15:45:28','2015-08-23 15:45:28'),(359,1,0,'Category modification','Category',14,1,'2015-08-23 15:54:53','2015-08-23 15:54:53'),(360,1,0,'Category modification','Category',8,1,'2015-08-23 15:59:56','2015-08-23 15:59:56'),(361,1,0,'Product modification','Product',1,1,'2015-08-23 16:59:37','2015-08-23 16:59:37'),(362,1,0,'Category modification','Category',12,1,'2015-08-23 17:35:26','2015-08-23 17:35:26'),(363,1,0,'Back Office connection from 175.139.68.147','',0,1,'2015-08-23 18:27:39','2015-08-23 18:27:39'),(364,1,0,'Back Office connection from 175.139.68.147','',0,1,'2015-08-23 18:58:47','2015-08-23 18:58:47'),(365,1,0,'Back Office connection from 175.139.68.147','',0,1,'2015-08-23 20:08:59','2015-08-23 20:08:59'),(366,1,0,'Back Office connection from 175.139.68.147','',0,1,'2015-08-23 21:54:17','2015-08-23 21:54:17'),(367,1,0,'Category modification','Category',3,1,'2015-08-23 22:06:55','2015-08-23 22:06:55'),(368,1,0,'Back Office connection from 175.139.68.147','',0,1,'2015-08-23 22:30:16','2015-08-23 22:30:16'),(369,1,0,'Back Office connection from 175.139.68.147','',0,1,'2015-08-23 22:47:08','2015-08-23 22:47:08'),(370,1,0,'Contact modification','Contact',2,1,'2015-08-23 23:15:54','2015-08-23 23:15:54'),(371,1,0,'Category modification','Category',9,1,'2015-08-23 23:45:17','2015-08-23 23:45:17'),(372,1,0,'Back Office connection from 175.139.68.147','',0,1,'2015-08-24 11:21:34','2015-08-24 11:21:34'),(373,1,0,'Back Office connection from 175.139.68.147','',0,1,'2015-08-24 11:44:19','2015-08-24 11:44:19'),(374,1,0,'Back Office connection from 175.139.68.147','',0,1,'2015-08-24 14:09:36','2015-08-24 14:09:36'),(375,1,0,'Category modification','Category',17,1,'2015-08-24 14:11:19','2015-08-24 14:11:19'),(376,1,0,'Category modification','Category',17,1,'2015-08-24 14:17:30','2015-08-24 14:17:30'),(377,1,0,'Category modification','Category',17,1,'2015-08-24 14:19:29','2015-08-24 14:19:29'),(378,1,0,'Category modification','Category',17,1,'2015-08-24 14:21:11','2015-08-24 14:21:11'),(379,1,0,'Category modification','Category',17,1,'2015-08-24 14:23:11','2015-08-24 14:23:11'),(380,1,0,'Back Office connection from 175.139.68.147','',0,1,'2015-08-24 15:13:15','2015-08-24 15:13:15'),(381,1,0,'Category modification','Category',17,1,'2015-08-24 15:15:36','2015-08-24 15:15:36'),(382,1,0,'Category modification','Category',17,1,'2015-08-24 15:16:29','2015-08-24 15:16:29'),(383,1,0,'Category modification','Category',17,1,'2015-08-24 15:17:45','2015-08-24 15:17:45'),(384,1,0,'Category modification','Category',17,1,'2015-08-24 15:21:16','2015-08-24 15:21:16'),(385,1,0,'Category modification','Category',12,1,'2015-08-24 15:29:28','2015-08-24 15:29:28'),(386,1,0,'Category modification','Category',9,1,'2015-08-24 15:31:59','2015-08-24 15:31:59'),(387,1,0,'Category modification','Category',8,1,'2015-08-24 15:41:55','2015-08-24 15:41:55'),(388,1,0,'Category modification','Category',8,1,'2015-08-24 15:43:20','2015-08-24 15:43:20'),(389,1,0,'Back Office connection from 175.139.68.147','',0,1,'2015-08-24 16:44:31','2015-08-24 16:44:31'),(390,1,0,'Product modification','Product',1,1,'2015-08-24 16:49:41','2015-08-24 16:49:41'),(391,1,0,'Back Office connection from 175.139.68.147','',0,1,'2015-08-24 17:21:07','2015-08-24 17:21:07'),(392,1,0,'Category modification','Category',13,1,'2015-08-24 17:36:12','2015-08-24 17:36:12'),(393,1,0,'Back Office connection from 175.139.68.147','',0,1,'2015-08-24 23:14:45','2015-08-24 23:14:45'),(394,1,0,'Product modification','Product',32,1,'2015-08-24 23:15:57','2015-08-24 23:15:57'),(395,1,0,'Product modification','Product',30,1,'2015-08-24 23:19:47','2015-08-24 23:19:47'),(396,1,0,'Category modification','Category',17,1,'2015-08-24 23:22:36','2015-08-24 23:22:36'),(397,1,0,'Product addition','Product',33,1,'2015-08-24 23:27:10','2015-08-24 23:27:10'),(398,1,0,'Product modification','Product',33,1,'2015-08-24 23:29:51','2015-08-24 23:29:51'),(399,1,0,'Product modification','Product',33,1,'2015-08-24 23:30:22','2015-08-24 23:30:22'),(400,1,0,'Product modification','Product',33,1,'2015-08-24 23:30:57','2015-08-24 23:30:57'),(401,1,0,'Product modification','Product',33,1,'2015-08-24 23:31:25','2015-08-24 23:31:25'),(402,1,0,'Product modification','Product',33,1,'2015-08-24 23:33:08','2015-08-24 23:33:08'),(403,1,0,'Product modification','Product',33,1,'2015-08-24 23:33:30','2015-08-24 23:33:30'),(404,1,0,'Product modification','Product',33,1,'2015-08-24 23:33:53','2015-08-24 23:33:53'),(405,1,0,'Product modification','Product',33,1,'2015-08-24 23:35:55','2015-08-24 23:35:55'),(406,1,0,'Product modification','Product',33,1,'2015-08-24 23:37:55','2015-08-24 23:37:55'),(407,1,0,'Feature addition','Feature',10,1,'2015-08-24 23:41:34','2015-08-24 23:41:34'),(408,1,0,'Feature modification','Feature',10,1,'2015-08-24 23:42:46','2015-08-24 23:42:46'),(409,1,0,'FeatureValue addition','FeatureValue',160,1,'2015-08-24 23:43:33','2015-08-24 23:43:33'),(410,1,0,'FeatureValue addition','FeatureValue',161,1,'2015-08-24 23:44:24','2015-08-24 23:44:24'),(411,1,0,'FeatureValue addition','FeatureValue',162,1,'2015-08-24 23:44:57','2015-08-24 23:44:57'),(412,1,0,'Feature modification','Feature',10,1,'2015-08-24 23:45:29','2015-08-24 23:45:29'),(413,1,0,'FeatureValue deletion','FeatureValue',160,1,'2015-08-24 23:45:47','2015-08-24 23:45:47'),(414,1,0,'Product modification','Product',1,1,'2015-08-24 23:46:39','2015-08-24 23:46:39'),(415,1,0,'Product modification','Product',8,1,'2015-08-24 23:47:13','2015-08-24 23:47:13'),(416,1,0,'Product modification','Product',9,1,'2015-08-24 23:48:14','2015-08-24 23:48:14'),(417,1,0,'Product modification','Product',10,1,'2015-08-24 23:48:39','2015-08-24 23:48:39'),(418,1,0,'Product modification','Product',11,1,'2015-08-24 23:49:06','2015-08-24 23:49:06'),(419,1,0,'Product modification','Product',12,1,'2015-08-24 23:49:39','2015-08-24 23:49:39'),(420,1,0,'Product modification','Product',14,1,'2015-08-24 23:50:12','2015-08-24 23:50:12'),(421,1,0,'Product modification','Product',13,1,'2015-08-24 23:50:44','2015-08-24 23:50:44'),(422,1,0,'Product modification','Product',32,1,'2015-08-24 23:51:09','2015-08-24 23:51:09'),(423,1,0,'Product modification','Product',31,1,'2015-08-24 23:51:38','2015-08-24 23:51:38'),(424,1,0,'Product modification','Product',30,1,'2015-08-24 23:52:15','2015-08-24 23:52:15'),(425,1,0,'Product modification','Product',29,1,'2015-08-24 23:53:12','2015-08-24 23:53:12'),(426,1,0,'Product modification','Product',28,1,'2015-08-24 23:53:50','2015-08-24 23:53:50'),(427,1,0,'Product modification','Product',27,1,'2015-08-24 23:54:32','2015-08-24 23:54:32'),(428,1,0,'Product modification','Product',27,1,'2015-08-24 23:55:38','2015-08-24 23:55:38'),(429,1,0,'Product modification','Product',27,1,'2015-08-24 23:55:55','2015-08-24 23:55:55'),(430,1,0,'Product modification','Product',26,1,'2015-08-24 23:56:23','2015-08-24 23:56:23'),(431,1,0,'Product modification','Product',25,1,'2015-08-24 23:56:50','2015-08-24 23:56:50'),(432,1,0,'Product modification','Product',24,1,'2015-08-24 23:57:59','2015-08-24 23:57:59'),(433,1,0,'Product modification','Product',24,1,'2015-08-24 23:58:14','2015-08-24 23:58:14'),(434,1,0,'Product modification','Product',24,1,'2015-08-24 23:58:28','2015-08-24 23:58:28'),(435,1,0,'Product modification','Product',23,1,'2015-08-24 23:59:12','2015-08-24 23:59:12'),(436,1,0,'Product modification','Product',23,1,'2015-08-24 23:59:30','2015-08-24 23:59:30'),(437,1,0,'Product modification','Product',22,1,'2015-08-25 00:00:13','2015-08-25 00:00:13'),(438,1,0,'Product modification','Product',21,1,'2015-08-25 00:00:47','2015-08-25 00:00:47'),(439,1,0,'Product modification','Product',20,1,'2015-08-25 00:01:27','2015-08-25 00:01:27'),(440,1,0,'Product modification','Product',19,1,'2015-08-25 00:01:56','2015-08-25 00:01:56'),(441,1,0,'Product modification','Product',18,1,'2015-08-25 00:02:27','2015-08-25 00:02:27'),(442,1,0,'Product modification','Product',15,1,'2015-08-25 00:04:43','2015-08-25 00:04:43'),(443,1,0,'Product modification','Product',16,1,'2015-08-25 00:05:12','2015-08-25 00:05:12'),(444,1,0,'Product modification','Product',17,1,'2015-08-25 00:05:38','2015-08-25 00:05:38'),(445,1,0,'Feature modification','Feature',10,1,'2015-08-25 00:08:57','2015-08-25 00:08:57'),(446,1,0,'Product modification','Product',33,1,'2015-08-25 00:14:06','2015-08-25 00:14:06'),(447,1,0,'Product addition','Product',34,1,'2015-08-25 00:18:01','2015-08-25 00:18:01'),(448,1,0,'Product modification','Product',34,1,'2015-08-25 00:19:39','2015-08-25 00:19:39'),(449,1,0,'Product modification','Product',34,1,'2015-08-25 00:20:05','2015-08-25 00:20:05'),(450,1,0,'Product modification','Product',34,1,'2015-08-25 00:20:48','2015-08-25 00:20:48'),(451,1,0,'Product modification','Product',34,1,'2015-08-25 00:21:19','2015-08-25 00:21:19'),(452,1,0,'Product modification','Product',34,1,'2015-08-25 00:21:33','2015-08-25 00:21:33'),(453,1,0,'Category modification','Category',17,1,'2015-08-25 00:22:47','2015-08-25 00:22:47'),(454,1,0,'Product addition','Product',35,1,'2015-08-25 00:25:46','2015-08-25 00:25:46'),(455,1,0,'Product modification','Product',35,1,'2015-08-25 00:27:44','2015-08-25 00:27:44'),(456,1,0,'Product modification','Product',35,1,'2015-08-25 00:28:15','2015-08-25 00:28:15'),(457,1,0,'Product modification','Product',35,1,'2015-08-25 00:28:15','2015-08-25 00:28:15'),(458,1,0,'Product modification','Product',35,1,'2015-08-25 00:29:06','2015-08-25 00:29:06'),(459,1,0,'Product modification','Product',35,1,'2015-08-25 00:29:35','2015-08-25 00:29:35'),(460,1,0,'Product modification','Product',35,1,'2015-08-25 00:29:49','2015-08-25 00:29:49'),(461,1,0,'Product addition','Product',36,1,'2015-08-25 00:31:47','2015-08-25 00:31:47'),(462,1,0,'Product modification','Product',36,1,'2015-08-25 00:32:23','2015-08-25 00:32:23'),(463,1,0,'Product modification','Product',36,1,'2015-08-25 00:32:50','2015-08-25 00:32:50'),(464,1,0,'Product modification','Product',36,1,'2015-08-25 00:33:20','2015-08-25 00:33:20'),(465,1,0,'Product modification','Product',36,1,'2015-08-25 00:33:40','2015-08-25 00:33:40'),(466,1,0,'Product modification','Product',36,1,'2015-08-25 00:34:14','2015-08-25 00:34:14'),(467,1,0,'Product modification','Product',36,1,'2015-08-25 00:34:44','2015-08-25 00:34:44'),(468,1,0,'Product modification','Product',36,1,'2015-08-25 00:35:04','2015-08-25 00:35:04'),(469,1,0,'Product modification','Product',32,1,'2015-08-25 00:38:05','2015-08-25 00:38:05'),(470,1,0,'Product modification','Product',32,1,'2015-08-25 00:38:19','2015-08-25 00:38:19'),(471,1,0,'Product modification','Product',33,1,'2015-08-25 00:38:48','2015-08-25 00:38:48'),(472,1,0,'Product modification','Product',33,1,'2015-08-25 00:39:03','2015-08-25 00:39:03'),(473,1,0,'Product modification','Product',1,1,'2015-08-25 00:39:24','2015-08-25 00:39:24'),(474,1,0,'Product modification','Product',8,1,'2015-08-25 00:40:04','2015-08-25 00:40:04'),(475,1,0,'Back Office connection from 175.139.68.147','',0,1,'2015-08-25 18:25:56','2015-08-25 18:25:56'),(476,1,0,'Product addition','Product',37,1,'2015-08-25 18:40:20','2015-08-25 18:40:20'),(477,1,0,'Product modification','Product',37,1,'2015-08-25 18:41:28','2015-08-25 18:41:28'),(478,1,0,'Product modification','Product',37,1,'2015-08-25 18:41:51','2015-08-25 18:41:51'),(479,1,0,'Product modification','Product',37,1,'2015-08-25 18:42:08','2015-08-25 18:42:08'),(480,1,0,'Product modification','Product',37,1,'2015-08-25 18:43:18','2015-08-25 18:43:18'),(481,1,0,'Product modification','Product',37,1,'2015-08-25 18:43:42','2015-08-25 18:43:42'),(482,1,0,'Product modification','Product',28,1,'2015-08-25 18:46:43','2015-08-25 18:46:43'),(483,1,0,'Product modification','Product',28,1,'2015-08-25 18:47:06','2015-08-25 18:47:06'),(484,1,0,'Product addition','Product',38,1,'2015-08-25 18:48:59','2015-08-25 18:48:59'),(485,1,0,'Product modification','Product',38,1,'2015-08-25 18:49:56','2015-08-25 18:49:56'),(486,1,0,'Product modification','Product',38,1,'2015-08-25 18:50:40','2015-08-25 18:50:40'),(487,1,0,'Product modification','Product',38,1,'2015-08-25 18:51:10','2015-08-25 18:51:10'),(488,1,0,'Product modification','Product',38,1,'2015-08-25 18:51:35','2015-08-25 18:51:35'),(489,1,0,'Product addition','Product',39,1,'2015-08-25 18:53:46','2015-08-25 18:53:46'),(490,1,0,'Product modification','Product',39,1,'2015-08-25 18:54:05','2015-08-25 18:54:05'),(491,1,0,'Product modification','Product',39,1,'2015-08-25 18:54:30','2015-08-25 18:54:30'),(492,1,0,'Product modification','Product',39,1,'2015-08-25 18:55:01','2015-08-25 18:55:01'),(493,1,0,'Product modification','Product',39,1,'2015-08-25 18:55:26','2015-08-25 18:55:26'),(494,1,0,'Product modification','Product',38,1,'2015-08-25 18:56:02','2015-08-25 18:56:02'),(495,1,0,'Category addition','Category',18,1,'2015-08-25 18:59:45','2015-08-25 18:59:45'),(496,1,0,'Product addition','Product',40,1,'2015-08-25 19:02:36','2015-08-25 19:02:36'),(497,1,0,'Product modification','Product',40,1,'2015-08-25 19:03:01','2015-08-25 19:03:01'),(498,1,0,'Product modification','Product',40,1,'2015-08-25 19:03:34','2015-08-25 19:03:34'),(499,1,0,'Product modification','Product',40,1,'2015-08-25 19:06:06','2015-08-25 19:06:06'),(500,1,0,'Product modification','Product',40,1,'2015-08-25 19:06:39','2015-08-25 19:06:39'),(501,1,0,'Product modification','Product',40,1,'2015-08-25 19:07:12','2015-08-25 19:07:12'),(502,1,0,'Product modification','Product',40,1,'2015-08-25 19:07:46','2015-08-25 19:07:46'),(503,1,0,'Product modification','Product',40,1,'2015-08-25 19:08:01','2015-08-25 19:08:01'),(504,1,0,'Product addition','Product',41,1,'2015-08-25 19:11:24','2015-08-25 19:11:24'),(505,1,0,'Product modification','Product',41,1,'2015-08-25 19:12:06','2015-08-25 19:12:06'),(506,1,0,'Product modification','Product',41,1,'2015-08-25 19:12:33','2015-08-25 19:12:33'),(507,1,0,'Product modification','Product',41,1,'2015-08-25 19:13:00','2015-08-25 19:13:00'),(508,1,0,'Product modification','Product',41,1,'2015-08-25 19:13:36','2015-08-25 19:13:36'),(509,1,0,'Product modification','Product',41,1,'2015-08-25 19:13:55','2015-08-25 19:13:55'),(510,1,0,'Product addition','Product',42,1,'2015-08-25 19:15:28','2015-08-25 19:15:28'),(511,1,0,'Product modification','Product',42,1,'2015-08-25 19:15:50','2015-08-25 19:15:50'),(512,1,0,'Product modification','Product',42,1,'2015-08-25 19:16:16','2015-08-25 19:16:16'),(513,1,0,'Product modification','Product',42,1,'2015-08-25 19:16:43','2015-08-25 19:16:43'),(514,1,0,'Back Office connection from 175.139.68.147','',0,1,'2015-08-26 10:29:17','2015-08-26 10:29:17'),(515,1,0,'Product addition','Product',43,1,'2015-08-26 10:51:43','2015-08-26 10:51:43'),(516,1,0,'Product modification','Product',43,1,'2015-08-26 10:52:21','2015-08-26 10:52:21'),(517,1,0,'Product modification','Product',43,1,'2015-08-26 10:52:57','2015-08-26 10:52:57'),(518,1,0,'Product modification','Product',43,1,'2015-08-26 10:53:36','2015-08-26 10:53:36'),(519,1,0,'Product modification','Product',43,1,'2015-08-26 10:55:11','2015-08-26 10:55:11'),(520,1,0,'Product modification','Product',31,1,'2015-08-26 10:56:24','2015-08-26 10:56:24'),(521,1,0,'Product modification','Product',31,1,'2015-08-26 10:59:23','2015-08-26 10:59:23'),(522,1,0,'Product addition','Product',44,1,'2015-08-26 11:02:41','2015-08-26 11:02:41'),(523,1,0,'Product modification','Product',44,1,'2015-08-26 11:03:27','2015-08-26 11:03:27'),(524,1,0,'Product modification','Product',44,1,'2015-08-26 11:05:18','2015-08-26 11:05:18'),(525,1,0,'Product modification','Product',44,1,'2015-08-26 11:06:11','2015-08-26 11:06:11'),(526,1,0,'Product modification','Product',44,1,'2015-08-26 11:09:00','2015-08-26 11:09:00'),(527,1,0,'Product addition','Product',45,1,'2015-08-26 11:10:42','2015-08-26 11:10:42'),(528,1,0,'Product modification','Product',45,1,'2015-08-26 11:11:24','2015-08-26 11:11:24'),(529,1,0,'Product modification','Product',45,1,'2015-08-26 11:12:13','2015-08-26 11:12:13'),(530,1,0,'Product modification','Product',45,1,'2015-08-26 11:12:40','2015-08-26 11:12:40'),(531,1,0,'Product modification','Product',45,1,'2015-08-26 11:13:26','2015-08-26 11:13:26'),(532,1,0,'Product modification','Product',45,1,'2015-08-26 11:13:50','2015-08-26 11:13:50'),(533,1,0,'Product modification','Product',45,1,'2015-08-26 11:28:57','2015-08-26 11:28:57'),(534,1,0,'Product modification','Product',45,1,'2015-08-26 11:29:37','2015-08-26 11:29:37'),(535,1,0,'Product addition','Product',46,1,'2015-08-26 11:41:25','2015-08-26 11:41:25'),(536,1,0,'Product modification','Product',46,1,'2015-08-26 11:42:49','2015-08-26 11:42:49'),(537,1,0,'Product modification','Product',46,1,'2015-08-26 11:44:39','2015-08-26 11:44:39'),(538,1,0,'Product modification','Product',46,1,'2015-08-26 11:45:15','2015-08-26 11:45:15'),(539,1,0,'Product modification','Product',46,1,'2015-08-26 11:46:19','2015-08-26 11:46:19'),(540,1,0,'Product modification','Product',46,1,'2015-08-26 11:47:30','2015-08-26 11:47:30'),(541,1,0,'Product addition','Product',47,1,'2015-08-26 11:49:09','2015-08-26 11:49:09'),(542,1,0,'Product modification','Product',47,1,'2015-08-26 11:50:20','2015-08-26 11:50:20'),(543,1,0,'Product modification','Product',47,1,'2015-08-26 11:50:53','2015-08-26 11:50:53'),(544,1,0,'Product modification','Product',47,1,'2015-08-26 11:51:28','2015-08-26 11:51:28'),(545,1,0,'Product modification','Product',47,1,'2015-08-26 11:51:56','2015-08-26 11:51:56'),(546,1,0,'Product modification','Product',47,1,'2015-08-26 11:52:18','2015-08-26 11:52:18'),(547,1,0,'Category addition','Category',19,1,'2015-08-26 11:55:05','2015-08-26 11:55:05'),(548,1,0,'Category modification','Category',19,1,'2015-08-26 11:56:40','2015-08-26 11:56:40'),(549,1,0,'Product addition','Product',48,1,'2015-08-26 12:05:59','2015-08-26 12:05:59'),(550,1,0,'Product modification','Product',48,1,'2015-08-26 12:08:47','2015-08-26 12:08:47'),(551,1,0,'Product modification','Product',48,1,'2015-08-26 12:09:42','2015-08-26 12:09:42'),(552,1,0,'Product modification','Product',48,1,'2015-08-26 12:11:21','2015-08-26 12:11:21'),(553,1,0,'Category addition','Category',20,1,'2015-08-26 12:12:44','2015-08-26 12:12:44'),(554,1,0,'Product modification','Product',48,1,'2015-08-26 12:18:41','2015-08-26 12:18:41'),(555,1,0,'Product modification','Product',48,1,'2015-08-26 12:19:29','2015-08-26 12:19:29'),(556,1,0,'Product modification','Product',48,1,'2015-08-26 12:20:17','2015-08-26 12:20:17'),(557,1,0,'Product addition','Product',49,1,'2015-08-26 12:25:24','2015-08-26 12:25:24'),(558,1,0,'Product modification','Product',49,1,'2015-08-26 12:27:08','2015-08-26 12:27:08'),(559,1,0,'Product modification','Product',49,1,'2015-08-26 12:32:39','2015-08-26 12:32:39'),(560,1,0,'Product modification','Product',49,1,'2015-08-26 12:34:06','2015-08-26 12:34:06'),(561,1,0,'Product modification','Product',49,1,'2015-08-26 12:36:06','2015-08-26 12:36:06'),(562,1,0,'Product modification','Product',49,1,'2015-08-26 12:36:40','2015-08-26 12:36:40'),(563,1,0,'Product addition','Product',50,1,'2015-08-26 12:40:14','2015-08-26 12:40:14'),(564,1,0,'Product modification','Product',50,1,'2015-08-26 12:41:39','2015-08-26 12:41:39'),(565,1,0,'Product modification','Product',50,1,'2015-08-26 12:43:23','2015-08-26 12:43:23'),(566,1,0,'Product modification','Product',50,1,'2015-08-26 12:44:26','2015-08-26 12:44:26'),(567,1,0,'Product modification','Product',50,1,'2015-08-26 12:44:59','2015-08-26 12:44:59'),(568,1,0,'Product modification','Product',50,1,'2015-08-26 12:45:28','2015-08-26 12:45:28'),(569,1,0,'Product addition','Product',51,1,'2015-08-26 12:48:28','2015-08-26 12:48:28'),(570,1,0,'Product modification','Product',51,1,'2015-08-26 12:49:25','2015-08-26 12:49:25'),(571,1,0,'Product modification','Product',51,1,'2015-08-26 12:50:02','2015-08-26 12:50:02'),(572,1,0,'Product modification','Product',51,1,'2015-08-26 12:54:22','2015-08-26 12:54:22'),(573,1,0,'Product modification','Product',48,1,'2015-08-26 12:57:04','2015-08-26 12:57:04'),(574,1,0,'Product addition','Product',52,1,'2015-08-26 12:58:58','2015-08-26 12:58:58'),(575,1,0,'Product modification','Product',52,1,'2015-08-26 13:01:07','2015-08-26 13:01:07'),(576,1,0,'Product modification','Product',52,1,'2015-08-26 13:01:37','2015-08-26 13:01:37'),(577,1,0,'Product modification','Product',52,1,'2015-08-26 13:02:20','2015-08-26 13:02:20'),(578,1,0,'Product modification','Product',52,1,'2015-08-26 13:03:07','2015-08-26 13:03:07'),(579,1,0,'Product modification','Product',52,1,'2015-08-26 13:03:33','2015-08-26 13:03:33'),(580,1,0,'Category addition','Category',21,1,'2015-08-26 13:05:31','2015-08-26 13:05:31'),(581,1,0,'Category addition','Category',22,1,'2015-08-26 13:07:00','2015-08-26 13:07:00'),(582,1,0,'Product addition','Product',53,1,'2015-08-26 13:09:38','2015-08-26 13:09:38'),(583,1,0,'Product modification','Product',53,1,'2015-08-26 13:11:32','2015-08-26 13:11:32'),(584,1,0,'Product modification','Product',53,1,'2015-08-26 13:12:02','2015-08-26 13:12:02'),(585,1,0,'Product modification','Product',53,1,'2015-08-26 13:12:47','2015-08-26 13:12:47'),(586,1,0,'Product modification','Product',53,1,'2015-08-26 13:13:29','2015-08-26 13:13:29'),(587,1,0,'Product addition','Product',54,1,'2015-08-26 13:15:28','2015-08-26 13:15:28'),(588,1,0,'Product modification','Product',54,1,'2015-08-26 13:19:09','2015-08-26 13:19:09'),(589,1,0,'Product modification','Product',54,1,'2015-08-26 13:19:30','2015-08-26 13:19:30'),(590,1,0,'Product modification','Product',54,1,'2015-08-26 13:20:04','2015-08-26 13:20:04'),(591,1,0,'Product modification','Product',54,1,'2015-08-26 13:20:36','2015-08-26 13:20:36'),(592,1,0,'Product modification','Product',54,1,'2015-08-26 13:20:57','2015-08-26 13:20:57'),(593,1,0,'Product addition','Product',55,1,'2015-08-26 13:22:34','2015-08-26 13:22:34'),(594,1,0,'Product modification','Product',55,1,'2015-08-26 13:26:08','2015-08-26 13:26:08'),(595,1,0,'Product modification','Product',55,1,'2015-08-26 13:26:37','2015-08-26 13:26:37'),(596,1,0,'Product modification','Product',55,1,'2015-08-26 13:27:10','2015-08-26 13:27:10'),(597,1,0,'Product modification','Product',55,1,'2015-08-26 13:27:42','2015-08-26 13:27:42'),(598,1,0,'Product modification','Product',55,1,'2015-08-26 13:28:12','2015-08-26 13:28:12'),(599,1,0,'Product addition','Product',56,1,'2015-08-26 13:30:39','2015-08-26 13:30:39'),(600,1,0,'Product modification','Product',56,1,'2015-08-26 13:31:12','2015-08-26 13:31:12'),(601,1,0,'Product modification','Product',56,1,'2015-08-26 13:31:44','2015-08-26 13:31:44'),(602,1,0,'Product modification','Product',56,1,'2015-08-26 13:34:21','2015-08-26 13:34:21'),(603,1,0,'Product modification','Product',56,1,'2015-08-26 13:34:56','2015-08-26 13:34:56'),(604,1,0,'Product modification','Product',56,1,'2015-08-26 13:37:59','2015-08-26 13:37:59'),(605,1,0,'Product modification','Product',56,1,'2015-08-26 13:39:03','2015-08-26 13:39:03'),(606,1,0,'Back Office connection from 175.139.68.147','',0,1,'2015-08-26 17:31:29','2015-08-26 17:31:29'),(607,1,0,'Category modification','Category',18,1,'2015-08-26 17:33:07','2015-08-26 17:33:07'),(608,1,0,'Category modification','Category',17,1,'2015-08-26 17:45:55','2015-08-26 17:45:55'),(609,1,0,'Category modification','Category',17,1,'2015-08-26 17:48:35','2015-08-26 17:48:35'),(610,1,0,'Product addition','Product',57,1,'2015-08-26 17:59:21','2015-08-26 17:59:21'),(611,1,0,'Product modification','Product',57,1,'2015-08-26 18:00:06','2015-08-26 18:00:06'),(612,1,0,'Product modification','Product',57,1,'2015-08-26 18:00:52','2015-08-26 18:00:52'),(613,1,0,'Product modification','Product',57,1,'2015-08-26 18:01:39','2015-08-26 18:01:39'),(614,1,0,'Product modification','Product',57,1,'2015-08-26 18:02:09','2015-08-26 18:02:09'),(615,1,0,'Product modification','Product',57,1,'2015-08-26 18:02:27','2015-08-26 18:02:27'),(616,1,0,'Category modification','Category',13,1,'2015-08-26 18:07:34','2015-08-26 18:07:34'),(617,1,0,'Category modification','Category',13,1,'2015-08-26 18:09:24','2015-08-26 18:09:24'),(618,1,0,'Product addition','Product',58,1,'2015-08-26 18:16:25','2015-08-26 18:16:25'),(619,1,0,'Product modification','Product',58,1,'2015-08-26 18:19:00','2015-08-26 18:19:00'),(620,1,0,'Product modification','Product',58,1,'2015-08-26 18:19:27','2015-08-26 18:19:27'),(621,1,0,'Product modification','Product',58,1,'2015-08-26 18:20:06','2015-08-26 18:20:06'),(622,1,0,'Product modification','Product',58,1,'2015-08-26 18:21:43','2015-08-26 18:21:43'),(623,1,0,'Product modification','Product',58,1,'2015-08-26 18:22:11','2015-08-26 18:22:11'),(624,1,0,'Product modification','Product',58,1,'2015-08-26 18:22:35','2015-08-26 18:22:35'),(625,1,0,'Product modification','Product',58,1,'2015-08-26 18:23:41','2015-08-26 18:23:41'),(626,1,0,'Product modification','Product',58,1,'2015-08-26 18:23:59','2015-08-26 18:23:59'),(627,1,0,'Product modification','Product',58,1,'2015-08-26 18:24:28','2015-08-26 18:24:28'),(628,1,0,'Product addition','Product',59,1,'2015-08-26 18:28:31','2015-08-26 18:28:31'),(629,1,0,'Back Office connection from 175.139.68.147','',0,1,'2015-08-26 19:08:45','2015-08-26 19:08:45'),(630,1,0,'Product modification','Product',59,1,'2015-08-26 19:10:14','2015-08-26 19:10:14'),(631,1,0,'Product modification','Product',59,1,'2015-08-26 19:11:44','2015-08-26 19:11:44'),(632,1,0,'Product modification','Product',59,1,'2015-08-26 19:12:12','2015-08-26 19:12:12'),(633,1,0,'Product modification','Product',59,1,'2015-08-26 19:12:43','2015-08-26 19:12:43'),(634,1,0,'Product modification','Product',59,1,'2015-08-26 19:12:59','2015-08-26 19:12:59'),(635,1,0,'Product addition','Product',60,1,'2015-08-26 19:17:48','2015-08-26 19:17:48'),(636,1,0,'Product modification','Product',60,1,'2015-08-26 19:18:48','2015-08-26 19:18:48'),(637,1,0,'Product modification','Product',60,1,'2015-08-26 19:19:22','2015-08-26 19:19:22'),(638,1,0,'Product modification','Product',60,1,'2015-08-26 19:20:03','2015-08-26 19:20:03'),(639,1,0,'Product modification','Product',60,1,'2015-08-26 19:20:26','2015-08-26 19:20:26'),(640,1,0,'Product modification','Product',60,1,'2015-08-26 19:20:45','2015-08-26 19:20:45'),(641,1,0,'Product modification','Product',60,1,'2015-08-26 19:21:06','2015-08-26 19:21:06'),(642,1,0,'Product addition','Product',61,1,'2015-08-26 19:23:54','2015-08-26 19:23:54'),(643,1,0,'Product modification','Product',61,1,'2015-08-26 19:24:11','2015-08-26 19:24:11'),(644,1,0,'Product modification','Product',61,1,'2015-08-26 19:24:32','2015-08-26 19:24:32'),(645,1,0,'Product modification','Product',61,1,'2015-08-26 19:25:00','2015-08-26 19:25:00'),(646,1,0,'Product modification','Product',61,1,'2015-08-26 19:25:17','2015-08-26 19:25:17'),(647,1,0,'Product modification','Product',61,1,'2015-08-26 19:25:46','2015-08-26 19:25:46'),(648,1,0,'Product addition','Product',62,1,'2015-08-26 19:32:50','2015-08-26 19:32:50'),(649,1,0,'Product modification','Product',62,1,'2015-08-26 19:33:16','2015-08-26 19:33:16'),(650,1,0,'Product modification','Product',62,1,'2015-08-26 19:33:47','2015-08-26 19:33:47'),(651,1,0,'Product modification','Product',62,1,'2015-08-26 19:34:20','2015-08-26 19:34:20'),(652,1,0,'Product modification','Product',62,1,'2015-08-26 19:34:48','2015-08-26 19:34:48'),(653,1,0,'Product modification','Product',62,1,'2015-08-26 19:35:03','2015-08-26 19:35:03'),(654,1,0,'Product addition','Product',63,1,'2015-08-26 19:38:40','2015-08-26 19:38:40'),(655,1,0,'Product modification','Product',63,1,'2015-08-26 19:39:37','2015-08-26 19:39:37'),(656,1,0,'Product modification','Product',63,1,'2015-08-26 19:39:58','2015-08-26 19:39:58'),(657,1,0,'Product modification','Product',63,1,'2015-08-26 19:40:26','2015-08-26 19:40:26'),(658,1,0,'Product modification','Product',63,1,'2015-08-26 19:40:58','2015-08-26 19:40:58'),(659,1,0,'Back Office connection from 175.139.68.147','',0,1,'2015-08-26 20:00:01','2015-08-26 20:00:01'),(660,1,0,'Product addition','Product',64,1,'2015-08-26 20:01:23','2015-08-26 20:01:23'),(661,1,0,'Product modification','Product',64,1,'2015-08-26 20:01:54','2015-08-26 20:01:54'),(662,1,0,'Product modification','Product',64,1,'2015-08-26 20:02:33','2015-08-26 20:02:33'),(663,1,0,'Product modification','Product',64,1,'2015-08-26 20:08:02','2015-08-26 20:08:02'),(664,1,0,'Product modification','Product',64,1,'2015-08-26 20:08:45','2015-08-26 20:08:45'),(665,1,0,'Product modification','Product',64,1,'2015-08-26 20:09:11','2015-08-26 20:09:11'),(666,1,0,'Product modification','Product',64,1,'2015-08-26 20:11:29','2015-08-26 20:11:29'),(667,1,0,'Product modification','Product',64,1,'2015-08-26 20:11:53','2015-08-26 20:11:53'),(668,1,0,'Product modification','Product',19,1,'2015-08-26 20:16:07','2015-08-26 20:16:07'),(669,1,0,'Product modification','Product',19,1,'2015-08-26 20:16:27','2015-08-26 20:16:27'),(670,1,0,'Product modification','Product',65,1,'2015-08-26 20:19:27','2015-08-26 20:19:27'),(671,1,0,'Product modification','Product',65,1,'2015-08-26 20:20:12','2015-08-26 20:20:12'),(672,1,0,'Product modification','Product',65,1,'2015-08-26 20:20:39','2015-08-26 20:20:39'),(673,1,0,'Product modification','Product',65,1,'2015-08-26 20:20:56','2015-08-26 20:20:56'),(674,1,0,'Product modification','Product',66,1,'2015-08-26 20:24:41','2015-08-26 20:24:41'),(675,1,0,'Product modification','Product',66,1,'2015-08-26 20:25:01','2015-08-26 20:25:01'),(676,1,0,'Product modification','Product',66,1,'2015-08-26 20:25:59','2015-08-26 20:25:59'),(677,1,0,'Product modification','Product',66,1,'2015-08-26 20:26:15','2015-08-26 20:26:15'),(678,1,0,'Product modification','Product',66,1,'2015-08-26 20:26:29','2015-08-26 20:26:29'),(679,1,0,'Product modification','Product',66,1,'2015-08-26 20:26:55','2015-08-26 20:26:55'),(680,1,0,'Product modification','Product',66,1,'2015-08-26 20:27:13','2015-08-26 20:27:13'),(681,1,0,'Product modification','Product',66,1,'2015-08-26 20:27:48','2015-08-26 20:27:48'),(682,1,0,'Product modification','Product',66,1,'2015-08-26 20:28:37','2015-08-26 20:28:37'),(683,1,0,'Product modification','Product',66,1,'2015-08-26 20:28:57','2015-08-26 20:28:57'),(684,1,0,'Product modification','Product',66,1,'2015-08-26 20:29:24','2015-08-26 20:29:24'),(685,1,0,'Product modification','Product',66,1,'2015-08-26 20:29:43','2015-08-26 20:29:43'),(686,1,0,'Product modification','Product',65,1,'2015-08-26 20:30:22','2015-08-26 20:30:22'),(687,1,0,'Product modification','Product',65,1,'2015-08-26 20:30:45','2015-08-26 20:30:45'),(688,1,0,'Product modification','Product',66,1,'2015-08-26 20:31:46','2015-08-26 20:31:46'),(689,1,0,'Product modification','Product',67,1,'2015-08-26 20:34:05','2015-08-26 20:34:05'),(690,1,0,'Product modification','Product',67,1,'2015-08-26 20:34:29','2015-08-26 20:34:29'),(691,1,0,'Product modification','Product',67,1,'2015-08-26 20:35:03','2015-08-26 20:35:03'),(692,1,0,'Product modification','Product',67,1,'2015-08-26 20:35:27','2015-08-26 20:35:27'),(693,1,0,'Product modification','Product',67,1,'2015-08-26 20:36:12','2015-08-26 20:36:12'),(694,1,0,'Product modification','Product',67,1,'2015-08-26 20:36:36','2015-08-26 20:36:36'),(695,1,0,'Product modification','Product',67,1,'2015-08-26 20:37:00','2015-08-26 20:37:00'),(696,1,0,'Product modification','Product',67,1,'2015-08-26 20:37:31','2015-08-26 20:37:31'),(697,1,0,'Product modification','Product',68,1,'2015-08-26 20:39:47','2015-08-26 20:39:47'),(698,1,0,'Product modification','Product',68,1,'2015-08-26 20:40:11','2015-08-26 20:40:11'),(699,1,0,'Product modification','Product',67,1,'2015-08-26 20:41:05','2015-08-26 20:41:05'),(700,1,0,'Product modification','Product',67,1,'2015-08-26 20:41:35','2015-08-26 20:41:35'),(701,1,0,'Product modification','Product',67,1,'2015-08-26 20:42:34','2015-08-26 20:42:34'),(702,1,0,'Product modification','Product',67,1,'2015-08-26 20:42:58','2015-08-26 20:42:58'),(703,1,0,'Product modification','Product',67,1,'2015-08-26 20:43:17','2015-08-26 20:43:17'),(704,1,0,'Product modification','Product',69,1,'2015-08-26 20:44:51','2015-08-26 20:44:51'),(705,1,0,'Product modification','Product',69,1,'2015-08-26 20:45:12','2015-08-26 20:45:12'),(706,1,0,'Product modification','Product',69,1,'2015-08-26 20:45:30','2015-08-26 20:45:30'),(707,1,0,'Product modification','Product',69,1,'2015-08-26 20:46:25','2015-08-26 20:46:25'),(708,1,0,'Product modification','Product',69,1,'2015-08-26 20:46:48','2015-08-26 20:46:48'),(709,1,0,'Product modification','Product',69,1,'2015-08-26 20:47:04','2015-08-26 20:47:04'),(710,1,0,'Product modification','Product',70,1,'2015-08-26 20:48:37','2015-08-26 20:48:37'),(711,1,0,'Product modification','Product',70,1,'2015-08-26 20:48:58','2015-08-26 20:48:58'),(712,1,0,'Product modification','Product',70,1,'2015-08-26 20:49:33','2015-08-26 20:49:33'),(713,1,0,'Product modification','Product',70,1,'2015-08-26 20:50:07','2015-08-26 20:50:07'),(714,1,0,'Product modification','Product',71,1,'2015-08-26 20:52:14','2015-08-26 20:52:14'),(715,1,0,'Product modification','Product',71,1,'2015-08-26 20:52:48','2015-08-26 20:52:48'),(716,1,0,'Product modification','Product',71,1,'2015-08-26 20:53:28','2015-08-26 20:53:28'),(717,1,0,'Product modification','Product',71,1,'2015-08-26 20:54:00','2015-08-26 20:54:00'),(718,1,0,'Product addition','Product',72,1,'2015-08-26 20:58:51','2015-08-26 20:58:51'),(719,1,0,'Product modification','Product',72,1,'2015-08-26 20:59:27','2015-08-26 20:59:27'),(720,1,0,'Product modification','Product',72,1,'2015-08-26 20:59:53','2015-08-26 20:59:53'),(721,1,0,'Product modification','Product',72,1,'2015-08-26 21:00:16','2015-08-26 21:00:16'),(722,1,0,'Product modification','Product',72,1,'2015-08-26 21:00:44','2015-08-26 21:00:44'),(723,1,0,'Product addition','Product',73,1,'2015-08-26 21:06:18','2015-08-26 21:06:18'),(724,1,0,'Product modification','Product',73,1,'2015-08-26 21:06:48','2015-08-26 21:06:48'),(725,1,0,'Product modification','Product',73,1,'2015-08-26 21:07:12','2015-08-26 21:07:12'),(726,1,0,'Product modification','Product',73,1,'2015-08-26 21:07:39','2015-08-26 21:07:39'),(727,1,0,'Product modification','Product',73,1,'2015-08-26 21:08:35','2015-08-26 21:08:35'),(728,1,0,'Back Office connection from 175.139.68.147','',0,1,'2015-08-26 23:31:50','2015-08-26 23:31:50'),(729,1,0,'Product modification','Product',74,1,'2015-08-26 23:40:05','2015-08-26 23:40:05'),(730,1,0,'Product modification','Product',74,1,'2015-08-26 23:40:32','2015-08-26 23:40:32'),(731,1,0,'Product modification','Product',74,1,'2015-08-26 23:40:51','2015-08-26 23:40:51'),(732,1,0,'Product modification','Product',74,1,'2015-08-26 23:41:28','2015-08-26 23:41:28'),(733,1,0,'Product modification','Product',74,1,'2015-08-26 23:42:05','2015-08-26 23:42:05'),(734,1,0,'Product modification','Product',74,1,'2015-08-26 23:42:29','2015-08-26 23:42:29'),(735,1,0,'Product modification','Product',74,1,'2015-08-26 23:42:51','2015-08-26 23:42:51'),(736,1,0,'Product modification','Product',74,1,'2015-08-26 23:43:41','2015-08-26 23:43:41'),(737,1,0,'Product modification','Product',74,1,'2015-08-26 23:44:33','2015-08-26 23:44:33'),(738,1,0,'Product modification','Product',74,1,'2015-08-26 23:44:56','2015-08-26 23:44:56'),(739,1,0,'Product modification','Product',73,1,'2015-08-26 23:45:35','2015-08-26 23:45:35'),(740,1,0,'Product modification','Product',75,1,'2015-08-26 23:48:38','2015-08-26 23:48:38'),(741,1,0,'Product modification','Product',75,1,'2015-08-26 23:49:02','2015-08-26 23:49:02'),(742,1,0,'Product modification','Product',75,1,'2015-08-26 23:49:22','2015-08-26 23:49:22'),(743,1,0,'Product modification','Product',75,1,'2015-08-26 23:50:08','2015-08-26 23:50:08'),(744,1,0,'Product modification','Product',75,1,'2015-08-26 23:50:25','2015-08-26 23:50:25'),(745,1,0,'Product modification','Product',75,1,'2015-08-26 23:50:57','2015-08-26 23:50:57'),(746,1,0,'Product modification','Product',74,1,'2015-08-26 23:51:47','2015-08-26 23:51:47'),(747,1,0,'Product modification','Product',74,1,'2015-08-26 23:53:14','2015-08-26 23:53:14'),(748,1,0,'Product modification','Product',73,1,'2015-08-26 23:53:51','2015-08-26 23:53:51'),(749,1,0,'Product modification','Product',76,1,'2015-08-26 23:54:57','2015-08-26 23:54:57'),(750,1,0,'Product modification','Product',76,1,'2015-08-26 23:55:13','2015-08-26 23:55:13'),(751,1,0,'Product modification','Product',76,1,'2015-08-26 23:56:23','2015-08-26 23:56:23'),(752,1,0,'Product modification','Product',76,1,'2015-08-26 23:56:41','2015-08-26 23:56:41'),(753,1,0,'Product modification','Product',76,1,'2015-08-26 23:56:56','2015-08-26 23:56:56'),(754,1,0,'Product modification','Product',77,1,'2015-08-27 00:00:44','2015-08-27 00:00:44'),(755,1,0,'Product modification','Product',77,1,'2015-08-27 00:01:26','2015-08-27 00:01:26'),(756,1,0,'Product modification','Product',77,1,'2015-08-27 00:01:42','2015-08-27 00:01:42'),(757,1,0,'Product modification','Product',77,1,'2015-08-27 00:02:09','2015-08-27 00:02:09'),(758,1,0,'Product modification','Product',77,1,'2015-08-27 00:03:08','2015-08-27 00:03:08'),(759,1,0,'Product modification','Product',77,1,'2015-08-27 00:03:43','2015-08-27 00:03:43'),(760,1,0,'Product modification','Product',77,1,'2015-08-27 00:04:21','2015-08-27 00:04:21'),(761,1,0,'Product modification','Product',78,1,'2015-08-27 00:06:27','2015-08-27 00:06:27'),(762,1,0,'Product modification','Product',78,1,'2015-08-27 00:06:41','2015-08-27 00:06:41'),(763,1,0,'Product modification','Product',78,1,'2015-08-27 00:07:21','2015-08-27 00:07:21'),(764,1,0,'Product modification','Product',78,1,'2015-08-27 00:07:39','2015-08-27 00:07:39'),(765,1,0,'Product modification','Product',78,1,'2015-08-27 00:07:58','2015-08-27 00:07:58'),(766,1,0,'Product modification','Product',79,1,'2015-08-27 00:09:03','2015-08-27 00:09:03'),(767,1,0,'Product modification','Product',79,1,'2015-08-27 00:09:21','2015-08-27 00:09:21'),(768,1,0,'Product modification','Product',79,1,'2015-08-27 00:10:12','2015-08-27 00:10:12'),(769,1,0,'Product modification','Product',79,1,'2015-08-27 00:10:40','2015-08-27 00:10:40'),(770,1,0,'Product modification','Product',77,1,'2015-08-27 00:11:09','2015-08-27 00:11:09'),(771,1,0,'Product modification','Product',78,1,'2015-08-27 00:11:57','2015-08-27 00:11:57'),(772,1,0,'Product modification','Product',79,1,'2015-08-27 00:12:26','2015-08-27 00:12:26'),(773,1,0,'Product modification','Product',80,1,'2015-08-27 00:13:15','2015-08-27 00:13:15'),(774,1,0,'Product modification','Product',80,1,'2015-08-27 00:13:32','2015-08-27 00:13:32'),(775,1,0,'Product modification','Product',80,1,'2015-08-27 00:14:15','2015-08-27 00:14:15'),(776,1,0,'Product modification','Product',80,1,'2015-08-27 00:14:30','2015-08-27 00:14:30'),(777,1,0,'Back Office connection from 175.139.68.147','',0,1,'2015-08-28 10:41:56','2015-08-28 10:41:56'),(778,1,0,'Product modification','Product',48,1,'2015-08-28 10:45:45','2015-08-28 10:45:45'),(779,1,0,'Category addition','Category',23,1,'2015-08-28 10:49:30','2015-08-28 10:49:30'),(780,1,0,'Product addition','Product',81,1,'2015-08-28 11:00:22','2015-08-28 11:00:22'),(781,1,0,'Product modification','Product',81,1,'2015-08-28 11:03:46','2015-08-28 11:03:46'),(782,1,0,'Product modification','Product',81,1,'2015-08-28 11:04:51','2015-08-28 11:04:51'),(783,1,0,'Product modification','Product',81,1,'2015-08-28 11:07:33','2015-08-28 11:07:33'),(784,1,0,'Product modification','Product',81,1,'2015-08-28 11:09:07','2015-08-28 11:09:07'),(785,1,0,'Product modification','Product',82,1,'2015-08-28 11:11:24','2015-08-28 11:11:24'),(786,1,0,'Product modification','Product',82,1,'2015-08-28 11:12:08','2015-08-28 11:12:08'),(787,1,0,'Product modification','Product',82,1,'2015-08-28 11:12:55','2015-08-28 11:12:55'),(788,1,0,'Product modification','Product',82,1,'2015-08-28 11:13:38','2015-08-28 11:13:38'),(789,1,0,'Product addition','Product',83,1,'2015-08-28 11:17:45','2015-08-28 11:17:45'),(790,1,0,'Product modification','Product',83,1,'2015-08-28 11:18:33','2015-08-28 11:18:33'),(791,1,0,'Product modification','Product',83,1,'2015-08-28 11:19:00','2015-08-28 11:19:00'),(792,1,0,'Product modification','Product',83,1,'2015-08-28 11:19:36','2015-08-28 11:19:36'),(793,1,0,'Product modification','Product',83,1,'2015-08-28 11:21:09','2015-08-28 11:21:09'),(794,1,0,'AttributeGroup addition','AttributeGroup',5,1,'2015-08-28 11:25:43','2015-08-28 11:25:43'),(795,1,0,'AttributeGroup deletion','AttributeGroup',5,1,'2015-08-28 11:27:18','2015-08-28 11:27:18'),(796,1,0,'AttributeGroup addition','AttributeGroup',6,1,'2015-08-28 11:28:11','2015-08-28 11:28:11'),(797,1,0,'Attribute addition','Attribute',28,1,'2015-08-28 11:28:36','2015-08-28 11:28:36'),(798,1,0,'Attribute addition','Attribute',29,1,'2015-08-28 11:28:56','2015-08-28 11:28:56'),(799,1,0,'Attribute addition','Attribute',30,1,'2015-08-28 11:29:12','2015-08-28 11:29:12'),(800,1,0,'Attribute addition','Attribute',31,1,'2015-08-28 11:30:08','2015-08-28 11:30:08'),(801,1,0,'Attribute addition','Attribute',32,1,'2015-08-28 11:30:35','2015-08-28 11:30:35'),(802,1,0,'Attribute addition','Attribute',33,1,'2015-08-28 11:30:57','2015-08-28 11:30:57'),(803,1,0,'Attribute addition','Attribute',34,1,'2015-08-28 11:31:19','2015-08-28 11:31:19'),(804,1,0,'Attribute addition','Attribute',35,1,'2015-08-28 11:31:31','2015-08-28 11:31:31'),(805,1,0,'Attribute addition','Attribute',36,1,'2015-08-28 11:31:49','2015-08-28 11:31:49'),(806,1,0,'Attribute addition','Attribute',37,1,'2015-08-28 11:32:01','2015-08-28 11:32:01'),(807,1,0,'Product modification','Product',40,1,'2015-08-28 11:38:54','2015-08-28 11:38:54'),(808,1,0,'Product modification','Product',40,1,'2015-08-28 11:39:53','2015-08-28 11:39:53'),(809,1,0,'Product modification','Product',28,1,'2015-08-28 11:45:39','2015-08-28 11:45:39'),(810,1,0,'Product modification','Product',28,1,'2015-08-28 11:46:50','2015-08-28 11:46:50'),(811,1,0,'Product modification','Product',28,1,'2015-08-28 11:47:29','2015-08-28 11:47:29'),(812,1,0,'Product modification','Product',28,1,'2015-08-28 11:48:06','2015-08-28 11:48:06'),(813,1,0,'Product modification','Product',83,1,'2015-08-28 11:51:04','2015-08-28 11:51:04'),(814,1,0,'Product modification','Product',83,1,'2015-08-28 11:53:11','2015-08-28 11:53:11'),(815,1,0,'Product modification','Product',83,1,'2015-08-28 11:55:09','2015-08-28 11:55:09'),(816,1,0,'Product modification','Product',83,1,'2015-08-28 11:56:10','2015-08-28 11:56:10'),(817,1,0,'Product modification','Product',83,1,'2015-08-28 11:56:59','2015-08-28 11:56:59'),(818,1,0,'Product modification','Product',83,1,'2015-08-28 12:00:46','2015-08-28 12:00:46'),(819,1,0,'Product modification','Product',83,1,'2015-08-28 12:01:59','2015-08-28 12:01:59'),(820,1,0,'Product modification','Product',83,1,'2015-08-28 12:03:20','2015-08-28 12:03:20'),(821,1,0,'Product modification','Product',83,1,'2015-08-28 12:04:33','2015-08-28 12:04:33'),(822,1,0,'Back Office connection from 175.139.68.147','',0,1,'2015-08-28 13:36:37','2015-08-28 13:36:37'),(823,1,0,'Product modification','Product',84,1,'2015-08-28 13:40:19','2015-08-28 13:40:19'),(824,1,0,'Product modification','Product',84,1,'2015-08-28 13:40:42','2015-08-28 13:40:42'),(825,1,0,'Product modification','Product',84,1,'2015-08-28 13:42:15','2015-08-28 13:42:15'),(826,1,0,'Product modification','Product',84,1,'2015-08-28 13:42:29','2015-08-28 13:42:29'),(827,1,0,'Product modification','Product',84,1,'2015-08-28 13:42:57','2015-08-28 13:42:57'),(828,1,0,'Product modification','Product',84,1,'2015-08-28 13:43:20','2015-08-28 13:43:20'),(829,1,0,'Product modification','Product',84,1,'2015-08-28 13:43:48','2015-08-28 13:43:48'),(830,1,0,'Product modification','Product',84,1,'2015-08-28 13:44:18','2015-08-28 13:44:18'),(831,1,0,'Product modification','Product',84,1,'2015-08-28 13:45:28','2015-08-28 13:45:28'),(832,1,0,'Product modification','Product',84,1,'2015-08-28 13:47:04','2015-08-28 13:47:04'),(833,1,0,'Product modification','Product',84,1,'2015-08-28 13:47:55','2015-08-28 13:47:55'),(834,1,0,'Product modification','Product',84,1,'2015-08-28 13:48:52','2015-08-28 13:48:52'),(835,1,0,'Product modification','Product',84,1,'2015-08-28 13:49:38','2015-08-28 13:49:38'),(836,1,0,'Product modification','Product',84,1,'2015-08-28 13:49:59','2015-08-28 13:49:59'),(837,1,0,'Product modification','Product',85,1,'2015-08-28 13:52:27','2015-08-28 13:52:27'),(838,1,0,'Product modification','Product',85,1,'2015-08-28 13:52:46','2015-08-28 13:52:46'),(839,1,0,'Product modification','Product',85,1,'2015-08-28 13:54:02','2015-08-28 13:54:02'),(840,1,0,'Product modification','Product',85,1,'2015-08-28 13:54:31','2015-08-28 13:54:31'),(841,1,0,'Product modification','Product',85,1,'2015-08-28 13:55:45','2015-08-28 13:55:45'),(842,1,0,'Product modification','Product',85,1,'2015-08-28 13:56:30','2015-08-28 13:56:30'),(843,1,0,'Product modification','Product',85,1,'2015-08-28 13:57:01','2015-08-28 13:57:01'),(844,1,0,'Product modification','Product',85,1,'2015-08-28 13:57:39','2015-08-28 13:57:39'),(845,1,0,'Product modification','Product',85,1,'2015-08-28 13:58:03','2015-08-28 13:58:03'),(846,1,0,'Product addition','Product',86,1,'2015-08-28 14:01:50','2015-08-28 14:01:50'),(847,1,0,'Product modification','Product',86,1,'2015-08-28 14:02:34','2015-08-28 14:02:34'),(848,1,0,'Product modification','Product',86,1,'2015-08-28 14:03:21','2015-08-28 14:03:21'),(849,1,0,'Product modification','Product',86,1,'2015-08-28 14:03:52','2015-08-28 14:03:52'),(850,1,0,'Product modification','Product',86,1,'2015-08-28 14:04:33','2015-08-28 14:04:33'),(851,1,0,'Product modification','Product',86,1,'2015-08-28 14:05:33','2015-08-28 14:05:33'),(852,1,0,'Product modification','Product',87,1,'2015-08-28 14:07:09','2015-08-28 14:07:09'),(853,1,0,'Product modification','Product',87,1,'2015-08-28 14:07:31','2015-08-28 14:07:31'),(854,1,0,'Product modification','Product',87,1,'2015-08-28 14:07:37','2015-08-28 14:07:37'),(855,1,0,'Product modification','Product',87,1,'2015-08-28 14:08:28','2015-08-28 14:08:28'),(856,1,0,'Product modification','Product',87,1,'2015-08-28 14:08:51','2015-08-28 14:08:51'),(857,1,0,'Product modification','Product',87,1,'2015-08-28 14:09:10','2015-08-28 14:09:10'),(858,1,0,'Product addition','Product',88,1,'2015-08-28 14:13:22','2015-08-28 14:13:22'),(859,1,0,'Product modification','Product',88,1,'2015-08-28 14:13:51','2015-08-28 14:13:51'),(860,1,0,'Product modification','Product',88,1,'2015-08-28 14:14:21','2015-08-28 14:14:21'),(861,1,0,'Product modification','Product',88,1,'2015-08-28 14:15:14','2015-08-28 14:15:14'),(862,1,0,'Product modification','Product',88,1,'2015-08-28 14:16:12','2015-08-28 14:16:12'),(863,1,0,'Product modification','Product',88,1,'2015-08-28 14:17:09','2015-08-28 14:17:09'),(864,1,0,'Product modification','Product',88,1,'2015-08-28 14:17:53','2015-08-28 14:17:53'),(865,1,0,'Attribute addition','Attribute',38,1,'2015-08-28 14:19:48','2015-08-28 14:19:48'),(866,1,0,'Product modification','Product',88,1,'2015-08-28 14:21:04','2015-08-28 14:21:04'),(867,1,0,'Product modification','Product',88,1,'2015-08-28 14:21:41','2015-08-28 14:21:41'),(868,1,0,'Product addition','Product',89,1,'2015-08-28 14:25:58','2015-08-28 14:25:58'),(869,1,0,'Product modification','Product',89,1,'2015-08-28 14:26:55','2015-08-28 14:26:55'),(870,1,0,'Product modification','Product',89,1,'2015-08-28 14:27:20','2015-08-28 14:27:20'),(871,1,0,'Product modification','Product',89,1,'2015-08-28 14:28:32','2015-08-28 14:28:32'),(872,1,0,'Product modification','Product',89,1,'2015-08-28 14:28:52','2015-08-28 14:28:52'),(873,1,0,'Attribute addition','Attribute',39,1,'2015-08-28 14:29:57','2015-08-28 14:29:57'),(874,1,0,'Attribute addition','Attribute',40,1,'2015-08-28 14:30:07','2015-08-28 14:30:07'),(875,1,0,'Attribute addition','Attribute',41,1,'2015-08-28 14:30:18','2015-08-28 14:30:18'),(876,1,0,'Attribute addition','Attribute',42,1,'2015-08-28 14:30:28','2015-08-28 14:30:28'),(877,1,0,'Product modification','Product',89,1,'2015-08-28 14:31:40','2015-08-28 14:31:40'),(878,1,0,'Product modification','Product',89,1,'2015-08-28 14:32:23','2015-08-28 14:32:23'),(879,1,0,'Product modification','Product',89,1,'2015-08-28 14:33:03','2015-08-28 14:33:03'),(880,1,0,'Product modification','Product',89,1,'2015-08-28 14:33:49','2015-08-28 14:33:49'),(881,1,0,'Back Office connection from 175.139.68.147','',0,1,'2015-08-28 14:53:59','2015-08-28 14:53:59'),(882,1,0,'Category addition','Category',24,1,'2015-08-28 14:55:06','2015-08-28 14:55:06'),(883,1,0,'Product addition','Product',90,1,'2015-08-28 15:07:45','2015-08-28 15:07:45'),(884,1,0,'Product modification','Product',90,1,'2015-08-28 15:08:27','2015-08-28 15:08:27'),(885,1,0,'Product modification','Product',90,1,'2015-08-28 15:09:04','2015-08-28 15:09:04'),(886,1,0,'Product modification','Product',90,1,'2015-08-28 15:10:16','2015-08-28 15:10:16'),(887,1,0,'Product modification','Product',90,1,'2015-08-28 15:10:48','2015-08-28 15:10:48'),(888,1,0,'Attribute addition','Attribute',43,1,'2015-08-28 15:13:49','2015-08-28 15:13:49'),(889,1,0,'Attribute addition','Attribute',44,1,'2015-08-28 15:14:04','2015-08-28 15:14:04'),(890,1,0,'Attribute addition','Attribute',45,1,'2015-08-28 15:14:15','2015-08-28 15:14:15'),(891,1,0,'Attribute addition','Attribute',46,1,'2015-08-28 15:14:24','2015-08-28 15:14:24'),(892,1,0,'Attribute addition','Attribute',47,1,'2015-08-28 15:14:40','2015-08-28 15:14:40'),(893,1,0,'Attribute addition','Attribute',48,1,'2015-08-28 15:14:56','2015-08-28 15:14:56'),(894,1,0,'Product modification','Product',90,1,'2015-08-28 15:18:23','2015-08-28 15:18:23'),(895,1,0,'Product modification','Product',90,1,'2015-08-28 15:20:44','2015-08-28 15:20:44'),(896,1,0,'Product modification','Product',90,1,'2015-08-28 15:22:10','2015-08-28 15:22:10'),(897,1,0,'Product modification','Product',90,1,'2015-08-28 15:23:21','2015-08-28 15:23:21'),(898,1,0,'Product modification','Product',90,1,'2015-08-28 15:26:20','2015-08-28 15:26:20'),(899,1,0,'Product modification','Product',90,1,'2015-08-28 15:27:07','2015-08-28 15:27:07'),(900,1,0,'Product modification','Product',90,1,'2015-08-28 15:28:24','2015-08-28 15:28:24'),(901,1,0,'Product addition','Product',91,1,'2015-08-28 15:31:01','2015-08-28 15:31:01'),(902,1,0,'Product modification','Product',91,1,'2015-08-28 15:31:34','2015-08-28 15:31:34'),(903,1,0,'Product modification','Product',91,1,'2015-08-28 15:31:59','2015-08-28 15:31:59'),(904,1,0,'Product modification','Product',91,1,'2015-08-28 15:32:32','2015-08-28 15:32:32'),(905,1,0,'Product modification','Product',91,1,'2015-08-28 15:32:56','2015-08-28 15:32:56'),(906,1,0,'Product modification','Product',91,1,'2015-08-28 15:33:24','2015-08-28 15:33:24'),(907,1,0,'Product modification','Product',91,1,'2015-08-28 15:33:59','2015-08-28 15:33:59'),(908,1,0,'Product modification','Product',91,1,'2015-08-28 15:34:20','2015-08-28 15:34:20'),(909,1,0,'Product modification','Product',91,1,'2015-08-28 15:34:48','2015-08-28 15:34:48'),(910,1,0,'Product modification','Product',92,1,'2015-08-28 15:36:02','2015-08-28 15:36:02'),(911,1,0,'Product modification','Product',92,1,'2015-08-28 15:36:21','2015-08-28 15:36:21'),(912,1,0,'Product modification','Product',92,1,'2015-08-28 15:37:10','2015-08-28 15:37:10'),(913,1,0,'Product modification','Product',92,1,'2015-08-28 15:37:32','2015-08-28 15:37:32'),(914,1,0,'Product modification','Product',93,1,'2015-08-28 15:38:39','2015-08-28 15:38:39'),(915,1,0,'Product modification','Product',93,1,'2015-08-28 15:38:59','2015-08-28 15:38:59'),(916,1,0,'Product modification','Product',93,1,'2015-08-28 15:39:32','2015-08-28 15:39:32'),(917,1,0,'Product modification','Product',93,1,'2015-08-28 15:39:49','2015-08-28 15:39:49'),(918,1,0,'Product modification','Product',94,1,'2015-08-28 15:41:02','2015-08-28 15:41:02'),(919,1,0,'Product modification','Product',94,1,'2015-08-28 15:41:19','2015-08-28 15:41:19'),(920,1,0,'Product modification','Product',94,1,'2015-08-28 15:41:55','2015-08-28 15:41:55'),(921,1,0,'Product modification','Product',94,1,'2015-08-28 15:42:10','2015-08-28 15:42:10'),(922,1,0,'Product addition','Product',95,1,'2015-08-28 15:50:24','2015-08-28 15:50:24'),(923,1,0,'Product modification','Product',95,1,'2015-08-28 15:51:02','2015-08-28 15:51:02'),(924,1,0,'Product modification','Product',95,1,'2015-08-28 15:51:44','2015-08-28 15:51:44'),(925,1,0,'Product modification','Product',95,1,'2015-08-28 15:53:08','2015-08-28 15:53:08'),(926,1,0,'Product modification','Product',95,1,'2015-08-28 15:53:45','2015-08-28 15:53:45'),(927,1,0,'Back Office connection from 175.139.68.147','',0,1,'2015-08-28 16:38:08','2015-08-28 16:38:08'),(928,1,0,'Product modification','Product',96,1,'2015-08-28 16:41:52','2015-08-28 16:41:52'),(929,1,0,'Product modification','Product',96,1,'2015-08-28 16:42:15','2015-08-28 16:42:15'),(930,1,0,'Back Office connection from 175.139.68.147','',0,1,'2015-08-28 19:12:47','2015-08-28 19:12:47'),(931,1,0,'Back Office connection from 175.139.68.147','',0,1,'2015-08-28 19:37:01','2015-08-28 19:37:01'),(932,1,0,'Product modification','Product',96,1,'2015-08-28 19:38:31','2015-08-28 19:38:31'),(933,1,0,'Product modification','Product',96,1,'2015-08-28 19:38:59','2015-08-28 19:38:59'),(934,1,0,'Product modification','Product',97,1,'2015-08-28 19:41:11','2015-08-28 19:41:11'),(935,1,0,'Product modification','Product',97,1,'2015-08-28 19:41:31','2015-08-28 19:41:31'),(936,1,0,'Product modification','Product',97,1,'2015-08-28 19:42:10','2015-08-28 19:42:10'),(937,1,0,'Product modification','Product',97,1,'2015-08-28 19:42:34','2015-08-28 19:42:34'),(938,1,0,'Back Office connection from 175.139.68.147','',0,1,'2015-08-28 21:38:27','2015-08-28 21:38:27'),(939,1,0,'Product modification','Product',98,1,'2015-08-28 21:40:09','2015-08-28 21:40:09'),(940,1,0,'Product modification','Product',98,1,'2015-08-28 21:40:35','2015-08-28 21:40:35'),(941,1,0,'Product modification','Product',98,1,'2015-08-28 21:41:18','2015-08-28 21:41:18'),(942,1,0,'Product modification','Product',98,1,'2015-08-28 21:41:33','2015-08-28 21:41:33'),(943,1,0,'Product modification','Product',97,1,'2015-08-28 21:42:06','2015-08-28 21:42:06'),(944,1,0,'Product modification','Product',97,1,'2015-08-28 21:42:22','2015-08-28 21:42:22'),(945,1,0,'Product modification','Product',99,1,'2015-08-28 21:43:52','2015-08-28 21:43:52'),(946,1,0,'Product modification','Product',99,1,'2015-08-28 21:44:10','2015-08-28 21:44:10'),(947,1,0,'Product modification','Product',99,1,'2015-08-28 21:44:40','2015-08-28 21:44:40'),(948,1,0,'Product modification','Product',99,1,'2015-08-28 21:44:59','2015-08-28 21:44:59'),(949,1,0,'Product modification','Product',100,1,'2015-08-28 21:46:48','2015-08-28 21:46:48'),(950,1,0,'Product modification','Product',100,1,'2015-08-28 21:47:05','2015-08-28 21:47:05'),(951,1,0,'Product modification','Product',100,1,'2015-08-28 21:47:40','2015-08-28 21:47:40'),(952,1,0,'Product modification','Product',100,1,'2015-08-28 21:47:54','2015-08-28 21:47:54'),(953,1,0,'Product modification','Product',101,1,'2015-08-28 21:49:30','2015-08-28 21:49:30'),(954,1,0,'Product modification','Product',101,1,'2015-08-28 21:49:48','2015-08-28 21:49:48'),(955,1,0,'Product modification','Product',101,1,'2015-08-28 21:50:33','2015-08-28 21:50:33'),(956,1,0,'AttributeGroup addition','AttributeGroup',7,1,'2015-08-28 21:52:02','2015-08-28 21:52:02'),(957,1,0,'Attribute addition','Attribute',49,1,'2015-08-28 21:52:34','2015-08-28 21:52:34'),(958,1,0,'Attribute addition','Attribute',50,1,'2015-08-28 21:52:48','2015-08-28 21:52:48'),(959,1,0,'Attribute addition','Attribute',51,1,'2015-08-28 21:53:03','2015-08-28 21:53:03'),(960,1,0,'Attribute addition','Attribute',52,1,'2015-08-28 21:53:13','2015-08-28 21:53:13'),(961,1,0,'Attribute addition','Attribute',53,1,'2015-08-28 21:53:25','2015-08-28 21:53:25'),(962,1,0,'Attribute addition','Attribute',54,1,'2015-08-28 21:53:45','2015-08-28 21:53:45'),(963,1,0,'Attribute addition','Attribute',55,1,'2015-08-28 21:53:53','2015-08-28 21:53:53'),(964,1,0,'Attribute addition','Attribute',56,1,'2015-08-28 21:54:00','2015-08-28 21:54:00'),(965,1,0,'Product modification','Product',102,1,'2015-08-28 21:55:01','2015-08-28 21:55:01'),(966,1,0,'Product modification','Product',102,1,'2015-08-28 21:55:24','2015-08-28 21:55:24'),(967,1,0,'Product modification','Product',102,1,'2015-08-28 21:56:57','2015-08-28 21:56:57'),(968,1,0,'Product modification','Product',102,1,'2015-08-28 21:57:22','2015-08-28 21:57:22'),(969,1,0,'Product modification','Product',102,1,'2015-08-28 21:57:38','2015-08-28 21:57:38'),(970,1,0,'Product modification','Product',102,1,'2015-08-28 21:57:54','2015-08-28 21:57:54'),(971,1,0,'Product modification','Product',102,1,'2015-08-28 21:58:12','2015-08-28 21:58:12'),(972,1,0,'Product modification','Product',102,1,'2015-08-28 21:58:33','2015-08-28 21:58:33'),(973,1,0,'Product modification','Product',102,1,'2015-08-28 21:58:58','2015-08-28 21:58:58'),(974,1,0,'Product modification','Product',102,1,'2015-08-28 21:59:17','2015-08-28 21:59:17'),(975,1,0,'Product modification','Product',102,1,'2015-08-28 21:59:35','2015-08-28 21:59:35'),(976,1,0,'Product modification','Product',102,1,'2015-08-28 22:00:25','2015-08-28 22:00:25'),(977,1,0,'Product modification','Product',102,1,'2015-08-28 22:01:09','2015-08-28 22:01:09'),(978,1,0,'Product modification','Product',102,1,'2015-08-28 22:01:54','2015-08-28 22:01:54'),(979,1,0,'Product modification','Product',102,1,'2015-08-28 22:02:38','2015-08-28 22:02:38'),(980,1,0,'Product modification','Product',102,1,'2015-08-28 22:03:13','2015-08-28 22:03:13'),(981,1,0,'Product modification','Product',102,1,'2015-08-28 22:03:50','2015-08-28 22:03:50'),(982,1,0,'Product modification','Product',102,1,'2015-08-28 22:04:25','2015-08-28 22:04:25'),(983,1,0,'Product modification','Product',102,1,'2015-08-28 22:05:05','2015-08-28 22:05:05'),(984,1,0,'Product modification','Product',102,1,'2015-08-28 22:07:01','2015-08-28 22:07:01'),(985,1,0,'Product modification','Product',103,1,'2015-08-28 22:10:45','2015-08-28 22:10:45'),(986,1,0,'Product modification','Product',103,1,'2015-08-28 22:11:31','2015-08-28 22:11:31'),(987,1,0,'Product modification','Product',103,1,'2015-08-28 22:11:45','2015-08-28 22:11:45'),(988,1,0,'Product modification','Product',103,1,'2015-08-28 22:12:35','2015-08-28 22:12:35'),(989,1,0,'Product modification','Product',103,1,'2015-08-28 22:12:49','2015-08-28 22:12:49'),(990,1,0,'Product modification','Product',103,1,'2015-08-28 22:13:10','2015-08-28 22:13:10'),(991,1,0,'Product modification','Product',25,1,'2015-08-28 22:14:33','2015-08-28 22:14:33'),(992,1,0,'Back Office connection from 175.139.68.147','',0,1,'2015-08-28 22:42:08','2015-08-28 22:42:08'),(993,1,0,'Product deletion','Product',104,1,'2015-08-28 22:43:36','2015-08-28 22:43:36'),(994,1,0,'Product modification','Product',105,1,'2015-08-28 22:45:05','2015-08-28 22:45:05'),(995,1,0,'Product modification','Product',105,1,'2015-08-28 22:45:20','2015-08-28 22:45:20'),(996,1,0,'Product modification','Product',105,1,'2015-08-28 22:45:53','2015-08-28 22:45:53'),(997,1,0,'Product modification','Product',105,1,'2015-08-28 22:46:07','2015-08-28 22:46:07'),(998,1,0,'Product modification','Product',105,1,'2015-08-28 22:46:41','2015-08-28 22:46:41'),(999,1,0,'Product modification','Product',83,1,'2015-08-28 22:48:47','2015-08-28 22:48:47'),(1000,1,0,'Product modification','Product',84,1,'2015-08-28 22:49:26','2015-08-28 22:49:26'),(1001,1,0,'Product modification','Product',85,1,'2015-08-28 22:50:05','2015-08-28 22:50:05'),(1002,1,0,'Product modification','Product',81,1,'2015-08-28 22:51:45','2015-08-28 22:51:45'),(1003,1,0,'Product modification','Product',82,1,'2015-08-28 22:52:47','2015-08-28 22:52:47'),(1004,1,0,'Product modification','Product',106,1,'2015-08-28 22:56:35','2015-08-28 22:56:35'),(1005,1,0,'Product modification','Product',106,1,'2015-08-28 22:56:49','2015-08-28 22:56:49'),(1006,1,0,'Product modification','Product',106,1,'2015-08-28 22:57:27','2015-08-28 22:57:27'),(1007,1,0,'Product modification','Product',106,1,'2015-08-28 22:57:44','2015-08-28 22:57:44'),(1008,1,0,'Product modification','Product',107,1,'2015-08-28 22:59:04','2015-08-28 22:59:04'),(1009,1,0,'Product modification','Product',107,1,'2015-08-28 22:59:22','2015-08-28 22:59:22'),(1010,1,0,'Product modification','Product',107,1,'2015-08-28 22:59:58','2015-08-28 22:59:58'),(1011,1,0,'Product modification','Product',107,1,'2015-08-28 23:00:13','2015-08-28 23:00:13'),(1012,1,0,'Product modification','Product',108,1,'2015-08-28 23:01:13','2015-08-28 23:01:13'),(1013,1,0,'Product modification','Product',108,1,'2015-08-28 23:01:29','2015-08-28 23:01:29'),(1014,1,0,'Product modification','Product',108,1,'2015-08-28 23:01:49','2015-08-28 23:01:49'),(1015,1,0,'Product modification','Product',108,1,'2015-08-28 23:02:15','2015-08-28 23:02:15'),(1016,1,0,'Product modification','Product',109,1,'2015-08-28 23:03:12','2015-08-28 23:03:12'),(1017,1,0,'Product modification','Product',109,1,'2015-08-28 23:03:46','2015-08-28 23:03:46'),(1018,1,0,'Product modification','Product',109,1,'2015-08-28 23:04:10','2015-08-28 23:04:10'),(1019,1,0,'Product modification','Product',110,1,'2015-08-28 23:06:38','2015-08-28 23:06:38'),(1020,1,0,'Product modification','Product',110,1,'2015-08-28 23:07:16','2015-08-28 23:07:16'),(1021,1,0,'Product modification','Product',110,1,'2015-08-28 23:07:34','2015-08-28 23:07:34'),(1022,1,0,'Product modification','Product',110,1,'2015-08-28 23:07:50','2015-08-28 23:07:50'),(1023,1,0,'Product modification','Product',110,1,'2015-08-28 23:08:21','2015-08-28 23:08:21'),(1024,1,0,'Product modification','Product',110,1,'2015-08-28 23:08:37','2015-08-28 23:08:37'),(1025,1,0,'Product modification','Product',110,1,'2015-08-28 23:08:53','2015-08-28 23:08:53'),(1026,1,0,'Product modification','Product',110,1,'2015-08-28 23:09:16','2015-08-28 23:09:16'),(1027,1,0,'Product modification','Product',111,1,'2015-08-28 23:10:04','2015-08-28 23:10:04'),(1028,1,0,'Product modification','Product',111,1,'2015-08-28 23:10:21','2015-08-28 23:10:21'),(1029,1,0,'Product modification','Product',111,1,'2015-08-28 23:10:38','2015-08-28 23:10:38'),(1030,1,0,'Product modification','Product',111,1,'2015-08-28 23:10:59','2015-08-28 23:10:59'),(1031,1,0,'Product modification','Product',112,1,'2015-08-28 23:11:59','2015-08-28 23:11:59'),(1032,1,0,'Product modification','Product',112,1,'2015-08-28 23:11:59','2015-08-28 23:11:59'),(1033,1,0,'Product modification','Product',112,1,'2015-08-28 23:12:14','2015-08-28 23:12:14'),(1034,1,0,'Product modification','Product',112,1,'2015-08-28 23:12:47','2015-08-28 23:12:47'),(1035,1,0,'Product modification','Product',113,1,'2015-08-28 23:13:51','2015-08-28 23:13:51'),(1036,1,0,'Product modification','Product',113,1,'2015-08-28 23:14:07','2015-08-28 23:14:07'),(1037,1,0,'Product modification','Product',113,1,'2015-08-28 23:14:37','2015-08-28 23:14:37'),(1038,1,0,'Product modification','Product',114,1,'2015-08-28 23:16:03','2015-08-28 23:16:03'),(1039,1,0,'Product modification','Product',114,1,'2015-08-28 23:16:21','2015-08-28 23:16:21'),(1040,1,0,'Product modification','Product',114,1,'2015-08-28 23:17:01','2015-08-28 23:17:01'),(1041,1,0,'Product modification','Product',114,1,'2015-08-28 23:17:20','2015-08-28 23:17:20'),(1042,1,0,'Product modification','Product',115,1,'2015-08-28 23:18:18','2015-08-28 23:18:18'),(1043,1,0,'Product modification','Product',115,1,'2015-08-28 23:18:59','2015-08-28 23:18:59'),(1044,1,0,'Product modification','Product',115,1,'2015-08-28 23:19:15','2015-08-28 23:19:15'),(1045,1,0,'Product modification','Product',116,1,'2015-08-28 23:20:34','2015-08-28 23:20:34'),(1046,1,0,'Product modification','Product',116,1,'2015-08-28 23:20:50','2015-08-28 23:20:50'),(1047,1,0,'Product modification','Product',116,1,'2015-08-28 23:21:11','2015-08-28 23:21:11'),(1048,1,0,'Product modification','Product',116,1,'2015-08-28 23:21:26','2015-08-28 23:21:26'),(1049,1,0,'Product modification','Product',116,1,'2015-08-28 23:21:50','2015-08-28 23:21:50'),(1050,1,0,'Product modification','Product',114,1,'2015-08-28 23:22:37','2015-08-28 23:22:37'),(1051,1,0,'Product modification','Product',115,1,'2015-08-28 23:23:01','2015-08-28 23:23:01'),(1052,1,0,'Product modification','Product',117,1,'2015-08-28 23:23:40','2015-08-28 23:23:40'),(1053,1,0,'Product modification','Product',117,1,'2015-08-28 23:23:55','2015-08-28 23:23:55'),(1054,1,0,'Product modification','Product',117,1,'2015-08-28 23:24:21','2015-08-28 23:24:21'),(1055,1,0,'Product modification','Product',117,1,'2015-08-28 23:24:35','2015-08-28 23:24:35'),(1056,1,0,'Back Office connection from 175.139.68.147','',0,1,'2015-08-29 12:46:19','2015-08-29 12:46:19'),(1057,1,0,'Category modification','Category',16,1,'2015-08-29 12:49:08','2015-08-29 12:49:08'),(1058,1,0,'Category modification','Category',15,1,'2015-08-29 12:50:34','2015-08-29 12:50:34'),(1059,1,0,'Back Office connection from 175.139.68.147','',0,1,'2015-08-29 13:25:48','2015-08-29 13:25:48'),(1060,1,0,'Category modification','Category',17,1,'2015-08-29 13:43:42','2015-08-29 13:43:42'),(1061,1,0,'Category modification','Category',17,1,'2015-08-29 13:45:53','2015-08-29 13:45:53'),(1062,1,0,'Back Office connection from 202.156.180.87','',0,1,'2015-08-29 14:33:52','2015-08-29 14:33:52'),(1063,1,0,'Category modification','Category',13,1,'2015-08-29 14:53:09','2015-08-29 14:53:09'),(1064,1,0,'Back Office connection from 175.139.68.147','',0,1,'2015-08-30 00:14:33','2015-08-30 00:14:33'),(1065,1,0,'Category modification','Category',20,1,'2015-08-30 00:28:14','2015-08-30 00:28:14'),(1066,1,0,'Category modification','Category',21,1,'2015-08-30 00:29:25','2015-08-30 00:29:25'),(1067,1,0,'Back Office connection from 175.139.68.147','',0,1,'2015-08-30 01:39:52','2015-08-30 01:39:52'),(1068,1,0,'Category modification','Category',3,1,'2015-08-30 01:41:01','2015-08-30 01:41:01'),(1069,1,0,'Category modification','Category',3,1,'2015-08-30 01:42:37','2015-08-30 01:42:37'),(1070,1,0,'Category modification','Category',12,1,'2015-08-30 01:44:05','2015-08-30 01:44:05'),(1071,1,0,'Category modification','Category',12,1,'2015-08-30 01:45:11','2015-08-30 01:45:11'),(1072,1,0,'Product modification','Product',1,1,'2015-08-30 01:47:14','2015-08-30 01:47:14'),(1073,1,0,'Category modification','Category',9,1,'2015-08-30 01:52:47','2015-08-30 01:52:47'),(1074,1,0,'ImageType modification','ImageType',3,1,'2015-08-30 01:56:40','2015-08-30 01:56:40'),(1075,1,0,'Back Office connection from 175.139.68.147','',0,1,'2015-08-30 17:38:44','2015-08-30 17:38:44'),(1076,1,0,'Product modification','Product',40,1,'2015-08-30 17:44:35','2015-08-30 17:44:35'),(1077,1,0,'Product modification','Product',40,1,'2015-08-30 17:44:56','2015-08-30 17:44:56'),(1078,1,0,'Product modification','Product',40,1,'2015-08-30 17:46:40','2015-08-30 17:46:40'),(1079,1,0,'Product modification','Product',83,1,'2015-08-30 17:49:56','2015-08-30 17:49:56'),(1080,1,0,'Product modification','Product',83,1,'2015-08-30 17:50:18','2015-08-30 17:50:18'),(1081,1,0,'Product modification','Product',83,1,'2015-08-30 17:50:43','2015-08-30 17:50:43'),(1082,1,0,'Product modification','Product',83,1,'2015-08-30 17:51:22','2015-08-30 17:51:22'),(1083,1,0,'Product modification','Product',83,1,'2015-08-30 17:52:00','2015-08-30 17:52:00'),(1084,1,0,'Product modification','Product',83,1,'2015-08-30 17:52:19','2015-08-30 17:52:19'),(1085,1,0,'Product modification','Product',84,1,'2015-08-30 17:53:16','2015-08-30 17:53:16'),(1086,1,0,'Product modification','Product',84,1,'2015-08-30 17:53:38','2015-08-30 17:53:38'),(1087,1,0,'Product modification','Product',85,1,'2015-08-30 17:54:44','2015-08-30 17:54:44'),(1088,1,0,'Product modification','Product',85,1,'2015-08-30 17:55:16','2015-08-30 17:55:16'),(1089,1,0,'Product modification','Product',85,1,'2015-08-30 17:55:38','2015-08-30 17:55:38'),(1090,1,0,'Product modification','Product',85,1,'2015-08-30 17:56:02','2015-08-30 17:56:02'),(1091,1,0,'Product modification','Product',85,1,'2015-08-30 17:56:22','2015-08-30 17:56:22'),(1092,1,0,'Product modification','Product',85,1,'2015-08-30 17:56:41','2015-08-30 17:56:41'),(1093,1,0,'Product modification','Product',81,1,'2015-08-30 17:57:14','2015-08-30 17:57:14'),(1094,1,0,'Product modification','Product',81,1,'2015-08-30 17:57:34','2015-08-30 17:57:34'),(1095,1,0,'Product modification','Product',81,1,'2015-08-30 17:57:49','2015-08-30 17:57:49'),(1096,1,0,'Product modification','Product',81,1,'2015-08-30 17:58:07','2015-08-30 17:58:07'),(1097,1,0,'Product modification','Product',88,1,'2015-08-30 17:59:36','2015-08-30 17:59:36'),(1098,1,0,'Product modification','Product',88,1,'2015-08-30 18:00:06','2015-08-30 18:00:06'),(1099,1,0,'Product modification','Product',88,1,'2015-08-30 18:02:02','2015-08-30 18:02:02'),(1100,1,0,'Product modification','Product',88,1,'2015-08-30 18:02:24','2015-08-30 18:02:24'),(1101,1,0,'Product modification','Product',88,1,'2015-08-30 18:02:48','2015-08-30 18:02:48'),(1102,1,0,'Product modification','Product',89,1,'2015-08-30 18:04:10','2015-08-30 18:04:10'),(1103,1,0,'Product modification','Product',89,1,'2015-08-30 18:04:31','2015-08-30 18:04:31'),(1104,1,0,'Product modification','Product',89,1,'2015-08-30 18:05:13','2015-08-30 18:05:13'),(1105,1,0,'Product modification','Product',89,1,'2015-08-30 18:05:37','2015-08-30 18:05:37'),(1106,1,0,'Product modification','Product',89,1,'2015-08-30 18:05:57','2015-08-30 18:05:57'),(1107,1,0,'Product modification','Product',90,1,'2015-08-30 18:08:14','2015-08-30 18:08:14'),(1108,1,0,'Product modification','Product',90,1,'2015-08-30 18:08:47','2015-08-30 18:08:47'),(1109,1,0,'Product modification','Product',90,1,'2015-08-30 18:09:16','2015-08-30 18:09:16'),(1110,1,0,'Product modification','Product',90,1,'2015-08-30 18:09:56','2015-08-30 18:09:56'),(1111,1,0,'Product modification','Product',90,1,'2015-08-30 18:10:21','2015-08-30 18:10:21'),(1112,1,0,'Product modification','Product',90,1,'2015-08-30 18:10:57','2015-08-30 18:10:57'),(1113,1,0,'Product modification','Product',90,1,'2015-08-30 18:11:27','2015-08-30 18:11:27'),(1114,1,0,'Category modification','Category',4,1,'2015-08-30 18:25:12','2015-08-30 18:25:12'),(1115,1,0,'ImageType addition','ImageType',10,1,'2015-08-30 18:30:12','2015-08-30 18:30:12'),(1116,1,0,'Category modification','Category',17,1,'2015-08-30 18:32:59','2015-08-30 18:32:59'),(1117,1,0,'Category modification','Category',4,1,'2015-08-30 18:38:10','2015-08-30 18:38:10'),(1118,1,0,'Category modification','Category',4,1,'2015-08-30 18:39:12','2015-08-30 18:39:12'),(1119,1,0,'ImageType modification','ImageType',3,1,'2015-08-30 18:53:17','2015-08-30 18:53:17'),(1120,1,0,'ImageType modification','ImageType',7,1,'2015-08-30 18:54:13','2015-08-30 18:54:13'),(1121,1,0,'ImageType modification','ImageType',8,1,'2015-08-30 18:56:08','2015-08-30 18:56:08'),(1122,1,0,'ImageType modification','ImageType',10,1,'2015-08-30 19:23:27','2015-08-30 19:23:27'),(1123,1,0,'Back Office connection from 175.139.68.147','',0,1,'2015-08-30 21:26:05','2015-08-30 21:26:05'),(1124,1,0,'Back Office connection from 202.156.180.87','',0,1,'2015-08-30 21:30:05','2015-08-30 21:30:05'),(1125,1,0,'ImageType modification','ImageType',10,1,'2015-08-30 21:36:38','2015-08-30 21:36:38'),(1126,1,0,'Back Office connection from 202.156.180.87','',0,1,'2015-08-30 22:03:20','2015-08-30 22:03:20'),(1127,1,0,'Category modification','Category',17,1,'2015-08-30 22:04:44','2015-08-30 22:04:44'),(1128,1,0,'Category modification','Category',17,1,'2015-08-30 22:06:30','2015-08-30 22:06:30'),(1129,1,0,'ImageType modification','ImageType',3,1,'2015-08-30 22:07:12','2015-08-30 22:07:12'),(1130,1,0,'Category modification','Category',17,1,'2015-08-30 22:07:36','2015-08-30 22:07:36'),(1131,1,0,'ImageType modification','ImageType',3,1,'2015-08-30 22:07:43','2015-08-30 22:07:43'),(1132,1,0,'Category modification','Category',17,1,'2015-08-30 22:09:00','2015-08-30 22:09:00'),(1133,1,0,'Category modification','Category',17,1,'2015-08-30 22:09:56','2015-08-30 22:09:56'),(1134,1,0,'Category modification','Category',3,1,'2015-08-30 22:12:10','2015-08-30 22:12:10'),(1135,1,0,'Category modification','Category',12,1,'2015-08-30 22:13:30','2015-08-30 22:13:30'),(1136,1,0,'Category modification','Category',12,1,'2015-08-30 22:14:14','2015-08-30 22:14:14'),(1137,1,0,'Category modification','Category',12,1,'2015-08-30 22:15:13','2015-08-30 22:15:13'),(1138,1,0,'Category modification','Category',12,1,'2015-08-30 22:16:17','2015-08-30 22:16:17'),(1139,1,0,'Category modification','Category',13,1,'2015-08-30 22:20:09','2015-08-30 22:20:09'),(1140,1,0,'Category modification','Category',13,1,'2015-08-30 22:21:22','2015-08-30 22:21:22'),(1141,1,0,'Category modification','Category',13,1,'2015-08-30 22:22:51','2015-08-30 22:22:51'),(1142,1,0,'Category modification','Category',13,1,'2015-08-30 22:23:44','2015-08-30 22:23:44'),(1143,1,0,'Category modification','Category',13,1,'2015-08-30 22:33:44','2015-08-30 22:33:44'),(1144,1,0,'Back Office connection from 175.139.68.147','',0,1,'2015-08-30 23:28:38','2015-08-30 23:28:38'),(1145,1,0,'Category modification','Category',8,1,'2015-08-30 23:31:38','2015-08-30 23:31:38'),(1146,1,0,'Category modification','Category',9,1,'2015-08-30 23:34:37','2015-08-30 23:34:37'),(1147,1,0,'Category modification','Category',9,1,'2015-08-30 23:35:46','2015-08-30 23:35:46'),(1148,1,0,'Back Office connection from 175.139.68.147','',0,1,'2015-08-31 00:27:02','2015-08-31 00:27:02'),(1149,1,0,'Back Office connection from 175.139.68.147','',0,1,'2015-08-31 00:47:37','2015-08-31 00:47:37'),(1150,1,0,'Category modification','Category',19,1,'2015-08-31 00:48:19','2015-08-31 00:48:19'),(1151,1,0,'Category modification','Category',19,1,'2015-08-31 00:51:56','2015-08-31 00:51:56'),(1152,1,0,'Category modification','Category',19,1,'2015-08-31 00:57:37','2015-08-31 00:57:37'),(1153,1,0,'Category modification','Category',19,1,'2015-08-31 01:01:03','2015-08-31 01:01:03'),(1154,1,0,'Category modification','Category',19,1,'2015-08-31 01:08:50','2015-08-31 01:08:50'),(1155,1,0,'Back Office connection from 175.139.68.147','',0,1,'2015-08-31 01:28:36','2015-08-31 01:28:36'),(1156,1,0,'Category modification','Category',3,1,'2015-08-31 01:30:06','2015-08-31 01:30:06'),(1157,1,0,'Category modification','Category',3,1,'2015-08-31 01:31:51','2015-08-31 01:31:51'),(1158,1,0,'Category modification','Category',3,1,'2015-08-31 01:41:03','2015-08-31 01:41:03'),(1159,1,0,'Category modification','Category',12,1,'2015-08-31 01:42:19','2015-08-31 01:42:19'),(1160,1,0,'Category modification','Category',12,1,'2015-08-31 01:44:20','2015-08-31 01:44:20'),(1161,1,0,'Category modification','Category',12,1,'2015-08-31 01:45:22','2015-08-31 01:45:22'),(1162,1,0,'Category modification','Category',19,1,'2015-08-31 01:46:13','2015-08-31 01:46:13'),(1163,1,0,'Back Office connection from 175.139.68.147','',0,1,'2015-08-31 10:41:02','2015-08-31 10:41:02'),(1164,1,0,'Category modification','Category',3,1,'2015-08-31 10:52:35','2015-08-31 10:52:35'),(1165,1,0,'Category modification','Category',3,1,'2015-08-31 10:53:55','2015-08-31 10:53:55'),(1166,1,0,'Category modification','Category',13,1,'2015-08-31 10:54:49','2015-08-31 10:54:49'),(1167,1,0,'Category modification','Category',4,1,'2015-08-31 10:57:29','2015-08-31 10:57:29'),(1168,1,0,'Category modification','Category',4,1,'2015-08-31 10:58:37','2015-08-31 10:58:37'),(1169,1,0,'Category modification','Category',4,1,'2015-08-31 10:59:17','2015-08-31 10:59:17'),(1170,1,0,'Category modification','Category',9,1,'2015-08-31 11:03:14','2015-08-31 11:03:14'),(1171,1,0,'Back Office connection from 175.139.68.147','',0,1,'2015-08-31 11:29:05','2015-08-31 11:29:05'),(1172,1,0,'Category modification','Category',14,1,'2015-08-31 11:30:07','2015-08-31 11:30:07'),(1173,1,0,'Back Office connection from 175.139.68.147','',0,1,'2015-08-31 11:52:20','2015-08-31 11:52:20'),(1174,1,0,'Category modification','Category',23,1,'2015-08-31 11:53:29','2015-08-31 11:53:29'),(1175,1,0,'Category modification','Category',24,1,'2015-08-31 12:00:08','2015-08-31 12:00:08'),(1176,1,0,'Category modification','Category',15,1,'2015-08-31 12:07:11','2015-08-31 12:07:11'),(1177,1,0,'Back Office connection from 175.139.68.147','',0,1,'2015-08-31 12:24:38','2015-08-31 12:24:38'),(1178,1,0,'Category modification','Category',18,1,'2015-08-31 12:25:59','2015-08-31 12:25:59'),(1179,1,0,'Category modification','Category',17,1,'2015-08-31 12:30:18','2015-08-31 12:30:18'),(1180,1,0,'Category modification','Category',18,1,'2015-08-31 12:33:38','2015-08-31 12:33:38'),(1181,1,0,'Category modification','Category',17,1,'2015-08-31 12:34:56','2015-08-31 12:34:56'),(1182,1,0,'Category modification','Category',16,1,'2015-08-31 12:36:27','2015-08-31 12:36:27'),(1183,1,0,'Category modification','Category',22,1,'2015-08-31 12:37:14','2015-08-31 12:37:14'),(1184,1,0,'Back Office connection from 175.139.68.147','',0,1,'2015-08-31 13:26:36','2015-08-31 13:26:36'),(1185,1,0,'Category modification','Category',20,1,'2015-08-31 13:27:32','2015-08-31 13:27:32'),(1186,1,0,'Category modification','Category',21,1,'2015-08-31 13:28:34','2015-08-31 13:28:34'),(1187,1,0,'Back Office connection from 175.139.68.147','',0,1,'2015-08-31 15:23:51','2015-08-31 15:23:51'),(1188,1,0,'Back Office connection from 175.139.68.147','',0,1,'2015-08-31 15:58:03','2015-08-31 15:58:03'),(1189,1,0,'Category modification','Category',23,1,'2015-08-31 15:59:07','2015-08-31 15:59:07'),(1190,1,0,'Category modification','Category',23,1,'2015-08-31 16:00:01','2015-08-31 16:00:01'),(1191,1,0,'Category modification','Category',24,1,'2015-08-31 16:00:41','2015-08-31 16:00:41'),(1192,1,0,'Back Office connection from 175.139.68.147','',0,1,'2015-08-31 17:06:03','2015-08-31 17:06:03'),(1193,1,0,'Category modification','Category',8,1,'2015-08-31 17:07:02','2015-08-31 17:07:02'),(1194,1,0,'Category modification','Category',8,1,'2015-08-31 17:07:38','2015-08-31 17:07:38'),(1195,1,0,'Category modification','Category',13,1,'2015-08-31 17:09:01','2015-08-31 17:09:01'),(1196,1,0,'Category modification','Category',17,1,'2015-08-31 17:11:24','2015-08-31 17:11:24'),(1197,1,0,'Category modification','Category',17,1,'2015-08-31 17:12:22','2015-08-31 17:12:22'),(1198,1,0,'Category modification','Category',18,1,'2015-08-31 17:13:38','2015-08-31 17:13:38'),(1199,1,0,'Back Office connection from 175.139.68.147','',0,1,'2015-08-31 17:46:02','2015-08-31 17:46:02'),(1200,1,0,'Category modification','Category',20,1,'2015-08-31 17:54:07','2015-08-31 17:54:07'),(1201,1,0,'Category modification','Category',21,1,'2015-08-31 17:54:50','2015-08-31 17:54:50'),(1202,1,0,'Frontcontroller::init - Cart cannot be loaded or an order has already been placed using this cart','Cart',6,0,'2015-08-31 18:27:21','2015-08-31 18:27:21'),(1203,1,0,'Back Office connection from 175.139.68.147','',0,1,'2015-08-31 19:13:29','2015-08-31 19:13:29'),(1204,1,0,'Product modification','Product',83,1,'2015-08-31 19:15:58','2015-08-31 19:15:58'),(1205,1,0,'Product modification','Product',83,1,'2015-08-31 19:16:39','2015-08-31 19:16:39'),(1206,1,0,'Product modification','Product',83,1,'2015-08-31 19:18:59','2015-08-31 19:18:59'),(1207,1,0,'Product modification','Product',83,1,'2015-08-31 19:20:08','2015-08-31 19:20:08'),(1208,1,0,'Product modification','Product',83,1,'2015-08-31 19:22:18','2015-08-31 19:22:18'),(1209,1,0,'Back Office connection from 175.139.68.147','',0,1,'2015-09-01 14:51:10','2015-09-01 14:51:10'),(1210,1,0,'Back Office connection from 175.139.68.147','',0,1,'2015-09-01 15:22:31','2015-09-01 15:22:31'),(1211,1,0,'Category modification','Category',13,1,'2015-09-01 15:30:19','2015-09-01 15:30:19'),(1212,1,0,'Category modification','Category',20,1,'2015-09-01 15:36:34','2015-09-01 15:36:34'),(1213,1,0,'Category modification','Category',21,1,'2015-09-01 15:37:54','2015-09-01 15:37:54'),(1214,1,0,'Category modification','Category',17,1,'2015-09-01 15:57:14','2015-09-01 15:57:14'),(1215,1,0,'Category modification','Category',18,1,'2015-09-01 16:18:48','2015-09-01 16:18:48'),(1216,1,0,'Category modification','Category',24,1,'2015-09-01 16:40:03','2015-09-01 16:40:03'),(1217,1,0,'Back Office connection from 175.139.68.147','',0,1,'2015-09-01 17:14:24','2015-09-01 17:14:24'),(1218,1,0,'Category modification','Category',14,1,'2015-09-01 17:16:23','2015-09-01 17:16:23'),(1219,1,0,'Category modification','Category',3,1,'2015-09-01 17:27:27','2015-09-01 17:27:27'),(1220,1,0,'Category modification','Category',12,1,'2015-09-01 17:39:43','2015-09-01 17:39:43'),(1221,1,0,'Category modification','Category',19,1,'2015-09-01 17:46:26','2015-09-01 17:46:26'),(1222,1,0,'Back Office connection from 175.139.68.147','',0,1,'2015-09-01 18:02:30','2015-09-01 18:02:30'),(1223,1,0,'Category modification','Category',16,1,'2015-09-01 18:03:22','2015-09-01 18:03:22'),(1224,1,0,'Back Office connection from 175.139.68.147','',0,1,'2015-09-01 18:19:09','2015-09-01 18:19:09'),(1225,1,0,'Category modification','Category',3,1,'2015-09-01 18:19:54','2015-09-01 18:19:54'),(1226,1,0,'Category modification','Category',12,1,'2015-09-01 18:20:33','2015-09-01 18:20:33'),(1227,1,0,'Category modification','Category',19,1,'2015-09-01 18:21:15','2015-09-01 18:21:15'),(1228,1,0,'Category modification','Category',8,1,'2015-09-01 18:22:22','2015-09-01 18:22:22'),(1229,1,0,'Category modification','Category',13,1,'2015-09-01 18:23:13','2015-09-01 18:23:13'),(1230,1,0,'Category modification','Category',14,1,'2015-09-01 18:23:58','2015-09-01 18:23:58'),(1231,1,0,'Category modification','Category',24,1,'2015-09-01 18:25:00','2015-09-01 18:25:00'),(1232,1,0,'Category modification','Category',17,1,'2015-09-01 18:26:34','2015-09-01 18:26:34'),(1233,1,0,'Category modification','Category',18,1,'2015-09-01 18:27:18','2015-09-01 18:27:18'),(1234,1,0,'Category modification','Category',20,1,'2015-09-01 18:28:15','2015-09-01 18:28:15'),(1235,1,0,'Category modification','Category',21,1,'2015-09-01 18:28:56','2015-09-01 18:28:56'),(1236,1,0,'Category modification','Category',15,1,'2015-09-01 18:47:01','2015-09-01 18:47:01'),(1237,1,0,'Category modification','Category',15,1,'2015-09-01 18:55:49','2015-09-01 18:55:49'),(1238,1,0,'Back Office connection from 175.139.68.147','',0,1,'2015-09-01 19:21:46','2015-09-01 19:21:46'),(1239,1,0,'Category modification','Category',22,1,'2015-09-01 19:23:13','2015-09-01 19:23:13'),(1240,1,0,'Back Office connection from 175.139.68.147','',0,1,'2015-09-01 19:41:17','2015-09-01 19:41:17'),(1241,1,0,'Category modification','Category',4,1,'2015-09-01 19:42:26','2015-09-01 19:42:26'),(1242,1,0,'Back Office connection from 175.139.68.147','',0,1,'2015-09-01 22:27:15','2015-09-01 22:27:15'),(1243,1,0,'Category modification','Category',23,1,'2015-09-01 22:28:18','2015-09-01 22:28:18'),(1244,1,0,'Back Office connection from 175.139.68.147','',0,1,'2015-09-01 23:49:39','2015-09-01 23:49:39'),(1245,1,0,'Category modification','Category',9,1,'2015-09-01 23:50:27','2015-09-01 23:50:27'),(1246,1,0,'Category modification','Category',9,1,'2015-09-01 23:54:43','2015-09-01 23:54:43'),(1247,1,0,'Category modification','Category',3,1,'2015-09-02 00:22:43','2015-09-02 00:22:43'),(1248,1,0,'Category modification','Category',12,1,'2015-09-02 00:23:21','2015-09-02 00:23:21'),(1249,1,0,'Category modification','Category',19,1,'2015-09-02 00:27:40','2015-09-02 00:27:40'),(1250,1,0,'Back Office connection from 175.139.68.147','',0,1,'2015-09-02 10:37:15','2015-09-02 10:37:15'),(1251,1,0,'Back Office connection from 175.139.68.147','',0,1,'2015-09-02 11:55:19','2015-09-02 11:55:19'),(1252,1,0,'Back Office connection from 175.139.68.147','',0,1,'2015-09-02 14:29:23','2015-09-02 14:29:23'),(1253,1,0,'Back Office connection from 175.139.68.147','',0,1,'2015-09-02 15:29:18','2015-09-02 15:29:18'),(1254,1,0,'Back Office connection from 175.139.68.147','',0,1,'2015-09-02 17:15:55','2015-09-02 17:15:55'),(1255,1,0,'Back Office connection from 175.139.68.147','',0,1,'2015-09-02 18:53:42','2015-09-02 18:53:42'),(1256,1,0,'CMS modification','CMS',3,1,'2015-09-02 18:55:32','2015-09-02 18:55:32'),(1257,1,0,'CMS modification','CMS',3,1,'2015-09-02 19:04:02','2015-09-02 19:04:02'),(1258,1,0,'CMS modification','CMS',3,1,'2015-09-02 19:08:15','2015-09-02 19:08:15'),(1259,1,0,'CMS modification','CMS',3,1,'2015-09-02 19:14:48','2015-09-02 19:14:48'),(1260,1,0,'CMS modification','CMS',3,1,'2015-09-02 19:17:57','2015-09-02 19:17:57'),(1261,1,0,'CMS modification','CMS',3,1,'2015-09-02 19:21:17','2015-09-02 19:21:17'),(1262,1,0,'CMS modification','CMS',3,1,'2015-09-02 19:30:06','2015-09-02 19:30:06'),(1263,1,0,'CMS modification','CMS',3,1,'2015-09-02 19:34:43','2015-09-02 19:34:43'),(1264,1,0,'CMS modification','CMS',3,1,'2015-09-02 19:39:08','2015-09-02 19:39:08'),(1265,1,0,'CMS modification','CMS',3,1,'2015-09-02 19:44:27','2015-09-02 19:44:27'),(1266,1,0,'CMS modification','CMS',3,1,'2015-09-02 19:53:07','2015-09-02 19:53:07'),(1267,1,0,'CMS modification','CMS',3,1,'2015-09-02 19:59:39','2015-09-02 19:59:39'),(1268,1,0,'CMS modification','CMS',3,1,'2015-09-02 20:09:20','2015-09-02 20:09:20'),(1269,1,0,'CMS modification','CMS',3,1,'2015-09-02 20:12:47','2015-09-02 20:12:47'),(1270,1,0,'Back Office connection from 175.139.68.147','',0,1,'2015-09-02 22:38:29','2015-09-02 22:38:29'),(1271,1,0,'CMS modification','CMS',4,1,'2015-09-02 23:04:17','2015-09-02 23:04:17'),(1272,1,0,'CMS modification','CMS',4,1,'2015-09-02 23:14:25','2015-09-02 23:14:25'),(1273,1,0,'CMS modification','CMS',4,1,'2015-09-02 23:22:32','2015-09-02 23:22:32'),(1274,1,0,'CMS modification','CMS',4,1,'2015-09-02 23:27:36','2015-09-02 23:27:36'),(1275,1,0,'CMS modification','CMS',4,1,'2015-09-02 23:42:37','2015-09-02 23:42:37'),(1276,1,0,'CMS modification','CMS',4,1,'2015-09-02 23:45:39','2015-09-02 23:45:39'),(1277,1,0,'CMS modification','CMS',4,1,'2015-09-02 23:49:47','2015-09-02 23:49:47'),(1278,1,0,'CMS modification','CMS',4,1,'2015-09-02 23:57:42','2015-09-02 23:57:42'),(1279,1,0,'CMS modification','CMS',4,1,'2015-09-03 00:05:56','2015-09-03 00:05:56'),(1280,1,0,'CMS modification','CMS',4,1,'2015-09-03 00:08:14','2015-09-03 00:08:14'),(1281,1,0,'Back Office connection from 175.139.68.147','',0,1,'2015-09-03 00:28:43','2015-09-03 00:28:43'),(1282,1,0,'Back Office connection from 175.139.68.147','',0,1,'2015-09-03 00:45:37','2015-09-03 00:45:37'),(1283,1,0,'CMS modification','CMS',4,1,'2015-09-03 00:46:33','2015-09-03 00:46:33'),(1284,1,0,'CMS modification','CMS',4,1,'2015-09-03 00:49:33','2015-09-03 00:49:33'),(1285,1,0,'CMS modification','CMS',4,1,'2015-09-03 00:54:18','2015-09-03 00:54:18'),(1286,1,0,'CMS modification','CMS',4,1,'2015-09-03 00:58:24','2015-09-03 00:58:24'),(1287,1,0,'CMS modification','CMS',4,1,'2015-09-03 01:00:06','2015-09-03 01:00:06'),(1288,1,0,'Back Office connection from 202.156.180.87','',0,1,'2015-09-03 03:17:02','2015-09-03 03:17:02'),(1289,1,0,'Back Office connection from 175.139.68.147','',0,1,'2015-09-03 09:13:59','2015-09-03 09:13:59'),(1290,1,0,'Back Office connection from 175.139.68.147','',0,1,'2015-09-03 10:21:14','2015-09-03 10:21:14'),(1291,1,0,'Zone modification','Zone',1,1,'2015-09-03 11:03:29','2015-09-03 11:03:29'),(1292,1,0,'Zone modification','Zone',2,1,'2015-09-03 11:04:14','2015-09-03 11:04:14'),(1293,1,0,'Zone modification','Zone',3,1,'2015-09-03 11:04:55','2015-09-03 11:04:55'),(1294,1,0,'Zone modification','Zone',4,1,'2015-09-03 11:05:33','2015-09-03 11:05:33'),(1295,1,0,'Zone modification','Zone',5,1,'2015-09-03 11:06:26','2015-09-03 11:06:26'),(1296,1,0,'Zone modification','Zone',6,1,'2015-09-03 11:10:30','2015-09-03 11:10:30'),(1297,1,0,'Zone modification','Zone',7,1,'2015-09-03 11:11:04','2015-09-03 11:11:04'),(1298,1,0,'Zone modification','Zone',8,1,'2015-09-03 11:11:41','2015-09-03 11:11:41'),(1299,1,0,'Zone addition','Zone',9,1,'2015-09-03 11:13:12','2015-09-03 11:13:12'),(1300,1,0,'Zone addition','Zone',10,1,'2015-09-03 11:14:41','2015-09-03 11:14:41'),(1301,1,0,'Zone addition','Zone',11,1,'2015-09-03 11:15:37','2015-09-03 11:15:37'),(1302,1,0,'Zone addition','Zone',12,1,'2015-09-03 11:15:57','2015-09-03 11:15:57'),(1303,1,0,'Zone modification','Zone',12,1,'2015-09-03 11:16:24','2015-09-03 11:16:24'),(1304,1,0,'Zone addition','Zone',13,1,'2015-09-03 11:16:58','2015-09-03 11:16:58'),(1305,1,0,'Zone addition','Zone',14,1,'2015-09-03 11:19:06','2015-09-03 11:19:06'),(1306,1,0,'Zone addition','Zone',15,1,'2015-09-03 11:19:45','2015-09-03 11:19:45'),(1307,1,0,'Zone addition','Zone',16,1,'2015-09-03 11:20:18','2015-09-03 11:20:18'),(1308,1,0,'Zone modification','Zone',1,1,'2015-09-03 11:26:20','2015-09-03 11:26:20'),(1309,1,0,'Zone modification','Zone',2,1,'2015-09-03 11:26:42','2015-09-03 11:26:42'),(1310,1,0,'Zone modification','Zone',1,1,'2015-09-03 11:29:44','2015-09-03 11:29:44'),(1311,1,0,'Zone modification','Zone',5,1,'2015-09-03 11:30:45','2015-09-03 11:30:45'),(1312,1,0,'Zone modification','Zone',1,1,'2015-09-03 11:31:23','2015-09-03 11:31:23'),(1313,1,0,'Zone modification','Zone',6,1,'2015-09-03 11:33:49','2015-09-03 11:33:49'),(1314,1,0,'Zone modification','Zone',2,1,'2015-09-03 11:34:55','2015-09-03 11:34:55'),(1315,1,0,'Zone modification','Zone',4,1,'2015-09-03 11:36:05','2015-09-03 11:36:05'),(1316,1,0,'Zone modification','Zone',3,1,'2015-09-03 11:37:30','2015-09-03 11:37:30'),(1317,1,0,'Zone modification','Zone',8,1,'2015-09-03 11:39:19','2015-09-03 11:39:19'),(1318,1,0,'Country modification','Country',88,1,'2015-09-03 11:41:54','2015-09-03 11:41:54'),(1319,1,0,'Zone modification','Zone',7,1,'2015-09-03 11:42:24','2015-09-03 11:42:24'),(1320,1,0,'Zone modification','Zone',9,1,'2015-09-03 11:48:39','2015-09-03 11:48:39'),(1321,1,0,'Zone modification','Zone',9,1,'2015-09-03 11:50:27','2015-09-03 11:50:27'),(1322,1,0,'Zone modification','Zone',10,1,'2015-09-03 11:50:47','2015-09-03 11:50:47'),(1323,1,0,'State modification','State',313,1,'2015-09-03 11:52:16','2015-09-03 11:52:16'),(1324,1,0,'Zone modification','Zone',9,1,'2015-09-03 11:53:59','2015-09-03 11:53:59'),(1325,1,0,'Zone modification','Zone',11,1,'2015-09-03 11:54:43','2015-09-03 11:54:43'),(1326,1,0,'Zone deletion','Zone',15,1,'2015-09-03 11:56:06','2015-09-03 11:56:06'),(1327,1,0,'Zone deletion','Zone',16,1,'2015-09-03 11:56:15','2015-09-03 11:56:15'),(1328,1,0,'State modification','State',314,1,'2015-09-03 11:56:29','2015-09-03 11:56:29'),(1329,1,0,'State modification','State',315,1,'2015-09-03 11:56:48','2015-09-03 11:56:48'),(1330,1,0,'State modification','State',316,1,'2015-09-03 11:57:26','2015-09-03 11:57:26'),(1331,1,0,'State modification','State',325,1,'2015-09-03 11:58:52','2015-09-03 11:58:52'),(1332,1,0,'State modification','State',326,1,'2015-09-03 11:59:40','2015-09-03 11:59:40'),(1333,1,0,'Zone deletion','Zone',12,1,'2015-09-03 12:06:04','2015-09-03 12:06:04'),(1334,1,0,'Zone deletion','Zone',13,1,'2015-09-03 12:06:04','2015-09-03 12:06:04'),(1335,1,0,'Zone deletion','Zone',14,1,'2015-09-03 12:06:04','2015-09-03 12:06:04'),(1336,1,0,'Zone deletion','',0,1,'2015-09-03 12:06:33','2015-09-03 12:06:33'),(1337,1,0,'Zone deletion','',0,1,'2015-09-03 12:06:34','2015-09-03 12:06:34'),(1338,1,0,'Zone deletion','',0,1,'2015-09-03 12:06:34','2015-09-03 12:06:34'),(1339,1,0,'Back Office connection from 175.139.68.147','',0,1,'2015-09-03 14:50:27','2015-09-03 14:50:27'),(1340,1,0,'Product modification','Product',1,1,'2015-09-03 15:08:39','2015-09-03 15:08:39'),(1341,1,0,'Product modification','Product',8,1,'2015-09-03 15:09:44','2015-09-03 15:09:44'),(1342,1,0,'Back Office connection from 175.139.68.147','',0,1,'2015-09-03 20:38:23','2015-09-03 20:38:23'),(1343,1,0,'Back Office connection from 175.139.68.147','',0,1,'2015-09-04 09:11:37','2015-09-04 09:11:37'),(1344,1,0,'Product modification','Product',1,1,'2015-09-04 09:20:29','2015-09-04 09:20:29'),(1345,1,0,'Product modification','Product',1,1,'2015-09-04 09:20:38','2015-09-04 09:20:38'),(1346,1,0,'Product modification','Product',1,1,'2015-09-04 09:21:59','2015-09-04 09:21:59'),(1347,1,0,'Product modification','Product',1,1,'2015-09-04 09:22:32','2015-09-04 09:22:32'),(1348,1,0,'Product modification','Product',8,1,'2015-09-04 09:23:27','2015-09-04 09:23:27'),(1349,1,0,'Product modification','Product',8,1,'2015-09-04 09:24:09','2015-09-04 09:24:09'),(1350,1,0,'Product modification','Product',8,1,'2015-09-04 09:25:07','2015-09-04 09:25:07'),(1351,1,0,'Product modification','Product',8,1,'2015-09-04 09:25:09','2015-09-04 09:25:09'),(1352,1,0,'Product modification','Product',1,1,'2015-09-04 09:25:40','2015-09-04 09:25:40'),(1353,1,0,'Product modification','Product',9,1,'2015-09-04 09:27:02','2015-09-04 09:27:02'),(1354,1,0,'Product modification','Product',9,1,'2015-09-04 09:27:40','2015-09-04 09:27:40'),(1355,1,0,'Product modification','Product',9,1,'2015-09-04 09:28:27','2015-09-04 09:28:27'),(1356,1,0,'Product modification','Product',10,1,'2015-09-04 09:29:37','2015-09-04 09:29:37'),(1357,1,0,'Product modification','Product',10,1,'2015-09-04 09:30:30','2015-09-04 09:30:30'),(1358,1,0,'Product modification','Product',10,1,'2015-09-04 09:31:08','2015-09-04 09:31:08'),(1359,1,0,'Product modification','Product',11,1,'2015-09-04 09:36:51','2015-09-04 09:36:51'),(1360,1,0,'Product modification','Product',11,1,'2015-09-04 09:38:16','2015-09-04 09:38:16'),(1361,1,0,'Product modification','Product',11,1,'2015-09-04 09:38:59','2015-09-04 09:38:59'),(1362,1,0,'Product modification','Product',12,1,'2015-09-04 09:40:25','2015-09-04 09:40:25'),(1363,1,0,'Product modification','Product',12,1,'2015-09-04 09:41:17','2015-09-04 09:41:17'),(1364,1,0,'Product modification','Product',12,1,'2015-09-04 09:41:52','2015-09-04 09:41:52'),(1365,1,0,'Product modification','Product',13,1,'2015-09-04 09:42:47','2015-09-04 09:42:47'),(1366,1,0,'Product modification','Product',13,1,'2015-09-04 09:43:27','2015-09-04 09:43:27'),(1367,1,0,'Product modification','Product',13,1,'2015-09-04 09:44:10','2015-09-04 09:44:10'),(1368,1,0,'Product modification','Product',14,1,'2015-09-04 09:48:10','2015-09-04 09:48:10'),(1369,1,0,'Product modification','Product',14,1,'2015-09-04 09:49:47','2015-09-04 09:49:47'),(1370,1,0,'Product modification','Product',14,1,'2015-09-04 09:50:21','2015-09-04 09:50:21'),(1371,1,0,'Product modification','Product',14,1,'2015-09-04 09:52:01','2015-09-04 09:52:01'),(1372,1,0,'Product modification','Product',15,1,'2015-09-04 09:53:36','2015-09-04 09:53:36'),(1373,1,0,'Product modification','Product',15,1,'2015-09-04 09:54:36','2015-09-04 09:54:36'),(1374,1,0,'Product modification','Product',15,1,'2015-09-04 09:56:02','2015-09-04 09:56:02'),(1375,1,0,'Product modification','Product',16,1,'2015-09-04 10:05:35','2015-09-04 10:05:35'),(1376,1,0,'Product modification','Product',16,1,'2015-09-04 10:06:26','2015-09-04 10:06:26'),(1377,1,0,'Product modification','Product',16,1,'2015-09-04 10:06:58','2015-09-04 10:06:58'),(1378,1,0,'Product modification','Product',16,1,'2015-09-04 10:07:52','2015-09-04 10:07:52'),(1379,1,0,'Product modification','Product',16,1,'2015-09-04 10:08:32','2015-09-04 10:08:32'),(1380,1,0,'Product modification','Product',17,1,'2015-09-04 10:09:51','2015-09-04 10:09:51'),(1381,1,0,'Product modification','Product',17,1,'2015-09-04 10:10:28','2015-09-04 10:10:28'),(1382,1,0,'Product modification','Product',17,1,'2015-09-04 10:11:51','2015-09-04 10:11:51'),(1383,1,0,'Product modification','Product',17,1,'2015-09-04 10:12:16','2015-09-04 10:12:16'),(1384,1,0,'Product modification','Product',18,1,'2015-09-04 10:13:38','2015-09-04 10:13:38'),(1385,1,0,'Product modification','Product',18,1,'2015-09-04 10:14:23','2015-09-04 10:14:23'),(1386,1,0,'Product modification','Product',18,1,'2015-09-04 10:15:08','2015-09-04 10:15:08'),(1387,1,0,'Product modification','Product',18,1,'2015-09-04 10:15:45','2015-09-04 10:15:45'),(1388,1,0,'Product modification','Product',19,1,'2015-09-04 10:16:54','2015-09-04 10:16:54'),(1389,1,0,'Product modification','Product',19,1,'2015-09-04 10:17:46','2015-09-04 10:17:46'),(1390,1,0,'Product modification','Product',19,1,'2015-09-04 10:18:24','2015-09-04 10:18:24'),(1391,1,0,'Product modification','Product',19,1,'2015-09-04 10:18:56','2015-09-04 10:18:56'),(1392,1,0,'Product modification','Product',19,1,'2015-09-04 10:19:39','2015-09-04 10:19:39'),(1393,1,0,'Product modification','Product',20,1,'2015-09-04 10:20:51','2015-09-04 10:20:51'),(1394,1,0,'Product modification','Product',20,1,'2015-09-04 10:21:46','2015-09-04 10:21:46'),(1395,1,0,'Product modification','Product',20,1,'2015-09-04 10:22:21','2015-09-04 10:22:21'),(1396,1,0,'Product modification','Product',20,1,'2015-09-04 10:22:47','2015-09-04 10:22:47'),(1397,1,0,'Product modification','Product',21,1,'2015-09-04 10:24:15','2015-09-04 10:24:15'),(1398,1,0,'Product modification','Product',21,1,'2015-09-04 10:25:00','2015-09-04 10:25:00'),(1399,1,0,'Product modification','Product',21,1,'2015-09-04 10:25:47','2015-09-04 10:25:47'),(1400,1,0,'Product modification','Product',21,1,'2015-09-04 10:31:00','2015-09-04 10:31:00'),(1401,1,0,'Product modification','Product',22,1,'2015-09-04 10:34:53','2015-09-04 10:34:53'),(1402,1,0,'Product modification','Product',22,1,'2015-09-04 10:36:35','2015-09-04 10:36:35'),(1403,1,0,'Product modification','Product',22,1,'2015-09-04 10:43:01','2015-09-04 10:43:01'),(1404,1,0,'Product modification','Product',22,1,'2015-09-04 10:43:41','2015-09-04 10:43:41'),(1405,1,0,'Product modification','Product',23,1,'2015-09-04 10:44:41','2015-09-04 10:44:41'),(1406,1,0,'Product modification','Product',23,1,'2015-09-04 10:45:42','2015-09-04 10:45:42'),(1407,1,0,'Product modification','Product',23,1,'2015-09-04 10:46:17','2015-09-04 10:46:17'),(1408,1,0,'Product modification','Product',23,1,'2015-09-04 10:46:43','2015-09-04 10:46:43'),(1409,1,0,'Product modification','Product',24,1,'2015-09-04 10:48:00','2015-09-04 10:48:00'),(1410,1,0,'Product modification','Product',24,1,'2015-09-04 10:48:49','2015-09-04 10:48:49'),(1411,1,0,'Product modification','Product',24,1,'2015-09-04 10:49:35','2015-09-04 10:49:35'),(1412,1,0,'Product modification','Product',24,1,'2015-09-04 10:50:18','2015-09-04 10:50:18'),(1413,1,0,'Product modification','Product',25,1,'2015-09-04 10:51:27','2015-09-04 10:51:27'),(1414,1,0,'Product modification','Product',25,1,'2015-09-04 10:52:25','2015-09-04 10:52:25'),(1415,1,0,'Product modification','Product',25,1,'2015-09-04 10:53:22','2015-09-04 10:53:22'),(1416,1,0,'Product modification','Product',25,1,'2015-09-04 10:54:07','2015-09-04 10:54:07'),(1417,1,0,'Product modification','Product',26,1,'2015-09-04 10:55:11','2015-09-04 10:55:11'),(1418,1,0,'Product modification','Product',26,1,'2015-09-04 10:56:07','2015-09-04 10:56:07'),(1419,1,0,'Product modification','Product',26,1,'2015-09-04 10:56:43','2015-09-04 10:56:43'),(1420,1,0,'Product modification','Product',26,1,'2015-09-04 10:57:25','2015-09-04 10:57:25'),(1421,1,0,'Product modification','Product',27,1,'2015-09-04 10:58:52','2015-09-04 10:58:52'),(1422,1,0,'Product modification','Product',27,1,'2015-09-04 11:01:24','2015-09-04 11:01:24'),(1423,1,0,'Product modification','Product',27,1,'2015-09-04 11:02:05','2015-09-04 11:02:05'),(1424,1,0,'Product modification','Product',27,1,'2015-09-04 11:02:55','2015-09-04 11:02:55'),(1425,1,0,'Product modification','Product',57,1,'2015-09-04 11:06:37','2015-09-04 11:06:37'),(1426,1,0,'Product modification','Product',57,1,'2015-09-04 11:07:23','2015-09-04 11:07:23'),(1427,1,0,'Product modification','Product',57,1,'2015-09-04 11:13:14','2015-09-04 11:13:14'),(1428,1,0,'Product modification','Product',58,1,'2015-09-04 11:16:25','2015-09-04 11:16:25'),(1429,1,0,'Product modification','Product',58,1,'2015-09-04 11:17:25','2015-09-04 11:17:25'),(1430,1,0,'Product modification','Product',58,1,'2015-09-04 11:19:23','2015-09-04 11:19:23'),(1431,1,0,'Product modification','Product',58,1,'2015-09-04 11:20:04','2015-09-04 11:20:04'),(1432,1,0,'Product modification','Product',58,1,'2015-09-04 11:20:48','2015-09-04 11:20:48'),(1433,1,0,'Product modification','Product',59,1,'2015-09-04 11:21:45','2015-09-04 11:21:45'),(1434,1,0,'Product modification','Product',59,1,'2015-09-04 11:23:44','2015-09-04 11:23:44'),(1435,1,0,'Product modification','Product',59,1,'2015-09-04 11:25:06','2015-09-04 11:25:06'),(1436,1,0,'Product modification','Product',59,1,'2015-09-04 11:26:10','2015-09-04 11:26:10'),(1437,1,0,'Product modification','Product',60,1,'2015-09-04 11:28:19','2015-09-04 11:28:19'),(1438,1,0,'Product modification','Product',60,1,'2015-09-04 11:29:34','2015-09-04 11:29:34'),(1439,1,0,'Product modification','Product',60,1,'2015-09-04 11:30:15','2015-09-04 11:30:15'),(1440,1,0,'Product modification','Product',60,1,'2015-09-04 11:30:55','2015-09-04 11:30:55'),(1441,1,0,'Product modification','Product',61,1,'2015-09-04 11:32:16','2015-09-04 11:32:16'),(1442,1,0,'Product modification','Product',61,1,'2015-09-04 11:33:16','2015-09-04 11:33:16'),(1443,1,0,'Product modification','Product',61,1,'2015-09-04 11:33:53','2015-09-04 11:33:53'),(1444,1,0,'Product modification','Product',61,1,'2015-09-04 11:34:52','2015-09-04 11:34:52'),(1445,1,0,'Product modification','Product',62,1,'2015-09-04 11:36:00','2015-09-04 11:36:00'),(1446,1,0,'Product modification','Product',62,1,'2015-09-04 11:36:50','2015-09-04 11:36:50'),(1447,1,0,'Product modification','Product',62,1,'2015-09-04 11:37:39','2015-09-04 11:37:39'),(1448,1,0,'Product modification','Product',62,1,'2015-09-04 11:40:27','2015-09-04 11:40:27'),(1449,1,0,'Product modification','Product',62,1,'2015-09-04 11:41:50','2015-09-04 11:41:50'),(1450,1,0,'Product modification','Product',62,1,'2015-09-04 11:42:29','2015-09-04 11:42:29'),(1451,1,0,'Product modification','Product',63,1,'2015-09-04 11:43:42','2015-09-04 11:43:42'),(1452,1,0,'Product modification','Product',63,1,'2015-09-04 11:44:36','2015-09-04 11:44:36'),(1453,1,0,'Product modification','Product',63,1,'2015-09-04 11:45:29','2015-09-04 11:45:29'),(1454,1,0,'Product modification','Product',64,1,'2015-09-04 11:46:50','2015-09-04 11:46:50'),(1455,1,0,'Product modification','Product',64,1,'2015-09-04 11:47:43','2015-09-04 11:47:43'),(1456,1,0,'Product modification','Product',64,1,'2015-09-04 11:48:32','2015-09-04 11:48:32'),(1457,1,0,'Product modification','Product',64,1,'2015-09-04 11:49:04','2015-09-04 11:49:04'),(1458,1,0,'Product modification','Product',65,1,'2015-09-04 11:50:34','2015-09-04 11:50:34'),(1459,1,0,'Product modification','Product',65,1,'2015-09-04 11:51:47','2015-09-04 11:51:47'),(1460,1,0,'Product modification','Product',65,1,'2015-09-04 11:52:31','2015-09-04 11:52:31'),(1461,1,0,'Product modification','Product',65,1,'2015-09-04 11:53:27','2015-09-04 11:53:27'),(1462,1,0,'Product modification','Product',66,1,'2015-09-04 11:54:35','2015-09-04 11:54:35'),(1463,1,0,'Product modification','Product',66,1,'2015-09-04 11:55:32','2015-09-04 11:55:32'),(1464,1,0,'Product modification','Product',66,1,'2015-09-04 11:56:33','2015-09-04 11:56:33'),(1465,1,0,'Product modification','Product',66,1,'2015-09-04 11:57:16','2015-09-04 11:57:16'),(1466,1,0,'Product modification','Product',67,1,'2015-09-04 11:58:28','2015-09-04 11:58:28'),(1467,1,0,'Product modification','Product',67,1,'2015-09-04 12:00:21','2015-09-04 12:00:21'),(1468,1,0,'Product modification','Product',67,1,'2015-09-04 12:00:54','2015-09-04 12:00:54'),(1469,1,0,'Product modification','Product',67,1,'2015-09-04 12:01:45','2015-09-04 12:01:45'),(1470,1,0,'Product modification','Product',67,1,'2015-09-04 12:02:26','2015-09-04 12:02:26'),(1471,1,0,'Product modification','Product',68,1,'2015-09-04 12:04:04','2015-09-04 12:04:04'),(1472,1,0,'Product modification','Product',68,1,'2015-09-04 12:07:30','2015-09-04 12:07:30'),(1473,1,0,'Product modification','Product',68,1,'2015-09-04 12:08:08','2015-09-04 12:08:08'),(1474,1,0,'Product modification','Product',69,1,'2015-09-04 12:09:29','2015-09-04 12:09:29'),(1475,1,0,'Product modification','Product',69,1,'2015-09-04 12:10:23','2015-09-04 12:10:23'),(1476,1,0,'Product modification','Product',69,1,'2015-09-04 12:11:02','2015-09-04 12:11:02'),(1477,1,0,'Product modification','Product',69,1,'2015-09-04 12:11:47','2015-09-04 12:11:47'),(1478,1,0,'Product modification','Product',70,1,'2015-09-04 12:13:53','2015-09-04 12:13:53'),(1479,1,0,'Product modification','Product',70,1,'2015-09-04 12:14:57','2015-09-04 12:14:57'),(1480,1,0,'Product modification','Product',70,1,'2015-09-04 12:16:13','2015-09-04 12:16:13'),(1481,1,0,'Product modification','Product',70,1,'2015-09-04 12:17:04','2015-09-04 12:17:04'),(1482,1,0,'Product modification','Product',71,1,'2015-09-04 12:18:38','2015-09-04 12:18:38'),(1483,1,0,'Product modification','Product',71,1,'2015-09-04 12:19:50','2015-09-04 12:19:50'),(1484,1,0,'Product modification','Product',71,1,'2015-09-04 12:20:45','2015-09-04 12:20:45'),(1485,1,0,'Product modification','Product',71,1,'2015-09-04 12:21:24','2015-09-04 12:21:24'),(1486,1,0,'Product modification','Product',72,1,'2015-09-04 12:22:44','2015-09-04 12:22:44'),(1487,1,0,'Product modification','Product',72,1,'2015-09-04 12:23:37','2015-09-04 12:23:37'),(1488,1,0,'Product modification','Product',72,1,'2015-09-04 12:24:24','2015-09-04 12:24:24'),(1489,1,0,'Product modification','Product',72,1,'2015-09-04 12:25:28','2015-09-04 12:25:28'),(1490,1,0,'Product modification','Product',73,1,'2015-09-04 12:26:45','2015-09-04 12:26:45'),(1491,1,0,'Product modification','Product',73,1,'2015-09-04 12:28:14','2015-09-04 12:28:14'),(1492,1,0,'Product modification','Product',73,1,'2015-09-04 12:28:54','2015-09-04 12:28:54'),(1493,1,0,'Product modification','Product',73,1,'2015-09-04 12:30:08','2015-09-04 12:30:08'),(1494,1,0,'Back Office connection from 175.139.68.147','',0,1,'2015-09-04 12:48:11','2015-09-04 12:48:11'),(1495,1,0,'Product modification','Product',74,1,'2015-09-04 12:49:43','2015-09-04 12:49:43'),(1496,1,0,'Product modification','Product',74,1,'2015-09-04 12:50:45','2015-09-04 12:50:45'),(1497,1,0,'Product modification','Product',74,1,'2015-09-04 12:51:26','2015-09-04 12:51:26'),(1498,1,0,'Product modification','Product',74,1,'2015-09-04 12:51:55','2015-09-04 12:51:55'),(1499,1,0,'Product modification','Product',75,1,'2015-09-04 12:52:52','2015-09-04 12:52:52'),(1500,1,0,'Product modification','Product',75,1,'2015-09-04 12:53:34','2015-09-04 12:53:34'),(1501,1,0,'Product modification','Product',75,1,'2015-09-04 12:54:01','2015-09-04 12:54:01'),(1502,1,0,'Product modification','Product',75,1,'2015-09-04 12:54:30','2015-09-04 12:54:30'),(1503,1,0,'Product modification','Product',76,1,'2015-09-04 12:56:20','2015-09-04 12:56:20'),(1504,1,0,'Product modification','Product',76,1,'2015-09-04 12:57:11','2015-09-04 12:57:11'),(1505,1,0,'Product modification','Product',76,1,'2015-09-04 12:57:47','2015-09-04 12:57:47'),(1506,1,0,'Product modification','Product',76,1,'2015-09-04 12:58:14','2015-09-04 12:58:14'),(1507,1,0,'Product modification','Product',77,1,'2015-09-04 12:59:16','2015-09-04 12:59:16'),(1508,1,0,'Product modification','Product',77,1,'2015-09-04 13:00:20','2015-09-04 13:00:20'),(1509,1,0,'Product modification','Product',77,1,'2015-09-04 13:00:50','2015-09-04 13:00:50'),(1510,1,0,'Product modification','Product',77,1,'2015-09-04 13:01:23','2015-09-04 13:01:23'),(1511,1,0,'Back Office connection from 175.139.68.147','',0,1,'2015-09-04 14:37:33','2015-09-04 14:37:33'),(1512,1,0,'Product modification','Product',78,1,'2015-09-04 14:39:01','2015-09-04 14:39:01'),(1513,1,0,'Product modification','Product',78,1,'2015-09-04 14:42:13','2015-09-04 14:42:13'),(1514,1,0,'Product modification','Product',78,1,'2015-09-04 14:44:44','2015-09-04 14:44:44'),(1515,1,0,'Product modification','Product',78,1,'2015-09-04 14:45:47','2015-09-04 14:45:47'),(1516,1,0,'Product modification','Product',79,1,'2015-09-04 14:47:08','2015-09-04 14:47:08'),(1517,1,0,'Product modification','Product',79,1,'2015-09-04 14:48:01','2015-09-04 14:48:01'),(1518,1,0,'Product modification','Product',79,1,'2015-09-04 14:48:52','2015-09-04 14:48:52'),(1519,1,0,'Product modification','Product',79,1,'2015-09-04 14:49:20','2015-09-04 14:49:20'),(1520,1,0,'Product modification','Product',80,1,'2015-09-04 14:50:06','2015-09-04 14:50:06'),(1521,1,0,'Product modification','Product',80,1,'2015-09-04 14:50:49','2015-09-04 14:50:49'),(1522,1,0,'Product modification','Product',80,1,'2015-09-04 14:51:36','2015-09-04 14:51:36'),(1523,1,0,'Product modification','Product',80,1,'2015-09-04 14:52:14','2015-09-04 14:52:14'),(1524,1,0,'Product modification','Product',81,1,'2015-09-04 14:53:46','2015-09-04 14:53:46'),(1525,1,0,'Product modification','Product',81,1,'2015-09-04 14:54:47','2015-09-04 14:54:47'),(1526,1,0,'Product modification','Product',81,1,'2015-09-04 14:55:28','2015-09-04 14:55:28'),(1527,1,0,'Product modification','Product',81,1,'2015-09-04 14:55:57','2015-09-04 14:55:57'),(1528,1,0,'Product modification','Product',82,1,'2015-09-04 14:58:47','2015-09-04 14:58:47'),(1529,1,0,'Product modification','Product',82,1,'2015-09-04 14:59:43','2015-09-04 14:59:43'),(1530,1,0,'Product modification','Product',82,1,'2015-09-04 15:00:45','2015-09-04 15:00:45'),(1531,1,0,'Product modification','Product',82,1,'2015-09-04 15:01:16','2015-09-04 15:01:16'),(1532,1,0,'Product modification','Product',83,1,'2015-09-04 15:03:29','2015-09-04 15:03:29'),(1533,1,0,'Product modification','Product',83,1,'2015-09-04 15:04:39','2015-09-04 15:04:39'),(1534,1,0,'Product modification','Product',83,1,'2015-09-04 15:05:46','2015-09-04 15:05:46'),(1535,1,0,'Product modification','Product',83,1,'2015-09-04 15:06:25','2015-09-04 15:06:25'),(1536,1,0,'Product modification','Product',83,1,'2015-09-04 15:07:05','2015-09-04 15:07:05'),(1537,1,0,'Product modification','Product',84,1,'2015-09-04 15:08:25','2015-09-04 15:08:25'),(1538,1,0,'Product modification','Product',84,1,'2015-09-04 15:10:14','2015-09-04 15:10:14'),(1539,1,0,'Product modification','Product',84,1,'2015-09-04 15:11:11','2015-09-04 15:11:11'),(1540,1,0,'Product modification','Product',84,1,'2015-09-04 15:12:14','2015-09-04 15:12:14'),(1541,1,0,'Product modification','Product',84,1,'2015-09-04 15:12:56','2015-09-04 15:12:56'),(1542,1,0,'Back Office connection from 175.139.68.147','',0,1,'2015-09-04 15:37:23','2015-09-04 15:37:23'),(1543,1,0,'Product modification','Product',85,1,'2015-09-04 15:44:01','2015-09-04 15:44:01'),(1544,1,0,'Product modification','Product',85,1,'2015-09-04 15:44:41','2015-09-04 15:44:41'),(1545,1,0,'Product modification','Product',85,1,'2015-09-04 15:45:48','2015-09-04 15:45:48'),(1546,1,0,'Product modification','Product',85,1,'2015-09-04 15:47:56','2015-09-04 15:47:56'),(1547,1,0,'Product modification','Product',85,1,'2015-09-04 15:48:31','2015-09-04 15:48:31'),(1548,1,0,'Product modification','Product',86,1,'2015-09-04 15:51:02','2015-09-04 15:51:02'),(1549,1,0,'Product modification','Product',86,1,'2015-09-04 15:52:32','2015-09-04 15:52:32'),(1550,1,0,'Product modification','Product',86,1,'2015-09-04 15:53:21','2015-09-04 15:53:21'),(1551,1,0,'Product modification','Product',86,1,'2015-09-04 15:54:31','2015-09-04 15:54:31'),(1552,1,0,'Product modification','Product',87,1,'2015-09-04 15:57:19','2015-09-04 15:57:19'),(1553,1,0,'Product modification','Product',87,1,'2015-09-04 15:58:56','2015-09-04 15:58:56'),(1554,1,0,'Product modification','Product',87,1,'2015-09-04 16:00:01','2015-09-04 16:00:01'),(1555,1,0,'Product modification','Product',87,1,'2015-09-04 16:00:58','2015-09-04 16:00:58'),(1556,1,0,'Product modification','Product',88,1,'2015-09-04 16:02:15','2015-09-04 16:02:15'),(1557,1,0,'Product modification','Product',88,1,'2015-09-04 16:03:23','2015-09-04 16:03:23'),(1558,1,0,'Product modification','Product',88,1,'2015-09-04 16:04:08','2015-09-04 16:04:08'),(1559,1,0,'Product modification','Product',89,1,'2015-09-04 16:06:39','2015-09-04 16:06:39'),(1560,1,0,'Product modification','Product',89,1,'2015-09-04 16:08:07','2015-09-04 16:08:07'),(1561,1,0,'Product modification','Product',89,1,'2015-09-04 16:08:59','2015-09-04 16:08:59'),(1562,1,0,'Product modification','Product',89,1,'2015-09-04 16:09:40','2015-09-04 16:09:40'),(1563,1,0,'Product modification','Product',89,1,'2015-09-04 16:11:25','2015-09-04 16:11:25'),(1564,1,0,'Product modification','Product',90,1,'2015-09-04 16:14:10','2015-09-04 16:14:10'),(1565,1,0,'Product modification','Product',90,1,'2015-09-04 16:15:32','2015-09-04 16:15:32'),(1566,1,0,'Product modification','Product',91,1,'2015-09-04 16:18:59','2015-09-04 16:18:59'),(1567,1,0,'Product modification','Product',91,1,'2015-09-04 16:20:09','2015-09-04 16:20:09'),(1568,1,0,'Product modification','Product',91,1,'2015-09-04 16:21:09','2015-09-04 16:21:09'),(1569,1,0,'Product modification','Product',92,1,'2015-09-04 16:27:28','2015-09-04 16:27:28'),(1570,1,0,'Product modification','Product',92,1,'2015-09-04 16:28:09','2015-09-04 16:28:09'),(1571,1,0,'Product modification','Product',92,1,'2015-09-04 16:29:19','2015-09-04 16:29:19'),(1572,1,0,'Product modification','Product',93,1,'2015-09-04 16:30:37','2015-09-04 16:30:37'),(1573,1,0,'Product modification','Product',93,1,'2015-09-04 16:31:55','2015-09-04 16:31:55'),(1574,1,0,'Product modification','Product',93,1,'2015-09-04 16:32:27','2015-09-04 16:32:27'),(1575,1,0,'Product modification','Product',93,1,'2015-09-04 16:33:23','2015-09-04 16:33:23'),(1576,1,0,'Product modification','Product',94,1,'2015-09-04 16:34:33','2015-09-04 16:34:33'),(1577,1,0,'Product modification','Product',94,1,'2015-09-04 16:35:24','2015-09-04 16:35:24'),(1578,1,0,'Product modification','Product',94,1,'2015-09-04 16:40:10','2015-09-04 16:40:10'),(1579,1,0,'Product modification','Product',95,1,'2015-09-04 16:41:11','2015-09-04 16:41:11'),(1580,1,0,'Product modification','Product',95,1,'2015-09-04 16:43:49','2015-09-04 16:43:49'),(1581,1,0,'Product modification','Product',95,1,'2015-09-04 16:44:33','2015-09-04 16:44:33'),(1582,1,0,'Product modification','Product',95,1,'2015-09-04 16:47:07','2015-09-04 16:47:07'),(1583,1,0,'Product modification','Product',96,1,'2015-09-04 16:48:23','2015-09-04 16:48:23'),(1584,1,0,'Product modification','Product',96,1,'2015-09-04 16:49:04','2015-09-04 16:49:04'),(1585,1,0,'Product modification','Product',96,1,'2015-09-04 16:50:17','2015-09-04 16:50:17'),(1586,1,0,'Product modification','Product',97,1,'2015-09-04 16:51:24','2015-09-04 16:51:24'),(1587,1,0,'Product modification','Product',97,1,'2015-09-04 16:53:19','2015-09-04 16:53:19'),(1588,1,0,'Product modification','Product',98,1,'2015-09-04 16:55:19','2015-09-04 16:55:19'),(1589,1,0,'Product modification','Product',98,1,'2015-09-04 16:56:03','2015-09-04 16:56:03'),(1590,1,0,'Product modification','Product',98,1,'2015-09-04 16:59:00','2015-09-04 16:59:00'),(1591,1,0,'Product modification','Product',99,1,'2015-09-04 17:09:52','2015-09-04 17:09:52'),(1592,1,0,'Product modification','Product',99,1,'2015-09-04 17:11:08','2015-09-04 17:11:08'),(1593,1,0,'Product modification','Product',100,1,'2015-09-04 17:12:02','2015-09-04 17:12:02'),(1594,1,0,'Product modification','Product',100,1,'2015-09-04 17:12:39','2015-09-04 17:12:39'),(1595,1,0,'Product modification','Product',100,1,'2015-09-04 17:13:16','2015-09-04 17:13:16'),(1596,1,0,'Product modification','Product',101,1,'2015-09-04 17:14:48','2015-09-04 17:14:48'),(1597,1,0,'Product modification','Product',101,1,'2015-09-04 17:15:29','2015-09-04 17:15:29'),(1598,1,0,'Product modification','Product',101,1,'2015-09-04 17:16:44','2015-09-04 17:16:44'),(1599,1,0,'Product modification','Product',102,1,'2015-09-04 17:18:07','2015-09-04 17:18:07'),(1600,1,0,'Product modification','Product',102,1,'2015-09-04 17:19:06','2015-09-04 17:19:06'),(1601,1,0,'Product modification','Product',102,1,'2015-09-04 17:19:58','2015-09-04 17:19:58'),(1602,1,0,'Product modification','Product',103,1,'2015-09-04 17:21:01','2015-09-04 17:21:01'),(1603,1,0,'Product modification','Product',103,1,'2015-09-04 17:21:57','2015-09-04 17:21:57'),(1604,1,0,'Product modification','Product',103,1,'2015-09-04 17:22:27','2015-09-04 17:22:27'),(1605,1,0,'Product modification','Product',105,1,'2015-09-04 17:24:02','2015-09-04 17:24:02'),(1606,1,0,'Product modification','Product',105,1,'2015-09-04 17:24:36','2015-09-04 17:24:36'),(1607,1,0,'Product modification','Product',105,1,'2015-09-04 17:25:32','2015-09-04 17:25:32'),(1608,1,0,'Product modification','Product',105,1,'2015-09-04 17:25:55','2015-09-04 17:25:55'),(1609,1,0,'Product modification','Product',106,1,'2015-09-04 17:28:14','2015-09-04 17:28:14'),(1610,1,0,'Product modification','Product',106,1,'2015-09-04 17:28:56','2015-09-04 17:28:56'),(1611,1,0,'Product modification','Product',106,1,'2015-09-04 17:29:27','2015-09-04 17:29:27'),(1612,1,0,'Product modification','Product',107,1,'2015-09-04 17:30:23','2015-09-04 17:30:23'),(1613,1,0,'Product modification','Product',107,1,'2015-09-04 17:31:00','2015-09-04 17:31:00'),(1614,1,0,'Product modification','Product',107,1,'2015-09-04 17:31:32','2015-09-04 17:31:32'),(1615,1,0,'Product modification','Product',108,1,'2015-09-04 17:32:59','2015-09-04 17:32:59'),(1616,1,0,'Product modification','Product',108,1,'2015-09-04 17:33:31','2015-09-04 17:33:31'),(1617,1,0,'Product modification','Product',108,1,'2015-09-04 17:33:57','2015-09-04 17:33:57'),(1618,1,0,'Product modification','Product',109,1,'2015-09-04 17:35:01','2015-09-04 17:35:01'),(1619,1,0,'Product modification','Product',109,1,'2015-09-04 17:35:49','2015-09-04 17:35:49'),(1620,1,0,'Product modification','Product',109,1,'2015-09-04 17:36:18','2015-09-04 17:36:18'),(1621,1,0,'Product modification','Product',110,1,'2015-09-04 17:37:33','2015-09-04 17:37:33'),(1622,1,0,'Product modification','Product',110,1,'2015-09-04 17:38:16','2015-09-04 17:38:16'),(1623,1,0,'Product modification','Product',110,1,'2015-09-04 17:39:57','2015-09-04 17:39:57'),(1624,1,0,'Product modification','Product',111,1,'2015-09-04 17:40:54','2015-09-04 17:40:54'),(1625,1,0,'Product modification','Product',111,1,'2015-09-04 17:41:42','2015-09-04 17:41:42'),(1626,1,0,'Product modification','Product',111,1,'2015-09-04 17:42:13','2015-09-04 17:42:13'),(1627,1,0,'Product modification','Product',112,1,'2015-09-04 17:43:30','2015-09-04 17:43:30'),(1628,1,0,'Product modification','Product',112,1,'2015-09-04 17:51:45','2015-09-04 17:51:45'),(1629,1,0,'Product modification','Product',112,1,'2015-09-04 17:52:55','2015-09-04 17:52:55'),(1630,1,0,'Product modification','Product',113,1,'2015-09-04 17:57:38','2015-09-04 17:57:38'),(1631,1,0,'Product modification','Product',113,1,'2015-09-04 17:58:12','2015-09-04 17:58:12'),(1632,1,0,'Product modification','Product',113,1,'2015-09-04 17:58:45','2015-09-04 17:58:45'),(1633,1,0,'Product modification','Product',114,1,'2015-09-04 17:59:46','2015-09-04 17:59:46'),(1634,1,0,'Product modification','Product',114,1,'2015-09-04 18:00:59','2015-09-04 18:00:59'),(1635,1,0,'Product modification','Product',114,1,'2015-09-04 18:04:07','2015-09-04 18:04:07'),(1636,1,0,'Product modification','Product',114,1,'2015-09-04 18:04:49','2015-09-04 18:04:49'),(1637,1,0,'Product modification','Product',115,1,'2015-09-04 18:05:42','2015-09-04 18:05:42'),(1638,1,0,'Product modification','Product',115,1,'2015-09-04 18:06:43','2015-09-04 18:06:43'),(1639,1,0,'Product modification','Product',115,1,'2015-09-04 18:07:12','2015-09-04 18:07:12'),(1640,1,0,'Product modification','Product',116,1,'2015-09-04 18:08:15','2015-09-04 18:08:15'),(1641,1,0,'Product modification','Product',116,1,'2015-09-04 18:08:46','2015-09-04 18:08:46'),(1642,1,0,'Product modification','Product',116,1,'2015-09-04 18:09:19','2015-09-04 18:09:19'),(1643,1,0,'Product modification','Product',117,1,'2015-09-04 18:10:01','2015-09-04 18:10:01'),(1644,1,0,'Product modification','Product',117,1,'2015-09-04 18:10:43','2015-09-04 18:10:43'),(1645,1,0,'Product modification','Product',117,1,'2015-09-04 18:11:08','2015-09-04 18:11:08'),(1646,1,0,'Product modification','Product',65,1,'2015-09-04 18:15:03','2015-09-04 18:15:03'),(1647,1,0,'Product modification','Product',28,1,'2015-09-04 18:23:15','2015-09-04 18:23:15'),(1648,1,0,'Product modification','Product',28,1,'2015-09-04 18:23:58','2015-09-04 18:23:58'),(1649,1,0,'Product modification','Product',28,1,'2015-09-04 18:24:33','2015-09-04 18:24:33'),(1650,1,0,'Product modification','Product',29,1,'2015-09-04 18:26:01','2015-09-04 18:26:01'),(1651,1,0,'Product modification','Product',29,1,'2015-09-04 18:26:52','2015-09-04 18:26:52'),(1652,1,0,'Product modification','Product',29,1,'2015-09-04 18:27:21','2015-09-04 18:27:21'),(1653,1,0,'Product modification','Product',30,1,'2015-09-04 18:27:58','2015-09-04 18:27:58'),(1654,1,0,'Product modification','Product',30,1,'2015-09-04 18:29:07','2015-09-04 18:29:07'),(1655,1,0,'Product modification','Product',30,1,'2015-09-04 18:29:31','2015-09-04 18:29:31'),(1656,1,0,'Product modification','Product',31,1,'2015-09-04 18:31:09','2015-09-04 18:31:09'),(1657,1,0,'Product modification','Product',31,1,'2015-09-04 18:32:01','2015-09-04 18:32:01'),(1658,1,0,'Product modification','Product',31,1,'2015-09-04 18:32:24','2015-09-04 18:32:24'),(1659,1,0,'Product modification','Product',32,1,'2015-09-04 18:33:09','2015-09-04 18:33:09'),(1660,1,0,'Product modification','Product',32,1,'2015-09-04 18:33:46','2015-09-04 18:33:46'),(1661,1,0,'Product modification','Product',32,1,'2015-09-04 18:34:26','2015-09-04 18:34:26'),(1662,1,0,'Product modification','Product',33,1,'2015-09-04 18:35:32','2015-09-04 18:35:32'),(1663,1,0,'Product modification','Product',33,1,'2015-09-04 18:36:13','2015-09-04 18:36:13'),(1664,1,0,'Product modification','Product',33,1,'2015-09-04 18:36:37','2015-09-04 18:36:37'),(1665,1,0,'Product modification','Product',34,1,'2015-09-04 18:37:33','2015-09-04 18:37:33'),(1666,1,0,'Product modification','Product',34,1,'2015-09-04 18:38:34','2015-09-04 18:38:34'),(1667,1,0,'Product modification','Product',34,1,'2015-09-04 18:39:03','2015-09-04 18:39:03'),(1668,1,0,'Product modification','Product',35,1,'2015-09-04 18:39:53','2015-09-04 18:39:53'),(1669,1,0,'Product modification','Product',35,1,'2015-09-04 18:40:26','2015-09-04 18:40:26'),(1670,1,0,'Product modification','Product',35,1,'2015-09-04 18:40:49','2015-09-04 18:40:49'),(1671,1,0,'Product modification','Product',36,1,'2015-09-04 18:42:03','2015-09-04 18:42:03'),(1672,1,0,'Product modification','Product',36,1,'2015-09-04 18:42:59','2015-09-04 18:42:59'),(1673,1,0,'Product modification','Product',36,1,'2015-09-04 18:43:26','2015-09-04 18:43:26'),(1674,1,0,'Product modification','Product',37,1,'2015-09-04 18:44:02','2015-09-04 18:44:02'),(1675,1,0,'Product modification','Product',37,1,'2015-09-04 18:45:11','2015-09-04 18:45:11'),(1676,1,0,'Product modification','Product',37,1,'2015-09-04 18:45:46','2015-09-04 18:45:46'),(1677,1,0,'Product modification','Product',38,1,'2015-09-04 18:46:35','2015-09-04 18:46:35'),(1678,1,0,'Product modification','Product',38,1,'2015-09-04 18:47:09','2015-09-04 18:47:09'),(1679,1,0,'Product modification','Product',38,1,'2015-09-04 18:48:31','2015-09-04 18:48:31'),(1680,1,0,'Product modification','Product',39,1,'2015-09-04 18:50:25','2015-09-04 18:50:25'),(1681,1,0,'Product modification','Product',39,1,'2015-09-04 18:51:05','2015-09-04 18:51:05'),(1682,1,0,'Product modification','Product',39,1,'2015-09-04 18:51:37','2015-09-04 18:51:37'),(1683,1,0,'Product modification','Product',39,1,'2015-09-04 18:52:06','2015-09-04 18:52:06'),(1684,1,0,'Product modification','Product',40,1,'2015-09-04 18:52:42','2015-09-04 18:52:42'),(1685,1,0,'Product modification','Product',40,1,'2015-09-04 18:53:26','2015-09-04 18:53:26'),(1686,1,0,'Product modification','Product',40,1,'2015-09-04 18:53:51','2015-09-04 18:53:51'),(1687,1,0,'Product modification','Product',41,1,'2015-09-04 18:54:41','2015-09-04 18:54:41'),(1688,1,0,'Product modification','Product',41,1,'2015-09-04 18:55:11','2015-09-04 18:55:11'),(1689,1,0,'Product modification','Product',41,1,'2015-09-04 18:55:44','2015-09-04 18:55:44'),(1690,1,0,'Product modification','Product',42,1,'2015-09-04 18:56:21','2015-09-04 18:56:21'),(1691,1,0,'Product modification','Product',42,1,'2015-09-04 18:57:08','2015-09-04 18:57:08'),(1692,1,0,'Product modification','Product',42,1,'2015-09-04 18:57:56','2015-09-04 18:57:56'),(1693,1,0,'Product modification','Product',42,1,'2015-09-04 18:58:41','2015-09-04 18:58:41'),(1694,1,0,'Product modification','Product',43,1,'2015-09-04 18:59:35','2015-09-04 18:59:35'),(1695,1,0,'Product modification','Product',43,1,'2015-09-04 19:00:36','2015-09-04 19:00:36'),(1696,1,0,'Product modification','Product',43,1,'2015-09-04 19:00:59','2015-09-04 19:00:59'),(1697,1,0,'Product modification','Product',44,1,'2015-09-04 19:01:48','2015-09-04 19:01:48'),(1698,1,0,'Product modification','Product',44,1,'2015-09-04 19:02:20','2015-09-04 19:02:20'),(1699,1,0,'Product modification','Product',44,1,'2015-09-04 19:02:45','2015-09-04 19:02:45'),(1700,1,0,'Product modification','Product',45,1,'2015-09-04 19:03:26','2015-09-04 19:03:26'),(1701,1,0,'Product modification','Product',45,1,'2015-09-04 19:04:26','2015-09-04 19:04:26'),(1702,1,0,'Product modification','Product',45,1,'2015-09-04 19:04:52','2015-09-04 19:04:52'),(1703,1,0,'Product modification','Product',46,1,'2015-09-04 19:05:33','2015-09-04 19:05:33'),(1704,1,0,'Product modification','Product',46,1,'2015-09-04 19:06:06','2015-09-04 19:06:06'),(1705,1,0,'Product modification','Product',46,1,'2015-09-04 19:06:30','2015-09-04 19:06:30'),(1706,1,0,'Product modification','Product',47,1,'2015-09-04 19:07:23','2015-09-04 19:07:23'),(1707,1,0,'Product modification','Product',47,1,'2015-09-04 19:08:06','2015-09-04 19:08:06'),(1708,1,0,'Product modification','Product',47,1,'2015-09-04 19:08:35','2015-09-04 19:08:35'),(1709,1,0,'Product modification','Product',48,1,'2015-09-04 19:09:35','2015-09-04 19:09:35'),(1710,1,0,'Product modification','Product',48,1,'2015-09-04 19:10:11','2015-09-04 19:10:11'),(1711,1,0,'Product modification','Product',48,1,'2015-09-04 19:10:41','2015-09-04 19:10:41'),(1712,1,0,'Product modification','Product',49,1,'2015-09-04 19:11:40','2015-09-04 19:11:40'),(1713,1,0,'Product modification','Product',49,1,'2015-09-04 19:12:13','2015-09-04 19:12:13'),(1714,1,0,'Product modification','Product',49,1,'2015-09-04 19:12:39','2015-09-04 19:12:39'),(1715,1,0,'Product modification','Product',50,1,'2015-09-04 19:13:17','2015-09-04 19:13:17'),(1716,1,0,'Product modification','Product',50,1,'2015-09-04 19:13:49','2015-09-04 19:13:49'),(1717,1,0,'Product modification','Product',50,1,'2015-09-04 19:14:12','2015-09-04 19:14:12'),(1718,1,0,'Product modification','Product',50,1,'2015-09-04 19:14:39','2015-09-04 19:14:39'),(1719,1,0,'Product modification','Product',51,1,'2015-09-04 19:15:29','2015-09-04 19:15:29'),(1720,1,0,'Product modification','Product',51,1,'2015-09-04 19:16:03','2015-09-04 19:16:03'),(1721,1,0,'Product modification','Product',51,1,'2015-09-04 19:16:40','2015-09-04 19:16:40'),(1722,1,0,'Product modification','Product',52,1,'2015-09-04 19:17:23','2015-09-04 19:17:23'),(1723,1,0,'Product modification','Product',52,1,'2015-09-04 19:18:19','2015-09-04 19:18:19'),(1724,1,0,'Product modification','Product',52,1,'2015-09-04 19:18:47','2015-09-04 19:18:47'),(1725,1,0,'Product modification','Product',53,1,'2015-09-04 19:19:39','2015-09-04 19:19:39'),(1726,1,0,'Product modification','Product',53,1,'2015-09-04 19:20:14','2015-09-04 19:20:14'),(1727,1,0,'Product modification','Product',53,1,'2015-09-04 19:20:41','2015-09-04 19:20:41'),(1728,1,0,'Product modification','Product',54,1,'2015-09-04 19:21:34','2015-09-04 19:21:34'),(1729,1,0,'Product modification','Product',54,1,'2015-09-04 19:22:27','2015-09-04 19:22:27'),(1730,1,0,'Product modification','Product',54,1,'2015-09-04 19:22:52','2015-09-04 19:22:52'),(1731,1,0,'Product modification','Product',55,1,'2015-09-04 19:23:36','2015-09-04 19:23:36'),(1732,1,0,'Product modification','Product',55,1,'2015-09-04 19:23:59','2015-09-04 19:23:59'),(1733,1,0,'Product modification','Product',56,1,'2015-09-04 19:24:31','2015-09-04 19:24:31'),(1734,1,0,'Product modification','Product',56,1,'2015-09-04 19:25:07','2015-09-04 19:25:07'),(1735,1,0,'Product modification','Product',56,1,'2015-09-04 19:25:51','2015-09-04 19:25:51'),(1736,1,0,'Back Office connection from 175.139.68.147','',0,1,'2015-09-04 21:28:00','2015-09-04 21:28:00'),(1737,1,0,'Category modification','Category',20,1,'2015-09-04 23:11:16','2015-09-04 23:11:16'),(1738,1,0,'Country modification','Country',136,1,'2015-09-04 23:54:53','2015-09-04 23:54:53'),(1739,1,0,'Group modification','Group',1,1,'2015-09-05 00:55:44','2015-09-05 00:55:44'),(1740,1,0,'Country modification','Country',136,1,'2015-09-05 01:22:37','2015-09-05 01:22:37'),(1741,1,0,'Carrier deletion','Carrier',19,1,'2015-09-05 01:47:05','2015-09-05 01:47:05'),(1742,1,0,'Zone modification','Zone',7,1,'2015-09-05 01:59:28','2015-09-05 01:59:28'),(1743,1,0,'Zone modification','Zone',8,1,'2015-09-05 02:00:08','2015-09-05 02:00:08'),(1744,1,0,'Country modification','Country',136,1,'2015-09-05 02:03:14','2015-09-05 02:03:14'),(1745,1,0,'Country modification','Country',136,1,'2015-09-05 02:09:08','2015-09-05 02:09:08'),(1746,1,0,'StockMvtReason modification','StockMvtReason',1,1,'2015-09-05 02:13:57','2015-09-05 02:13:57'),(1747,1,0,'Warehouse addition','Warehouse',1,1,'2015-09-05 02:15:42','2015-09-05 02:15:42'),(1748,1,0,'Product modification','Product',1,1,'2015-09-05 02:44:07','2015-09-05 02:44:07'),(1749,1,0,'Product modification','Product',8,1,'2015-09-05 02:45:01','2015-09-05 02:45:01'),(1750,1,0,'SupplyOrder addition','SupplyOrder',1,1,'2015-09-05 02:57:48','2015-09-05 02:57:48'),(1751,1,0,'Product modification','Product',9,1,'2015-09-05 03:00:09','2015-09-05 03:00:09'),(1752,1,0,'Product modification','Product',9,1,'2015-09-05 03:00:16','2015-09-05 03:00:16'),(1753,1,0,'Product modification','Product',11,1,'2015-09-05 03:01:15','2015-09-05 03:01:15'),(1754,1,0,'Product modification','Product',10,1,'2015-09-05 03:01:25','2015-09-05 03:01:25'),(1755,1,0,'Product modification','Product',13,1,'2015-09-05 03:02:19','2015-09-05 03:02:19'),(1756,1,0,'Product modification','Product',12,1,'2015-09-05 03:02:23','2015-09-05 03:02:23'),(1757,1,0,'Product modification','Product',14,1,'2015-09-05 03:03:29','2015-09-05 03:03:29'),(1758,1,0,'Product modification','Product',57,1,'2015-09-05 03:03:37','2015-09-05 03:03:37'),(1759,1,0,'Product modification','Product',14,1,'2015-09-05 03:04:20','2015-09-05 03:04:20'),(1760,1,0,'Product modification','Product',58,1,'2015-09-05 03:04:43','2015-09-05 03:04:43'),(1761,1,0,'Product modification','Product',59,1,'2015-09-05 03:05:38','2015-09-05 03:05:38'),(1762,1,0,'Product modification','Product',15,1,'2015-09-05 03:05:46','2015-09-05 03:05:46'),(1763,1,0,'Product modification','Product',60,1,'2015-09-05 03:07:15','2015-09-05 03:07:15'),(1764,1,0,'Product modification','Product',60,1,'2015-09-05 03:07:28','2015-09-05 03:07:28'),(1765,1,0,'Product modification','Product',16,1,'2015-09-05 03:07:41','2015-09-05 03:07:41'),(1766,1,0,'Product modification','Product',61,1,'2015-09-05 03:08:50','2015-09-05 03:08:50'),(1767,1,0,'Product modification','Product',108,1,'2015-09-05 03:08:58','2015-09-05 03:08:58'),(1768,1,0,'Product modification','Product',17,1,'2015-09-05 03:09:14','2015-09-05 03:09:14'),(1769,1,0,'Product modification','Product',62,1,'2015-09-05 03:10:04','2015-09-05 03:10:04'),(1770,1,0,'Product modification','Product',109,1,'2015-09-05 03:10:13','2015-09-05 03:10:13'),(1771,1,0,'Product modification','Product',18,1,'2015-09-05 03:10:53','2015-09-05 03:10:53'),(1772,1,0,'Product modification','Product',110,1,'2015-09-05 03:11:16','2015-09-05 03:11:16'),(1773,1,0,'Product modification','Product',63,1,'2015-09-05 03:11:25','2015-09-05 03:11:25'),(1774,1,0,'Product modification','Product',19,1,'2015-09-05 03:12:13','2015-09-05 03:12:13'),(1775,1,0,'Product modification','Product',64,1,'2015-09-05 03:12:29','2015-09-05 03:12:29'),(1776,1,0,'Product modification','Product',111,1,'2015-09-05 03:12:42','2015-09-05 03:12:42'),(1777,1,0,'Product modification','Product',20,1,'2015-09-05 03:13:29','2015-09-05 03:13:29'),(1778,1,0,'Product modification','Product',65,1,'2015-09-05 03:13:56','2015-09-05 03:13:56'),(1779,1,0,'Product modification','Product',112,1,'2015-09-05 03:14:07','2015-09-05 03:14:07'),(1780,1,0,'Product modification','Product',21,1,'2015-09-05 03:14:46','2015-09-05 03:14:46'),(1781,1,0,'Product modification','Product',66,1,'2015-09-05 03:15:07','2015-09-05 03:15:07'),(1782,1,0,'Product modification','Product',113,1,'2015-09-05 03:15:35','2015-09-05 03:15:35'),(1783,1,0,'Product modification','Product',22,1,'2015-09-05 03:16:33','2015-09-05 03:16:33'),(1784,1,0,'Product modification','Product',113,1,'2015-09-05 03:16:41','2015-09-05 03:16:41'),(1785,1,0,'Product modification','Product',67,1,'2015-09-05 03:16:46','2015-09-05 03:16:46'),(1786,1,0,'Product modification','Product',23,1,'2015-09-05 03:17:28','2015-09-05 03:17:28'),(1787,1,0,'Product modification','Product',114,1,'2015-09-05 03:18:14','2015-09-05 03:18:14'),(1788,1,0,'Product modification','Product',74,1,'2015-09-05 03:18:19','2015-09-05 03:18:19'),(1789,1,0,'Product modification','Product',24,1,'2015-09-05 03:18:34','2015-09-05 03:18:34'),(1790,1,0,'Product modification','Product',115,1,'2015-09-05 03:19:37','2015-09-05 03:19:37'),(1791,1,0,'Product modification','Product',68,1,'2015-09-05 03:19:41','2015-09-05 03:19:41'),(1792,1,0,'Product modification','Product',30,1,'2015-09-05 03:19:45','2015-09-05 03:19:45'),(1793,1,0,'Product modification','Product',115,1,'2015-09-05 03:20:33','2015-09-05 03:20:33'),(1794,1,0,'Product modification','Product',70,1,'2015-09-05 03:20:42','2015-09-05 03:20:42'),(1795,1,0,'Product modification','Product',25,1,'2015-09-05 03:21:02','2015-09-05 03:21:02'),(1796,1,0,'Product modification','Product',69,1,'2015-09-05 03:21:59','2015-09-05 03:21:59'),(1797,1,0,'Product modification','Product',117,1,'2015-09-05 03:22:14','2015-09-05 03:22:14'),(1798,1,0,'Product modification','Product',27,1,'2015-09-05 03:22:30','2015-09-05 03:22:30'),(1799,1,0,'Product modification','Product',27,1,'2015-09-05 03:22:30','2015-09-05 03:22:30'),(1800,1,0,'Product modification','Product',116,1,'2015-09-05 03:23:15','2015-09-05 03:23:15'),(1801,1,0,'Product modification','Product',71,1,'2015-09-05 03:23:23','2015-09-05 03:23:23'),(1802,1,0,'Product modification','Product',28,1,'2015-09-05 03:23:41','2015-09-05 03:23:41'),(1803,1,0,'Product modification','Product',73,1,'2015-09-05 03:24:46','2015-09-05 03:24:46'),(1804,1,0,'Product modification','Product',103,1,'2015-09-05 03:25:06','2015-09-05 03:25:06'),(1805,1,0,'Product modification','Product',26,1,'2015-09-05 03:25:10','2015-09-05 03:25:10'),(1806,1,0,'Product modification','Product',75,1,'2015-09-05 03:25:57','2015-09-05 03:25:57'),(1807,1,0,'Product modification','Product',29,1,'2015-09-05 03:26:35','2015-09-05 03:26:35'),(1808,1,0,'Product modification','Product',107,1,'2015-09-05 03:26:43','2015-09-05 03:26:43'),(1809,1,0,'Product modification','Product',72,1,'2015-09-05 03:27:26','2015-09-05 03:27:26'),(1810,1,0,'Product modification','Product',34,1,'2015-09-05 03:27:40','2015-09-05 03:27:40'),(1811,1,0,'Product modification','Product',106,1,'2015-09-05 03:28:18','2015-09-05 03:28:18'),(1812,1,0,'Product modification','Product',81,1,'2015-09-05 03:29:02','2015-09-05 03:29:02'),(1813,1,0,'Product modification','Product',81,1,'2015-09-05 03:29:05','2015-09-05 03:29:05'),(1814,1,0,'Product modification','Product',32,1,'2015-09-05 03:29:07','2015-09-05 03:29:07'),(1815,1,0,'Product modification','Product',82,1,'2015-09-05 03:29:50','2015-09-05 03:29:50'),(1816,1,0,'Product modification','Product',76,1,'2015-09-05 03:30:22','2015-09-05 03:30:22'),(1817,1,0,'Product modification','Product',33,1,'2015-09-05 03:30:29','2015-09-05 03:30:29'),(1818,1,0,'Product modification','Product',80,1,'2015-09-05 03:31:04','2015-09-05 03:31:04'),(1819,1,0,'Product modification','Product',92,1,'2015-09-05 03:31:32','2015-09-05 03:31:32'),(1820,1,0,'Product modification','Product',36,1,'2015-09-05 03:31:43','2015-09-05 03:31:43'),(1821,1,0,'Product modification','Product',87,1,'2015-09-05 03:31:57','2015-09-05 03:31:57'),(1822,1,0,'Product modification','Product',78,1,'2015-09-05 03:33:08','2015-09-05 03:33:08'),(1823,1,0,'Product modification','Product',31,1,'2015-09-05 03:33:13','2015-09-05 03:33:13'),(1824,1,0,'Product modification','Product',100,1,'2015-09-05 03:33:17','2015-09-05 03:33:17'),(1825,1,0,'Product modification','Product',77,1,'2015-09-05 03:34:02','2015-09-05 03:34:02'),(1826,1,0,'Product modification','Product',35,1,'2015-09-05 03:34:38','2015-09-05 03:34:38'),(1827,1,0,'Product modification','Product',35,1,'2015-09-05 03:34:39','2015-09-05 03:34:39'),(1828,1,0,'Product modification','Product',79,1,'2015-09-05 03:34:46','2015-09-05 03:34:46'),(1829,1,0,'Product modification','Product',79,1,'2015-09-05 03:34:46','2015-09-05 03:34:46'),(1830,1,0,'Product modification','Product',84,1,'2015-09-05 03:35:24','2015-09-05 03:35:24'),(1831,1,0,'Product modification','Product',44,1,'2015-09-05 03:35:34','2015-09-05 03:35:34'),(1832,1,0,'Product modification','Product',105,1,'2015-09-05 03:36:16','2015-09-05 03:36:16'),(1833,1,0,'Product modification','Product',37,1,'2015-09-05 03:36:42','2015-09-05 03:36:42'),(1834,1,0,'Product modification','Product',86,1,'2015-09-05 03:36:58','2015-09-05 03:36:58'),(1835,1,0,'Product modification','Product',102,1,'2015-09-05 03:37:24','2015-09-05 03:37:24'),(1836,1,0,'Product modification','Product',45,1,'2015-09-05 03:38:24','2015-09-05 03:38:24'),(1837,1,0,'Product modification','Product',89,1,'2015-09-05 03:38:37','2015-09-05 03:38:37'),(1838,1,0,'Product modification','Product',101,1,'2015-09-05 03:38:53','2015-09-05 03:38:53'),(1839,1,0,'Product modification','Product',101,1,'2015-09-05 03:38:54','2015-09-05 03:38:54'),(1840,1,0,'Product modification','Product',56,1,'2015-09-05 03:39:50','2015-09-05 03:39:50'),(1841,1,0,'Product modification','Product',56,1,'2015-09-05 03:39:50','2015-09-05 03:39:50'),(1842,1,0,'Product modification','Product',99,1,'2015-09-05 03:40:01','2015-09-05 03:40:01'),(1843,1,0,'Product modification','Product',83,1,'2015-09-05 03:40:07','2015-09-05 03:40:07'),(1844,1,0,'Product modification','Product',94,1,'2015-09-05 03:41:22','2015-09-05 03:41:22'),(1845,1,0,'Product modification','Product',85,1,'2015-09-05 03:41:30','2015-09-05 03:41:30'),(1846,1,0,'Product modification','Product',41,1,'2015-09-05 03:41:39','2015-09-05 03:41:39'),(1847,1,0,'Product modification','Product',98,1,'2015-09-05 03:42:34','2015-09-05 03:42:34'),(1848,1,0,'Product modification','Product',98,1,'2015-09-05 03:42:44','2015-09-05 03:42:44'),(1849,1,0,'Product modification','Product',38,1,'2015-09-05 03:43:32','2015-09-05 03:43:32'),(1850,1,0,'Product modification','Product',88,1,'2015-09-05 03:43:42','2015-09-05 03:43:42'),(1851,1,0,'Product modification','Product',88,1,'2015-09-05 03:43:49','2015-09-05 03:43:49'),(1852,1,0,'Product modification','Product',39,1,'2015-09-05 03:44:49','2015-09-05 03:44:49'),(1853,1,0,'Product modification','Product',39,1,'2015-09-05 03:44:52','2015-09-05 03:44:52'),(1854,1,0,'Product modification','Product',97,1,'2015-09-05 03:45:08','2015-09-05 03:45:08'),(1855,1,0,'Product modification','Product',101,1,'2015-09-05 03:45:19','2015-09-05 03:45:19'),(1856,1,0,'Product modification','Product',40,1,'2015-09-05 03:46:14','2015-09-05 03:46:14'),(1857,1,0,'Product modification','Product',96,1,'2015-09-05 03:46:27','2015-09-05 03:46:27'),(1858,1,0,'Product modification','Product',90,1,'2015-09-05 03:46:38','2015-09-05 03:46:38'),(1859,1,0,'Product modification','Product',42,1,'2015-09-05 03:47:30','2015-09-05 03:47:30'),(1860,1,0,'Product modification','Product',95,1,'2015-09-05 03:48:07','2015-09-05 03:48:07'),(1861,1,0,'Product modification','Product',93,1,'2015-09-05 03:48:12','2015-09-05 03:48:12'),(1862,1,0,'Product modification','Product',43,1,'2015-09-05 03:48:57','2015-09-05 03:48:57'),(1863,1,0,'Product modification','Product',91,1,'2015-09-05 03:49:12','2015-09-05 03:49:12'),(1864,1,0,'Product modification','Product',55,1,'2015-09-05 03:50:04','2015-09-05 03:50:04'),(1865,1,0,'Product modification','Product',46,1,'2015-09-05 03:50:19','2015-09-05 03:50:19'),(1866,1,0,'Product modification','Product',48,1,'2015-09-05 03:51:15','2015-09-05 03:51:15'),(1867,1,0,'Product modification','Product',54,1,'2015-09-05 03:51:24','2015-09-05 03:51:24'),(1868,1,0,'Product modification','Product',47,1,'2015-09-05 03:51:33','2015-09-05 03:51:33'),(1869,1,0,'Product modification','Product',51,1,'2015-09-05 03:52:42','2015-09-05 03:52:42'),(1870,1,0,'Product modification','Product',53,1,'2015-09-05 03:52:49','2015-09-05 03:52:49'),(1871,1,0,'Product modification','Product',49,1,'2015-09-05 03:52:56','2015-09-05 03:52:56'),(1872,1,0,'Product modification','Product',52,1,'2015-09-05 03:54:15','2015-09-05 03:54:15'),(1873,1,0,'Product modification','Product',52,1,'2015-09-05 03:54:26','2015-09-05 03:54:26'),(1874,1,0,'Product modification','Product',50,1,'2015-09-05 03:54:34','2015-09-05 03:54:34'),(1875,1,0,'Product modification','Product',50,1,'2015-09-05 03:54:34','2015-09-05 03:54:34'),(1876,1,0,'SupplyOrder modification','SupplyOrder',1,1,'2015-09-05 04:01:42','2015-09-05 04:01:42'),(1877,1,0,'SupplyOrder modification','SupplyOrder',1,1,'2015-09-05 04:05:42','2015-09-05 04:05:42'),(1878,1,0,'Warehouse modification','Warehouse',1,1,'2015-09-05 04:08:18','2015-09-05 04:08:18'),(1879,1,0,'SupplyOrder modification','SupplyOrder',1,1,'2015-09-05 04:12:57','2015-09-05 04:12:57'),(1880,1,0,'SupplyOrder modification','SupplyOrder',1,1,'2015-09-05 04:13:34','2015-09-05 04:13:34'),(1881,1,0,'Supplier modification','Supplier',1,1,'2015-09-05 04:17:49','2015-09-05 04:17:49'),(1882,1,0,'Product modification','Product',1,1,'2015-09-05 04:27:14','2015-09-05 04:27:14'),(1883,1,0,'Product modification','Product',1,1,'2015-09-05 04:28:41','2015-09-05 04:28:41'),(1884,1,0,'Product modification','Product',57,1,'2015-09-05 04:29:49','2015-09-05 04:29:49'),(1885,1,0,'Product modification','Product',108,1,'2015-09-05 04:29:56','2015-09-05 04:29:56'),(1886,1,0,'Product modification','Product',8,1,'2015-09-05 04:30:09','2015-09-05 04:30:09'),(1887,1,0,'Product modification','Product',8,1,'2015-09-05 04:30:29','2015-09-05 04:30:29'),(1888,1,0,'Product modification','Product',58,1,'2015-09-05 04:31:03','2015-09-05 04:31:03'),(1889,1,0,'Product modification','Product',108,1,'2015-09-05 04:31:18','2015-09-05 04:31:18'),(1890,1,0,'Product modification','Product',8,1,'2015-09-05 04:32:20','2015-09-05 04:32:20'),(1891,1,0,'Product modification','Product',57,1,'2015-09-05 04:32:47','2015-09-05 04:32:47'),(1892,1,0,'Product modification','Product',108,1,'2015-09-05 04:32:55','2015-09-05 04:32:55'),(1893,1,0,'Product modification','Product',9,1,'2015-09-05 04:34:00','2015-09-05 04:34:00'),(1894,1,0,'Product modification','Product',109,1,'2015-09-05 04:34:32','2015-09-05 04:34:32'),(1895,1,0,'Product modification','Product',58,1,'2015-09-05 04:34:59','2015-09-05 04:34:59'),(1896,1,0,'Product modification','Product',58,1,'2015-09-05 04:35:15','2015-09-05 04:35:15'),(1897,1,0,'Product modification','Product',110,1,'2015-09-05 04:35:43','2015-09-05 04:35:43'),(1898,1,0,'Product modification','Product',10,1,'2015-09-05 04:36:13','2015-09-05 04:36:13'),(1899,1,0,'Product modification','Product',10,1,'2015-09-05 04:36:14','2015-09-05 04:36:14'),(1900,1,0,'Product modification','Product',59,1,'2015-09-05 04:36:42','2015-09-05 04:36:42'),(1901,1,0,'Product modification','Product',111,1,'2015-09-05 04:37:28','2015-09-05 04:37:28'),(1902,1,0,'Product modification','Product',60,1,'2015-09-05 04:38:01','2015-09-05 04:38:01'),(1903,1,0,'Product modification','Product',11,1,'2015-09-05 04:38:09','2015-09-05 04:38:09'),(1904,1,0,'Product modification','Product',111,1,'2015-09-05 04:38:24','2015-09-05 04:38:24'),(1905,1,0,'Product modification','Product',61,1,'2015-09-05 04:39:09','2015-09-05 04:39:09'),(1906,1,0,'Product modification','Product',12,1,'2015-09-05 04:40:12','2015-09-05 04:40:12'),(1907,1,0,'Product modification','Product',112,1,'2015-09-05 04:40:12','2015-09-05 04:40:12'),(1908,1,0,'Product modification','Product',112,1,'2015-09-05 04:40:12','2015-09-05 04:40:12'),(1909,1,0,'Product modification','Product',12,1,'2015-09-05 04:40:26','2015-09-05 04:40:26'),(1910,1,0,'Product modification','Product',12,1,'2015-09-05 04:40:26','2015-09-05 04:40:26'),(1911,1,0,'Product modification','Product',112,1,'2015-09-05 04:40:30','2015-09-05 04:40:30'),(1912,1,0,'Product modification','Product',62,1,'2015-09-05 04:41:06','2015-09-05 04:41:06'),(1913,1,0,'Product modification','Product',113,1,'2015-09-05 04:42:05','2015-09-05 04:42:05'),(1914,1,0,'Product modification','Product',12,1,'2015-09-05 04:42:11','2015-09-05 04:42:11'),(1915,1,0,'Product modification','Product',63,1,'2015-09-05 04:42:25','2015-09-05 04:42:25'),(1916,1,0,'Product modification','Product',114,1,'2015-09-05 04:43:33','2015-09-05 04:43:33'),(1917,1,0,'Product modification','Product',13,1,'2015-09-05 04:43:33','2015-09-05 04:43:33'),(1918,1,0,'Product modification','Product',114,1,'2015-09-05 04:43:34','2015-09-05 04:43:34'),(1919,1,0,'Product modification','Product',13,1,'2015-09-05 04:43:49','2015-09-05 04:43:49'),(1920,1,0,'Product modification','Product',13,1,'2015-09-05 04:43:49','2015-09-05 04:43:49'),(1921,1,0,'Product modification','Product',64,1,'2015-09-05 04:44:27','2015-09-05 04:44:27'),(1922,1,0,'Product modification','Product',115,1,'2015-09-05 04:44:40','2015-09-05 04:44:40'),(1923,1,0,'Product modification','Product',65,1,'2015-09-05 04:45:40','2015-09-05 04:45:40'),(1924,1,0,'Product modification','Product',14,1,'2015-09-05 04:46:14','2015-09-05 04:46:14'),(1925,1,0,'Product modification','Product',116,1,'2015-09-05 04:46:14','2015-09-05 04:46:14'),(1926,1,0,'Product modification','Product',65,1,'2015-09-05 04:46:16','2015-09-05 04:46:16'),(1927,1,0,'Product modification','Product',14,1,'2015-09-05 04:46:16','2015-09-05 04:46:16'),(1928,1,0,'Product modification','Product',117,1,'2015-09-05 04:47:58','2015-09-05 04:47:58'),(1929,1,0,'Product modification','Product',66,1,'2015-09-05 04:48:07','2015-09-05 04:48:07'),(1930,1,0,'Product modification','Product',15,1,'2015-09-05 04:48:26','2015-09-05 04:48:26'),(1931,1,0,'Product modification','Product',15,1,'2015-09-05 04:48:26','2015-09-05 04:48:26'),(1932,1,0,'Product modification','Product',67,1,'2015-09-05 04:49:40','2015-09-05 04:49:40'),(1933,1,0,'Product modification','Product',68,1,'2015-09-05 04:50:14','2015-09-05 04:50:14'),(1934,1,0,'Product modification','Product',16,1,'2015-09-05 04:50:44','2015-09-05 04:50:44'),(1935,1,0,'Product modification','Product',16,1,'2015-09-05 04:50:48','2015-09-05 04:50:48'),(1936,1,0,'Product modification','Product',69,1,'2015-09-05 04:50:59','2015-09-05 04:50:59'),(1937,1,0,'Product modification','Product',70,1,'2015-09-05 04:51:19','2015-09-05 04:51:19'),(1938,1,0,'Product modification','Product',71,1,'2015-09-05 04:52:07','2015-09-05 04:52:07'),(1939,1,0,'Product modification','Product',17,1,'2015-09-05 04:52:29','2015-09-05 04:52:29'),(1940,1,0,'Product modification','Product',72,1,'2015-09-05 04:52:38','2015-09-05 04:52:38'),(1941,1,0,'Product modification','Product',73,1,'2015-09-05 04:54:02','2015-09-05 04:54:02'),(1942,1,0,'Product modification','Product',18,1,'2015-09-05 04:54:16','2015-09-05 04:54:16'),(1943,1,0,'Product modification','Product',75,1,'2015-09-05 04:54:36','2015-09-05 04:54:36'),(1944,1,0,'Product modification','Product',76,1,'2015-09-05 04:54:41','2015-09-05 04:54:41'),(1945,1,0,'Product modification','Product',77,1,'2015-09-05 04:55:55','2015-09-05 04:55:55'),(1946,1,0,'Product modification','Product',78,1,'2015-09-05 04:56:10','2015-09-05 04:56:10'),(1947,1,0,'Product modification','Product',79,1,'2015-09-05 04:56:18','2015-09-05 04:56:18'),(1948,1,0,'Product modification','Product',19,1,'2015-09-05 04:56:31','2015-09-05 04:56:31'),(1949,1,0,'Product modification','Product',80,1,'2015-09-05 04:57:15','2015-09-05 04:57:15'),(1950,1,0,'Product modification','Product',81,1,'2015-09-05 04:58:20','2015-09-05 04:58:20'),(1951,1,0,'Product modification','Product',83,1,'2015-09-05 04:58:41','2015-09-05 04:58:41'),(1952,1,0,'Product modification','Product',20,1,'2015-09-05 04:58:51','2015-09-05 04:58:51'),(1953,1,0,'Product modification','Product',84,1,'2015-09-05 05:00:00','2015-09-05 05:00:00'),(1954,1,0,'Product modification','Product',85,1,'2015-09-05 05:00:16','2015-09-05 05:00:16'),(1955,1,0,'Product modification','Product',21,1,'2015-09-05 05:00:27','2015-09-05 05:00:27'),(1956,1,0,'Product modification','Product',84,1,'2015-09-05 05:00:28','2015-09-05 05:00:28'),(1957,1,0,'Product modification','Product',85,1,'2015-09-05 05:00:40','2015-09-05 05:00:40'),(1958,1,0,'Product modification','Product',21,1,'2015-09-05 05:00:42','2015-09-05 05:00:42'),(1959,1,0,'Product modification','Product',85,1,'2015-09-05 05:00:54','2015-09-05 05:00:54'),(1960,1,0,'Product modification','Product',22,1,'2015-09-05 05:02:18','2015-09-05 05:02:18'),(1961,1,0,'Product modification','Product',86,1,'2015-09-05 05:02:30','2015-09-05 05:02:30'),(1962,1,0,'Product modification','Product',87,1,'2015-09-05 05:02:41','2015-09-05 05:02:41'),(1963,1,0,'Product modification','Product',23,1,'2015-09-05 05:03:47','2015-09-05 05:03:47'),(1964,1,0,'Product modification','Product',88,1,'2015-09-05 05:04:15','2015-09-05 05:04:15'),(1965,1,0,'Product modification','Product',89,1,'2015-09-05 05:04:43','2015-09-05 05:04:43'),(1966,1,0,'Product modification','Product',24,1,'2015-09-05 05:05:22','2015-09-05 05:05:22'),(1967,1,0,'Product modification','Product',82,1,'2015-09-05 05:05:48','2015-09-05 05:05:48'),(1968,1,0,'Product modification','Product',91,1,'2015-09-05 05:06:33','2015-09-05 05:06:33'),(1969,1,0,'Product modification','Product',91,1,'2015-09-05 05:06:33','2015-09-05 05:06:33'),(1970,1,0,'Product modification','Product',90,1,'2015-09-05 05:07:07','2015-09-05 05:07:07'),(1971,1,0,'Product modification','Product',25,1,'2015-09-05 05:07:17','2015-09-05 05:07:17'),(1972,1,0,'Product modification','Product',92,1,'2015-09-05 05:07:27','2015-09-05 05:07:27'),(1973,1,0,'Product modification','Product',93,1,'2015-09-05 05:08:29','2015-09-05 05:08:29'),(1974,1,0,'Product modification','Product',26,1,'2015-09-05 05:08:42','2015-09-05 05:08:42'),(1975,1,0,'Product modification','Product',94,1,'2015-09-05 05:08:54','2015-09-05 05:08:54'),(1976,1,0,'Product modification','Product',95,1,'2015-09-05 05:10:01','2015-09-05 05:10:01'),(1977,1,0,'Product modification','Product',27,1,'2015-09-05 05:10:13','2015-09-05 05:10:13'),(1978,1,0,'Product modification','Product',96,1,'2015-09-05 05:10:22','2015-09-05 05:10:22'),(1979,1,0,'Product modification','Product',96,1,'2015-09-05 05:10:23','2015-09-05 05:10:23'),(1980,1,0,'Product modification','Product',96,1,'2015-09-05 05:11:17','2015-09-05 05:11:17'),(1981,1,0,'Product modification','Product',97,1,'2015-09-05 05:12:00','2015-09-05 05:12:00'),(1982,1,0,'Product modification','Product',28,1,'2015-09-05 05:12:36','2015-09-05 05:12:36'),(1983,1,0,'Product modification','Product',98,1,'2015-09-05 05:13:06','2015-09-05 05:13:06'),(1984,1,0,'Product modification','Product',28,1,'2015-09-05 05:14:12','2015-09-05 05:14:12'),(1985,1,0,'Product modification','Product',99,1,'2015-09-05 05:14:23','2015-09-05 05:14:23'),(1986,1,0,'Product modification','Product',100,1,'2015-09-05 05:14:32','2015-09-05 05:14:32'),(1987,1,0,'Product modification','Product',29,1,'2015-09-05 05:15:43','2015-09-05 05:15:43'),(1988,1,0,'Product modification','Product',101,1,'2015-09-05 05:16:01','2015-09-05 05:16:01'),(1989,1,0,'Product modification','Product',102,1,'2015-09-05 05:16:23','2015-09-05 05:16:23'),(1990,1,0,'Product modification','Product',29,1,'2015-09-05 05:17:31','2015-09-05 05:17:31'),(1991,1,0,'Product modification','Product',103,1,'2015-09-05 05:17:39','2015-09-05 05:17:39'),(1992,1,0,'Product modification','Product',105,1,'2015-09-05 05:17:54','2015-09-05 05:17:54'),(1993,1,0,'Product modification','Product',106,1,'2015-09-05 05:19:04','2015-09-05 05:19:04'),(1994,1,0,'Product modification','Product',107,1,'2015-09-05 05:19:24','2015-09-05 05:19:24'),(1995,1,0,'Product modification','Product',30,1,'2015-09-05 05:19:32','2015-09-05 05:19:32'),(1996,1,0,'Product modification','Product',31,1,'2015-09-05 05:20:30','2015-09-05 05:20:30'),(1997,1,0,'Product modification','Product',32,1,'2015-09-05 05:20:58','2015-09-05 05:20:58'),(1998,1,0,'Product modification','Product',33,1,'2015-09-05 05:21:28','2015-09-05 05:21:28'),(1999,1,0,'Product modification','Product',34,1,'2015-09-05 05:21:56','2015-09-05 05:21:56'),(2000,1,0,'Product modification','Product',35,1,'2015-09-05 05:22:21','2015-09-05 05:22:21'),(2001,1,0,'Product modification','Product',36,1,'2015-09-05 05:22:53','2015-09-05 05:22:53'),(2002,1,0,'Product modification','Product',36,1,'2015-09-05 05:23:29','2015-09-05 05:23:29'),(2003,1,0,'Product modification','Product',37,1,'2015-09-05 05:23:58','2015-09-05 05:23:58'),(2004,1,0,'Product modification','Product',38,1,'2015-09-05 05:25:04','2015-09-05 05:25:04'),(2005,1,0,'Product modification','Product',39,1,'2015-09-05 05:25:11','2015-09-05 05:25:11'),(2006,1,0,'Product modification','Product',40,1,'2015-09-05 05:25:21','2015-09-05 05:25:21'),(2007,1,0,'Product modification','Product',41,1,'2015-09-05 05:26:08','2015-09-05 05:26:08'),(2008,1,0,'Product modification','Product',42,1,'2015-09-05 05:26:49','2015-09-05 05:26:49'),(2009,1,0,'Product modification','Product',42,1,'2015-09-05 05:26:52','2015-09-05 05:26:52'),(2010,1,0,'Product modification','Product',43,1,'2015-09-05 05:26:55','2015-09-05 05:26:55'),(2011,1,0,'Product modification','Product',44,1,'2015-09-05 05:27:45','2015-09-05 05:27:45'),(2012,1,0,'Product modification','Product',45,1,'2015-09-05 05:27:55','2015-09-05 05:27:55'),(2013,1,0,'Product modification','Product',46,1,'2015-09-05 05:28:52','2015-09-05 05:28:52'),(2014,1,0,'Product modification','Product',46,1,'2015-09-05 05:29:04','2015-09-05 05:29:04'),(2015,1,0,'Product modification','Product',47,1,'2015-09-05 05:29:16','2015-09-05 05:29:16'),(2016,1,0,'Product modification','Product',48,1,'2015-09-05 05:30:07','2015-09-05 05:30:07'),(2017,1,0,'Product modification','Product',49,1,'2015-09-05 05:30:59','2015-09-05 05:30:59'),(2018,1,0,'Product modification','Product',50,1,'2015-09-05 05:31:04','2015-09-05 05:31:04'),(2019,1,0,'Product modification','Product',51,1,'2015-09-05 05:31:52','2015-09-05 05:31:52'),(2020,1,0,'Product modification','Product',51,1,'2015-09-05 05:32:37','2015-09-05 05:32:37'),(2021,1,0,'Product modification','Product',52,1,'2015-09-05 05:32:44','2015-09-05 05:32:44'),(2022,1,0,'Product modification','Product',53,1,'2015-09-05 05:33:29','2015-09-05 05:33:29'),(2023,1,0,'Product modification','Product',54,1,'2015-09-05 05:33:52','2015-09-05 05:33:52'),(2024,1,0,'Product modification','Product',55,1,'2015-09-05 05:33:58','2015-09-05 05:33:58'),(2025,1,0,'Product modification','Product',56,1,'2015-09-05 05:34:47','2015-09-05 05:34:47'),(2026,1,0,'Product modification','Product',43,1,'2015-09-05 06:09:47','2015-09-05 06:09:47'),(2027,1,0,'Back Office connection from 175.139.68.147','',0,1,'2015-09-05 09:48:17','2015-09-05 09:48:17'),(2028,1,0,'Product modification','Product',74,1,'2015-09-05 10:14:34','2015-09-05 10:14:34'),(2029,1,0,'Warehouse modification','Warehouse',1,1,'2015-09-05 11:26:59','2015-09-05 11:26:59'),(2030,1,0,'Country modification','Country',136,1,'2015-09-05 11:27:13','2015-09-05 11:27:13'),(2031,1,0,'Back Office connection from 202.156.180.87','',0,1,'2015-09-05 11:43:39','2015-09-05 11:43:39'),(2032,1,0,'Zone modification','Zone',3,1,'2015-09-05 11:58:21','2015-09-05 11:58:21'),(2033,1,0,'Back Office connection from 175.139.68.147','',0,1,'2015-09-06 12:48:38','2015-09-06 12:48:38'),(2034,1,0,'Cart deletion','Cart',14,1,'2015-09-06 12:53:42','2015-09-06 12:53:42'),(2035,1,0,'Cart deletion','Cart',13,1,'2015-09-06 12:53:42','2015-09-06 12:53:42'),(2036,1,0,'Cart deletion','Cart',12,1,'2015-09-06 12:53:43','2015-09-06 12:53:43'),(2037,1,0,'Cart deletion','Cart',11,1,'2015-09-06 12:53:43','2015-09-06 12:53:43'),(2038,1,0,'Cart deletion','Cart',10,1,'2015-09-06 12:53:43','2015-09-06 12:53:43'),(2039,1,0,'Cart deletion','Cart',9,1,'2015-09-06 12:53:43','2015-09-06 12:53:43'),(2040,1,0,'Cart deletion','Cart',8,1,'2015-09-06 12:53:43','2015-09-06 12:53:43'),(2041,1,0,'Cart deletion','Cart',7,1,'2015-09-06 12:53:43','2015-09-06 12:53:43'),(2042,1,0,'Back Office connection from 175.139.68.147','',0,1,'2015-09-06 14:56:35','2015-09-06 14:56:35'),(2043,1,0,'Back Office connection from 175.139.68.147','',0,1,'2015-09-06 15:31:52','2015-09-06 15:31:52'),(2044,1,0,'Back Office connection from 202.156.180.87','',0,1,'2015-09-06 16:04:18','2015-09-06 16:04:18'),(2045,1,0,'Back Office connection from 175.139.68.147','',0,1,'2015-09-06 16:21:00','2015-09-06 16:21:00'),(2046,1,0,'Back Office connection from 175.139.77.205','',0,1,'2015-09-06 16:55:58','2015-09-06 16:55:58'),(2047,1,0,'Product modification','Product',103,1,'2015-09-06 17:22:27','2015-09-06 17:22:27'),(2048,1,0,'Category modification','Category',14,1,'2015-09-06 17:31:30','2015-09-06 17:31:30'),(2049,1,0,'Back Office connection from 175.139.77.205','',0,1,'2015-09-06 17:48:29','2015-09-06 17:48:29'),(2050,1,0,'Category modification','Category',4,1,'2015-09-06 17:50:36','2015-09-06 17:50:36'),(2051,1,0,'Product modification','Product',12,1,'2015-09-06 18:09:26','2015-09-06 18:09:26'),(2052,1,0,'Product modification','Product',119,1,'2015-09-06 18:15:07','2015-09-06 18:15:07'),(2053,1,0,'Product modification','Product',119,1,'2015-09-06 18:15:48','2015-09-06 18:15:48'),(2054,1,0,'Product modification','Product',119,1,'2015-09-06 18:17:04','2015-09-06 18:17:04'),(2055,1,0,'Product modification','Product',119,1,'2015-09-06 18:17:46','2015-09-06 18:17:46'),(2056,1,0,'Product modification','Product',119,1,'2015-09-06 18:18:48','2015-09-06 18:18:48'),(2057,1,0,'Product modification','Product',119,1,'2015-09-06 18:21:03','2015-09-06 18:21:03'),(2058,1,0,'Product modification','Product',119,1,'2015-09-06 18:23:45','2015-09-06 18:23:45'),(2059,1,0,'Product modification','Product',118,1,'2015-09-06 18:32:32','2015-09-06 18:32:32'),(2060,1,0,'Product modification','Product',118,1,'2015-09-06 18:33:31','2015-09-06 18:33:31'),(2061,1,0,'Product modification','Product',118,1,'2015-09-06 18:34:18','2015-09-06 18:34:18'),(2062,1,0,'Product modification','Product',118,1,'2015-09-06 18:36:08','2015-09-06 18:36:08'),(2063,1,0,'Product modification','Product',118,1,'2015-09-06 18:36:41','2015-09-06 18:36:41'),(2064,1,0,'Product modification','Product',118,1,'2015-09-06 18:38:04','2015-09-06 18:38:04'),(2065,1,0,'Product modification','Product',118,1,'2015-09-06 18:38:30','2015-09-06 18:38:30'),(2066,1,0,'Product modification','Product',118,1,'2015-09-06 18:38:55','2015-09-06 18:38:55'),(2067,1,0,'Product modification','Product',118,1,'2015-09-06 18:39:20','2015-09-06 18:39:20'),(2068,1,0,'Product modification','Product',118,1,'2015-09-06 18:39:50','2015-09-06 18:39:50'),(2069,1,0,'Product modification','Product',120,1,'2015-09-06 18:50:09','2015-09-06 18:50:09'),(2070,1,0,'Product modification','Product',120,1,'2015-09-06 18:52:28','2015-09-06 18:52:28'),(2071,1,0,'Product modification','Product',120,1,'2015-09-06 18:52:52','2015-09-06 18:52:52'),(2072,1,0,'Product modification','Product',120,1,'2015-09-06 18:53:41','2015-09-06 18:53:41'),(2073,1,0,'Product modification','Product',120,1,'2015-09-06 18:54:15','2015-09-06 18:54:15'),(2074,1,0,'Product modification','Product',120,1,'2015-09-06 18:54:42','2015-09-06 18:54:42'),(2075,1,0,'Product modification','Product',120,1,'2015-09-06 18:56:43','2015-09-06 18:56:43'),(2076,1,0,'Product modification','Product',121,1,'2015-09-06 19:01:33','2015-09-06 19:01:33'),(2077,1,0,'Product modification','Product',121,1,'2015-09-06 19:02:33','2015-09-06 19:02:33'),(2078,1,0,'Product modification','Product',121,1,'2015-09-06 19:08:03','2015-09-06 19:08:03'),(2079,1,0,'Product modification','Product',121,1,'2015-09-06 19:08:45','2015-09-06 19:08:45'),(2080,1,0,'Product modification','Product',121,1,'2015-09-06 19:09:12','2015-09-06 19:09:12'),(2081,1,0,'Product modification','Product',14,1,'2015-09-06 19:28:02','2015-09-06 19:28:02'),(2082,1,0,'Product modification','Product',13,1,'2015-09-06 19:29:30','2015-09-06 19:29:30'),(2083,1,0,'Category modification','Category',4,1,'2015-09-06 19:39:57','2015-09-06 19:39:57'),(2084,1,0,'Category modification','Category',4,1,'2015-09-06 19:44:31','2015-09-06 19:44:31'),(2085,1,0,'Product modification','Product',8,1,'2015-09-06 19:55:23','2015-09-06 19:55:23'),(2086,1,0,'Back Office connection from 175.139.77.205','',0,1,'2015-09-06 21:31:12','2015-09-06 21:31:12'),(2087,1,0,'Category modification','Category',4,1,'2015-09-06 21:39:38','2015-09-06 21:39:38'),(2088,1,0,'Category modification','Category',4,1,'2015-09-06 21:44:10','2015-09-06 21:44:10'),(2089,1,0,'Category modification','Category',4,1,'2015-09-06 21:49:15','2015-09-06 21:49:15'),(2090,1,0,'Product modification','Product',8,1,'2015-09-06 22:01:41','2015-09-06 22:01:41'),(2091,1,0,'Product deletion','Product',27,1,'2015-09-06 22:24:04','2015-09-06 22:24:04'),(2092,1,0,'Category modification','Category',4,1,'2015-09-06 22:38:20','2015-09-06 22:38:20'),(2093,1,0,'Category modification','Category',4,1,'2015-09-06 22:43:43','2015-09-06 22:43:43'),(2094,1,0,'Category modification','Category',4,1,'2015-09-06 22:44:52','2015-09-06 22:44:52'),(2095,1,0,'Back Office connection from 175.139.77.205','',0,1,'2015-09-06 23:21:06','2015-09-06 23:21:06'),(2096,1,0,'Category modification','Category',4,1,'2015-09-06 23:23:14','2015-09-06 23:23:14'),(2097,1,0,'Back Office connection from 202.156.180.87','',0,1,'2015-09-06 23:35:04','2015-09-06 23:35:04'),(2098,1,0,'Back Office connection from 175.139.77.205','',0,1,'2015-09-07 12:24:09','2015-09-07 12:24:09'),(2099,1,0,'Category modification','Category',3,1,'2015-09-07 12:25:39','2015-09-07 12:25:39'),(2100,1,0,'Category modification','Category',4,1,'2015-09-07 12:35:57','2015-09-07 12:35:57'),(2101,1,0,'Back Office connection from 175.139.77.205','',0,1,'2015-09-07 14:38:06','2015-09-07 14:38:06'),(2102,1,0,'Back Office connection from 202.156.180.87','',0,1,'2015-09-07 23:45:29','2015-09-07 23:45:29'),(2103,1,0,'Back Office connection from 202.156.180.87','',0,1,'2015-09-08 00:25:07','2015-09-08 00:25:07'),(2104,1,0,'Back Office connection from 175.139.77.205','',0,1,'2015-09-08 01:37:03','2015-09-08 01:37:03'),(2105,1,0,'Category modification','Category',8,1,'2015-09-08 01:41:20','2015-09-08 01:41:20'),(2106,1,0,'Category modification','Category',13,1,'2015-09-08 01:42:36','2015-09-08 01:42:36'),(2107,1,0,'Category modification','Category',9,1,'2015-09-08 01:44:09','2015-09-08 01:44:09'),(2108,1,0,'Category modification','Category',14,1,'2015-09-08 01:46:19','2015-09-08 01:46:19'),(2109,1,0,'Category modification','Category',24,1,'2015-09-08 01:47:39','2015-09-08 01:47:39'),(2110,1,0,'Category modification','Category',24,1,'2015-09-08 01:48:31','2015-09-08 01:48:31'),(2111,1,0,'Category modification','Category',23,1,'2015-09-08 01:50:56','2015-09-08 01:50:56'),(2112,1,0,'Category modification','Category',15,1,'2015-09-08 01:52:25','2015-09-08 01:52:25'),(2113,1,0,'Category modification','Category',16,1,'2015-09-08 01:53:46','2015-09-08 01:53:46'),(2114,1,0,'Category modification','Category',17,1,'2015-09-08 01:54:37','2015-09-08 01:54:37'),(2115,1,0,'Category modification','Category',18,1,'2015-09-08 01:55:27','2015-09-08 01:55:27'),(2116,1,0,'Category modification','Category',22,1,'2015-09-08 01:56:21','2015-09-08 01:56:21'),(2117,1,0,'Category modification','Category',20,1,'2015-09-08 01:57:23','2015-09-08 01:57:23'),(2118,1,0,'Category modification','Category',21,1,'2015-09-08 01:58:14','2015-09-08 01:58:14'),(2119,1,0,'Category modification','Category',8,1,'2015-09-08 02:00:14','2015-09-08 02:00:14'),(2120,1,0,'Category modification','Category',8,1,'2015-09-08 02:03:31','2015-09-08 02:03:31'),(2121,1,0,'Back Office connection from 175.139.77.205','',0,1,'2015-09-08 10:18:59','2015-09-08 10:18:59'),(2122,1,0,'Category modification','Category',4,1,'2015-09-08 10:23:36','2015-09-08 10:23:36'),(2123,1,0,'Category modification','Category',8,1,'2015-09-08 10:24:41','2015-09-08 10:24:41'),(2124,1,0,'Category modification','Category',13,1,'2015-09-08 10:25:41','2015-09-08 10:25:41'),(2125,1,0,'Category modification','Category',9,1,'2015-09-08 10:27:05','2015-09-08 10:27:05'),(2126,1,0,'Category modification','Category',9,1,'2015-09-08 10:28:17','2015-09-08 10:28:17'),(2127,1,0,'Category modification','Category',14,1,'2015-09-08 10:29:21','2015-09-08 10:29:21'),(2128,1,0,'Category modification','Category',24,1,'2015-09-08 10:30:22','2015-09-08 10:30:22'),(2129,1,0,'Category modification','Category',23,1,'2015-09-08 10:31:31','2015-09-08 10:31:31'),(2130,1,0,'Category modification','Category',20,1,'2015-09-08 10:36:59','2015-09-08 10:36:59'),(2131,1,0,'Category modification','Category',21,1,'2015-09-08 10:37:36','2015-09-08 10:37:36'),(2132,1,0,'Category modification','Category',15,1,'2015-09-08 10:38:37','2015-09-08 10:38:37'),(2133,1,0,'Category modification','Category',16,1,'2015-09-08 10:39:25','2015-09-08 10:39:25'),(2134,1,0,'Category modification','Category',17,1,'2015-09-08 10:40:16','2015-09-08 10:40:16'),(2135,1,0,'Category modification','Category',18,1,'2015-09-08 10:41:00','2015-09-08 10:41:00'),(2136,1,0,'Category modification','Category',22,1,'2015-09-08 10:41:39','2015-09-08 10:41:39'),(2137,1,0,'Category modification','Category',4,1,'2015-09-08 10:43:06','2015-09-08 10:43:06'),(2138,1,0,'Category modification','Category',8,1,'2015-09-08 10:43:47','2015-09-08 10:43:47'),(2139,1,0,'Category modification','Category',14,1,'2015-09-08 10:44:33','2015-09-08 10:44:33'),(2140,1,0,'Category modification','Category',24,1,'2015-09-08 10:45:12','2015-09-08 10:45:12'),(2141,1,0,'Category modification','Category',23,1,'2015-09-08 10:45:54','2015-09-08 10:45:54'),(2142,1,0,'Category modification','Category',8,1,'2015-09-08 10:48:45','2015-09-08 10:48:45'),(2143,1,0,'Back Office connection from 175.139.77.205','',0,1,'2015-09-08 11:34:00','2015-09-08 11:34:00'),(2144,1,0,'Category modification','Category',9,1,'2015-09-08 11:34:52','2015-09-08 11:34:52'),(2145,1,0,'Category modification','Category',13,1,'2015-09-08 11:35:41','2015-09-08 11:35:41'),(2146,1,0,'Category modification','Category',8,1,'2015-09-08 11:44:07','2015-09-08 11:44:07'),(2147,1,0,'Back Office connection from 175.139.77.205','',0,1,'2015-09-08 12:21:50','2015-09-08 12:21:50'),(2148,1,0,'Category modification','Category',8,1,'2015-09-08 12:24:19','2015-09-08 12:24:19'),(2149,1,0,'Category addition','Category',26,1,'2015-09-08 12:26:06','2015-09-08 12:26:06'),(2150,1,0,'Category modification','Category',26,1,'2015-09-08 12:26:55','2015-09-08 12:26:55'),(2151,1,0,'Product modification','Product',20,1,'2015-09-08 12:28:26','2015-09-08 12:28:26'),(2152,1,0,'Product modification','Product',20,1,'2015-09-08 12:29:18','2015-09-08 12:29:18'),(2153,1,0,'Product modification','Product',21,1,'2015-09-08 12:31:30','2015-09-08 12:31:30'),(2154,1,0,'Product modification','Product',22,1,'2015-09-08 12:32:19','2015-09-08 12:32:19'),(2155,1,0,'Product modification','Product',23,1,'2015-09-08 12:33:01','2015-09-08 12:33:01'),(2156,1,0,'Product modification','Product',60,1,'2015-09-08 12:34:10','2015-09-08 12:34:10'),(2157,1,0,'Product modification','Product',61,1,'2015-09-08 12:36:32','2015-09-08 12:36:32'),(2158,1,0,'Product modification','Product',75,1,'2015-09-08 12:37:18','2015-09-08 12:37:18'),(2159,1,0,'Product modification','Product',74,1,'2015-09-08 12:38:03','2015-09-08 12:38:03'),(2160,1,0,'Product modification','Product',76,1,'2015-09-08 12:42:54','2015-09-08 12:42:54'),(2161,1,0,'Product modification','Product',77,1,'2015-09-08 12:44:17','2015-09-08 12:44:17'),(2162,1,0,'Product modification','Product',78,1,'2015-09-08 12:44:58','2015-09-08 12:44:58'),(2163,1,0,'Product modification','Product',79,1,'2015-09-08 12:45:59','2015-09-08 12:45:59'),(2164,1,0,'Product modification','Product',80,1,'2015-09-08 12:47:12','2015-09-08 12:47:12'),(2165,1,0,'Product modification','Product',95,1,'2015-09-08 12:47:52','2015-09-08 12:47:52'),(2166,1,0,'Category deletion','Category',8,1,'2015-09-08 12:51:22','2015-09-08 12:51:22'),(2167,1,0,'Back Office connection from 175.139.77.205','',0,1,'2015-09-08 15:09:08','2015-09-08 15:09:08'),(2168,1,0,'Customer deletion','Customer',5,1,'2015-09-08 15:24:14','2015-09-08 15:24:14'),(2169,1,0,'Customer deletion','Customer',6,1,'2015-09-08 15:44:22','2015-09-08 15:44:22'),(2170,1,0,'Category deletion','Category',7,1,'2015-09-08 16:30:27','2015-09-08 16:30:27'),(2171,1,0,'Category deletion','Category',6,1,'2015-09-08 16:32:04','2015-09-08 16:32:04'),(2172,1,0,'Category deletion','Category',5,1,'2015-09-08 16:33:00','2015-09-08 16:33:00'),(2173,1,0,'Frontcontroller::init - Cart cannot be loaded or an order has already been placed using this cart','Cart',15,0,'2015-09-08 16:36:10','2015-09-08 16:36:10'),(2174,1,0,'Mail deletion','Mail',1,1,'2015-09-08 16:50:21','2015-09-08 16:50:21'),(2175,1,0,'Mail deletion','Mail',2,1,'2015-09-08 16:50:21','2015-09-08 16:50:21'),(2176,1,0,'Mail deletion','Mail',3,1,'2015-09-08 16:50:21','2015-09-08 16:50:21'),(2177,1,0,'Mail deletion','Mail',4,1,'2015-09-08 16:50:21','2015-09-08 16:50:21'),(2178,1,0,'Mail deletion','Mail',5,1,'2015-09-08 16:50:22','2015-09-08 16:50:22'),(2179,1,0,'Mail deletion','Mail',6,1,'2015-09-08 16:50:22','2015-09-08 16:50:22'),(2180,1,0,'Mail deletion','Mail',7,1,'2015-09-08 16:50:22','2015-09-08 16:50:22'),(2181,1,0,'Mail deletion','Mail',8,1,'2015-09-08 16:50:22','2015-09-08 16:50:22'),(2182,1,0,'Mail deletion','Mail',9,1,'2015-09-08 16:50:22','2015-09-08 16:50:22'),(2183,1,0,'Mail deletion','Mail',10,1,'2015-09-08 16:50:22','2015-09-08 16:50:22'),(2184,1,0,'Mail deletion','Mail',11,1,'2015-09-08 16:50:23','2015-09-08 16:50:23'),(2185,1,0,'Mail deletion','Mail',12,1,'2015-09-08 16:50:23','2015-09-08 16:50:23'),(2186,1,0,'Mail deletion','Mail',13,1,'2015-09-08 16:50:23','2015-09-08 16:50:23'),(2187,1,0,'Mail deletion','Mail',14,1,'2015-09-08 16:50:23','2015-09-08 16:50:23'),(2188,1,0,'Mail deletion','Mail',15,1,'2015-09-08 16:50:23','2015-09-08 16:50:23'),(2189,1,0,'Mail deletion','Mail',16,1,'2015-09-08 16:50:23','2015-09-08 16:50:23'),(2190,1,0,'Mail deletion','Mail',17,1,'2015-09-08 16:50:23','2015-09-08 16:50:23'),(2191,1,0,'Mail deletion','Mail',18,1,'2015-09-08 16:50:23','2015-09-08 16:50:23'),(2192,1,0,'Mail deletion','Mail',19,1,'2015-09-08 16:50:24','2015-09-08 16:50:24'),(2193,1,0,'Mail deletion','Mail',20,1,'2015-09-08 16:50:24','2015-09-08 16:50:24'),(2194,1,0,'Mail deletion','Mail',21,1,'2015-09-08 16:50:24','2015-09-08 16:50:24'),(2195,1,0,'Mail deletion','Mail',22,1,'2015-09-08 16:50:24','2015-09-08 16:50:24'),(2196,1,0,'Mail deletion','Mail',23,1,'2015-09-08 16:50:24','2015-09-08 16:50:24'),(2197,1,0,'Mail deletion','Mail',24,1,'2015-09-08 16:50:24','2015-09-08 16:50:24'),(2198,1,0,'Mail deletion','Mail',25,1,'2015-09-08 16:50:24','2015-09-08 16:50:24'),(2199,1,0,'Mail deletion','Mail',26,1,'2015-09-08 16:50:24','2015-09-08 16:50:24'),(2200,1,0,'Mail deletion','Mail',27,1,'2015-09-08 16:50:24','2015-09-08 16:50:24'),(2201,1,0,'Mail deletion','Mail',28,1,'2015-09-08 16:50:24','2015-09-08 16:50:24'),(2202,1,0,'Mail deletion','Mail',29,1,'2015-09-08 16:50:24','2015-09-08 16:50:24'),(2203,1,0,'Mail deletion','Mail',30,1,'2015-09-08 16:50:24','2015-09-08 16:50:24'),(2204,1,0,'Mail deletion','Mail',31,1,'2015-09-08 16:50:24','2015-09-08 16:50:24'),(2205,1,0,'Mail deletion','Mail',32,1,'2015-09-08 16:50:24','2015-09-08 16:50:24'),(2206,1,0,'Mail deletion','Mail',33,1,'2015-09-08 16:50:24','2015-09-08 16:50:24'),(2207,1,0,'Mail deletion','Mail',34,1,'2015-09-08 16:50:24','2015-09-08 16:50:24'),(2208,1,0,'Mail deletion','Mail',35,1,'2015-09-08 16:50:25','2015-09-08 16:50:25'),(2209,1,0,'Mail deletion','Mail',36,1,'2015-09-08 16:50:25','2015-09-08 16:50:25'),(2210,1,0,'Mail deletion','Mail',37,1,'2015-09-08 16:50:25','2015-09-08 16:50:25'),(2211,1,0,'Mail deletion','Mail',38,1,'2015-09-08 16:50:25','2015-09-08 16:50:25'),(2212,1,0,'Mail deletion','Mail',39,1,'2015-09-08 16:50:25','2015-09-08 16:50:25'),(2213,1,0,'Mail deletion','Mail',40,1,'2015-09-08 16:50:25','2015-09-08 16:50:25'),(2214,1,0,'Mail deletion','Mail',41,1,'2015-09-08 16:50:25','2015-09-08 16:50:25'),(2215,1,0,'Mail deletion','Mail',42,1,'2015-09-08 16:50:25','2015-09-08 16:50:25'),(2216,1,0,'Mail deletion','Mail',43,1,'2015-09-08 16:50:25','2015-09-08 16:50:25'),(2217,1,0,'Mail deletion','Mail',44,1,'2015-09-08 16:50:25','2015-09-08 16:50:25'),(2218,1,0,'Mail deletion','Mail',45,1,'2015-09-08 16:50:25','2015-09-08 16:50:25'),(2219,1,0,'Mail deletion','Mail',46,1,'2015-09-08 16:50:25','2015-09-08 16:50:25'),(2220,1,0,'Mail deletion','Mail',47,1,'2015-09-08 16:50:25','2015-09-08 16:50:25'),(2221,1,0,'Mail deletion','Mail',48,1,'2015-09-08 16:50:25','2015-09-08 16:50:25'),(2222,1,0,'Mail deletion','Mail',49,1,'2015-09-08 16:50:25','2015-09-08 16:50:25'),(2223,1,0,'Mail deletion','Mail',50,1,'2015-09-08 16:50:25','2015-09-08 16:50:25'),(2224,1,0,'Mail deletion','Mail',51,1,'2015-09-08 16:50:45','2015-09-08 16:50:45'),(2225,1,0,'Mail deletion','Mail',52,1,'2015-09-08 16:50:45','2015-09-08 16:50:45'),(2226,1,0,'Mail deletion','Mail',53,1,'2015-09-08 16:50:45','2015-09-08 16:50:45'),(2227,1,0,'Mail deletion','Mail',54,1,'2015-09-08 16:50:45','2015-09-08 16:50:45'),(2228,1,0,'Mail deletion','Mail',55,1,'2015-09-08 16:50:45','2015-09-08 16:50:45'),(2229,1,0,'Mail deletion','Mail',56,1,'2015-09-08 16:50:45','2015-09-08 16:50:45'),(2230,1,0,'Mail deletion','Mail',57,1,'2015-09-08 16:50:45','2015-09-08 16:50:45'),(2231,1,0,'Mail deletion','Mail',58,1,'2015-09-08 16:50:45','2015-09-08 16:50:45'),(2232,1,0,'Mail deletion','Mail',59,1,'2015-09-08 16:50:45','2015-09-08 16:50:45'),(2233,1,0,'Mail deletion','Mail',60,1,'2015-09-08 16:50:45','2015-09-08 16:50:45'),(2234,1,0,'Mail deletion','Mail',61,1,'2015-09-08 16:50:45','2015-09-08 16:50:45'),(2235,1,0,'Mail deletion','Mail',62,1,'2015-09-08 16:50:45','2015-09-08 16:50:45'),(2236,1,0,'Mail deletion','Mail',63,1,'2015-09-08 16:50:45','2015-09-08 16:50:45'),(2237,1,0,'Mail deletion','Mail',64,1,'2015-09-08 16:50:45','2015-09-08 16:50:45'),(2238,1,0,'Mail deletion','Mail',65,1,'2015-09-08 16:50:45','2015-09-08 16:50:45'),(2239,1,0,'Mail deletion','Mail',66,1,'2015-09-08 16:50:45','2015-09-08 16:50:45'),(2240,1,0,'Mail deletion','Mail',67,1,'2015-09-08 16:50:45','2015-09-08 16:50:45'),(2241,1,0,'Mail deletion','Mail',68,1,'2015-09-08 16:50:45','2015-09-08 16:50:45'),(2242,1,0,'Mail deletion','Mail',69,1,'2015-09-08 16:50:45','2015-09-08 16:50:45'),(2243,1,0,'Mail deletion','Mail',70,1,'2015-09-08 16:50:45','2015-09-08 16:50:45'),(2244,1,0,'Mail deletion','Mail',71,1,'2015-09-08 16:50:45','2015-09-08 16:50:45'),(2245,1,0,'Mail deletion','Mail',72,1,'2015-09-08 16:50:45','2015-09-08 16:50:45'),(2246,1,0,'Mail deletion','Mail',73,1,'2015-09-08 16:50:45','2015-09-08 16:50:45'),(2247,1,0,'Mail deletion','Mail',74,1,'2015-09-08 16:50:45','2015-09-08 16:50:45'),(2248,1,0,'Mail deletion','Mail',75,1,'2015-09-08 16:50:45','2015-09-08 16:50:45'),(2249,1,0,'Mail deletion','Mail',76,1,'2015-09-08 16:50:45','2015-09-08 16:50:45'),(2250,1,0,'Mail deletion','Mail',77,1,'2015-09-08 16:50:45','2015-09-08 16:50:45'),(2251,1,0,'Mail deletion','Mail',78,1,'2015-09-08 16:50:45','2015-09-08 16:50:45'),(2252,1,0,'Mail deletion','Mail',79,1,'2015-09-08 16:50:45','2015-09-08 16:50:45'),(2253,1,0,'Mail deletion','Mail',80,1,'2015-09-08 16:50:45','2015-09-08 16:50:45'),(2254,1,0,'Mail deletion','Mail',81,1,'2015-09-08 16:50:45','2015-09-08 16:50:45'),(2255,1,0,'Mail deletion','Mail',82,1,'2015-09-08 16:50:45','2015-09-08 16:50:45'),(2256,1,0,'Mail deletion','Mail',83,1,'2015-09-08 16:50:45','2015-09-08 16:50:45'),(2257,1,0,'Mail deletion','Mail',84,1,'2015-09-08 16:50:45','2015-09-08 16:50:45'),(2258,1,0,'Mail deletion','Mail',85,1,'2015-09-08 16:50:45','2015-09-08 16:50:45'),(2259,1,0,'Mail deletion','Mail',86,1,'2015-09-08 16:50:45','2015-09-08 16:50:45'),(2260,1,0,'Mail deletion','Mail',87,1,'2015-09-08 16:50:45','2015-09-08 16:50:45'),(2261,1,0,'Mail deletion','Mail',88,1,'2015-09-08 16:50:45','2015-09-08 16:50:45'),(2262,1,0,'Mail deletion','Mail',89,1,'2015-09-08 16:50:45','2015-09-08 16:50:45'),(2263,1,0,'Mail deletion','Mail',90,1,'2015-09-08 16:50:45','2015-09-08 16:50:45'),(2264,1,0,'Mail deletion','Mail',91,1,'2015-09-08 16:50:45','2015-09-08 16:50:45'),(2265,1,0,'Mail deletion','Mail',92,1,'2015-09-08 16:50:45','2015-09-08 16:50:45'),(2266,1,0,'Mail deletion','Mail',93,1,'2015-09-08 16:50:45','2015-09-08 16:50:45'),(2267,1,0,'Mail deletion','Mail',94,1,'2015-09-08 16:50:45','2015-09-08 16:50:45'),(2268,1,0,'Mail deletion','Mail',95,1,'2015-09-08 16:50:46','2015-09-08 16:50:46'),(2269,1,0,'Mail deletion','Mail',96,1,'2015-09-08 16:50:48','2015-09-08 16:50:48'),(2270,1,0,'Mail deletion','Mail',97,1,'2015-09-08 16:50:48','2015-09-08 16:50:48'),(2271,1,0,'Mail deletion','Mail',98,1,'2015-09-08 16:50:48','2015-09-08 16:50:48'),(2272,1,0,'Mail deletion','Mail',99,1,'2015-09-08 16:50:48','2015-09-08 16:50:48'),(2273,1,0,'Mail deletion','Mail',100,1,'2015-09-08 16:50:48','2015-09-08 16:50:48'),(2274,1,0,'Mail deletion','Mail',101,1,'2015-09-08 16:51:04','2015-09-08 16:51:04'),(2275,1,0,'Mail deletion','Mail',102,1,'2015-09-08 16:51:05','2015-09-08 16:51:05'),(2276,1,0,'Mail deletion','Mail',103,1,'2015-09-08 16:51:05','2015-09-08 16:51:05'),(2277,1,0,'Mail deletion','Mail',104,1,'2015-09-08 16:51:05','2015-09-08 16:51:05'),(2278,1,0,'Mail deletion','Mail',105,1,'2015-09-08 16:51:05','2015-09-08 16:51:05'),(2279,1,0,'Mail deletion','Mail',106,1,'2015-09-08 16:51:05','2015-09-08 16:51:05'),(2280,1,0,'Mail deletion','Mail',107,1,'2015-09-08 16:51:05','2015-09-08 16:51:05'),(2281,1,0,'Mail deletion','Mail',108,1,'2015-09-08 16:51:05','2015-09-08 16:51:05'),(2282,1,0,'Mail deletion','Mail',109,1,'2015-09-08 16:51:05','2015-09-08 16:51:05'),(2283,1,0,'Mail deletion','Mail',110,1,'2015-09-08 16:51:05','2015-09-08 16:51:05'),(2284,1,0,'Mail deletion','Mail',111,1,'2015-09-08 16:51:05','2015-09-08 16:51:05'),(2285,1,0,'Mail deletion','Mail',112,1,'2015-09-08 16:51:05','2015-09-08 16:51:05'),(2286,1,0,'Mail deletion','Mail',113,1,'2015-09-08 16:51:05','2015-09-08 16:51:05'),(2287,1,0,'Mail deletion','Mail',114,1,'2015-09-08 16:51:05','2015-09-08 16:51:05'),(2288,1,0,'Mail deletion','Mail',115,1,'2015-09-08 16:51:05','2015-09-08 16:51:05'),(2289,1,0,'Mail deletion','Mail',116,1,'2015-09-08 16:51:05','2015-09-08 16:51:05'),(2290,1,0,'Mail deletion','Mail',117,1,'2015-09-08 16:51:05','2015-09-08 16:51:05'),(2291,1,0,'Mail deletion','Mail',118,1,'2015-09-08 16:51:05','2015-09-08 16:51:05'),(2292,1,0,'Mail deletion','Mail',119,1,'2015-09-08 16:51:05','2015-09-08 16:51:05'),(2293,1,0,'Mail deletion','Mail',120,1,'2015-09-08 16:51:05','2015-09-08 16:51:05'),(2294,1,0,'Mail deletion','Mail',121,1,'2015-09-08 16:51:05','2015-09-08 16:51:05'),(2295,1,0,'Mail deletion','Mail',122,1,'2015-09-08 16:51:05','2015-09-08 16:51:05'),(2296,1,0,'Mail deletion','Mail',123,1,'2015-09-08 16:51:05','2015-09-08 16:51:05'),(2297,1,0,'Mail deletion','Mail',124,1,'2015-09-08 16:51:05','2015-09-08 16:51:05'),(2298,1,0,'Mail deletion','Mail',125,1,'2015-09-08 16:51:05','2015-09-08 16:51:05'),(2299,1,0,'Mail deletion','Mail',126,1,'2015-09-08 16:51:05','2015-09-08 16:51:05'),(2300,1,0,'Mail deletion','Mail',127,1,'2015-09-08 16:51:05','2015-09-08 16:51:05'),(2301,1,0,'Mail deletion','Mail',128,1,'2015-09-08 16:51:05','2015-09-08 16:51:05'),(2302,1,0,'Mail deletion','Mail',129,1,'2015-09-08 16:51:05','2015-09-08 16:51:05'),(2303,1,0,'Mail deletion','Mail',130,1,'2015-09-08 16:51:05','2015-09-08 16:51:05'),(2304,1,0,'Mail deletion','Mail',131,1,'2015-09-08 16:51:05','2015-09-08 16:51:05'),(2305,1,0,'Mail deletion','Mail',132,1,'2015-09-08 16:51:05','2015-09-08 16:51:05'),(2306,1,0,'Mail deletion','Mail',133,1,'2015-09-08 16:51:05','2015-09-08 16:51:05'),(2307,1,0,'Mail deletion','Mail',134,1,'2015-09-08 16:51:05','2015-09-08 16:51:05'),(2308,1,0,'Mail deletion','Mail',135,1,'2015-09-08 16:51:05','2015-09-08 16:51:05'),(2309,1,0,'Mail deletion','Mail',136,1,'2015-09-08 16:51:05','2015-09-08 16:51:05'),(2310,1,0,'Mail deletion','Mail',137,1,'2015-09-08 16:51:05','2015-09-08 16:51:05'),(2311,1,0,'Mail deletion','Mail',138,1,'2015-09-08 16:51:05','2015-09-08 16:51:05'),(2312,1,0,'Mail deletion','Mail',139,1,'2015-09-08 16:51:05','2015-09-08 16:51:05'),(2313,1,0,'Mail deletion','Mail',140,1,'2015-09-08 16:51:05','2015-09-08 16:51:05'),(2314,1,0,'Mail deletion','Mail',141,1,'2015-09-08 16:51:05','2015-09-08 16:51:05'),(2315,1,0,'Mail deletion','Mail',142,1,'2015-09-08 16:51:05','2015-09-08 16:51:05'),(2316,1,0,'Mail deletion','Mail',143,1,'2015-09-08 16:51:05','2015-09-08 16:51:05'),(2317,1,0,'Mail deletion','Mail',144,1,'2015-09-08 16:51:05','2015-09-08 16:51:05'),(2318,1,0,'Mail deletion','Mail',145,1,'2015-09-08 16:51:05','2015-09-08 16:51:05'),(2319,1,0,'Mail deletion','Mail',146,1,'2015-09-08 16:51:05','2015-09-08 16:51:05'),(2320,1,0,'Mail deletion','Mail',147,1,'2015-09-08 16:51:06','2015-09-08 16:51:06'),(2321,1,0,'Mail deletion','Mail',148,1,'2015-09-08 16:51:06','2015-09-08 16:51:06'),(2322,1,0,'Mail deletion','Mail',149,1,'2015-09-08 16:51:06','2015-09-08 16:51:06'),(2323,1,0,'Mail deletion','Mail',150,1,'2015-09-08 16:51:06','2015-09-08 16:51:06'),(2324,1,0,'Mail deletion','Mail',151,1,'2015-09-08 16:51:23','2015-09-08 16:51:23'),(2325,1,0,'Mail deletion','Mail',152,1,'2015-09-08 16:51:23','2015-09-08 16:51:23'),(2326,1,0,'Mail deletion','Mail',153,1,'2015-09-08 16:51:23','2015-09-08 16:51:23'),(2327,1,0,'Mail deletion','Mail',154,1,'2015-09-08 16:51:24','2015-09-08 16:51:24'),(2328,1,0,'Mail deletion','Mail',155,1,'2015-09-08 16:51:24','2015-09-08 16:51:24'),(2329,1,0,'Mail deletion','Mail',156,1,'2015-09-08 16:51:24','2015-09-08 16:51:24'),(2330,1,0,'Mail deletion','Mail',157,1,'2015-09-08 16:51:24','2015-09-08 16:51:24'),(2331,1,0,'Mail deletion','Mail',158,1,'2015-09-08 16:51:24','2015-09-08 16:51:24'),(2332,1,0,'Mail deletion','Mail',159,1,'2015-09-08 16:51:24','2015-09-08 16:51:24'),(2333,1,0,'Mail deletion','Mail',160,1,'2015-09-08 16:51:24','2015-09-08 16:51:24'),(2334,1,0,'Mail deletion','Mail',161,1,'2015-09-08 16:51:24','2015-09-08 16:51:24'),(2335,1,0,'Mail deletion','Mail',162,1,'2015-09-08 16:51:24','2015-09-08 16:51:24'),(2336,1,0,'Mail deletion','Mail',163,1,'2015-09-08 16:51:24','2015-09-08 16:51:24'),(2337,1,0,'Mail deletion','Mail',164,1,'2015-09-08 16:51:24','2015-09-08 16:51:24'),(2338,1,0,'Mail deletion','Mail',165,1,'2015-09-08 16:51:24','2015-09-08 16:51:24'),(2339,1,0,'Mail deletion','Mail',166,1,'2015-09-08 16:51:24','2015-09-08 16:51:24'),(2340,1,0,'Mail deletion','Mail',167,1,'2015-09-08 16:51:24','2015-09-08 16:51:24'),(2341,1,0,'Mail deletion','Mail',168,1,'2015-09-08 16:51:24','2015-09-08 16:51:24'),(2342,1,0,'Mail deletion','Mail',169,1,'2015-09-08 16:51:24','2015-09-08 16:51:24'),(2343,1,0,'Mail deletion','Mail',170,1,'2015-09-08 16:51:24','2015-09-08 16:51:24'),(2344,1,0,'Mail deletion','Mail',171,1,'2015-09-08 16:51:24','2015-09-08 16:51:24'),(2345,1,0,'Mail deletion','Mail',172,1,'2015-09-08 16:51:24','2015-09-08 16:51:24'),(2346,1,0,'Mail deletion','Mail',173,1,'2015-09-08 16:51:24','2015-09-08 16:51:24'),(2347,1,0,'Mail deletion','Mail',174,1,'2015-09-08 16:51:24','2015-09-08 16:51:24'),(2348,1,0,'Mail deletion','Mail',175,1,'2015-09-08 16:51:24','2015-09-08 16:51:24'),(2349,1,0,'Mail deletion','Mail',176,1,'2015-09-08 16:51:24','2015-09-08 16:51:24'),(2350,1,0,'Mail deletion','Mail',177,1,'2015-09-08 16:51:24','2015-09-08 16:51:24'),(2351,1,0,'Mail deletion','Mail',178,1,'2015-09-08 16:51:24','2015-09-08 16:51:24'),(2352,1,0,'Mail deletion','Mail',179,1,'2015-09-08 16:51:24','2015-09-08 16:51:24'),(2353,1,0,'Mail deletion','Mail',180,1,'2015-09-08 16:51:24','2015-09-08 16:51:24'),(2354,1,0,'Mail deletion','Mail',181,1,'2015-09-08 16:51:24','2015-09-08 16:51:24'),(2355,1,0,'Mail deletion','Mail',182,1,'2015-09-08 16:51:24','2015-09-08 16:51:24'),(2356,1,0,'Mail deletion','Mail',183,1,'2015-09-08 16:51:24','2015-09-08 16:51:24'),(2357,1,0,'Mail deletion','Mail',184,1,'2015-09-08 16:51:24','2015-09-08 16:51:24'),(2358,1,0,'Mail deletion','Mail',185,1,'2015-09-08 16:51:24','2015-09-08 16:51:24'),(2359,1,0,'Mail deletion','Mail',186,1,'2015-09-08 16:51:24','2015-09-08 16:51:24'),(2360,1,0,'Mail deletion','Mail',187,1,'2015-09-08 16:51:24','2015-09-08 16:51:24'),(2361,1,0,'Mail deletion','Mail',188,1,'2015-09-08 16:51:24','2015-09-08 16:51:24'),(2362,1,0,'Mail deletion','Mail',189,1,'2015-09-08 16:51:24','2015-09-08 16:51:24'),(2363,1,0,'Mail deletion','Mail',190,1,'2015-09-08 16:51:25','2015-09-08 16:51:25'),(2364,1,0,'Mail deletion','Mail',191,1,'2015-09-08 16:51:25','2015-09-08 16:51:25'),(2365,1,0,'Mail deletion','Mail',192,1,'2015-09-08 16:51:25','2015-09-08 16:51:25'),(2366,1,0,'Mail deletion','Mail',193,1,'2015-09-08 16:51:25','2015-09-08 16:51:25'),(2367,1,0,'Mail deletion','Mail',194,1,'2015-09-08 16:51:25','2015-09-08 16:51:25'),(2368,1,0,'Mail deletion','Mail',195,1,'2015-09-08 16:51:25','2015-09-08 16:51:25'),(2369,1,0,'Mail deletion','Mail',196,1,'2015-09-08 16:51:25','2015-09-08 16:51:25'),(2370,1,0,'Mail deletion','Mail',197,1,'2015-09-08 16:51:25','2015-09-08 16:51:25'),(2371,1,0,'Mail deletion','Mail',198,1,'2015-09-08 16:51:25','2015-09-08 16:51:25'),(2372,1,0,'Mail deletion','Mail',199,1,'2015-09-08 16:51:25','2015-09-08 16:51:25'),(2373,1,0,'Mail deletion','Mail',200,1,'2015-09-08 16:51:25','2015-09-08 16:51:25'),(2374,1,0,'Mail deletion','Mail',201,1,'2015-09-08 16:51:42','2015-09-08 16:51:42'),(2375,1,0,'Mail deletion','Mail',202,1,'2015-09-08 16:51:42','2015-09-08 16:51:42'),(2376,1,0,'Mail deletion','Mail',203,1,'2015-09-08 16:51:42','2015-09-08 16:51:42'),(2377,1,0,'Mail deletion','Mail',204,1,'2015-09-08 16:51:43','2015-09-08 16:51:43'),(2378,1,0,'Mail deletion','Mail',205,1,'2015-09-08 16:51:43','2015-09-08 16:51:43'),(2379,1,0,'Mail deletion','Mail',206,1,'2015-09-08 16:51:43','2015-09-08 16:51:43'),(2380,1,0,'Mail deletion','Mail',207,1,'2015-09-08 16:51:43','2015-09-08 16:51:43'),(2381,1,0,'Mail deletion','Mail',208,1,'2015-09-08 16:51:43','2015-09-08 16:51:43'),(2382,1,0,'Mail deletion','Mail',209,1,'2015-09-08 16:51:43','2015-09-08 16:51:43'),(2383,1,0,'Mail deletion','Mail',210,1,'2015-09-08 16:51:43','2015-09-08 16:51:43'),(2384,1,0,'Mail deletion','Mail',211,1,'2015-09-08 16:51:43','2015-09-08 16:51:43'),(2385,1,0,'Mail deletion','Mail',212,1,'2015-09-08 16:51:43','2015-09-08 16:51:43'),(2386,1,0,'Mail deletion','Mail',213,1,'2015-09-08 16:51:43','2015-09-08 16:51:43'),(2387,1,0,'Mail deletion','Mail',214,1,'2015-09-08 16:51:43','2015-09-08 16:51:43'),(2388,1,0,'Mail deletion','Mail',215,1,'2015-09-08 16:51:43','2015-09-08 16:51:43'),(2389,1,0,'Mail deletion','Mail',216,1,'2015-09-08 16:51:43','2015-09-08 16:51:43'),(2390,1,0,'Mail deletion','Mail',217,1,'2015-09-08 16:51:43','2015-09-08 16:51:43'),(2391,1,0,'Mail deletion','Mail',218,1,'2015-09-08 16:51:43','2015-09-08 16:51:43'),(2392,1,0,'Mail deletion','Mail',219,1,'2015-09-08 16:51:43','2015-09-08 16:51:43'),(2393,1,0,'Mail deletion','Mail',220,1,'2015-09-08 16:51:43','2015-09-08 16:51:43'),(2394,1,0,'Mail deletion','Mail',221,1,'2015-09-08 16:51:43','2015-09-08 16:51:43'),(2395,1,0,'Mail deletion','Mail',222,1,'2015-09-08 16:51:43','2015-09-08 16:51:43'),(2396,1,0,'Mail deletion','Mail',223,1,'2015-09-08 16:51:43','2015-09-08 16:51:43'),(2397,1,0,'Mail deletion','Mail',224,1,'2015-09-08 16:51:43','2015-09-08 16:51:43'),(2398,1,0,'Mail deletion','Mail',225,1,'2015-09-08 16:51:43','2015-09-08 16:51:43'),(2399,1,0,'Mail deletion','Mail',226,1,'2015-09-08 16:51:43','2015-09-08 16:51:43'),(2400,1,0,'Mail deletion','Mail',227,1,'2015-09-08 16:51:43','2015-09-08 16:51:43'),(2401,1,0,'Mail deletion','Mail',228,1,'2015-09-08 16:51:43','2015-09-08 16:51:43'),(2402,1,0,'Mail deletion','Mail',229,1,'2015-09-08 16:51:43','2015-09-08 16:51:43'),(2403,1,0,'Mail deletion','Mail',230,1,'2015-09-08 16:51:43','2015-09-08 16:51:43'),(2404,1,0,'Mail deletion','Mail',231,1,'2015-09-08 16:51:44','2015-09-08 16:51:44'),(2405,1,0,'Mail deletion','Mail',232,1,'2015-09-08 16:51:44','2015-09-08 16:51:44'),(2406,1,0,'Mail deletion','Mail',233,1,'2015-09-08 16:51:44','2015-09-08 16:51:44'),(2407,1,0,'Mail deletion','Mail',234,1,'2015-09-08 16:51:44','2015-09-08 16:51:44'),(2408,1,0,'Mail deletion','Mail',235,1,'2015-09-08 16:51:44','2015-09-08 16:51:44'),(2409,1,0,'Mail deletion','Mail',236,1,'2015-09-08 16:51:44','2015-09-08 16:51:44'),(2410,1,0,'Mail deletion','Mail',237,1,'2015-09-08 16:51:44','2015-09-08 16:51:44'),(2411,1,0,'Mail deletion','Mail',238,1,'2015-09-08 16:51:44','2015-09-08 16:51:44'),(2412,1,0,'Mail deletion','Mail',239,1,'2015-09-08 16:51:44','2015-09-08 16:51:44'),(2413,1,0,'Mail deletion','Mail',240,1,'2015-09-08 16:51:44','2015-09-08 16:51:44'),(2414,1,0,'Mail deletion','Mail',241,1,'2015-09-08 16:51:44','2015-09-08 16:51:44'),(2415,1,0,'Mail deletion','Mail',242,1,'2015-09-08 16:51:44','2015-09-08 16:51:44'),(2416,1,0,'Mail deletion','Mail',243,1,'2015-09-08 16:51:44','2015-09-08 16:51:44'),(2417,1,0,'Mail deletion','Mail',244,1,'2015-09-08 16:51:44','2015-09-08 16:51:44'),(2418,1,0,'Mail deletion','Mail',245,1,'2015-09-08 16:51:44','2015-09-08 16:51:44'),(2419,1,0,'Mail deletion','Mail',246,1,'2015-09-08 16:51:44','2015-09-08 16:51:44'),(2420,1,0,'Mail deletion','Mail',247,1,'2015-09-08 16:51:44','2015-09-08 16:51:44'),(2421,1,0,'Mail deletion','Mail',248,1,'2015-09-08 16:51:44','2015-09-08 16:51:44'),(2422,1,0,'Mail deletion','Mail',249,1,'2015-09-08 16:51:44','2015-09-08 16:51:44'),(2423,1,0,'Mail deletion','Mail',250,1,'2015-09-08 16:51:44','2015-09-08 16:51:44'),(2424,1,0,'Mail deletion','Mail',251,1,'2015-09-08 16:52:03','2015-09-08 16:52:03'),(2425,1,0,'Mail deletion','Mail',252,1,'2015-09-08 16:52:03','2015-09-08 16:52:03'),(2426,1,0,'Mail deletion','Mail',253,1,'2015-09-08 16:52:03','2015-09-08 16:52:03'),(2427,1,0,'Mail deletion','Mail',254,1,'2015-09-08 16:52:03','2015-09-08 16:52:03'),(2428,1,0,'Mail deletion','Mail',255,1,'2015-09-08 16:52:03','2015-09-08 16:52:03'),(2429,1,0,'Mail deletion','Mail',256,1,'2015-09-08 16:52:03','2015-09-08 16:52:03'),(2430,1,0,'Mail deletion','Mail',257,1,'2015-09-08 16:52:03','2015-09-08 16:52:03'),(2431,1,0,'Mail deletion','Mail',258,1,'2015-09-08 16:52:04','2015-09-08 16:52:04'),(2432,1,0,'Mail deletion','Mail',259,1,'2015-09-08 16:52:05','2015-09-08 16:52:05'),(2433,1,0,'Mail deletion','Mail',260,1,'2015-09-08 16:52:05','2015-09-08 16:52:05'),(2434,1,0,'Mail deletion','Mail',261,1,'2015-09-08 16:52:05','2015-09-08 16:52:05'),(2435,1,0,'Mail deletion','Mail',262,1,'2015-09-08 16:52:05','2015-09-08 16:52:05'),(2436,1,0,'Mail deletion','Mail',263,1,'2015-09-08 16:52:05','2015-09-08 16:52:05'),(2437,1,0,'Mail deletion','Mail',264,1,'2015-09-08 16:52:06','2015-09-08 16:52:06'),(2438,1,0,'Mail deletion','Mail',265,1,'2015-09-08 16:52:06','2015-09-08 16:52:06'),(2439,1,0,'Mail deletion','Mail',266,1,'2015-09-08 16:52:06','2015-09-08 16:52:06'),(2440,1,0,'Mail deletion','Mail',267,1,'2015-09-08 16:52:06','2015-09-08 16:52:06'),(2441,1,0,'Mail deletion','Mail',268,1,'2015-09-08 16:52:06','2015-09-08 16:52:06'),(2442,1,0,'Mail deletion','Mail',269,1,'2015-09-08 16:52:06','2015-09-08 16:52:06'),(2443,1,0,'Mail deletion','Mail',270,1,'2015-09-08 16:52:06','2015-09-08 16:52:06'),(2444,1,0,'Mail deletion','Mail',271,1,'2015-09-08 16:52:06','2015-09-08 16:52:06'),(2445,1,0,'Mail deletion','Mail',272,1,'2015-09-08 16:52:06','2015-09-08 16:52:06'),(2446,1,0,'Mail deletion','Mail',273,1,'2015-09-08 16:52:06','2015-09-08 16:52:06'),(2447,1,0,'Mail deletion','Mail',274,1,'2015-09-08 16:52:06','2015-09-08 16:52:06'),(2448,1,0,'Mail deletion','Mail',275,1,'2015-09-08 16:52:06','2015-09-08 16:52:06'),(2449,1,0,'Mail deletion','Mail',276,1,'2015-09-08 16:52:06','2015-09-08 16:52:06'),(2450,1,0,'Mail deletion','Mail',277,1,'2015-09-08 16:52:06','2015-09-08 16:52:06'),(2451,1,0,'Mail deletion','Mail',278,1,'2015-09-08 16:52:06','2015-09-08 16:52:06'),(2452,1,0,'Mail deletion','Mail',279,1,'2015-09-08 16:52:06','2015-09-08 16:52:06'),(2453,1,0,'Mail deletion','Mail',280,1,'2015-09-08 16:52:06','2015-09-08 16:52:06'),(2454,1,0,'Mail deletion','Mail',281,1,'2015-09-08 16:52:06','2015-09-08 16:52:06'),(2455,1,0,'Mail deletion','Mail',282,1,'2015-09-08 16:52:06','2015-09-08 16:52:06'),(2456,1,0,'Mail deletion','Mail',283,1,'2015-09-08 16:52:06','2015-09-08 16:52:06'),(2457,1,0,'Mail deletion','Mail',284,1,'2015-09-08 16:52:06','2015-09-08 16:52:06'),(2458,1,0,'Mail deletion','Mail',285,1,'2015-09-08 16:52:06','2015-09-08 16:52:06'),(2459,1,0,'Mail deletion','Mail',286,1,'2015-09-08 16:52:06','2015-09-08 16:52:06'),(2460,1,0,'Mail deletion','Mail',287,1,'2015-09-08 16:52:06','2015-09-08 16:52:06'),(2461,1,0,'Mail deletion','Mail',288,1,'2015-09-08 16:52:06','2015-09-08 16:52:06'),(2462,1,0,'Mail deletion','Mail',289,1,'2015-09-08 16:52:06','2015-09-08 16:52:06'),(2463,1,0,'Mail deletion','Mail',290,1,'2015-09-08 16:52:06','2015-09-08 16:52:06'),(2464,1,0,'Mail deletion','Mail',291,1,'2015-09-08 16:52:06','2015-09-08 16:52:06'),(2465,1,0,'Mail deletion','Mail',292,1,'2015-09-08 16:52:06','2015-09-08 16:52:06'),(2466,1,0,'Mail deletion','Mail',293,1,'2015-09-08 16:52:06','2015-09-08 16:52:06'),(2467,1,0,'Mail deletion','Mail',294,1,'2015-09-08 16:52:06','2015-09-08 16:52:06'),(2468,1,0,'Mail deletion','Mail',295,1,'2015-09-08 16:52:07','2015-09-08 16:52:07'),(2469,1,0,'Mail deletion','Mail',296,1,'2015-09-08 16:52:07','2015-09-08 16:52:07'),(2470,1,0,'Mail deletion','Mail',297,1,'2015-09-08 16:52:07','2015-09-08 16:52:07'),(2471,1,0,'Mail deletion','Mail',298,1,'2015-09-08 16:52:07','2015-09-08 16:52:07'),(2472,1,0,'Mail deletion','Mail',299,1,'2015-09-08 16:52:07','2015-09-08 16:52:07'),(2473,1,0,'Mail deletion','Mail',300,1,'2015-09-08 16:52:07','2015-09-08 16:52:07'),(2474,1,0,'Mail deletion','Mail',301,1,'2015-09-08 16:52:29','2015-09-08 16:52:29'),(2475,1,0,'Mail deletion','Mail',302,1,'2015-09-08 16:52:29','2015-09-08 16:52:29'),(2476,1,0,'Mail deletion','Mail',303,1,'2015-09-08 16:52:29','2015-09-08 16:52:29'),(2477,1,0,'Mail deletion','Mail',304,1,'2015-09-08 16:52:29','2015-09-08 16:52:29'),(2478,1,0,'Mail deletion','Mail',305,1,'2015-09-08 16:52:29','2015-09-08 16:52:29'),(2479,1,0,'Mail deletion','Mail',306,1,'2015-09-08 16:52:29','2015-09-08 16:52:29'),(2480,1,0,'Mail deletion','Mail',307,1,'2015-09-08 16:52:29','2015-09-08 16:52:29'),(2481,1,0,'Mail deletion','Mail',308,1,'2015-09-08 16:52:29','2015-09-08 16:52:29'),(2482,1,0,'Mail deletion','Mail',309,1,'2015-09-08 16:52:29','2015-09-08 16:52:29'),(2483,1,0,'Mail deletion','Mail',310,1,'2015-09-08 16:52:29','2015-09-08 16:52:29'),(2484,1,0,'Mail deletion','Mail',311,1,'2015-09-08 16:52:29','2015-09-08 16:52:29'),(2485,1,0,'Mail deletion','Mail',312,1,'2015-09-08 16:52:29','2015-09-08 16:52:29'),(2486,1,0,'Mail deletion','Mail',313,1,'2015-09-08 16:52:29','2015-09-08 16:52:29'),(2487,1,0,'Mail deletion','Mail',314,1,'2015-09-08 16:52:29','2015-09-08 16:52:29'),(2488,1,0,'Mail deletion','Mail',315,1,'2015-09-08 16:52:29','2015-09-08 16:52:29'),(2489,1,0,'Mail deletion','Mail',316,1,'2015-09-08 16:52:29','2015-09-08 16:52:29'),(2490,1,0,'Mail deletion','Mail',317,1,'2015-09-08 16:52:29','2015-09-08 16:52:29'),(2491,1,0,'Mail deletion','Mail',318,1,'2015-09-08 16:52:29','2015-09-08 16:52:29'),(2492,1,0,'Mail deletion','Mail',319,1,'2015-09-08 16:52:29','2015-09-08 16:52:29'),(2493,1,0,'Mail deletion','Mail',320,1,'2015-09-08 16:52:29','2015-09-08 16:52:29'),(2494,1,0,'Mail deletion','Mail',321,1,'2015-09-08 16:52:29','2015-09-08 16:52:29'),(2495,1,0,'Mail deletion','Mail',322,1,'2015-09-08 16:52:30','2015-09-08 16:52:30'),(2496,1,0,'Mail deletion','Mail',323,1,'2015-09-08 16:52:30','2015-09-08 16:52:30'),(2497,1,0,'Mail deletion','Mail',324,1,'2015-09-08 16:52:30','2015-09-08 16:52:30'),(2498,1,0,'Mail deletion','Mail',325,1,'2015-09-08 16:52:30','2015-09-08 16:52:30'),(2499,1,0,'Mail deletion','Mail',326,1,'2015-09-08 16:52:30','2015-09-08 16:52:30'),(2500,1,0,'Mail deletion','Mail',327,1,'2015-09-08 16:52:30','2015-09-08 16:52:30'),(2501,1,0,'Mail deletion','Mail',328,1,'2015-09-08 16:52:30','2015-09-08 16:52:30'),(2502,1,0,'Mail deletion','Mail',329,1,'2015-09-08 16:52:30','2015-09-08 16:52:30'),(2503,1,0,'Mail deletion','Mail',330,1,'2015-09-08 16:52:30','2015-09-08 16:52:30'),(2504,1,0,'Mail deletion','Mail',331,1,'2015-09-08 16:52:30','2015-09-08 16:52:30'),(2505,1,0,'Mail deletion','Mail',332,1,'2015-09-08 16:52:30','2015-09-08 16:52:30'),(2506,1,0,'Mail deletion','Mail',333,1,'2015-09-08 16:52:30','2015-09-08 16:52:30'),(2507,1,0,'Mail deletion','Mail',334,1,'2015-09-08 16:52:30','2015-09-08 16:52:30'),(2508,1,0,'Mail deletion','Mail',335,1,'2015-09-08 16:52:30','2015-09-08 16:52:30'),(2509,1,0,'Mail deletion','Mail',336,1,'2015-09-08 16:52:30','2015-09-08 16:52:30'),(2510,1,0,'Mail deletion','Mail',337,1,'2015-09-08 16:52:30','2015-09-08 16:52:30'),(2511,1,0,'Mail deletion','Mail',338,1,'2015-09-08 16:52:30','2015-09-08 16:52:30'),(2512,1,0,'Mail deletion','Mail',339,1,'2015-09-08 16:52:30','2015-09-08 16:52:30'),(2513,1,0,'Mail deletion','Mail',340,1,'2015-09-08 16:52:30','2015-09-08 16:52:30'),(2514,1,0,'Mail deletion','Mail',341,1,'2015-09-08 16:52:30','2015-09-08 16:52:30'),(2515,1,0,'Mail deletion','Mail',342,1,'2015-09-08 16:52:30','2015-09-08 16:52:30'),(2516,1,0,'Mail deletion','Mail',343,1,'2015-09-08 16:52:30','2015-09-08 16:52:30'),(2517,1,0,'Mail deletion','Mail',344,1,'2015-09-08 16:52:30','2015-09-08 16:52:30'),(2518,1,0,'Mail deletion','Mail',345,1,'2015-09-08 16:52:30','2015-09-08 16:52:30'),(2519,1,0,'Mail deletion','Mail',346,1,'2015-09-08 16:52:30','2015-09-08 16:52:30'),(2520,1,0,'Mail deletion','Mail',347,1,'2015-09-08 16:52:30','2015-09-08 16:52:30'),(2521,1,0,'Mail deletion','Mail',348,1,'2015-09-08 16:52:31','2015-09-08 16:52:31'),(2522,1,0,'Mail deletion','Mail',349,1,'2015-09-08 16:52:31','2015-09-08 16:52:31'),(2523,1,0,'Mail deletion','Mail',350,1,'2015-09-08 16:52:31','2015-09-08 16:52:31'),(2524,1,0,'Mail deletion','Mail',351,1,'2015-09-08 16:52:52','2015-09-08 16:52:52'),(2525,1,0,'Mail deletion','Mail',352,1,'2015-09-08 16:52:53','2015-09-08 16:52:53'),(2526,1,0,'Mail deletion','Mail',353,1,'2015-09-08 16:52:53','2015-09-08 16:52:53'),(2527,1,0,'Mail deletion','Mail',354,1,'2015-09-08 16:52:53','2015-09-08 16:52:53'),(2528,1,0,'Mail deletion','Mail',355,1,'2015-09-08 16:52:53','2015-09-08 16:52:53'),(2529,1,0,'Mail deletion','Mail',356,1,'2015-09-08 16:52:53','2015-09-08 16:52:53'),(2530,1,0,'Mail deletion','Mail',357,1,'2015-09-08 16:52:53','2015-09-08 16:52:53'),(2531,1,0,'Mail deletion','Mail',358,1,'2015-09-08 16:52:53','2015-09-08 16:52:53'),(2532,1,0,'Mail deletion','Mail',359,1,'2015-09-08 16:52:53','2015-09-08 16:52:53'),(2533,1,0,'Mail deletion','Mail',360,1,'2015-09-08 16:52:53','2015-09-08 16:52:53'),(2534,1,0,'Mail deletion','Mail',361,1,'2015-09-08 16:52:53','2015-09-08 16:52:53'),(2535,1,0,'Mail deletion','Mail',362,1,'2015-09-08 16:52:53','2015-09-08 16:52:53'),(2536,1,0,'Mail deletion','Mail',363,1,'2015-09-08 16:52:53','2015-09-08 16:52:53'),(2537,1,0,'Mail deletion','Mail',364,1,'2015-09-08 16:52:53','2015-09-08 16:52:53'),(2538,1,0,'Mail deletion','Mail',365,1,'2015-09-08 16:52:53','2015-09-08 16:52:53'),(2539,1,0,'Mail deletion','Mail',366,1,'2015-09-08 16:52:53','2015-09-08 16:52:53'),(2540,1,0,'Mail deletion','Mail',367,1,'2015-09-08 16:52:53','2015-09-08 16:52:53'),(2541,1,0,'Mail deletion','Mail',368,1,'2015-09-08 16:52:53','2015-09-08 16:52:53'),(2542,1,0,'Mail deletion','Mail',369,1,'2015-09-08 16:52:53','2015-09-08 16:52:53'),(2543,1,0,'Mail deletion','Mail',370,1,'2015-09-08 16:52:53','2015-09-08 16:52:53'),(2544,1,0,'Mail deletion','Mail',371,1,'2015-09-08 16:52:53','2015-09-08 16:52:53'),(2545,1,0,'Mail deletion','Mail',372,1,'2015-09-08 16:52:53','2015-09-08 16:52:53'),(2546,1,0,'Mail deletion','Mail',373,1,'2015-09-08 16:52:53','2015-09-08 16:52:53'),(2547,1,0,'Mail deletion','Mail',374,1,'2015-09-08 16:52:53','2015-09-08 16:52:53'),(2548,1,0,'Mail deletion','Mail',375,1,'2015-09-08 16:52:53','2015-09-08 16:52:53'),(2549,1,0,'Mail deletion','Mail',376,1,'2015-09-08 16:52:53','2015-09-08 16:52:53'),(2550,1,0,'Mail deletion','Mail',377,1,'2015-09-08 16:52:53','2015-09-08 16:52:53'),(2551,1,0,'Mail deletion','Mail',378,1,'2015-09-08 16:52:53','2015-09-08 16:52:53'),(2552,1,0,'Mail deletion','Mail',379,1,'2015-09-08 16:52:53','2015-09-08 16:52:53'),(2553,1,0,'Mail deletion','Mail',380,1,'2015-09-08 16:52:53','2015-09-08 16:52:53'),(2554,1,0,'Mail deletion','Mail',381,1,'2015-09-08 16:52:53','2015-09-08 16:52:53'),(2555,1,0,'Mail deletion','Mail',382,1,'2015-09-08 16:52:53','2015-09-08 16:52:53'),(2556,1,0,'Mail deletion','Mail',383,1,'2015-09-08 16:52:53','2015-09-08 16:52:53'),(2557,1,0,'Mail deletion','Mail',384,1,'2015-09-08 16:52:53','2015-09-08 16:52:53'),(2558,1,0,'Mail deletion','Mail',385,1,'2015-09-08 16:52:53','2015-09-08 16:52:53'),(2559,1,0,'Mail deletion','Mail',386,1,'2015-09-08 16:52:53','2015-09-08 16:52:53'),(2560,1,0,'Mail deletion','Mail',387,1,'2015-09-08 16:52:54','2015-09-08 16:52:54'),(2561,1,0,'Mail deletion','Mail',388,1,'2015-09-08 16:52:54','2015-09-08 16:52:54'),(2562,1,0,'Mail deletion','Mail',389,1,'2015-09-08 16:52:54','2015-09-08 16:52:54'),(2563,1,0,'Mail deletion','Mail',390,1,'2015-09-08 16:52:54','2015-09-08 16:52:54'),(2564,1,0,'Mail deletion','Mail',391,1,'2015-09-08 16:52:54','2015-09-08 16:52:54'),(2565,1,0,'Mail deletion','Mail',392,1,'2015-09-08 16:52:54','2015-09-08 16:52:54'),(2566,1,0,'Mail deletion','Mail',393,1,'2015-09-08 16:52:54','2015-09-08 16:52:54'),(2567,1,0,'Mail deletion','Mail',394,1,'2015-09-08 16:52:54','2015-09-08 16:52:54'),(2568,1,0,'Mail deletion','Mail',395,1,'2015-09-08 16:52:54','2015-09-08 16:52:54'),(2569,1,0,'Mail deletion','Mail',396,1,'2015-09-08 16:52:54','2015-09-08 16:52:54'),(2570,1,0,'Mail deletion','Mail',397,1,'2015-09-08 16:52:54','2015-09-08 16:52:54'),(2571,1,0,'Mail deletion','Mail',398,1,'2015-09-08 16:52:54','2015-09-08 16:52:54'),(2572,1,0,'Mail deletion','Mail',399,1,'2015-09-08 16:52:54','2015-09-08 16:52:54'),(2573,1,0,'Mail deletion','Mail',400,1,'2015-09-08 16:52:54','2015-09-08 16:52:54'),(2574,1,0,'Mail deletion','Mail',401,1,'2015-09-08 16:53:16','2015-09-08 16:53:16'),(2575,1,0,'Mail deletion','Mail',402,1,'2015-09-08 16:53:16','2015-09-08 16:53:16'),(2576,1,0,'Mail deletion','Mail',403,1,'2015-09-08 16:53:16','2015-09-08 16:53:16'),(2577,1,0,'Mail deletion','Mail',404,1,'2015-09-08 16:53:16','2015-09-08 16:53:16'),(2578,1,0,'Mail deletion','Mail',405,1,'2015-09-08 16:53:16','2015-09-08 16:53:16'),(2579,1,0,'Mail deletion','Mail',406,1,'2015-09-08 16:53:16','2015-09-08 16:53:16'),(2580,1,0,'Mail deletion','Mail',407,1,'2015-09-08 16:53:16','2015-09-08 16:53:16'),(2581,1,0,'Mail deletion','Mail',408,1,'2015-09-08 16:53:16','2015-09-08 16:53:16'),(2582,1,0,'Mail deletion','Mail',409,1,'2015-09-08 16:53:16','2015-09-08 16:53:16'),(2583,1,0,'Mail deletion','Mail',410,1,'2015-09-08 16:53:16','2015-09-08 16:53:16'),(2584,1,0,'Mail deletion','Mail',411,1,'2015-09-08 16:53:16','2015-09-08 16:53:16'),(2585,1,0,'Mail deletion','Mail',412,1,'2015-09-08 16:53:16','2015-09-08 16:53:16'),(2586,1,0,'Mail deletion','Mail',413,1,'2015-09-08 16:53:16','2015-09-08 16:53:16'),(2587,1,0,'Mail deletion','Mail',414,1,'2015-09-08 16:53:16','2015-09-08 16:53:16'),(2588,1,0,'Mail deletion','Mail',415,1,'2015-09-08 16:53:16','2015-09-08 16:53:16'),(2589,1,0,'Mail deletion','Mail',416,1,'2015-09-08 16:53:16','2015-09-08 16:53:16'),(2590,1,0,'Mail deletion','Mail',417,1,'2015-09-08 16:53:16','2015-09-08 16:53:16'),(2591,1,0,'Mail deletion','Mail',418,1,'2015-09-08 16:53:16','2015-09-08 16:53:16'),(2592,1,0,'Mail deletion','Mail',419,1,'2015-09-08 16:53:16','2015-09-08 16:53:16'),(2593,1,0,'Mail deletion','Mail',420,1,'2015-09-08 16:53:16','2015-09-08 16:53:16'),(2594,1,0,'Mail deletion','Mail',421,1,'2015-09-08 16:53:16','2015-09-08 16:53:16'),(2595,1,0,'Mail deletion','Mail',422,1,'2015-09-08 16:53:16','2015-09-08 16:53:16'),(2596,1,0,'Mail deletion','Mail',423,1,'2015-09-08 16:53:16','2015-09-08 16:53:16'),(2597,1,0,'Mail deletion','Mail',424,1,'2015-09-08 16:53:16','2015-09-08 16:53:16'),(2598,1,0,'Mail deletion','Mail',425,1,'2015-09-08 16:53:16','2015-09-08 16:53:16'),(2599,1,0,'Mail deletion','Mail',426,1,'2015-09-08 16:53:16','2015-09-08 16:53:16'),(2600,1,0,'Mail deletion','Mail',427,1,'2015-09-08 16:53:17','2015-09-08 16:53:17'),(2601,1,0,'Mail deletion','Mail',428,1,'2015-09-08 16:53:17','2015-09-08 16:53:17'),(2602,1,0,'Mail deletion','Mail',429,1,'2015-09-08 16:53:17','2015-09-08 16:53:17'),(2603,1,0,'Mail deletion','Mail',430,1,'2015-09-08 16:53:17','2015-09-08 16:53:17'),(2604,1,0,'Mail deletion','Mail',431,1,'2015-09-08 16:53:17','2015-09-08 16:53:17'),(2605,1,0,'Mail deletion','Mail',432,1,'2015-09-08 16:53:17','2015-09-08 16:53:17'),(2606,1,0,'Mail deletion','Mail',433,1,'2015-09-08 16:53:17','2015-09-08 16:53:17'),(2607,1,0,'Mail deletion','Mail',434,1,'2015-09-08 16:53:17','2015-09-08 16:53:17'),(2608,1,0,'Mail deletion','Mail',435,1,'2015-09-08 16:53:17','2015-09-08 16:53:17'),(2609,1,0,'Mail deletion','Mail',436,1,'2015-09-08 16:53:17','2015-09-08 16:53:17'),(2610,1,0,'Mail deletion','Mail',437,1,'2015-09-08 16:53:17','2015-09-08 16:53:17'),(2611,1,0,'Mail deletion','Mail',438,1,'2015-09-08 16:53:17','2015-09-08 16:53:17'),(2612,1,0,'Mail deletion','Mail',439,1,'2015-09-08 16:53:17','2015-09-08 16:53:17'),(2613,1,0,'Mail deletion','Mail',440,1,'2015-09-08 16:53:17','2015-09-08 16:53:17'),(2614,1,0,'Mail deletion','Mail',441,1,'2015-09-08 16:53:17','2015-09-08 16:53:17'),(2615,1,0,'Mail deletion','Mail',442,1,'2015-09-08 16:53:17','2015-09-08 16:53:17'),(2616,1,0,'Mail deletion','Mail',443,1,'2015-09-08 16:53:17','2015-09-08 16:53:17'),(2617,1,0,'Mail deletion','Mail',444,1,'2015-09-08 16:53:17','2015-09-08 16:53:17'),(2618,1,0,'Mail deletion','Mail',445,1,'2015-09-08 16:53:17','2015-09-08 16:53:17'),(2619,1,0,'Mail deletion','Mail',446,1,'2015-09-08 16:53:17','2015-09-08 16:53:17'),(2620,1,0,'Mail deletion','Mail',447,1,'2015-09-08 16:53:17','2015-09-08 16:53:17'),(2621,1,0,'Mail deletion','Mail',448,1,'2015-09-08 16:53:17','2015-09-08 16:53:17'),(2622,1,0,'Mail deletion','Mail',449,1,'2015-09-08 16:53:17','2015-09-08 16:53:17'),(2623,1,0,'Mail deletion','Mail',450,1,'2015-09-08 16:53:17','2015-09-08 16:53:17'),(2624,1,0,'Mail deletion','Mail',451,1,'2015-09-08 16:53:37','2015-09-08 16:53:37'),(2625,1,0,'Mail deletion','Mail',452,1,'2015-09-08 16:53:37','2015-09-08 16:53:37'),(2626,1,0,'Mail deletion','Mail',453,1,'2015-09-08 16:53:37','2015-09-08 16:53:37'),(2627,1,0,'Mail deletion','Mail',454,1,'2015-09-08 16:53:37','2015-09-08 16:53:37'),(2628,1,0,'Mail deletion','Mail',455,1,'2015-09-08 16:53:37','2015-09-08 16:53:37'),(2629,1,0,'Mail deletion','Mail',456,1,'2015-09-08 16:53:37','2015-09-08 16:53:37'),(2630,1,0,'Mail deletion','Mail',457,1,'2015-09-08 16:53:37','2015-09-08 16:53:37'),(2631,1,0,'Mail deletion','Mail',458,1,'2015-09-08 16:53:37','2015-09-08 16:53:37'),(2632,1,0,'Mail deletion','Mail',459,1,'2015-09-08 16:53:37','2015-09-08 16:53:37'),(2633,1,0,'Mail deletion','Mail',460,1,'2015-09-08 16:53:37','2015-09-08 16:53:37'),(2634,1,0,'Mail deletion','Mail',461,1,'2015-09-08 16:53:38','2015-09-08 16:53:38'),(2635,1,0,'Mail deletion','Mail',462,1,'2015-09-08 16:53:38','2015-09-08 16:53:38'),(2636,1,0,'Mail deletion','Mail',463,1,'2015-09-08 16:53:39','2015-09-08 16:53:39'),(2637,1,0,'Mail deletion','Mail',464,1,'2015-09-08 16:53:39','2015-09-08 16:53:39'),(2638,1,0,'Mail deletion','Mail',465,1,'2015-09-08 16:53:39','2015-09-08 16:53:39'),(2639,1,0,'Mail deletion','Mail',466,1,'2015-09-08 16:53:39','2015-09-08 16:53:39'),(2640,1,0,'Mail deletion','Mail',467,1,'2015-09-08 16:53:39','2015-09-08 16:53:39'),(2641,1,0,'Mail deletion','Mail',468,1,'2015-09-08 16:53:39','2015-09-08 16:53:39'),(2642,1,0,'Mail deletion','Mail',469,1,'2015-09-08 16:53:39','2015-09-08 16:53:39'),(2643,1,0,'Mail deletion','Mail',470,1,'2015-09-08 16:53:39','2015-09-08 16:53:39'),(2644,1,0,'Mail deletion','Mail',471,1,'2015-09-08 16:53:39','2015-09-08 16:53:39'),(2645,1,0,'Mail deletion','Mail',472,1,'2015-09-08 16:53:39','2015-09-08 16:53:39'),(2646,1,0,'Mail deletion','Mail',473,1,'2015-09-08 16:53:39','2015-09-08 16:53:39'),(2647,1,0,'Mail deletion','Mail',474,1,'2015-09-08 16:53:39','2015-09-08 16:53:39'),(2648,1,0,'Mail deletion','Mail',475,1,'2015-09-08 16:53:39','2015-09-08 16:53:39'),(2649,1,0,'Mail deletion','Mail',476,1,'2015-09-08 16:53:39','2015-09-08 16:53:39'),(2650,1,0,'Mail deletion','Mail',477,1,'2015-09-08 16:53:39','2015-09-08 16:53:39'),(2651,1,0,'Mail deletion','Mail',478,1,'2015-09-08 16:53:39','2015-09-08 16:53:39'),(2652,1,0,'Mail deletion','Mail',479,1,'2015-09-08 16:53:39','2015-09-08 16:53:39'),(2653,1,0,'Mail deletion','Mail',480,1,'2015-09-08 16:53:39','2015-09-08 16:53:39'),(2654,1,0,'Mail deletion','Mail',481,1,'2015-09-08 16:53:39','2015-09-08 16:53:39'),(2655,1,0,'Mail deletion','Mail',482,1,'2015-09-08 16:53:39','2015-09-08 16:53:39'),(2656,1,0,'Mail deletion','Mail',483,1,'2015-09-08 16:53:39','2015-09-08 16:53:39'),(2657,1,0,'Mail deletion','Mail',484,1,'2015-09-08 16:53:40','2015-09-08 16:53:40'),(2658,1,0,'Mail deletion','Mail',485,1,'2015-09-08 16:53:40','2015-09-08 16:53:40'),(2659,1,0,'Mail deletion','Mail',486,1,'2015-09-08 16:53:40','2015-09-08 16:53:40'),(2660,1,0,'Mail deletion','Mail',487,1,'2015-09-08 16:53:40','2015-09-08 16:53:40'),(2661,1,0,'Mail deletion','Mail',488,1,'2015-09-08 16:53:40','2015-09-08 16:53:40'),(2662,1,0,'Mail deletion','Mail',489,1,'2015-09-08 16:53:40','2015-09-08 16:53:40'),(2663,1,0,'Mail deletion','Mail',490,1,'2015-09-08 16:53:40','2015-09-08 16:53:40'),(2664,1,0,'Mail deletion','Mail',491,1,'2015-09-08 16:53:40','2015-09-08 16:53:40'),(2665,1,0,'Mail deletion','Mail',492,1,'2015-09-08 16:53:40','2015-09-08 16:53:40'),(2666,1,0,'Mail deletion','Mail',493,1,'2015-09-08 16:53:40','2015-09-08 16:53:40'),(2667,1,0,'Mail deletion','Mail',494,1,'2015-09-08 16:53:40','2015-09-08 16:53:40'),(2668,1,0,'Mail deletion','Mail',495,1,'2015-09-08 16:53:40','2015-09-08 16:53:40'),(2669,1,0,'Mail deletion','Mail',496,1,'2015-09-08 16:53:40','2015-09-08 16:53:40'),(2670,1,0,'Mail deletion','Mail',497,1,'2015-09-08 16:53:40','2015-09-08 16:53:40'),(2671,1,0,'Mail deletion','Mail',498,1,'2015-09-08 16:53:40','2015-09-08 16:53:40'),(2672,1,0,'Mail deletion','Mail',499,1,'2015-09-08 16:53:40','2015-09-08 16:53:40'),(2673,1,0,'Mail deletion','Mail',500,1,'2015-09-08 16:53:40','2015-09-08 16:53:40'),(2674,1,0,'Mail deletion','Mail',501,1,'2015-09-08 16:53:58','2015-09-08 16:53:58'),(2675,1,0,'Mail deletion','Mail',502,1,'2015-09-08 16:53:58','2015-09-08 16:53:58'),(2676,1,0,'Mail deletion','Mail',503,1,'2015-09-08 16:53:58','2015-09-08 16:53:58'),(2677,1,0,'Mail deletion','Mail',504,1,'2015-09-08 16:53:58','2015-09-08 16:53:58'),(2678,1,0,'Mail deletion','Mail',505,1,'2015-09-08 16:53:59','2015-09-08 16:53:59'),(2679,1,0,'Mail deletion','Mail',506,1,'2015-09-08 16:53:59','2015-09-08 16:53:59'),(2680,1,0,'Mail deletion','Mail',507,1,'2015-09-08 16:53:59','2015-09-08 16:53:59'),(2681,1,0,'Mail deletion','Mail',508,1,'2015-09-08 16:53:59','2015-09-08 16:53:59'),(2682,1,0,'Mail deletion','Mail',509,1,'2015-09-08 16:53:59','2015-09-08 16:53:59'),(2683,1,0,'Mail deletion','Mail',510,1,'2015-09-08 16:53:59','2015-09-08 16:53:59'),(2684,1,0,'Mail deletion','Mail',511,1,'2015-09-08 16:53:59','2015-09-08 16:53:59'),(2685,1,0,'Mail deletion','Mail',512,1,'2015-09-08 16:53:59','2015-09-08 16:53:59'),(2686,1,0,'Mail deletion','Mail',513,1,'2015-09-08 16:53:59','2015-09-08 16:53:59'),(2687,1,0,'Mail deletion','Mail',514,1,'2015-09-08 16:53:59','2015-09-08 16:53:59'),(2688,1,0,'Mail deletion','Mail',515,1,'2015-09-08 16:53:59','2015-09-08 16:53:59'),(2689,1,0,'Mail deletion','Mail',516,1,'2015-09-08 16:53:59','2015-09-08 16:53:59'),(2690,1,0,'Mail deletion','Mail',517,1,'2015-09-08 16:53:59','2015-09-08 16:53:59'),(2691,1,0,'Mail deletion','Mail',518,1,'2015-09-08 16:53:59','2015-09-08 16:53:59'),(2692,1,0,'Mail deletion','Mail',519,1,'2015-09-08 16:53:59','2015-09-08 16:53:59'),(2693,1,0,'Mail deletion','Mail',520,1,'2015-09-08 16:54:00','2015-09-08 16:54:00'),(2694,1,0,'Mail deletion','Mail',521,1,'2015-09-08 16:54:00','2015-09-08 16:54:00'),(2695,1,0,'Mail deletion','Mail',522,1,'2015-09-08 16:54:00','2015-09-08 16:54:00'),(2696,1,0,'Mail deletion','Mail',523,1,'2015-09-08 16:54:00','2015-09-08 16:54:00'),(2697,1,0,'Mail deletion','Mail',524,1,'2015-09-08 16:54:00','2015-09-08 16:54:00'),(2698,1,0,'Mail deletion','Mail',525,1,'2015-09-08 16:54:00','2015-09-08 16:54:00'),(2699,1,0,'Mail deletion','Mail',526,1,'2015-09-08 16:54:00','2015-09-08 16:54:00'),(2700,1,0,'Mail deletion','Mail',527,1,'2015-09-08 16:54:00','2015-09-08 16:54:00'),(2701,1,0,'Mail deletion','Mail',528,1,'2015-09-08 16:54:00','2015-09-08 16:54:00'),(2702,1,0,'Mail deletion','Mail',529,1,'2015-09-08 16:54:00','2015-09-08 16:54:00'),(2703,1,0,'Mail deletion','Mail',530,1,'2015-09-08 16:54:01','2015-09-08 16:54:01'),(2704,1,0,'Mail deletion','Mail',531,1,'2015-09-08 16:54:01','2015-09-08 16:54:01'),(2705,1,0,'Mail deletion','Mail',532,1,'2015-09-08 16:54:01','2015-09-08 16:54:01'),(2706,1,0,'Mail deletion','Mail',533,1,'2015-09-08 16:54:01','2015-09-08 16:54:01'),(2707,1,0,'Mail deletion','Mail',534,1,'2015-09-08 16:54:01','2015-09-08 16:54:01'),(2708,1,0,'Mail deletion','Mail',535,1,'2015-09-08 16:54:01','2015-09-08 16:54:01'),(2709,1,0,'Mail deletion','Mail',536,1,'2015-09-08 16:54:01','2015-09-08 16:54:01'),(2710,1,0,'Mail deletion','Mail',537,1,'2015-09-08 16:54:01','2015-09-08 16:54:01'),(2711,1,0,'Mail deletion','Mail',538,1,'2015-09-08 16:54:01','2015-09-08 16:54:01'),(2712,1,0,'Mail deletion','Mail',539,1,'2015-09-08 16:54:01','2015-09-08 16:54:01'),(2713,1,0,'Mail deletion','Mail',540,1,'2015-09-08 16:54:02','2015-09-08 16:54:02'),(2714,1,0,'Mail deletion','Mail',541,1,'2015-09-08 16:54:03','2015-09-08 16:54:03'),(2715,1,0,'Mail deletion','Mail',542,1,'2015-09-08 16:54:03','2015-09-08 16:54:03'),(2716,1,0,'Mail deletion','Mail',543,1,'2015-09-08 16:54:03','2015-09-08 16:54:03'),(2717,1,0,'Mail deletion','Mail',544,1,'2015-09-08 16:54:03','2015-09-08 16:54:03'),(2718,1,0,'Mail deletion','Mail',545,1,'2015-09-08 16:54:04','2015-09-08 16:54:04'),(2719,1,0,'Mail deletion','Mail',546,1,'2015-09-08 16:54:04','2015-09-08 16:54:04'),(2720,1,0,'Mail deletion','Mail',547,1,'2015-09-08 16:54:04','2015-09-08 16:54:04'),(2721,1,0,'Mail deletion','Mail',548,1,'2015-09-08 16:54:04','2015-09-08 16:54:04'),(2722,1,0,'Mail deletion','Mail',549,1,'2015-09-08 16:54:04','2015-09-08 16:54:04'),(2723,1,0,'Mail deletion','Mail',550,1,'2015-09-08 16:54:04','2015-09-08 16:54:04'),(2724,1,0,'Mail deletion','Mail',551,1,'2015-09-08 16:54:34','2015-09-08 16:54:34'),(2725,1,0,'Mail deletion','Mail',552,1,'2015-09-08 16:54:34','2015-09-08 16:54:34'),(2726,1,0,'Mail deletion','Mail',553,1,'2015-09-08 16:54:34','2015-09-08 16:54:34'),(2727,1,0,'Mail deletion','Mail',554,1,'2015-09-08 16:54:34','2015-09-08 16:54:34'),(2728,1,0,'Mail deletion','Mail',555,1,'2015-09-08 16:54:34','2015-09-08 16:54:34'),(2729,1,0,'Mail deletion','Mail',556,1,'2015-09-08 16:54:34','2015-09-08 16:54:34'),(2730,1,0,'Mail deletion','Mail',557,1,'2015-09-08 16:54:34','2015-09-08 16:54:34'),(2731,1,0,'Mail deletion','Mail',558,1,'2015-09-08 16:54:34','2015-09-08 16:54:34'),(2732,1,0,'Mail deletion','Mail',559,1,'2015-09-08 16:54:34','2015-09-08 16:54:34'),(2733,1,0,'Mail deletion','Mail',560,1,'2015-09-08 16:54:34','2015-09-08 16:54:34'),(2734,1,0,'Mail deletion','Mail',561,1,'2015-09-08 16:54:35','2015-09-08 16:54:35'),(2735,1,0,'Mail deletion','Mail',562,1,'2015-09-08 16:54:35','2015-09-08 16:54:35'),(2736,1,0,'Mail deletion','Mail',563,1,'2015-09-08 16:54:35','2015-09-08 16:54:35'),(2737,1,0,'Mail deletion','Mail',564,1,'2015-09-08 16:54:35','2015-09-08 16:54:35'),(2738,1,0,'Mail deletion','Mail',565,1,'2015-09-08 16:54:35','2015-09-08 16:54:35'),(2739,1,0,'Mail deletion','Mail',566,1,'2015-09-08 16:54:35','2015-09-08 16:54:35'),(2740,1,0,'Mail deletion','Mail',567,1,'2015-09-08 16:54:35','2015-09-08 16:54:35'),(2741,1,0,'Mail deletion','Mail',568,1,'2015-09-08 16:54:35','2015-09-08 16:54:35'),(2742,1,0,'Mail deletion','Mail',569,1,'2015-09-08 16:54:35','2015-09-08 16:54:35'),(2743,1,0,'Mail deletion','Mail',570,1,'2015-09-08 16:54:35','2015-09-08 16:54:35'),(2744,1,0,'Mail deletion','Mail',571,1,'2015-09-08 16:54:35','2015-09-08 16:54:35'),(2745,1,0,'Mail deletion','Mail',572,1,'2015-09-08 16:54:35','2015-09-08 16:54:35'),(2746,1,0,'Mail deletion','Mail',573,1,'2015-09-08 16:54:35','2015-09-08 16:54:35'),(2747,1,0,'Mail deletion','Mail',574,1,'2015-09-08 16:54:35','2015-09-08 16:54:35'),(2748,1,0,'Mail deletion','Mail',575,1,'2015-09-08 16:54:35','2015-09-08 16:54:35'),(2749,1,0,'Mail deletion','Mail',576,1,'2015-09-08 16:54:35','2015-09-08 16:54:35'),(2750,1,0,'Mail deletion','Mail',577,1,'2015-09-08 16:54:35','2015-09-08 16:54:35'),(2751,1,0,'Mail deletion','Mail',578,1,'2015-09-08 16:54:35','2015-09-08 16:54:35'),(2752,1,0,'Mail deletion','Mail',579,1,'2015-09-08 16:54:36','2015-09-08 16:54:36'),(2753,1,0,'Mail deletion','Mail',580,1,'2015-09-08 16:54:36','2015-09-08 16:54:36'),(2754,1,0,'Mail deletion','Mail',581,1,'2015-09-08 16:54:36','2015-09-08 16:54:36'),(2755,1,0,'Mail deletion','Mail',582,1,'2015-09-08 16:54:36','2015-09-08 16:54:36'),(2756,1,0,'Mail deletion','Mail',583,1,'2015-09-08 16:54:36','2015-09-08 16:54:36'),(2757,1,0,'Mail deletion','Mail',584,1,'2015-09-08 16:54:36','2015-09-08 16:54:36'),(2758,1,0,'Mail deletion','Mail',585,1,'2015-09-08 16:54:36','2015-09-08 16:54:36'),(2759,1,0,'Mail deletion','Mail',586,1,'2015-09-08 16:54:36','2015-09-08 16:54:36'),(2760,1,0,'Mail deletion','Mail',587,1,'2015-09-08 16:54:36','2015-09-08 16:54:36'),(2761,1,0,'Mail deletion','Mail',588,1,'2015-09-08 16:54:36','2015-09-08 16:54:36'),(2762,1,0,'Mail deletion','Mail',589,1,'2015-09-08 16:54:36','2015-09-08 16:54:36'),(2763,1,0,'Mail deletion','Mail',590,1,'2015-09-08 16:54:36','2015-09-08 16:54:36'),(2764,1,0,'Mail deletion','Mail',591,1,'2015-09-08 16:54:36','2015-09-08 16:54:36'),(2765,1,0,'Mail deletion','Mail',592,1,'2015-09-08 16:54:36','2015-09-08 16:54:36'),(2766,1,0,'Mail deletion','Mail',593,1,'2015-09-08 16:54:36','2015-09-08 16:54:36'),(2767,1,0,'Mail deletion','Mail',594,1,'2015-09-08 16:54:36','2015-09-08 16:54:36'),(2768,1,0,'Mail deletion','Mail',595,1,'2015-09-08 16:54:36','2015-09-08 16:54:36'),(2769,1,0,'Mail deletion','Mail',596,1,'2015-09-08 16:54:36','2015-09-08 16:54:36'),(2770,1,0,'Mail deletion','Mail',597,1,'2015-09-08 16:54:36','2015-09-08 16:54:36'),(2771,1,0,'Mail deletion','Mail',598,1,'2015-09-08 16:54:36','2015-09-08 16:54:36'),(2772,1,0,'Mail deletion','Mail',599,1,'2015-09-08 16:54:36','2015-09-08 16:54:36'),(2773,1,0,'Mail deletion','Mail',600,1,'2015-09-08 16:54:36','2015-09-08 16:54:36'),(2774,1,0,'Mail deletion','Mail',601,1,'2015-09-08 16:54:52','2015-09-08 16:54:52'),(2775,1,0,'Mail deletion','Mail',602,1,'2015-09-08 16:54:53','2015-09-08 16:54:53'),(2776,1,0,'Mail deletion','Mail',603,1,'2015-09-08 16:54:53','2015-09-08 16:54:53'),(2777,1,0,'Mail deletion','Mail',604,1,'2015-09-08 16:54:53','2015-09-08 16:54:53'),(2778,1,0,'Mail deletion','Mail',605,1,'2015-09-08 16:54:53','2015-09-08 16:54:53'),(2779,1,0,'Mail deletion','Mail',606,1,'2015-09-08 16:54:53','2015-09-08 16:54:53'),(2780,1,0,'Mail deletion','Mail',607,1,'2015-09-08 16:54:54','2015-09-08 16:54:54'),(2781,1,0,'Mail deletion','Mail',608,1,'2015-09-08 16:54:54','2015-09-08 16:54:54'),(2782,1,0,'Mail deletion','Mail',609,1,'2015-09-08 16:54:54','2015-09-08 16:54:54'),(2783,1,0,'Mail deletion','Mail',610,1,'2015-09-08 16:54:54','2015-09-08 16:54:54'),(2784,1,0,'Mail deletion','Mail',611,1,'2015-09-08 16:54:54','2015-09-08 16:54:54'),(2785,1,0,'Mail deletion','Mail',612,1,'2015-09-08 16:54:54','2015-09-08 16:54:54'),(2786,1,0,'Mail deletion','Mail',613,1,'2015-09-08 16:54:54','2015-09-08 16:54:54'),(2787,1,0,'Mail deletion','Mail',614,1,'2015-09-08 16:54:54','2015-09-08 16:54:54'),(2788,1,0,'Mail deletion','Mail',615,1,'2015-09-08 16:54:54','2015-09-08 16:54:54'),(2789,1,0,'Mail deletion','Mail',616,1,'2015-09-08 16:54:54','2015-09-08 16:54:54'),(2790,1,0,'Mail deletion','Mail',617,1,'2015-09-08 16:54:54','2015-09-08 16:54:54'),(2791,1,0,'Mail deletion','Mail',618,1,'2015-09-08 16:54:54','2015-09-08 16:54:54'),(2792,1,0,'Mail deletion','Mail',619,1,'2015-09-08 16:54:54','2015-09-08 16:54:54'),(2793,1,0,'Mail deletion','Mail',620,1,'2015-09-08 16:54:54','2015-09-08 16:54:54'),(2794,1,0,'Mail deletion','Mail',621,1,'2015-09-08 16:54:54','2015-09-08 16:54:54'),(2795,1,0,'Mail deletion','Mail',622,1,'2015-09-08 16:54:54','2015-09-08 16:54:54'),(2796,1,0,'Mail deletion','Mail',623,1,'2015-09-08 16:54:54','2015-09-08 16:54:54'),(2797,1,0,'Mail deletion','Mail',624,1,'2015-09-08 16:54:54','2015-09-08 16:54:54'),(2798,1,0,'Mail deletion','Mail',625,1,'2015-09-08 16:54:54','2015-09-08 16:54:54'),(2799,1,0,'Mail deletion','Mail',626,1,'2015-09-08 16:54:54','2015-09-08 16:54:54'),(2800,1,0,'Mail deletion','Mail',627,1,'2015-09-08 16:54:54','2015-09-08 16:54:54'),(2801,1,0,'Mail deletion','Mail',628,1,'2015-09-08 16:54:54','2015-09-08 16:54:54'),(2802,1,0,'Mail deletion','Mail',629,1,'2015-09-08 16:54:54','2015-09-08 16:54:54'),(2803,1,0,'Mail deletion','Mail',630,1,'2015-09-08 16:54:54','2015-09-08 16:54:54'),(2804,1,0,'Mail deletion','Mail',631,1,'2015-09-08 16:54:54','2015-09-08 16:54:54'),(2805,1,0,'Mail deletion','Mail',632,1,'2015-09-08 16:54:54','2015-09-08 16:54:54'),(2806,1,0,'Mail deletion','Mail',633,1,'2015-09-08 16:54:54','2015-09-08 16:54:54'),(2807,1,0,'Mail deletion','Mail',634,1,'2015-09-08 16:54:54','2015-09-08 16:54:54'),(2808,1,0,'Mail deletion','Mail',635,1,'2015-09-08 16:54:54','2015-09-08 16:54:54'),(2809,1,0,'Mail deletion','Mail',636,1,'2015-09-08 16:54:54','2015-09-08 16:54:54'),(2810,1,0,'Mail deletion','Mail',637,1,'2015-09-08 16:54:54','2015-09-08 16:54:54'),(2811,1,0,'Mail deletion','Mail',638,1,'2015-09-08 16:54:54','2015-09-08 16:54:54'),(2812,1,0,'Mail deletion','Mail',639,1,'2015-09-08 16:54:54','2015-09-08 16:54:54'),(2813,1,0,'Mail deletion','Mail',640,1,'2015-09-08 16:54:54','2015-09-08 16:54:54'),(2814,1,0,'Mail deletion','Mail',641,1,'2015-09-08 16:54:54','2015-09-08 16:54:54'),(2815,1,0,'Mail deletion','Mail',642,1,'2015-09-08 16:54:54','2015-09-08 16:54:54'),(2816,1,0,'Mail deletion','Mail',643,1,'2015-09-08 16:54:54','2015-09-08 16:54:54'),(2817,1,0,'Mail deletion','Mail',644,1,'2015-09-08 16:54:54','2015-09-08 16:54:54'),(2818,1,0,'Mail deletion','Mail',645,1,'2015-09-08 16:54:54','2015-09-08 16:54:54'),(2819,1,0,'Mail deletion','Mail',646,1,'2015-09-08 16:54:55','2015-09-08 16:54:55'),(2820,1,0,'Mail deletion','Mail',647,1,'2015-09-08 16:54:55','2015-09-08 16:54:55'),(2821,1,0,'Mail deletion','Mail',648,1,'2015-09-08 16:54:55','2015-09-08 16:54:55'),(2822,1,0,'Mail deletion','Mail',649,1,'2015-09-08 16:54:55','2015-09-08 16:54:55'),(2823,1,0,'Mail deletion','Mail',650,1,'2015-09-08 16:54:55','2015-09-08 16:54:55'),(2824,1,0,'Mail deletion','Mail',651,1,'2015-09-08 16:55:09','2015-09-08 16:55:09'),(2825,1,0,'Mail deletion','Mail',652,1,'2015-09-08 16:55:09','2015-09-08 16:55:09'),(2826,1,0,'Mail deletion','Mail',653,1,'2015-09-08 16:55:09','2015-09-08 16:55:09'),(2827,1,0,'Mail deletion','Mail',654,1,'2015-09-08 16:55:09','2015-09-08 16:55:09'),(2828,1,0,'Mail deletion','Mail',655,1,'2015-09-08 16:55:09','2015-09-08 16:55:09'),(2829,1,0,'Mail deletion','Mail',656,1,'2015-09-08 16:55:10','2015-09-08 16:55:10'),(2830,1,0,'Mail deletion','Mail',657,1,'2015-09-08 16:55:10','2015-09-08 16:55:10'),(2831,1,0,'Mail deletion','Mail',658,1,'2015-09-08 16:55:10','2015-09-08 16:55:10'),(2832,1,0,'Mail deletion','Mail',659,1,'2015-09-08 16:55:10','2015-09-08 16:55:10'),(2833,1,0,'Mail deletion','Mail',660,1,'2015-09-08 16:55:10','2015-09-08 16:55:10'),(2834,1,0,'Mail deletion','Mail',661,1,'2015-09-08 16:55:10','2015-09-08 16:55:10'),(2835,1,0,'Mail deletion','Mail',662,1,'2015-09-08 16:55:10','2015-09-08 16:55:10'),(2836,1,0,'Mail deletion','Mail',663,1,'2015-09-08 16:55:10','2015-09-08 16:55:10'),(2837,1,0,'Mail deletion','Mail',664,1,'2015-09-08 16:55:10','2015-09-08 16:55:10'),(2838,1,0,'Mail deletion','Mail',665,1,'2015-09-08 16:55:10','2015-09-08 16:55:10'),(2839,1,0,'Mail deletion','Mail',666,1,'2015-09-08 16:55:10','2015-09-08 16:55:10'),(2840,1,0,'Mail deletion','Mail',667,1,'2015-09-08 16:55:10','2015-09-08 16:55:10'),(2841,1,0,'Mail deletion','Mail',668,1,'2015-09-08 16:55:11','2015-09-08 16:55:11'),(2842,1,0,'Mail deletion','Mail',669,1,'2015-09-08 16:55:11','2015-09-08 16:55:11'),(2843,1,0,'Mail deletion','Mail',670,1,'2015-09-08 16:55:11','2015-09-08 16:55:11'),(2844,1,0,'Mail deletion','Mail',671,1,'2015-09-08 16:55:11','2015-09-08 16:55:11'),(2845,1,0,'Mail deletion','Mail',672,1,'2015-09-08 16:55:11','2015-09-08 16:55:11'),(2846,1,0,'Mail deletion','Mail',673,1,'2015-09-08 16:55:11','2015-09-08 16:55:11'),(2847,1,0,'Mail deletion','Mail',674,1,'2015-09-08 16:55:11','2015-09-08 16:55:11'),(2848,1,0,'Mail deletion','Mail',675,1,'2015-09-08 16:55:11','2015-09-08 16:55:11'),(2849,1,0,'Mail deletion','Mail',676,1,'2015-09-08 16:55:11','2015-09-08 16:55:11'),(2850,1,0,'Mail deletion','Mail',677,1,'2015-09-08 16:55:11','2015-09-08 16:55:11'),(2851,1,0,'Mail deletion','Mail',678,1,'2015-09-08 16:55:11','2015-09-08 16:55:11'),(2852,1,0,'Mail deletion','Mail',679,1,'2015-09-08 16:55:12','2015-09-08 16:55:12'),(2853,1,0,'Mail deletion','Mail',680,1,'2015-09-08 16:55:12','2015-09-08 16:55:12'),(2854,1,0,'Mail deletion','Mail',681,1,'2015-09-08 16:55:12','2015-09-08 16:55:12'),(2855,1,0,'Mail deletion','Mail',682,1,'2015-09-08 16:55:12','2015-09-08 16:55:12'),(2856,1,0,'Mail deletion','Mail',683,1,'2015-09-08 16:55:12','2015-09-08 16:55:12'),(2857,1,0,'Mail deletion','Mail',684,1,'2015-09-08 16:55:12','2015-09-08 16:55:12'),(2858,1,0,'Mail deletion','Mail',685,1,'2015-09-08 16:55:12','2015-09-08 16:55:12'),(2859,1,0,'Mail deletion','Mail',686,1,'2015-09-08 16:55:12','2015-09-08 16:55:12'),(2860,1,0,'Mail deletion','Mail',687,1,'2015-09-08 16:55:12','2015-09-08 16:55:12'),(2861,1,0,'Mail deletion','Mail',688,1,'2015-09-08 16:55:12','2015-09-08 16:55:12'),(2862,1,0,'Mail deletion','Mail',689,1,'2015-09-08 16:55:12','2015-09-08 16:55:12'),(2863,1,0,'Mail deletion','Mail',690,1,'2015-09-08 16:55:12','2015-09-08 16:55:12'),(2864,1,0,'Mail deletion','Mail',691,1,'2015-09-08 16:55:12','2015-09-08 16:55:12'),(2865,1,0,'Mail deletion','Mail',692,1,'2015-09-08 16:55:12','2015-09-08 16:55:12'),(2866,1,0,'Mail deletion','Mail',693,1,'2015-09-08 16:55:12','2015-09-08 16:55:12'),(2867,1,0,'Mail deletion','Mail',694,1,'2015-09-08 16:55:12','2015-09-08 16:55:12'),(2868,1,0,'Mail deletion','Mail',695,1,'2015-09-08 16:55:12','2015-09-08 16:55:12'),(2869,1,0,'Mail deletion','Mail',696,1,'2015-09-08 16:55:12','2015-09-08 16:55:12'),(2870,1,0,'Mail deletion','Mail',697,1,'2015-09-08 16:55:12','2015-09-08 16:55:12'),(2871,1,0,'Mail deletion','Mail',698,1,'2015-09-08 16:55:12','2015-09-08 16:55:12'),(2872,1,0,'Mail deletion','Mail',699,1,'2015-09-08 16:55:12','2015-09-08 16:55:12'),(2873,1,0,'Mail deletion','Mail',700,1,'2015-09-08 16:55:12','2015-09-08 16:55:12'),(2874,1,0,'Mail deletion','Mail',701,1,'2015-09-08 16:55:30','2015-09-08 16:55:30'),(2875,1,0,'Mail deletion','Mail',702,1,'2015-09-08 16:55:30','2015-09-08 16:55:30'),(2876,1,0,'Mail deletion','Mail',703,1,'2015-09-08 16:55:31','2015-09-08 16:55:31'),(2877,1,0,'Mail deletion','Mail',704,1,'2015-09-08 16:55:31','2015-09-08 16:55:31'),(2878,1,0,'Mail deletion','Mail',705,1,'2015-09-08 16:55:32','2015-09-08 16:55:32'),(2879,1,0,'Mail deletion','Mail',706,1,'2015-09-08 16:55:32','2015-09-08 16:55:32'),(2880,1,0,'Mail deletion','Mail',707,1,'2015-09-08 16:55:33','2015-09-08 16:55:33'),(2881,1,0,'Mail deletion','Mail',708,1,'2015-09-08 16:55:33','2015-09-08 16:55:33'),(2882,1,0,'Mail deletion','Mail',709,1,'2015-09-08 16:55:33','2015-09-08 16:55:33'),(2883,1,0,'Mail deletion','Mail',710,1,'2015-09-08 16:55:33','2015-09-08 16:55:33'),(2884,1,0,'Mail deletion','Mail',711,1,'2015-09-08 16:55:33','2015-09-08 16:55:33'),(2885,1,0,'Mail deletion','Mail',712,1,'2015-09-08 16:55:33','2015-09-08 16:55:33'),(2886,1,0,'Mail deletion','Mail',713,1,'2015-09-08 16:55:34','2015-09-08 16:55:34'),(2887,1,0,'Mail deletion','Mail',714,1,'2015-09-08 16:55:34','2015-09-08 16:55:34'),(2888,1,0,'Mail deletion','Mail',715,1,'2015-09-08 16:55:34','2015-09-08 16:55:34'),(2889,1,0,'Mail deletion','Mail',716,1,'2015-09-08 16:55:34','2015-09-08 16:55:34'),(2890,1,0,'Mail deletion','Mail',717,1,'2015-09-08 16:55:34','2015-09-08 16:55:34'),(2891,1,0,'Mail deletion','Mail',718,1,'2015-09-08 16:55:34','2015-09-08 16:55:34'),(2892,1,0,'Mail deletion','Mail',719,1,'2015-09-08 16:55:34','2015-09-08 16:55:34'),(2893,1,0,'Mail deletion','Mail',720,1,'2015-09-08 16:55:35','2015-09-08 16:55:35'),(2894,1,0,'Mail deletion','Mail',721,1,'2015-09-08 16:55:35','2015-09-08 16:55:35'),(2895,1,0,'Mail deletion','Mail',722,1,'2015-09-08 16:55:35','2015-09-08 16:55:35'),(2896,1,0,'Mail deletion','Mail',723,1,'2015-09-08 16:55:35','2015-09-08 16:55:35'),(2897,1,0,'Mail deletion','Mail',724,1,'2015-09-08 16:55:35','2015-09-08 16:55:35'),(2898,1,0,'Mail deletion','Mail',725,1,'2015-09-08 16:55:35','2015-09-08 16:55:35'),(2899,1,0,'Mail deletion','Mail',726,1,'2015-09-08 16:55:35','2015-09-08 16:55:35'),(2900,1,0,'Mail deletion','Mail',727,1,'2015-09-08 16:55:35','2015-09-08 16:55:35'),(2901,1,0,'Mail deletion','Mail',728,1,'2015-09-08 16:55:35','2015-09-08 16:55:35'),(2902,1,0,'Mail deletion','Mail',729,1,'2015-09-08 16:55:35','2015-09-08 16:55:35'),(2903,1,0,'Mail deletion','Mail',730,1,'2015-09-08 16:55:35','2015-09-08 16:55:35'),(2904,1,0,'Mail deletion','Mail',731,1,'2015-09-08 16:55:35','2015-09-08 16:55:35'),(2905,1,0,'Mail deletion','Mail',732,1,'2015-09-08 16:55:35','2015-09-08 16:55:35'),(2906,1,0,'Mail deletion','Mail',733,1,'2015-09-08 16:55:35','2015-09-08 16:55:35'),(2907,1,0,'Mail deletion','Mail',734,1,'2015-09-08 16:55:35','2015-09-08 16:55:35'),(2908,1,0,'Mail deletion','Mail',735,1,'2015-09-08 16:55:35','2015-09-08 16:55:35'),(2909,1,0,'Mail deletion','Mail',736,1,'2015-09-08 16:55:35','2015-09-08 16:55:35'),(2910,1,0,'Mail deletion','Mail',737,1,'2015-09-08 16:55:35','2015-09-08 16:55:35'),(2911,1,0,'Mail deletion','Mail',738,1,'2015-09-08 16:55:35','2015-09-08 16:55:35'),(2912,1,0,'Mail deletion','Mail',739,1,'2015-09-08 16:55:35','2015-09-08 16:55:35'),(2913,1,0,'Mail deletion','Mail',740,1,'2015-09-08 16:55:35','2015-09-08 16:55:35'),(2914,1,0,'Mail deletion','Mail',741,1,'2015-09-08 16:55:35','2015-09-08 16:55:35'),(2915,1,0,'Mail deletion','Mail',742,1,'2015-09-08 16:55:35','2015-09-08 16:55:35'),(2916,1,0,'Mail deletion','Mail',743,1,'2015-09-08 16:55:35','2015-09-08 16:55:35'),(2917,1,0,'Mail deletion','Mail',744,1,'2015-09-08 16:55:35','2015-09-08 16:55:35'),(2918,1,0,'Mail deletion','Mail',745,1,'2015-09-08 16:55:35','2015-09-08 16:55:35'),(2919,1,0,'Mail deletion','Mail',746,1,'2015-09-08 16:55:35','2015-09-08 16:55:35'),(2920,1,0,'Mail deletion','Mail',747,1,'2015-09-08 16:55:35','2015-09-08 16:55:35'),(2921,1,0,'Mail deletion','Mail',748,1,'2015-09-08 16:55:35','2015-09-08 16:55:35'),(2922,1,0,'Mail deletion','Mail',749,1,'2015-09-08 16:55:35','2015-09-08 16:55:35'),(2923,1,0,'Mail deletion','Mail',750,1,'2015-09-08 16:55:35','2015-09-08 16:55:35'),(2924,1,0,'Mail deletion','Mail',751,1,'2015-09-08 16:55:59','2015-09-08 16:55:59'),(2925,1,0,'Mail deletion','Mail',752,1,'2015-09-08 16:55:59','2015-09-08 16:55:59'),(2926,1,0,'Mail deletion','Mail',753,1,'2015-09-08 16:55:59','2015-09-08 16:55:59'),(2927,1,0,'Mail deletion','Mail',754,1,'2015-09-08 16:55:59','2015-09-08 16:55:59'),(2928,1,0,'Mail deletion','Mail',755,1,'2015-09-08 16:55:59','2015-09-08 16:55:59'),(2929,1,0,'Mail deletion','Mail',756,1,'2015-09-08 16:55:59','2015-09-08 16:55:59'),(2930,1,0,'Mail deletion','Mail',757,1,'2015-09-08 16:55:59','2015-09-08 16:55:59'),(2931,1,0,'Mail deletion','Mail',758,1,'2015-09-08 16:55:59','2015-09-08 16:55:59'),(2932,1,0,'Mail deletion','Mail',759,1,'2015-09-08 16:55:59','2015-09-08 16:55:59'),(2933,1,0,'Mail deletion','Mail',760,1,'2015-09-08 16:55:59','2015-09-08 16:55:59'),(2934,1,0,'Mail deletion','Mail',761,1,'2015-09-08 16:55:59','2015-09-08 16:55:59'),(2935,1,0,'Mail deletion','Mail',762,1,'2015-09-08 16:55:59','2015-09-08 16:55:59'),(2936,1,0,'Mail deletion','Mail',763,1,'2015-09-08 16:55:59','2015-09-08 16:55:59'),(2937,1,0,'Mail deletion','Mail',764,1,'2015-09-08 16:55:59','2015-09-08 16:55:59'),(2938,1,0,'Mail deletion','Mail',765,1,'2015-09-08 16:55:59','2015-09-08 16:55:59'),(2939,1,0,'Mail deletion','Mail',766,1,'2015-09-08 16:55:59','2015-09-08 16:55:59'),(2940,1,0,'Mail deletion','Mail',767,1,'2015-09-08 16:56:00','2015-09-08 16:56:00'),(2941,1,0,'Mail deletion','Mail',768,1,'2015-09-08 16:56:00','2015-09-08 16:56:00'),(2942,1,0,'Mail deletion','Mail',769,1,'2015-09-08 16:56:00','2015-09-08 16:56:00'),(2943,1,0,'Mail deletion','Mail',770,1,'2015-09-08 16:56:00','2015-09-08 16:56:00'),(2944,1,0,'Mail deletion','Mail',771,1,'2015-09-08 16:56:00','2015-09-08 16:56:00'),(2945,1,0,'Mail deletion','Mail',772,1,'2015-09-08 16:56:00','2015-09-08 16:56:00'),(2946,1,0,'Mail deletion','Mail',773,1,'2015-09-08 16:56:00','2015-09-08 16:56:00'),(2947,1,0,'Mail deletion','Mail',774,1,'2015-09-08 16:56:00','2015-09-08 16:56:00'),(2948,1,0,'Mail deletion','Mail',775,1,'2015-09-08 16:56:00','2015-09-08 16:56:00'),(2949,1,0,'Mail deletion','Mail',776,1,'2015-09-08 16:56:00','2015-09-08 16:56:00'),(2950,1,0,'Mail deletion','Mail',777,1,'2015-09-08 16:56:00','2015-09-08 16:56:00'),(2951,1,0,'Mail deletion','Mail',778,1,'2015-09-08 16:56:00','2015-09-08 16:56:00'),(2952,1,0,'Mail deletion','Mail',779,1,'2015-09-08 16:56:00','2015-09-08 16:56:00'),(2953,1,0,'Mail deletion','Mail',780,1,'2015-09-08 16:56:00','2015-09-08 16:56:00'),(2954,1,0,'Mail deletion','Mail',781,1,'2015-09-08 16:56:00','2015-09-08 16:56:00'),(2955,1,0,'Mail deletion','Mail',782,1,'2015-09-08 16:56:00','2015-09-08 16:56:00'),(2956,1,0,'Mail deletion','Mail',783,1,'2015-09-08 16:56:00','2015-09-08 16:56:00'),(2957,1,0,'Mail deletion','Mail',784,1,'2015-09-08 16:56:00','2015-09-08 16:56:00'),(2958,1,0,'Mail deletion','Mail',785,1,'2015-09-08 16:56:00','2015-09-08 16:56:00'),(2959,1,0,'Mail deletion','Mail',786,1,'2015-09-08 16:56:00','2015-09-08 16:56:00'),(2960,1,0,'Mail deletion','Mail',787,1,'2015-09-08 16:56:00','2015-09-08 16:56:00'),(2961,1,0,'Mail deletion','Mail',788,1,'2015-09-08 16:56:00','2015-09-08 16:56:00'),(2962,1,0,'Mail deletion','Mail',789,1,'2015-09-08 16:56:00','2015-09-08 16:56:00'),(2963,1,0,'Mail deletion','Mail',790,1,'2015-09-08 16:56:00','2015-09-08 16:56:00'),(2964,1,0,'Mail deletion','Mail',791,1,'2015-09-08 16:56:00','2015-09-08 16:56:00'),(2965,1,0,'Mail deletion','Mail',792,1,'2015-09-08 16:56:00','2015-09-08 16:56:00'),(2966,1,0,'Mail deletion','Mail',793,1,'2015-09-08 16:56:00','2015-09-08 16:56:00'),(2967,1,0,'Mail deletion','Mail',794,1,'2015-09-08 16:56:00','2015-09-08 16:56:00'),(2968,1,0,'Mail deletion','Mail',795,1,'2015-09-08 16:56:00','2015-09-08 16:56:00'),(2969,1,0,'Mail deletion','Mail',796,1,'2015-09-08 16:56:00','2015-09-08 16:56:00'),(2970,1,0,'Mail deletion','Mail',797,1,'2015-09-08 16:56:00','2015-09-08 16:56:00'),(2971,1,0,'Mail deletion','Mail',798,1,'2015-09-08 16:56:00','2015-09-08 16:56:00'),(2972,1,0,'Mail deletion','Mail',799,1,'2015-09-08 16:56:00','2015-09-08 16:56:00'),(2973,1,0,'Mail deletion','Mail',800,1,'2015-09-08 16:56:00','2015-09-08 16:56:00'),(2974,1,0,'Mail deletion','Mail',801,1,'2015-09-08 16:56:19','2015-09-08 16:56:19'),(2975,1,0,'Mail deletion','Mail',802,1,'2015-09-08 16:56:19','2015-09-08 16:56:19'),(2976,1,0,'Mail deletion','Mail',803,1,'2015-09-08 16:56:19','2015-09-08 16:56:19'),(2977,1,0,'Mail deletion','Mail',804,1,'2015-09-08 16:56:19','2015-09-08 16:56:19'),(2978,1,0,'Mail deletion','Mail',805,1,'2015-09-08 16:56:19','2015-09-08 16:56:19'),(2979,1,0,'Mail deletion','Mail',806,1,'2015-09-08 16:56:19','2015-09-08 16:56:19'),(2980,1,0,'Mail deletion','Mail',807,1,'2015-09-08 16:56:19','2015-09-08 16:56:19'),(2981,1,0,'Mail deletion','Mail',808,1,'2015-09-08 16:56:19','2015-09-08 16:56:19'),(2982,1,0,'Mail deletion','Mail',809,1,'2015-09-08 16:56:19','2015-09-08 16:56:19'),(2983,1,0,'Mail deletion','Mail',810,1,'2015-09-08 16:56:19','2015-09-08 16:56:19'),(2984,1,0,'Mail deletion','Mail',811,1,'2015-09-08 16:56:19','2015-09-08 16:56:19'),(2985,1,0,'Mail deletion','Mail',812,1,'2015-09-08 16:56:19','2015-09-08 16:56:19'),(2986,1,0,'Mail deletion','Mail',813,1,'2015-09-08 16:56:19','2015-09-08 16:56:19'),(2987,1,0,'Mail deletion','Mail',814,1,'2015-09-08 16:56:19','2015-09-08 16:56:19'),(2988,1,0,'Mail deletion','Mail',815,1,'2015-09-08 16:56:19','2015-09-08 16:56:19'),(2989,1,0,'Mail deletion','Mail',816,1,'2015-09-08 16:56:19','2015-09-08 16:56:19'),(2990,1,0,'Mail deletion','Mail',817,1,'2015-09-08 16:56:19','2015-09-08 16:56:19'),(2991,1,0,'Mail deletion','Mail',818,1,'2015-09-08 16:56:19','2015-09-08 16:56:19'),(2992,1,0,'Mail deletion','Mail',819,1,'2015-09-08 16:56:19','2015-09-08 16:56:19'),(2993,1,0,'Mail deletion','Mail',820,1,'2015-09-08 16:56:19','2015-09-08 16:56:19'),(2994,1,0,'Mail deletion','Mail',821,1,'2015-09-08 16:56:19','2015-09-08 16:56:19'),(2995,1,0,'Mail deletion','Mail',822,1,'2015-09-08 16:56:19','2015-09-08 16:56:19'),(2996,1,0,'Mail deletion','Mail',823,1,'2015-09-08 16:56:19','2015-09-08 16:56:19'),(2997,1,0,'Mail deletion','Mail',824,1,'2015-09-08 16:56:19','2015-09-08 16:56:19'),(2998,1,0,'Mail deletion','Mail',825,1,'2015-09-08 16:56:19','2015-09-08 16:56:19'),(2999,1,0,'Mail deletion','Mail',826,1,'2015-09-08 16:56:19','2015-09-08 16:56:19'),(3000,1,0,'Mail deletion','Mail',827,1,'2015-09-08 16:56:19','2015-09-08 16:56:19'),(3001,1,0,'Mail deletion','Mail',828,1,'2015-09-08 16:56:20','2015-09-08 16:56:20'),(3002,1,0,'Mail deletion','Mail',829,1,'2015-09-08 16:56:20','2015-09-08 16:56:20'),(3003,1,0,'Mail deletion','Mail',830,1,'2015-09-08 16:56:20','2015-09-08 16:56:20'),(3004,1,0,'Mail deletion','Mail',831,1,'2015-09-08 16:56:20','2015-09-08 16:56:20'),(3005,1,0,'Mail deletion','Mail',832,1,'2015-09-08 16:56:20','2015-09-08 16:56:20'),(3006,1,0,'Mail deletion','Mail',833,1,'2015-09-08 16:56:20','2015-09-08 16:56:20'),(3007,1,0,'Mail deletion','Mail',834,1,'2015-09-08 16:56:20','2015-09-08 16:56:20'),(3008,1,0,'Mail deletion','Mail',835,1,'2015-09-08 16:56:20','2015-09-08 16:56:20'),(3009,1,0,'Mail deletion','Mail',836,1,'2015-09-08 16:56:20','2015-09-08 16:56:20'),(3010,1,0,'Mail deletion','Mail',837,1,'2015-09-08 16:56:20','2015-09-08 16:56:20'),(3011,1,0,'Mail deletion','Mail',838,1,'2015-09-08 16:56:20','2015-09-08 16:56:20'),(3012,1,0,'Mail deletion','Mail',839,1,'2015-09-08 16:56:20','2015-09-08 16:56:20'),(3013,1,0,'Mail deletion','Mail',840,1,'2015-09-08 16:56:20','2015-09-08 16:56:20'),(3014,1,0,'Mail deletion','Mail',841,1,'2015-09-08 16:56:20','2015-09-08 16:56:20'),(3015,1,0,'Mail deletion','Mail',842,1,'2015-09-08 16:56:20','2015-09-08 16:56:20'),(3016,1,0,'Mail deletion','Mail',843,1,'2015-09-08 16:56:20','2015-09-08 16:56:20'),(3017,1,0,'Mail deletion','Mail',844,1,'2015-09-08 16:56:20','2015-09-08 16:56:20'),(3018,1,0,'Mail deletion','Mail',845,1,'2015-09-08 16:56:20','2015-09-08 16:56:20'),(3019,1,0,'Mail deletion','Mail',846,1,'2015-09-08 16:56:20','2015-09-08 16:56:20'),(3020,1,0,'Mail deletion','Mail',847,1,'2015-09-08 16:56:20','2015-09-08 16:56:20'),(3021,1,0,'Mail deletion','Mail',848,1,'2015-09-08 16:56:20','2015-09-08 16:56:20'),(3022,1,0,'Mail deletion','Mail',849,1,'2015-09-08 16:56:20','2015-09-08 16:56:20'),(3023,1,0,'Mail deletion','Mail',850,1,'2015-09-08 16:56:20','2015-09-08 16:56:20'),(3024,1,0,'Mail deletion','Mail',851,1,'2015-09-08 16:56:39','2015-09-08 16:56:39'),(3025,1,0,'Mail deletion','Mail',852,1,'2015-09-08 16:56:40','2015-09-08 16:56:40'),(3026,1,0,'Mail deletion','Mail',853,1,'2015-09-08 16:56:40','2015-09-08 16:56:40'),(3027,1,0,'Mail deletion','Mail',854,1,'2015-09-08 16:56:40','2015-09-08 16:56:40'),(3028,1,0,'Mail deletion','Mail',855,1,'2015-09-08 16:56:40','2015-09-08 16:56:40'),(3029,1,0,'Mail deletion','Mail',856,1,'2015-09-08 16:56:40','2015-09-08 16:56:40'),(3030,1,0,'Mail deletion','Mail',857,1,'2015-09-08 16:56:40','2015-09-08 16:56:40'),(3031,1,0,'Mail deletion','Mail',858,1,'2015-09-08 16:56:40','2015-09-08 16:56:40'),(3032,1,0,'Mail deletion','Mail',859,1,'2015-09-08 16:56:40','2015-09-08 16:56:40'),(3033,1,0,'Mail deletion','Mail',860,1,'2015-09-08 16:56:40','2015-09-08 16:56:40'),(3034,1,0,'Mail deletion','Mail',861,1,'2015-09-08 16:56:40','2015-09-08 16:56:40'),(3035,1,0,'Mail deletion','Mail',862,1,'2015-09-08 16:56:40','2015-09-08 16:56:40'),(3036,1,0,'Mail deletion','Mail',863,1,'2015-09-08 16:56:40','2015-09-08 16:56:40'),(3037,1,0,'Mail deletion','Mail',864,1,'2015-09-08 16:56:40','2015-09-08 16:56:40'),(3038,1,0,'Mail deletion','Mail',865,1,'2015-09-08 16:56:40','2015-09-08 16:56:40'),(3039,1,0,'Mail deletion','Mail',866,1,'2015-09-08 16:56:40','2015-09-08 16:56:40'),(3040,1,0,'Mail deletion','Mail',867,1,'2015-09-08 16:56:40','2015-09-08 16:56:40'),(3041,1,0,'Mail deletion','Mail',868,1,'2015-09-08 16:56:40','2015-09-08 16:56:40'),(3042,1,0,'Mail deletion','Mail',869,1,'2015-09-08 16:56:40','2015-09-08 16:56:40'),(3043,1,0,'Mail deletion','Mail',870,1,'2015-09-08 16:56:40','2015-09-08 16:56:40'),(3044,1,0,'Mail deletion','Mail',871,1,'2015-09-08 16:56:40','2015-09-08 16:56:40'),(3045,1,0,'Mail deletion','Mail',872,1,'2015-09-08 16:56:40','2015-09-08 16:56:40'),(3046,1,0,'Mail deletion','Mail',873,1,'2015-09-08 16:56:40','2015-09-08 16:56:40'),(3047,1,0,'Mail deletion','Mail',874,1,'2015-09-08 16:56:40','2015-09-08 16:56:40'),(3048,1,0,'Mail deletion','Mail',875,1,'2015-09-08 16:56:40','2015-09-08 16:56:40'),(3049,1,0,'Mail deletion','Mail',876,1,'2015-09-08 16:56:40','2015-09-08 16:56:40'),(3050,1,0,'Mail deletion','Mail',877,1,'2015-09-08 16:56:40','2015-09-08 16:56:40'),(3051,1,0,'Mail deletion','Mail',878,1,'2015-09-08 16:56:40','2015-09-08 16:56:40'),(3052,1,0,'Mail deletion','Mail',879,1,'2015-09-08 16:56:40','2015-09-08 16:56:40'),(3053,1,0,'Mail deletion','Mail',880,1,'2015-09-08 16:56:40','2015-09-08 16:56:40'),(3054,1,0,'Mail deletion','Mail',881,1,'2015-09-08 16:56:40','2015-09-08 16:56:40'),(3055,1,0,'Mail deletion','Mail',882,1,'2015-09-08 16:56:40','2015-09-08 16:56:40'),(3056,1,0,'Mail deletion','Mail',883,1,'2015-09-08 16:56:40','2015-09-08 16:56:40'),(3057,1,0,'Mail deletion','Mail',884,1,'2015-09-08 16:56:40','2015-09-08 16:56:40'),(3058,1,0,'Mail deletion','Mail',885,1,'2015-09-08 16:56:41','2015-09-08 16:56:41'),(3059,1,0,'Mail deletion','Mail',886,1,'2015-09-08 16:56:41','2015-09-08 16:56:41'),(3060,1,0,'Mail deletion','Mail',887,1,'2015-09-08 16:56:41','2015-09-08 16:56:41'),(3061,1,0,'Mail deletion','Mail',888,1,'2015-09-08 16:56:41','2015-09-08 16:56:41'),(3062,1,0,'Mail deletion','Mail',889,1,'2015-09-08 16:56:41','2015-09-08 16:56:41'),(3063,1,0,'Mail deletion','Mail',890,1,'2015-09-08 16:56:41','2015-09-08 16:56:41'),(3064,1,0,'Mail deletion','Mail',891,1,'2015-09-08 16:56:41','2015-09-08 16:56:41'),(3065,1,0,'Mail deletion','Mail',892,1,'2015-09-08 16:56:41','2015-09-08 16:56:41'),(3066,1,0,'Mail deletion','Mail',893,1,'2015-09-08 16:56:41','2015-09-08 16:56:41'),(3067,1,0,'Mail deletion','Mail',894,1,'2015-09-08 16:56:41','2015-09-08 16:56:41'),(3068,1,0,'Mail deletion','Mail',895,1,'2015-09-08 16:56:41','2015-09-08 16:56:41'),(3069,1,0,'Mail deletion','Mail',896,1,'2015-09-08 16:56:41','2015-09-08 16:56:41'),(3070,1,0,'Mail deletion','Mail',897,1,'2015-09-08 16:56:41','2015-09-08 16:56:41'),(3071,1,0,'Mail deletion','Mail',898,1,'2015-09-08 16:56:41','2015-09-08 16:56:41'),(3072,1,0,'Mail deletion','Mail',899,1,'2015-09-08 16:56:41','2015-09-08 16:56:41'),(3073,1,0,'Mail deletion','Mail',900,1,'2015-09-08 16:56:41','2015-09-08 16:56:41'),(3074,1,0,'Mail deletion','Mail',901,1,'2015-09-08 16:56:58','2015-09-08 16:56:58'),(3075,1,0,'Mail deletion','Mail',902,1,'2015-09-08 16:56:58','2015-09-08 16:56:58'),(3076,1,0,'Mail deletion','Mail',903,1,'2015-09-08 16:56:58','2015-09-08 16:56:58'),(3077,1,0,'Mail deletion','Mail',904,1,'2015-09-08 16:56:59','2015-09-08 16:56:59'),(3078,1,0,'Mail deletion','Mail',905,1,'2015-09-08 16:56:59','2015-09-08 16:56:59'),(3079,1,0,'Mail deletion','Mail',906,1,'2015-09-08 16:56:59','2015-09-08 16:56:59'),(3080,1,0,'Mail deletion','Mail',907,1,'2015-09-08 16:56:59','2015-09-08 16:56:59'),(3081,1,0,'Mail deletion','Mail',908,1,'2015-09-08 16:56:59','2015-09-08 16:56:59'),(3082,1,0,'Mail deletion','Mail',909,1,'2015-09-08 16:56:59','2015-09-08 16:56:59'),(3083,1,0,'Mail deletion','Mail',910,1,'2015-09-08 16:56:59','2015-09-08 16:56:59'),(3084,1,0,'Mail deletion','Mail',911,1,'2015-09-08 16:56:59','2015-09-08 16:56:59'),(3085,1,0,'Mail deletion','Mail',912,1,'2015-09-08 16:56:59','2015-09-08 16:56:59'),(3086,1,0,'Mail deletion','Mail',913,1,'2015-09-08 16:56:59','2015-09-08 16:56:59'),(3087,1,0,'Mail deletion','Mail',914,1,'2015-09-08 16:56:59','2015-09-08 16:56:59'),(3088,1,0,'Mail deletion','Mail',915,1,'2015-09-08 16:56:59','2015-09-08 16:56:59'),(3089,1,0,'Mail deletion','Mail',916,1,'2015-09-08 16:56:59','2015-09-08 16:56:59'),(3090,1,0,'Mail deletion','Mail',917,1,'2015-09-08 16:56:59','2015-09-08 16:56:59'),(3091,1,0,'Mail deletion','Mail',918,1,'2015-09-08 16:56:59','2015-09-08 16:56:59'),(3092,1,0,'Mail deletion','Mail',919,1,'2015-09-08 16:56:59','2015-09-08 16:56:59'),(3093,1,0,'Mail deletion','Mail',920,1,'2015-09-08 16:57:00','2015-09-08 16:57:00'),(3094,1,0,'Mail deletion','Mail',921,1,'2015-09-08 16:57:00','2015-09-08 16:57:00'),(3095,1,0,'Mail deletion','Mail',922,1,'2015-09-08 16:57:00','2015-09-08 16:57:00'),(3096,1,0,'Mail deletion','Mail',923,1,'2015-09-08 16:57:00','2015-09-08 16:57:00'),(3097,1,0,'Mail deletion','Mail',924,1,'2015-09-08 16:57:00','2015-09-08 16:57:00'),(3098,1,0,'Mail deletion','Mail',925,1,'2015-09-08 16:57:00','2015-09-08 16:57:00'),(3099,1,0,'Mail deletion','Mail',926,1,'2015-09-08 16:57:00','2015-09-08 16:57:00'),(3100,1,0,'Mail deletion','Mail',927,1,'2015-09-08 16:57:00','2015-09-08 16:57:00'),(3101,1,0,'Mail deletion','Mail',928,1,'2015-09-08 16:57:00','2015-09-08 16:57:00'),(3102,1,0,'Mail deletion','Mail',929,1,'2015-09-08 16:57:00','2015-09-08 16:57:00'),(3103,1,0,'Mail deletion','Mail',930,1,'2015-09-08 16:57:00','2015-09-08 16:57:00'),(3104,1,0,'Mail deletion','Mail',931,1,'2015-09-08 16:57:00','2015-09-08 16:57:00'),(3105,1,0,'Mail deletion','Mail',932,1,'2015-09-08 16:57:01','2015-09-08 16:57:01'),(3106,1,0,'Mail deletion','Mail',933,1,'2015-09-08 16:57:01','2015-09-08 16:57:01'),(3107,1,0,'Mail deletion','Mail',934,1,'2015-09-08 16:57:01','2015-09-08 16:57:01'),(3108,1,0,'Mail deletion','Mail',935,1,'2015-09-08 16:57:01','2015-09-08 16:57:01'),(3109,1,0,'Mail deletion','Mail',936,1,'2015-09-08 16:57:01','2015-09-08 16:57:01'),(3110,1,0,'Mail deletion','Mail',937,1,'2015-09-08 16:57:01','2015-09-08 16:57:01'),(3111,1,0,'Mail deletion','Mail',938,1,'2015-09-08 16:57:01','2015-09-08 16:57:01'),(3112,1,0,'Mail deletion','Mail',939,1,'2015-09-08 16:57:01','2015-09-08 16:57:01'),(3113,1,0,'Mail deletion','Mail',940,1,'2015-09-08 16:57:01','2015-09-08 16:57:01'),(3114,1,0,'Mail deletion','Mail',941,1,'2015-09-08 16:57:01','2015-09-08 16:57:01'),(3115,1,0,'Mail deletion','Mail',942,1,'2015-09-08 16:57:02','2015-09-08 16:57:02'),(3116,1,0,'Mail deletion','Mail',943,1,'2015-09-08 16:57:02','2015-09-08 16:57:02'),(3117,1,0,'Mail deletion','Mail',944,1,'2015-09-08 16:57:02','2015-09-08 16:57:02'),(3118,1,0,'Mail deletion','Mail',945,1,'2015-09-08 16:57:02','2015-09-08 16:57:02'),(3119,1,0,'Mail deletion','Mail',946,1,'2015-09-08 16:57:02','2015-09-08 16:57:02'),(3120,1,0,'Mail deletion','Mail',947,1,'2015-09-08 16:57:02','2015-09-08 16:57:02'),(3121,1,0,'Mail deletion','Mail',948,1,'2015-09-08 16:57:02','2015-09-08 16:57:02'),(3122,1,0,'Mail deletion','Mail',949,1,'2015-09-08 16:57:03','2015-09-08 16:57:03'),(3123,1,0,'Mail deletion','Mail',950,1,'2015-09-08 16:57:03','2015-09-08 16:57:03'),(3124,1,0,'Mail deletion','Mail',951,1,'2015-09-08 16:57:56','2015-09-08 16:57:56'),(3125,1,0,'Mail deletion','Mail',952,1,'2015-09-08 16:57:56','2015-09-08 16:57:56'),(3126,1,0,'Mail deletion','Mail',955,1,'2015-09-08 16:57:56','2015-09-08 16:57:56'),(3127,1,0,'Mail deletion','Mail',956,1,'2015-09-08 16:57:57','2015-09-08 16:57:57'),(3128,1,0,'Mail deletion','Mail',954,1,'2015-09-08 16:58:23','2015-09-08 16:58:23'),(3129,1,0,'Back Office connection from 175.139.77.205','',0,1,'2015-09-08 19:45:53','2015-09-08 19:45:53'),(3130,1,0,'Back Office connection from 175.139.77.205','',0,1,'2015-09-09 14:15:14','2015-09-09 14:15:14'),(3131,1,0,'Back Office connection from 175.139.77.205','',0,1,'2015-09-09 18:29:40','2015-09-09 18:29:40'),(3132,1,0,'Back Office connection from 175.139.77.205','',0,1,'2015-09-09 20:19:10','2015-09-09 20:19:10'),(3133,1,0,'Product modification','Product',122,1,'2015-09-09 20:49:38','2015-09-09 20:49:38'),(3134,1,0,'Product modification','Product',122,1,'2015-09-09 20:51:04','2015-09-09 20:51:04'),(3135,1,0,'Product modification','Product',122,1,'2015-09-09 20:51:32','2015-09-09 20:51:32'),(3136,1,0,'Product modification','Product',122,1,'2015-09-09 20:52:48','2015-09-09 20:52:48'),(3137,1,0,'Product modification','Product',122,1,'2015-09-09 20:53:13','2015-09-09 20:53:13'),(3138,1,0,'Product modification','Product',122,1,'2015-09-09 20:53:57','2015-09-09 20:53:57'),(3139,1,0,'Product modification','Product',122,1,'2015-09-09 20:54:32','2015-09-09 20:54:32'),(3140,1,0,'Product modification','Product',122,1,'2015-09-09 20:56:18','2015-09-09 20:56:18'),(3141,1,0,'Product modification','Product',123,1,'2015-09-09 21:03:49','2015-09-09 21:03:49'),(3142,1,0,'Product modification','Product',123,1,'2015-09-09 21:06:08','2015-09-09 21:06:08'),(3143,1,0,'Product modification','Product',123,1,'2015-09-09 21:06:37','2015-09-09 21:06:37'),(3144,1,0,'Product modification','Product',123,1,'2015-09-09 21:17:37','2015-09-09 21:17:37'),(3145,1,0,'Product modification','Product',123,1,'2015-09-09 21:18:09','2015-09-09 21:18:09'),(3146,1,0,'Product modification','Product',122,1,'2015-09-09 21:19:43','2015-09-09 21:19:43'),(3147,1,0,'Product modification','Product',123,1,'2015-09-09 21:20:28','2015-09-09 21:20:28'),(3148,1,0,'Product modification','Product',123,1,'2015-09-09 21:21:03','2015-09-09 21:21:03'),(3149,1,0,'Back Office connection from 175.139.77.205','',0,1,'2015-09-10 19:46:34','2015-09-10 19:46:34'),(3150,1,0,'Customer deletion','Customer',4,1,'2015-09-10 19:59:13','2015-09-10 19:59:13'),(3151,1,0,'Customer modification','Customer',8,1,'2015-09-10 19:59:41','2015-09-10 19:59:41'),(3152,1,0,'Back Office connection from 175.139.77.205','',0,1,'2015-09-11 14:25:59','2015-09-11 14:25:59'),(3153,1,0,'Customer deletion','Customer',1,1,'2015-09-11 14:32:04','2015-09-11 14:32:04'),(3154,1,0,'Back Office connection from 175.139.77.205','',0,1,'2015-09-11 16:21:53','2015-09-11 16:21:53'),(3155,1,0,'Product modification','Product',115,1,'2015-09-11 17:07:36','2015-09-11 17:07:36'),(3156,1,0,'Product modification','Product',124,1,'2015-09-11 17:11:07','2015-09-11 17:11:07'),(3157,1,0,'Product modification','Product',124,1,'2015-09-11 17:12:47','2015-09-11 17:12:47'),(3158,1,0,'Product modification','Product',124,1,'2015-09-11 17:13:21','2015-09-11 17:13:21'),(3159,1,0,'Product modification','Product',124,1,'2015-09-11 17:14:21','2015-09-11 17:14:21'),(3160,1,0,'Product modification','Product',124,1,'2015-09-11 17:15:20','2015-09-11 17:15:20'),(3161,1,0,'Product modification','Product',124,1,'2015-09-11 17:15:54','2015-09-11 17:15:54'),(3162,1,0,'Back Office connection from 175.139.77.205','',0,1,'2015-09-11 17:53:34','2015-09-11 17:53:34'),(3163,1,0,'Product modification','Product',125,1,'2015-09-11 17:57:07','2015-09-11 17:57:07'),(3164,1,0,'Product modification','Product',125,1,'2015-09-11 17:57:39','2015-09-11 17:57:39'),(3165,1,0,'Product modification','Product',125,1,'2015-09-11 17:58:35','2015-09-11 17:58:35'),(3166,1,0,'Product modification','Product',125,1,'2015-09-11 18:00:06','2015-09-11 18:00:06'),(3167,1,0,'Product modification','Product',125,1,'2015-09-11 18:00:31','2015-09-11 18:00:31'),(3168,1,0,'Product modification','Product',125,1,'2015-09-11 18:01:56','2015-09-11 18:01:56'),(3169,1,0,'Product modification','Product',125,1,'2015-09-11 18:02:37','2015-09-11 18:02:37'),(3170,1,0,'Product modification','Product',125,1,'2015-09-11 18:04:20','2015-09-11 18:04:20'),(3171,1,0,'Product modification','Product',125,1,'2015-09-11 18:05:33','2015-09-11 18:05:33'),(3172,1,0,'Product modification','Product',125,1,'2015-09-11 18:06:15','2015-09-11 18:06:15'),(3173,1,0,'Product modification','Product',125,1,'2015-09-11 18:07:07','2015-09-11 18:07:07'),(3174,1,0,'Product modification','Product',125,1,'2015-09-11 18:07:42','2015-09-11 18:07:42'),(3175,1,0,'AttributeGroup addition','AttributeGroup',8,1,'2015-09-11 18:09:50','2015-09-11 18:09:50'),(3176,1,0,'AttributeGroup modification','AttributeGroup',8,1,'2015-09-11 18:10:04','2015-09-11 18:10:04'),(3177,1,0,'Attribute addition','Attribute',57,1,'2015-09-11 18:10:43','2015-09-11 18:10:43'),(3178,1,0,'Attribute addition','Attribute',58,1,'2015-09-11 18:10:56','2015-09-11 18:10:56'),(3179,1,0,'Attribute addition','Attribute',59,1,'2015-09-11 18:11:08','2015-09-11 18:11:08'),(3180,1,0,'Attribute addition','Attribute',60,1,'2015-09-11 18:11:24','2015-09-11 18:11:24'),(3181,1,0,'Attribute addition','Attribute',61,1,'2015-09-11 18:11:38','2015-09-11 18:11:38'),(3182,1,0,'Attribute addition','Attribute',62,1,'2015-09-11 18:11:52','2015-09-11 18:11:52'),(3183,1,0,'Product modification','Product',125,1,'2015-09-11 18:13:30','2015-09-11 18:13:30'),(3184,1,0,'Product modification','Product',125,1,'2015-09-11 18:15:05','2015-09-11 18:15:05'),(3185,1,0,'Product modification','Product',125,1,'2015-09-11 18:16:08','2015-09-11 18:16:08'),(3186,1,0,'Product modification','Product',125,1,'2015-09-11 18:17:03','2015-09-11 18:17:03'),(3187,1,0,'Product modification','Product',125,1,'2015-09-11 18:17:08','2015-09-11 18:17:08'),(3188,1,0,'Product modification','Product',125,1,'2015-09-11 18:18:18','2015-09-11 18:18:18'),(3189,1,0,'Product modification','Product',125,1,'2015-09-11 18:19:28','2015-09-11 18:19:28'),(3190,1,0,'Product modification','Product',125,1,'2015-09-11 18:20:56','2015-09-11 18:20:56'),(3191,1,0,'Product modification','Product',125,1,'2015-09-11 18:22:01','2015-09-11 18:22:01'),(3192,1,0,'Product modification','Product',125,1,'2015-09-11 18:22:34','2015-09-11 18:22:34'),(3193,1,0,'Product modification','Product',125,1,'2015-09-11 18:23:18','2015-09-11 18:23:18'),(3194,1,0,'Product modification','Product',125,1,'2015-09-11 18:32:05','2015-09-11 18:32:05'),(3195,1,0,'Product modification','Product',126,1,'2015-09-11 18:40:53','2015-09-11 18:40:53'),(3196,1,0,'Product modification','Product',126,1,'2015-09-11 18:42:27','2015-09-11 18:42:27'),(3197,1,0,'Product modification','Product',126,1,'2015-09-11 18:42:58','2015-09-11 18:42:58'),(3198,1,0,'Product modification','Product',126,1,'2015-09-11 18:44:14','2015-09-11 18:44:14'),(3199,1,0,'Product modification','Product',126,1,'2015-09-11 18:44:40','2015-09-11 18:44:40'),(3200,1,0,'Product modification','Product',126,1,'2015-09-11 18:45:08','2015-09-11 18:45:08'),(3201,1,0,'Product modification','Product',126,1,'2015-09-11 18:45:38','2015-09-11 18:45:38'),(3202,1,0,'Product modification','Product',10,1,'2015-09-11 18:57:26','2015-09-11 18:57:26'),(3203,1,0,'Product modification','Product',127,1,'2015-09-11 19:07:31','2015-09-11 19:07:31'),(3204,1,0,'Product modification','Product',127,1,'2015-09-11 19:11:10','2015-09-11 19:11:10'),(3205,1,0,'Product modification','Product',127,1,'2015-09-11 19:11:40','2015-09-11 19:11:40'),(3206,1,0,'Product modification','Product',127,1,'2015-09-11 19:13:01','2015-09-11 19:13:01'),(3207,1,0,'Product modification','Product',127,1,'2015-09-11 19:13:46','2015-09-11 19:13:46'),(3208,1,0,'Product modification','Product',127,1,'2015-09-11 19:14:28','2015-09-11 19:14:28'),(3209,1,0,'Product modification','Product',127,1,'2015-09-11 19:15:50','2015-09-11 19:15:50'),(3210,1,0,'Product modification','Product',128,1,'2015-09-11 19:28:24','2015-09-11 19:28:24'),(3211,1,0,'Product modification','Product',128,1,'2015-09-11 19:29:17','2015-09-11 19:29:17'),(3212,1,0,'Product modification','Product',128,1,'2015-09-11 19:31:48','2015-09-11 19:31:48'),(3213,1,0,'Product modification','Product',128,1,'2015-09-11 19:32:23','2015-09-11 19:32:23'),(3214,1,0,'Product modification','Product',128,1,'2015-09-11 19:33:23','2015-09-11 19:33:23'),(3215,1,0,'Product modification','Product',128,1,'2015-09-11 19:33:52','2015-09-11 19:33:52'),(3216,1,0,'Product modification','Product',128,1,'2015-09-11 19:34:25','2015-09-11 19:34:25'),(3217,1,0,'Product modification','Product',128,1,'2015-09-11 19:34:57','2015-09-11 19:34:57'),(3218,1,0,'Product modification','Product',128,1,'2015-09-11 19:35:26','2015-09-11 19:35:26'),(3219,1,0,'Product addition','Product',129,1,'2015-09-11 19:42:45','2015-09-11 19:42:45'),(3220,1,0,'Product modification','Product',129,1,'2015-09-11 19:44:36','2015-09-11 19:44:36'),(3221,1,0,'Product modification','Product',129,1,'2015-09-11 19:45:15','2015-09-11 19:45:15'),(3222,1,0,'Product modification','Product',129,1,'2015-09-11 19:52:14','2015-09-11 19:52:14'),(3223,1,0,'Product modification','Product',129,1,'2015-09-11 19:53:29','2015-09-11 19:53:29'),(3224,1,0,'Product modification','Product',129,1,'2015-09-11 19:54:00','2015-09-11 19:54:00'),(3225,1,0,'Product modification','Product',129,1,'2015-09-11 19:54:40','2015-09-11 19:54:40'),(3226,1,0,'Back Office connection from 175.139.77.205','',0,1,'2015-09-12 19:40:42','2015-09-12 19:40:42'),(3227,1,0,'Category modification','Category',15,1,'2015-09-12 19:43:41','2015-09-12 19:43:41'),(3228,1,0,'Back Office connection from 175.139.77.205','',0,1,'2015-09-15 17:13:56','2015-09-15 17:13:56'),(3229,1,0,'Frontcontroller::init - Cart cannot be loaded or an order has already been placed using this cart','Cart',24,0,'2015-09-15 20:27:46','2015-09-15 20:27:46'),(3230,1,0,'Back Office connection from 175.139.77.205','',0,1,'2015-09-16 19:08:32','2015-09-16 19:08:32'),(3231,1,0,'Back Office connection from 175.139.77.205','',0,1,'2015-09-17 16:10:07','2015-09-17 16:10:07'),(3232,1,0,'Back Office connection from 175.139.77.205','',0,1,'2015-09-17 16:42:45','2015-09-17 16:42:45'),(3233,1,0,'Back Office connection from 175.139.77.205','',0,1,'2015-10-01 17:58:07','2015-10-01 17:58:07'),(3234,1,0,'CartRule addition','CartRule',1,1,'2015-10-01 18:05:45','2015-10-01 18:05:45'),(3235,1,0,'CartRule modification','CartRule',1,1,'2015-10-01 18:05:53','2015-10-01 18:05:53'),(3236,1,0,'Back Office connection from 175.139.77.205','',0,1,'2015-10-02 19:59:08','2015-10-02 19:59:08'),(3237,1,0,'CartRule modification','CartRule',1,1,'2015-10-02 20:01:04','2015-10-02 20:01:04'),(3238,1,0,'Back Office connection from 175.139.77.205','',0,1,'2015-10-03 17:54:25','2015-10-03 17:54:25'),(3239,1,0,'Product modification','Product',74,1,'2015-10-03 18:03:05','2015-10-03 18:03:05'),(3240,1,0,'Product modification','Product',75,1,'2015-10-03 18:04:02','2015-10-03 18:04:02'),(3241,1,0,'Product modification','Product',82,1,'2015-10-03 18:04:59','2015-10-03 18:04:59'),(3242,1,0,'Product modification','Product',81,1,'2015-10-03 18:05:52','2015-10-03 18:05:52'),(3243,1,0,'Product modification','Product',89,1,'2015-10-03 18:06:37','2015-10-03 18:06:37'),(3244,1,0,'Product modification','Product',76,1,'2015-10-03 18:07:39','2015-10-03 18:07:39'),(3245,1,0,'Product modification','Product',20,1,'2015-10-03 18:09:49','2015-10-03 18:09:49'),(3246,1,0,'Product modification','Product',21,1,'2015-10-03 18:10:28','2015-10-03 18:10:28'),(3247,1,0,'Product modification','Product',23,1,'2015-10-03 18:11:07','2015-10-03 18:11:07'),(3248,1,0,'Product modification','Product',22,1,'2015-10-03 18:11:52','2015-10-03 18:11:52'),(3249,1,0,'Product modification','Product',73,1,'2015-10-03 18:13:03','2015-10-03 18:13:03'),(3250,1,0,'Product modification','Product',60,1,'2015-10-03 18:13:49','2015-10-03 18:13:49'),(3251,1,0,'Product modification','Product',61,1,'2015-10-03 18:15:35','2015-10-03 18:15:35'),(3252,1,0,'Product modification','Product',64,1,'2015-10-03 18:17:37','2015-10-03 18:17:37'),(3253,1,0,'Back Office connection from 175.139.77.205','',0,1,'2015-10-04 14:01:38','2015-10-04 14:01:38'),(3254,1,0,'CartRule modification','CartRule',1,1,'2015-10-04 14:03:22','2015-10-04 14:03:22'),(3255,1,0,'Frontcontroller::init - Cart cannot be loaded or an order has already been placed using this cart','Cart',26,0,'2015-10-04 14:29:56','2015-10-04 14:29:56'),(3256,4,1,'Cart cannot be loaded or an order has already been placed using this cart','',0,0,'2015-10-04 14:29:56','2015-10-04 14:29:56'),(3257,1,0,'Back Office connection from 175.139.77.205','',0,1,'2015-10-04 14:37:30','2015-10-04 14:37:30'),(3258,1,0,'CartRule addition','CartRule',2,1,'2015-10-04 14:40:14','2015-10-04 14:40:14'),(3259,1,0,'Back Office connection from 175.139.73.53','',0,1,'2015-10-07 09:38:29','2015-10-07 09:38:29'),(3260,1,0,'Back Office connection from 175.139.73.53','',0,1,'2015-10-10 13:56:55','2015-10-10 13:56:55'),(3261,1,0,'Cart deletion','Cart',23,1,'2015-10-10 14:00:24','2015-10-10 14:00:24'),(3262,1,0,'Cart deletion','Cart',16,1,'2015-10-10 14:01:25','2015-10-10 14:01:25'),(3263,1,0,'Cart deletion','Cart',17,1,'2015-10-10 14:01:38','2015-10-10 14:01:38'),(3264,1,0,'Cart deletion','Cart',18,1,'2015-10-10 14:01:57','2015-10-10 14:01:57'),(3265,1,0,'Cart deletion','Cart',20,1,'2015-10-10 14:02:08','2015-10-10 14:02:08'),(3266,1,0,'Cart deletion','Cart',25,1,'2015-10-10 14:02:20','2015-10-10 14:02:20'),(3267,1,0,'Back Office connection from 175.139.73.53','',0,1,'2015-10-10 14:54:56','2015-10-10 14:54:56'),(3268,1,0,'Product modification','Product',46,1,'2015-10-10 15:04:17','2015-10-10 15:04:17'),(3269,1,0,'Product modification','Product',47,1,'2015-10-10 15:04:53','2015-10-10 15:04:53'),(3270,1,0,'Product modification','Product',53,1,'2015-10-10 15:06:02','2015-10-10 15:06:02'),(3271,1,0,'Product modification','Product',54,1,'2015-10-10 15:06:39','2015-10-10 15:06:39'),(3272,1,0,'Product modification','Product',55,1,'2015-10-10 15:07:31','2015-10-10 15:07:31'),(3273,1,0,'Product modification','Product',56,1,'2015-10-10 15:08:09','2015-10-10 15:08:09'),(3274,1,0,'Product modification','Product',38,1,'2015-10-10 15:09:45','2015-10-10 15:09:45'),(3275,1,0,'Product modification','Product',39,1,'2015-10-10 15:10:28','2015-10-10 15:10:28'),(3276,1,0,'Product modification','Product',37,1,'2015-10-10 15:12:10','2015-10-10 15:12:10'),(3277,1,0,'Product modification','Product',29,1,'2015-10-10 15:13:31','2015-10-10 15:13:31'),(3278,1,0,'Product modification','Product',30,1,'2015-10-10 15:14:19','2015-10-10 15:14:19'),(3279,1,0,'Product modification','Product',44,1,'2015-10-10 15:16:06','2015-10-10 15:16:06'),(3280,1,0,'Product modification','Product',45,1,'2015-10-10 15:17:13','2015-10-10 15:17:13'),(3281,1,0,'Product modification','Product',43,1,'2015-10-10 15:18:38','2015-10-10 15:18:38'),(3282,1,0,'Product modification','Product',41,1,'2015-10-10 15:20:11','2015-10-10 15:20:11'),(3283,1,0,'Product modification','Product',42,1,'2015-10-10 15:20:54','2015-10-10 15:20:54'),(3284,1,0,'Product modification','Product',128,1,'2015-10-10 15:23:20','2015-10-10 15:23:20'),(3285,1,0,'Product modification','Product',40,1,'2015-10-10 15:24:13','2015-10-10 15:24:13'),(3286,1,0,'Product modification','Product',33,1,'2015-10-10 15:25:37','2015-10-10 15:25:37'),(3287,1,0,'Product modification','Product',34,1,'2015-10-10 15:26:13','2015-10-10 15:26:13'),(3288,1,0,'Product modification','Product',35,1,'2015-10-10 15:27:21','2015-10-10 15:27:21'),(3289,1,0,'Product modification','Product',36,1,'2015-10-10 15:27:56','2015-10-10 15:27:56'),(3290,1,0,'Product modification','Product',48,1,'2015-10-10 15:29:03','2015-10-10 15:29:03'),(3291,1,0,'Product modification','Product',51,1,'2015-10-10 15:29:43','2015-10-10 15:29:43'),(3292,1,0,'Product modification','Product',52,1,'2015-10-10 15:30:26','2015-10-10 15:30:26'),(3293,1,0,'Product modification','Product',49,1,'2015-10-10 15:31:29','2015-10-10 15:31:29'),(3294,1,0,'Product modification','Product',50,1,'2015-10-10 15:32:08','2015-10-10 15:32:08'),(3295,1,0,'Back Office connection from 175.139.73.53','',0,1,'2015-10-10 15:57:25','2015-10-10 15:57:25'),(3296,1,0,'Frontcontroller::init - Cart cannot be loaded or an order has already been placed using this cart','Cart',27,0,'2015-10-20 14:52:41','2015-10-20 14:52:41'),(3297,1,0,'Back Office connection from 210.195.64.149','',0,1,'2015-10-20 18:42:11','2015-10-20 18:42:11'),(3298,1,0,'Product modification','Product',88,1,'2015-10-20 19:03:57','2015-10-20 19:03:57'),(3299,1,0,'Back Office connection from 175.139.72.43','',0,1,'2015-10-23 18:23:44','2015-10-23 18:23:44'),(3300,1,0,'Back Office connection from 175.139.72.43','',0,1,'2015-10-23 18:24:59','2015-10-23 18:24:59'),(3301,1,0,'Store addition','Store',7,1,'2015-10-23 18:49:19','2015-10-23 18:49:19'),(3302,1,0,'Store addition','Store',8,1,'2015-10-23 18:56:28','2015-10-23 18:56:28'),(3303,1,0,'Store modification','Store',7,1,'2015-10-23 19:01:40','2015-10-23 19:01:40'),(3304,1,0,'Store modification','Store',7,1,'2015-10-23 19:04:39','2015-10-23 19:04:39'),(3305,1,0,'Store modification','Store',7,1,'2015-10-23 19:06:37','2015-10-23 19:06:37'),(3306,1,0,'Store modification','Store',7,1,'2015-10-23 19:10:31','2015-10-23 19:10:31'),(3307,1,0,'Store modification','Store',7,1,'2015-10-23 19:12:55','2015-10-23 19:12:55'),(3308,1,0,'Store modification','Store',7,1,'2015-10-23 19:14:15','2015-10-23 19:14:15'),(3309,1,0,'Store modification','Store',7,1,'2015-10-23 19:15:22','2015-10-23 19:15:22'),(3310,1,0,'Store modification','Store',7,1,'2015-10-23 19:16:31','2015-10-23 19:16:31'),(3311,1,0,'Store modification','Store',6,1,'2015-10-23 19:17:08','2015-10-23 19:17:08'),(3312,1,0,'Back Office connection from 175.139.72.43','',0,1,'2015-10-24 18:52:07','2015-10-24 18:52:07'),(3313,1,0,'CustomerThread deletion','CustomerThread',1,1,'2015-10-24 18:53:31','2015-10-24 18:53:31'),(3314,1,0,'CustomerThread deletion','CustomerThread',2,1,'2015-10-24 18:53:46','2015-10-24 18:53:46'),(3315,1,0,'Product modification','Product',28,1,'2015-10-24 18:56:01','2015-10-24 18:56:01'),(3316,1,0,'Product modification','Product',43,1,'2015-10-24 18:58:00','2015-10-24 18:58:00'),(3317,1,0,'Product modification','Product',44,1,'2015-10-24 18:59:01','2015-10-24 18:59:01'),(3318,1,0,'Product modification','Product',11,1,'2015-10-24 19:01:36','2015-10-24 19:01:36'),(3319,1,0,'Product modification','Product',31,1,'2015-10-24 19:03:24','2015-10-24 19:03:24'),(3320,1,0,'Product modification','Product',62,1,'2015-10-24 19:05:46','2015-10-24 19:05:46'),(3321,1,0,'Product modification','Product',78,1,'2015-10-24 19:06:51','2015-10-24 19:06:51'),(3322,1,0,'Product modification','Product',65,1,'2015-10-24 19:08:46','2015-10-24 19:08:46'),(3323,1,0,'Product modification','Product',66,1,'2015-10-24 19:09:54','2015-10-24 19:09:54'),(3324,1,0,'Product modification','Product',68,1,'2015-10-24 19:10:47','2015-10-24 19:10:47'),(3325,1,0,'Product modification','Product',69,1,'2015-10-24 19:11:53','2015-10-24 19:11:53'),(3326,1,0,'Product modification','Product',69,1,'2015-10-24 19:12:34','2015-10-24 19:12:34'),(3327,1,0,'Product modification','Product',67,1,'2015-10-24 19:13:22','2015-10-24 19:13:22'),(3328,1,0,'Product modification','Product',88,1,'2015-10-24 19:14:24','2015-10-24 19:14:24'),(3329,1,0,'Product modification','Product',96,1,'2015-10-24 19:15:53','2015-10-24 19:15:53'),(3330,1,0,'Product modification','Product',97,1,'2015-10-24 19:17:05','2015-10-24 19:17:05'),(3331,1,0,'Product modification','Product',101,1,'2015-10-24 19:18:01','2015-10-24 19:18:01'),(3332,1,0,'Product modification','Product',102,1,'2015-10-24 19:18:54','2015-10-24 19:18:54'),(3333,1,0,'Product modification','Product',115,1,'2015-10-24 19:20:56','2015-10-24 19:20:56'),(3334,1,0,'Product modification','Product',116,1,'2015-10-24 19:21:43','2015-10-24 19:21:43'),(3335,1,0,'Product modification','Product',120,1,'2015-10-24 19:22:18','2015-10-24 19:22:18'),(3336,1,0,'Product modification','Product',124,1,'2015-10-24 19:23:04','2015-10-24 19:23:04'),(3337,1,0,'Product modification','Product',129,1,'2015-10-24 19:23:47','2015-10-24 19:23:47'),(3338,1,0,'Product modification','Product',31,1,'2015-10-24 19:30:43','2015-10-24 19:30:43'),(3339,1,0,'Product modification','Product',31,1,'2015-10-24 19:32:36','2015-10-24 19:32:36'),(3340,1,0,'Back Office connection from 175.139.72.43','',0,1,'2015-10-24 20:21:06','2015-10-24 20:21:06'),(3341,1,0,'Store modification','Store',8,1,'2015-10-24 20:21:56','2015-10-24 20:21:56'),(3342,1,0,'Product modification','Product',43,1,'2015-10-24 20:26:37','2015-10-24 20:26:37'),(3343,1,0,'Product modification','Product',43,1,'2015-10-24 20:28:12','2015-10-24 20:28:12'),(3344,1,0,'Product modification','Product',129,1,'2015-10-24 20:29:16','2015-10-24 20:29:16'),(3345,1,0,'Product modification','Product',88,1,'2015-10-24 20:32:34','2015-10-24 20:32:34'),(3346,1,0,'Product modification','Product',78,1,'2015-10-24 20:34:53','2015-10-24 20:34:53'),(3347,1,0,'Product modification','Product',88,1,'2015-10-24 20:35:24','2015-10-24 20:35:24'),(3348,1,0,'Product modification','Product',78,1,'2015-10-24 20:37:45','2015-10-24 20:37:45'),(3349,1,0,'Product modification','Product',28,1,'2015-10-24 20:39:59','2015-10-24 20:39:59'),(3350,1,0,'Product modification','Product',28,1,'2015-10-24 20:41:40','2015-10-24 20:41:40'),(3351,1,0,'Product modification','Product',28,1,'2015-10-24 20:42:57','2015-10-24 20:42:57'),(3352,1,0,'Product modification','Product',28,1,'2015-10-24 20:43:23','2015-10-24 20:43:23'),(3353,1,0,'Product modification','Product',130,1,'2015-10-24 21:08:19','2015-10-24 21:08:19'),(3354,1,0,'Product modification','Product',130,1,'2015-10-24 21:08:50','2015-10-24 21:08:50'),(3355,1,0,'Product modification','Product',130,1,'2015-10-24 21:09:29','2015-10-24 21:09:29'),(3356,1,0,'Product modification','Product',11,1,'2015-10-24 21:10:49','2015-10-24 21:10:49'),(3357,1,0,'Product modification','Product',10,1,'2015-10-24 21:14:41','2015-10-24 21:14:41'),(3358,1,0,'Product modification','Product',11,1,'2015-10-24 21:15:59','2015-10-24 21:15:59'),(3359,1,0,'Product modification','Product',11,1,'2015-10-24 21:16:32','2015-10-24 21:16:32'),(3360,1,0,'Product deletion','Product',11,1,'2015-10-24 21:16:49','2015-10-24 21:16:49'),(3361,1,0,'Product modification','Product',130,1,'2015-10-24 21:17:34','2015-10-24 21:17:34'),(3362,1,0,'Product modification','Product',130,1,'2015-10-24 21:17:54','2015-10-24 21:17:54'),(3363,1,0,'Product modification','Product',130,1,'2015-10-24 21:18:27','2015-10-24 21:18:27'),(3364,1,0,'Product modification','Product',28,1,'2015-10-24 21:22:13','2015-10-24 21:22:13'),(3365,1,0,'Product modification','Product',28,1,'2015-10-24 21:22:41','2015-10-24 21:22:41'),(3366,1,0,'Product modification','Product',28,1,'2015-10-24 21:23:01','2015-10-24 21:23:01'),(3367,1,0,'Product deletion','Product',28,1,'2015-10-24 21:23:23','2015-10-24 21:23:23'),(3368,1,0,'Product modification','Product',131,1,'2015-10-24 21:24:16','2015-10-24 21:24:16'),(3369,1,0,'Product modification','Product',131,1,'2015-10-24 21:24:57','2015-10-24 21:24:57'),(3370,1,0,'Product modification','Product',131,1,'2015-10-24 21:25:23','2015-10-24 21:25:23'),(3371,1,0,'Product modification','Product',131,1,'2015-10-24 21:28:30','2015-10-24 21:28:30'),(3372,1,0,'Product modification','Product',130,1,'2015-10-24 21:29:06','2015-10-24 21:29:06'),(3373,1,0,'Product modification','Product',1,1,'2015-10-24 21:29:52','2015-10-24 21:29:52'),(3374,1,0,'Product modification','Product',21,1,'2015-10-24 21:49:43','2015-10-24 21:49:43'),(3375,1,0,'Product modification','Product',21,1,'2015-10-24 21:50:05','2015-10-24 21:50:05'),(3376,1,0,'Product deletion','Product',21,1,'2015-10-24 21:52:08','2015-10-24 21:52:08'),(3377,1,0,'Product modification','Product',132,1,'2015-10-24 21:54:02','2015-10-24 21:54:02'),(3378,1,0,'Product modification','Product',132,1,'2015-10-24 21:54:23','2015-10-24 21:54:23'),(3379,1,0,'Product modification','Product',22,1,'2015-10-24 21:55:57','2015-10-24 21:55:57'),(3380,1,0,'Product modification','Product',22,1,'2015-10-24 21:56:19','2015-10-24 21:56:19'),(3381,1,0,'Product modification','Product',22,1,'2015-10-24 21:56:39','2015-10-24 21:56:39'),(3382,1,0,'Product deletion','Product',22,1,'2015-10-24 21:57:14','2015-10-24 21:57:14'),(3383,1,0,'Product modification','Product',133,1,'2015-10-24 21:58:22','2015-10-24 21:58:22'),(3384,1,0,'Product modification','Product',133,1,'2015-10-24 21:58:55','2015-10-24 21:58:55'),(3385,1,0,'Back Office connection from 175.139.72.43','',0,1,'2015-10-25 11:58:11','2015-10-25 11:58:11'),(3386,1,0,'Warehouse addition','Warehouse',2,1,'2015-10-25 12:03:37','2015-10-25 12:03:37'),(3387,1,0,'Product modification','Product',38,1,'2015-10-25 12:07:25','2015-10-25 12:07:25'),(3388,1,0,'Product modification','Product',128,1,'2015-10-25 12:08:56','2015-10-25 12:08:56'),(3389,1,0,'Product modification','Product',33,1,'2015-10-25 12:10:03','2015-10-25 12:10:03'),(3390,1,0,'Product modification','Product',34,1,'2015-10-25 12:10:40','2015-10-25 12:10:40'),(3391,1,0,'Product modification','Product',36,1,'2015-10-25 12:11:39','2015-10-25 12:11:39'),(3392,1,0,'Back Office connection from 210.195.67.176','',0,1,'2015-10-29 17:19:50','2015-10-29 17:19:50'),(3393,1,0,'CartRule addition','CartRule',3,1,'2015-10-29 17:26:20','2015-10-29 17:26:20'),(3394,1,0,'CartRule modification','CartRule',3,1,'2015-10-29 17:27:27','2015-10-29 17:27:27'),(3395,1,0,'Back Office connection from 210.195.70.223','',0,1,'2015-11-06 18:49:41','2015-11-06 18:49:41'),(3396,1,0,'Customer addition','Customer',13,1,'2015-11-06 18:54:42','2015-11-06 18:54:42'),(3397,1,0,'CartRule addition','CartRule',4,1,'2015-11-06 18:57:56','2015-11-06 18:57:56'),(3398,1,0,'CartRule modification','CartRule',4,1,'2015-11-06 19:00:58','2015-11-06 19:00:58'),(3399,1,0,'CartRule modification','CartRule',1,1,'2015-11-06 19:05:06','2015-11-06 19:05:06'),(3400,1,0,'Frontcontroller::init - Cart cannot be loaded or an order has already been placed using this cart','Cart',29,0,'2015-11-06 19:12:04','2015-11-06 19:12:04'),(3401,1,0,'Frontcontroller::init - Cart cannot be loaded or an order has already been placed using this cart','Cart',30,0,'2015-11-08 13:53:21','2015-11-08 13:53:21'),(3402,1,0,'Back Office connection from 210.195.70.223','',0,1,'2015-11-08 18:22:54','2015-11-08 18:22:54'),(3403,1,0,'Back Office connection from 210.195.70.223','',0,1,'2015-11-09 16:33:23','2015-11-09 16:33:23'),(3404,1,0,'SupplyOrder modification','SupplyOrder',1,1,'2015-11-09 16:38:38','2015-11-09 16:38:38'),(3405,1,0,'Currency addition','Currency',2,1,'2015-11-09 16:45:49','2015-11-09 16:45:49'),(3406,1,0,'Product modification','Product',67,1,'2015-11-09 16:55:25','2015-11-09 16:55:25'),(3407,1,0,'Product modification','Product',67,1,'2015-11-09 16:55:56','2015-11-09 16:55:56'),(3408,1,0,'Product modification','Product',67,1,'2015-11-09 16:56:16','2015-11-09 16:56:16'),(3409,1,0,'Product modification','Product',134,1,'2015-11-09 17:04:35','2015-11-09 17:04:35'),(3410,1,0,'Product modification','Product',134,1,'2015-11-09 17:05:15','2015-11-09 17:05:15'),(3411,1,0,'Product modification','Product',134,1,'2015-11-09 17:06:13','2015-11-09 17:06:13'),(3412,1,0,'Product modification','Product',134,1,'2015-11-09 17:10:27','2015-11-09 17:10:27'),(3413,1,0,'Product modification','Product',134,1,'2015-11-09 17:11:33','2015-11-09 17:11:33'),(3414,1,0,'Product modification','Product',134,1,'2015-11-09 17:12:17','2015-11-09 17:12:17'),(3415,1,0,'Product modification','Product',134,1,'2015-11-09 17:13:15','2015-11-09 17:13:15'),(3416,1,0,'Product modification','Product',134,1,'2015-11-09 17:13:44','2015-11-09 17:13:44'),(3417,1,0,'Product modification','Product',134,1,'2015-11-09 17:14:17','2015-11-09 17:14:17'),(3418,1,0,'Product modification','Product',135,1,'2015-11-09 17:20:08','2015-11-09 17:20:08'),(3419,1,0,'Product modification','Product',135,1,'2015-11-09 17:21:33','2015-11-09 17:21:33'),(3420,1,0,'Product modification','Product',135,1,'2015-11-09 17:21:54','2015-11-09 17:21:54'),(3421,1,0,'Product modification','Product',135,1,'2015-11-09 17:22:21','2015-11-09 17:22:21'),(3422,1,0,'Product modification','Product',136,1,'2015-11-09 17:23:35','2015-11-09 17:23:35'),(3423,1,0,'Product modification','Product',136,1,'2015-11-09 17:24:18','2015-11-09 17:24:18'),(3424,1,0,'Product modification','Product',136,1,'2015-11-09 17:25:17','2015-11-09 17:25:17'),(3425,1,0,'Product modification','Product',136,1,'2015-11-09 17:26:39','2015-11-09 17:26:39'),(3426,1,0,'Product modification','Product',136,1,'2015-11-09 17:27:02','2015-11-09 17:27:02'),(3427,1,0,'Product modification','Product',135,1,'2015-11-09 17:27:58','2015-11-09 17:27:58'),(3428,1,0,'Product modification','Product',135,1,'2015-11-09 17:28:31','2015-11-09 17:28:31'),(3429,1,0,'Product modification','Product',134,1,'2015-11-09 17:28:58','2015-11-09 17:28:58'),(3430,1,0,'Product modification','Product',134,1,'2015-11-09 17:29:40','2015-11-09 17:29:40'),(3431,1,0,'Product modification','Product',137,1,'2015-11-09 17:30:37','2015-11-09 17:30:37'),(3432,1,0,'Product modification','Product',137,1,'2015-11-09 17:31:17','2015-11-09 17:31:17'),(3433,1,0,'Product modification','Product',137,1,'2015-11-09 17:31:58','2015-11-09 17:31:58'),(3434,1,0,'Product modification','Product',137,1,'2015-11-09 17:32:18','2015-11-09 17:32:18'),(3435,1,0,'Product modification','Product',137,1,'2015-11-09 17:32:48','2015-11-09 17:32:48'),(3436,1,0,'Product modification','Product',137,1,'2015-11-09 17:33:15','2015-11-09 17:33:15'),(3437,1,0,'SupplyOrder modification','SupplyOrder',1,1,'2015-11-09 17:34:26','2015-11-09 17:34:26'),(3438,1,0,'SupplyOrder modification','SupplyOrder',1,1,'2015-11-09 17:35:23','2015-11-09 17:35:23'),(3439,1,0,'SupplyOrder modification','SupplyOrder',1,1,'2015-11-09 17:35:57','2015-11-09 17:35:57'),(3440,1,0,'SupplyOrder modification','SupplyOrder',1,1,'2015-11-09 17:36:26','2015-11-09 17:36:26'),(3441,1,0,'SupplyOrder modification','SupplyOrder',1,1,'2015-11-09 17:36:33','2015-11-09 17:36:33'),(3442,1,0,'Product modification','Product',136,1,'2015-11-09 17:39:44','2015-11-09 17:39:44'),(3443,1,0,'Back Office connection from 210.195.70.223','',0,1,'2015-11-10 16:08:03','2015-11-10 16:08:03'),(3444,1,0,'Product modification','Product',1,1,'2015-11-10 16:12:44','2015-11-10 16:12:44'),(3445,1,0,'Product modification','Product',1,1,'2015-11-10 16:13:51','2015-11-10 16:13:51'),(3446,1,0,'Product modification','Product',1,1,'2015-11-10 16:14:17','2015-11-10 16:14:17'),(3447,1,0,'SupplyOrder modification','SupplyOrder',1,1,'2015-11-10 16:15:12','2015-11-10 16:15:12'),(3448,1,0,'Product modification','Product',8,1,'2015-11-10 16:15:36','2015-11-10 16:15:36'),(3449,1,0,'Product modification','Product',8,1,'2015-11-10 16:15:53','2015-11-10 16:15:53'),(3450,1,0,'Product modification','Product',8,1,'2015-11-10 16:16:24','2015-11-10 16:16:24'),(3451,1,0,'Product modification','Product',8,1,'2015-11-10 16:16:40','2015-11-10 16:16:40'),(3452,1,0,'SupplyOrder modification','SupplyOrder',1,1,'2015-11-10 16:17:22','2015-11-10 16:17:22'),(3453,1,0,'Product modification','Product',17,1,'2015-11-10 16:18:10','2015-11-10 16:18:10'),(3454,1,0,'Product modification','Product',17,1,'2015-11-10 16:18:25','2015-11-10 16:18:25'),(3455,1,0,'Product modification','Product',17,1,'2015-11-10 16:19:20','2015-11-10 16:19:20'),(3456,1,0,'Product modification','Product',17,1,'2015-11-10 16:19:35','2015-11-10 16:19:35'),(3457,1,0,'Product modification','Product',18,1,'2015-11-10 16:20:08','2015-11-10 16:20:08'),(3458,1,0,'Product modification','Product',18,1,'2015-11-10 16:20:23','2015-11-10 16:20:23'),(3459,1,0,'Product modification','Product',18,1,'2015-11-10 16:20:42','2015-11-10 16:20:42'),(3460,1,0,'Product modification','Product',18,1,'2015-11-10 16:21:02','2015-11-10 16:21:02'),(3461,1,0,'SupplyOrder modification','SupplyOrder',1,1,'2015-11-10 16:21:53','2015-11-10 16:21:53'),(3462,1,0,'SupplyOrder modification','SupplyOrder',1,1,'2015-11-10 16:22:28','2015-11-10 16:22:28'),(3463,1,0,'Product modification','Product',9,1,'2015-11-10 16:23:14','2015-11-10 16:23:14'),(3464,1,0,'Product modification','Product',9,1,'2015-11-10 16:23:29','2015-11-10 16:23:29'),(3465,1,0,'Product modification','Product',9,1,'2015-11-10 16:23:51','2015-11-10 16:23:51'),(3466,1,0,'Product modification','Product',9,1,'2015-11-10 16:24:08','2015-11-10 16:24:08'),(3467,1,0,'Product modification','Product',12,1,'2015-11-10 16:25:43','2015-11-10 16:25:43'),(3468,1,0,'Product modification','Product',12,1,'2015-11-10 16:25:57','2015-11-10 16:25:57'),(3469,1,0,'Product modification','Product',12,1,'2015-11-10 16:26:17','2015-11-10 16:26:17'),(3470,1,0,'SupplyOrder modification','SupplyOrder',1,1,'2015-11-10 16:27:04','2015-11-10 16:27:04'),(3471,1,0,'Product modification','Product',12,1,'2015-11-10 16:27:27','2015-11-10 16:27:27'),(3472,1,0,'Product modification','Product',13,1,'2015-11-10 16:28:37','2015-11-10 16:28:37'),(3473,1,0,'Product modification','Product',13,1,'2015-11-10 16:28:52','2015-11-10 16:28:52'),(3474,1,0,'Product modification','Product',13,1,'2015-11-10 16:29:13','2015-11-10 16:29:13'),(3475,1,0,'Product modification','Product',13,1,'2015-11-10 16:29:27','2015-11-10 16:29:27'),(3476,1,0,'SupplyOrder modification','SupplyOrder',1,1,'2015-11-10 16:30:14','2015-11-10 16:30:14'),(3477,1,0,'Product modification','Product',14,1,'2015-11-10 16:31:18','2015-11-10 16:31:18'),(3478,1,0,'Product modification','Product',14,1,'2015-11-10 16:31:35','2015-11-10 16:31:35'),(3479,1,0,'Product modification','Product',14,1,'2015-11-10 16:32:03','2015-11-10 16:32:03'),(3480,1,0,'SupplyOrder modification','SupplyOrder',1,1,'2015-11-10 16:32:50','2015-11-10 16:32:50'),(3481,1,0,'Product modification','Product',14,1,'2015-11-10 16:33:09','2015-11-10 16:33:09'),(3482,1,0,'Product modification','Product',10,1,'2015-11-10 16:35:07','2015-11-10 16:35:07'),(3483,1,0,'Product modification','Product',10,1,'2015-11-10 16:35:32','2015-11-10 16:35:32'),(3484,1,0,'Product modification','Product',23,1,'2015-11-10 16:36:13','2015-11-10 16:36:13'),(3485,1,0,'Product modification','Product',23,1,'2015-11-10 16:36:30','2015-11-10 16:36:30'),(3486,1,0,'Product modification','Product',23,1,'2015-11-10 16:36:59','2015-11-10 16:36:59'),(3487,1,0,'Product modification','Product',23,1,'2015-11-10 16:37:17','2015-11-10 16:37:17'),(3488,1,0,'SupplyOrder modification','SupplyOrder',1,1,'2015-11-10 16:38:20','2015-11-10 16:38:20'),(3489,1,0,'Product modification','Product',24,1,'2015-11-10 16:39:40','2015-11-10 16:39:40'),(3490,1,0,'Product modification','Product',24,1,'2015-11-10 16:39:55','2015-11-10 16:39:55'),(3491,1,0,'Product modification','Product',24,1,'2015-11-10 16:40:13','2015-11-10 16:40:13'),(3492,1,0,'Product modification','Product',24,1,'2015-11-10 16:40:31','2015-11-10 16:40:31'),(3493,1,0,'SupplyOrder modification','SupplyOrder',1,1,'2015-11-10 16:41:07','2015-11-10 16:41:07'),(3494,1,0,'SupplyOrder modification','SupplyOrder',1,1,'2015-11-10 16:42:30','2015-11-10 16:42:30'),(3495,1,0,'Product modification','Product',25,1,'2015-11-10 16:43:01','2015-11-10 16:43:01'),(3496,1,0,'Product modification','Product',25,1,'2015-11-10 16:43:20','2015-11-10 16:43:20'),(3497,1,0,'Product modification','Product',25,1,'2015-11-10 16:43:43','2015-11-10 16:43:43'),(3498,1,0,'SupplyOrder modification','SupplyOrder',1,1,'2015-11-10 16:44:13','2015-11-10 16:44:13'),(3499,1,0,'Product modification','Product',26,1,'2015-11-10 16:45:21','2015-11-10 16:45:21'),(3500,1,0,'Product modification','Product',26,1,'2015-11-10 16:45:41','2015-11-10 16:45:41'),(3501,1,0,'Product modification','Product',26,1,'2015-11-10 16:46:04','2015-11-10 16:46:04'),(3502,1,0,'Product modification','Product',26,1,'2015-11-10 16:46:19','2015-11-10 16:46:19'),(3503,1,0,'Product modification','Product',26,1,'2015-11-10 16:46:37','2015-11-10 16:46:37'),(3504,1,0,'Product modification','Product',26,1,'2015-11-10 16:47:05','2015-11-10 16:47:05'),(3505,1,0,'SupplyOrder modification','SupplyOrder',1,1,'2015-11-10 16:47:40','2015-11-10 16:47:40'),(3506,1,0,'Product modification','Product',31,1,'2015-11-10 16:49:24','2015-11-10 16:49:24'),(3507,1,0,'Product modification','Product',31,1,'2015-11-10 16:49:41','2015-11-10 16:49:41'),(3508,1,0,'Product modification','Product',31,1,'2015-11-10 16:50:04','2015-11-10 16:50:04'),(3509,1,0,'SupplyOrder modification','SupplyOrder',1,1,'2015-11-10 16:50:34','2015-11-10 16:50:34'),(3510,1,0,'Product modification','Product',33,1,'2015-11-10 16:51:07','2015-11-10 16:51:07'),(3511,1,0,'Product modification','Product',33,1,'2015-11-10 16:51:20','2015-11-10 16:51:20'),(3512,1,0,'Product modification','Product',33,1,'2015-11-10 16:51:39','2015-11-10 16:51:39'),(3513,1,0,'Product modification','Product',33,1,'2015-11-10 16:51:58','2015-11-10 16:51:58'),(3514,1,0,'SupplyOrder modification','SupplyOrder',1,1,'2015-11-10 16:52:32','2015-11-10 16:52:32'),(3515,1,0,'Product modification','Product',32,1,'2015-11-10 16:53:01','2015-11-10 16:53:01'),(3516,1,0,'Product modification','Product',32,1,'2015-11-10 16:53:16','2015-11-10 16:53:16'),(3517,1,0,'Product modification','Product',32,1,'2015-11-10 16:53:36','2015-11-10 16:53:36'),(3518,1,0,'SupplyOrder modification','SupplyOrder',1,1,'2015-11-10 16:54:00','2015-11-10 16:54:00'),(3519,1,0,'Product modification','Product',38,1,'2015-11-10 16:55:08','2015-11-10 16:55:08'),(3520,1,0,'Product modification','Product',38,1,'2015-11-10 16:55:23','2015-11-10 16:55:23'),(3521,1,0,'Product modification','Product',38,1,'2015-11-10 16:55:49','2015-11-10 16:55:49'),(3522,1,0,'SupplyOrder modification','SupplyOrder',1,1,'2015-11-10 16:56:16','2015-11-10 16:56:16'),(3523,1,0,'Product modification','Product',39,1,'2015-11-10 16:57:09','2015-11-10 16:57:09'),(3524,1,0,'Product modification','Product',39,1,'2015-11-10 16:57:23','2015-11-10 16:57:23'),(3525,1,0,'Product modification','Product',39,1,'2015-11-10 16:57:49','2015-11-10 16:57:49'),(3526,1,0,'SupplyOrder modification','SupplyOrder',1,1,'2015-11-10 16:58:24','2015-11-10 16:58:24'),(3527,1,0,'Product modification','Product',39,1,'2015-11-10 16:58:42','2015-11-10 16:58:42'),(3528,1,0,'Product modification','Product',43,1,'2015-11-10 16:59:32','2015-11-10 16:59:32'),(3529,1,0,'Product modification','Product',43,1,'2015-11-10 16:59:49','2015-11-10 16:59:49'),(3530,1,0,'Product modification','Product',43,1,'2015-11-10 17:00:29','2015-11-10 17:00:29'),(3531,1,0,'SupplyOrder modification','SupplyOrder',1,1,'2015-11-10 17:01:07','2015-11-10 17:01:07'),(3532,1,0,'Product modification','Product',58,1,'2015-11-10 17:03:02','2015-11-10 17:03:02'),(3533,1,0,'Product modification','Product',58,1,'2015-11-10 17:03:17','2015-11-10 17:03:17'),(3534,1,0,'Product modification','Product',58,1,'2015-11-10 17:03:37','2015-11-10 17:03:37'),(3535,1,0,'Product modification','Product',58,1,'2015-11-10 17:03:51','2015-11-10 17:03:51'),(3536,1,0,'SupplyOrder modification','SupplyOrder',1,1,'2015-11-10 17:04:25','2015-11-10 17:04:25'),(3537,1,0,'Product modification','Product',60,1,'2015-11-10 17:04:58','2015-11-10 17:04:58'),(3538,1,0,'Product modification','Product',60,1,'2015-11-10 17:05:13','2015-11-10 17:05:13'),(3539,1,0,'Product modification','Product',60,1,'2015-11-10 17:05:34','2015-11-10 17:05:34'),(3540,1,0,'SupplyOrder modification','SupplyOrder',1,1,'2015-11-10 17:05:59','2015-11-10 17:05:59'),(3541,1,0,'Product modification','Product',61,1,'2015-11-10 17:06:40','2015-11-10 17:06:40'),(3542,1,0,'Product modification','Product',61,1,'2015-11-10 17:06:55','2015-11-10 17:06:55'),(3543,1,0,'Product modification','Product',61,1,'2015-11-10 17:07:17','2015-11-10 17:07:17'),(3544,1,0,'SupplyOrder modification','SupplyOrder',1,1,'2015-11-10 17:07:36','2015-11-10 17:07:36'),(3545,1,0,'Product modification','Product',64,1,'2015-11-10 17:09:02','2015-11-10 17:09:02'),(3546,1,0,'Product modification','Product',64,1,'2015-11-10 17:09:06','2015-11-10 17:09:06'),(3547,1,0,'Product modification','Product',64,1,'2015-11-10 17:09:22','2015-11-10 17:09:22'),(3548,1,0,'Product modification','Product',64,1,'2015-11-10 17:09:44','2015-11-10 17:09:44'),(3549,1,0,'SupplyOrder modification','SupplyOrder',1,1,'2015-11-10 17:10:13','2015-11-10 17:10:13'),(3550,1,0,'Product modification','Product',66,1,'2015-11-10 17:10:54','2015-11-10 17:10:54'),(3551,1,0,'Product modification','Product',66,1,'2015-11-10 17:11:09','2015-11-10 17:11:09'),(3552,1,0,'Product modification','Product',66,1,'2015-11-10 17:11:27','2015-11-10 17:11:27'),(3553,1,0,'SupplyOrder modification','SupplyOrder',1,1,'2015-11-10 17:12:14','2015-11-10 17:12:14'),(3554,1,0,'Product modification','Product',66,1,'2015-11-10 17:12:34','2015-11-10 17:12:34'),(3555,1,0,'Product modification','Product',67,1,'2015-11-10 17:13:24','2015-11-10 17:13:24'),(3556,1,0,'Product modification','Product',67,1,'2015-11-10 17:13:51','2015-11-10 17:13:51'),(3557,1,0,'Product modification','Product',67,1,'2015-11-10 17:14:37','2015-11-10 17:14:37'),(3558,1,0,'SupplyOrder modification','SupplyOrder',1,1,'2015-11-10 17:14:56','2015-11-10 17:14:56'),(3559,1,0,'Product modification','Product',68,1,'2015-11-10 17:15:33','2015-11-10 17:15:33'),(3560,1,0,'Product modification','Product',68,1,'2015-11-10 17:15:47','2015-11-10 17:15:47'),(3561,1,0,'Product modification','Product',68,1,'2015-11-10 17:16:10','2015-11-10 17:16:10'),(3562,1,0,'SupplyOrder modification','SupplyOrder',1,1,'2015-11-10 17:17:01','2015-11-10 17:17:01'),(3563,1,0,'Product modification','Product',69,1,'2015-11-10 17:17:32','2015-11-10 17:17:32'),(3564,1,0,'Product modification','Product',69,1,'2015-11-10 17:17:59','2015-11-10 17:17:59'),(3565,1,0,'Product modification','Product',69,1,'2015-11-10 17:18:17','2015-11-10 17:18:17'),(3566,1,0,'SupplyOrder modification','SupplyOrder',1,1,'2015-11-10 17:18:53','2015-11-10 17:18:53'),(3567,1,0,'Product modification','Product',69,1,'2015-11-10 17:18:54','2015-11-10 17:18:54'),(3568,1,0,'Product modification','Product',70,1,'2015-11-10 17:19:20','2015-11-10 17:19:20'),(3569,1,0,'Product modification','Product',70,1,'2015-11-10 17:19:35','2015-11-10 17:19:35'),(3570,1,0,'Product modification','Product',70,1,'2015-11-10 17:19:59','2015-11-10 17:19:59'),(3571,1,0,'SupplyOrder modification','SupplyOrder',1,1,'2015-11-10 17:20:24','2015-11-10 17:20:24'),(3572,1,0,'Product modification','Product',71,1,'2015-11-10 17:21:15','2015-11-10 17:21:15'),(3573,1,0,'Product modification','Product',71,1,'2015-11-10 17:21:30','2015-11-10 17:21:30'),(3574,1,0,'Product modification','Product',71,1,'2015-11-10 17:21:50','2015-11-10 17:21:50'),(3575,1,0,'Product modification','Product',71,1,'2015-11-10 17:21:51','2015-11-10 17:21:51'),(3576,1,0,'SupplyOrder modification','SupplyOrder',1,1,'2015-11-10 17:22:13','2015-11-10 17:22:13'),(3577,1,0,'Product modification','Product',73,1,'2015-11-10 17:22:51','2015-11-10 17:22:51'),(3578,1,0,'Product modification','Product',73,1,'2015-11-10 17:23:06','2015-11-10 17:23:06'),(3579,1,0,'Product modification','Product',73,1,'2015-11-10 17:23:25','2015-11-10 17:23:25'),(3580,1,0,'Product modification','Product',73,1,'2015-11-10 17:24:11','2015-11-10 17:24:11'),(3581,1,0,'Product modification','Product',73,1,'2015-11-10 17:24:27','2015-11-10 17:24:27'),(3582,1,0,'SupplyOrder modification','SupplyOrder',1,1,'2015-11-10 17:24:58','2015-11-10 17:24:58'),(3583,1,0,'Product modification','Product',72,1,'2015-11-10 17:25:30','2015-11-10 17:25:30'),(3584,1,0,'Product modification','Product',72,1,'2015-11-10 17:25:45','2015-11-10 17:25:45'),(3585,1,0,'Product modification','Product',74,1,'2015-11-10 17:26:41','2015-11-10 17:26:41'),(3586,1,0,'Product modification','Product',74,1,'2015-11-10 17:26:57','2015-11-10 17:26:57'),(3587,1,0,'Product modification','Product',74,1,'2015-11-10 17:27:24','2015-11-10 17:27:24'),(3588,1,0,'SupplyOrder modification','SupplyOrder',1,1,'2015-11-10 17:27:49','2015-11-10 17:27:49'),(3589,1,0,'Product modification','Product',75,1,'2015-11-10 17:28:20','2015-11-10 17:28:20'),(3590,1,0,'Product modification','Product',75,1,'2015-11-10 17:28:36','2015-11-10 17:28:36'),(3591,1,0,'Product modification','Product',75,1,'2015-11-10 17:29:04','2015-11-10 17:29:04'),(3592,1,0,'SupplyOrder modification','SupplyOrder',1,1,'2015-11-10 17:29:42','2015-11-10 17:29:42'),(3593,1,0,'Product modification','Product',76,1,'2015-11-10 17:30:18','2015-11-10 17:30:18'),(3594,1,0,'Product modification','Product',76,1,'2015-11-10 17:30:33','2015-11-10 17:30:33'),(3595,1,0,'Product modification','Product',76,1,'2015-11-10 17:30:49','2015-11-10 17:30:49'),(3596,1,0,'SupplyOrder modification','SupplyOrder',1,1,'2015-11-10 17:31:10','2015-11-10 17:31:10'),(3597,1,0,'Product modification','Product',77,1,'2015-11-10 17:31:50','2015-11-10 17:31:50'),(3598,1,0,'Product modification','Product',77,1,'2015-11-10 17:32:05','2015-11-10 17:32:05'),(3599,1,0,'Product modification','Product',77,1,'2015-11-10 17:32:24','2015-11-10 17:32:24'),(3600,1,0,'Product modification','Product',77,1,'2015-11-10 17:32:45','2015-11-10 17:32:45'),(3601,1,0,'SupplyOrder modification','SupplyOrder',1,1,'2015-11-10 17:33:03','2015-11-10 17:33:03'),(3602,1,0,'Product modification','Product',78,1,'2015-11-10 17:33:36','2015-11-10 17:33:36'),(3603,1,0,'Product modification','Product',78,1,'2015-11-10 17:33:50','2015-11-10 17:33:50'),(3604,1,0,'Product modification','Product',78,1,'2015-11-10 17:34:07','2015-11-10 17:34:07'),(3605,1,0,'Product modification','Product',78,1,'2015-11-10 17:34:29','2015-11-10 17:34:29'),(3606,1,0,'Product modification','Product',78,1,'2015-11-10 17:34:44','2015-11-10 17:34:44'),(3607,1,0,'SupplyOrder modification','SupplyOrder',1,1,'2015-11-10 17:35:04','2015-11-10 17:35:04'),(3608,1,0,'Product modification','Product',79,1,'2015-11-10 17:37:25','2015-11-10 17:37:25'),(3609,1,0,'Product modification','Product',79,1,'2015-11-10 17:37:40','2015-11-10 17:37:40'),(3610,1,0,'Product modification','Product',79,1,'2015-11-10 17:38:06','2015-11-10 17:38:06'),(3611,1,0,'SupplyOrder modification','SupplyOrder',1,1,'2015-11-10 17:38:27','2015-11-10 17:38:27'),(3612,1,0,'Product modification','Product',80,1,'2015-11-10 17:38:58','2015-11-10 17:38:58'),(3613,1,0,'Product modification','Product',80,1,'2015-11-10 17:39:14','2015-11-10 17:39:14'),(3614,1,0,'Product modification','Product',80,1,'2015-11-10 17:39:38','2015-11-10 17:39:38'),(3615,1,0,'SupplyOrder modification','SupplyOrder',1,1,'2015-11-10 17:40:21','2015-11-10 17:40:21'),(3616,1,0,'Product modification','Product',81,1,'2015-11-10 17:41:06','2015-11-10 17:41:06'),(3617,1,0,'Product modification','Product',81,1,'2015-11-10 17:41:23','2015-11-10 17:41:23'),(3618,1,0,'Product modification','Product',81,1,'2015-11-10 17:41:51','2015-11-10 17:41:51'),(3619,1,0,'SupplyOrder modification','SupplyOrder',1,1,'2015-11-10 17:42:20','2015-11-10 17:42:20'),(3620,1,0,'Product modification','Product',82,1,'2015-11-10 17:42:40','2015-11-10 17:42:40'),(3621,1,0,'Product modification','Product',82,1,'2015-11-10 17:42:55','2015-11-10 17:42:55'),(3622,1,0,'Product modification','Product',82,1,'2015-11-10 17:43:13','2015-11-10 17:43:13'),(3623,1,0,'SupplyOrder modification','SupplyOrder',1,1,'2015-11-10 17:43:35','2015-11-10 17:43:35'),(3624,1,0,'Product modification','Product',88,1,'2015-11-10 17:44:41','2015-11-10 17:44:41'),(3625,1,0,'Product modification','Product',88,1,'2015-11-10 17:44:56','2015-11-10 17:44:56'),(3626,1,0,'Product modification','Product',88,1,'2015-11-10 17:45:39','2015-11-10 17:45:39'),(3627,1,0,'SupplyOrder modification','SupplyOrder',1,1,'2015-11-10 17:46:51','2015-11-10 17:46:51'),(3628,1,0,'Product modification','Product',89,1,'2015-11-10 17:47:24','2015-11-10 17:47:24'),(3629,1,0,'Product modification','Product',89,1,'2015-11-10 17:47:41','2015-11-10 17:47:41'),(3630,1,0,'Product modification','Product',89,1,'2015-11-10 17:48:16','2015-11-10 17:48:16'),(3631,1,0,'SupplyOrder modification','SupplyOrder',1,1,'2015-11-10 17:49:25','2015-11-10 17:49:25'),(3632,1,0,'Product modification','Product',96,1,'2015-11-10 17:50:35','2015-11-10 17:50:35'),(3633,1,0,'Product modification','Product',96,1,'2015-11-10 17:50:49','2015-11-10 17:50:49'),(3634,1,0,'Product modification','Product',96,1,'2015-11-10 17:51:18','2015-11-10 17:51:18'),(3635,1,0,'Product modification','Product',96,1,'2015-11-10 17:51:32','2015-11-10 17:51:32'),(3636,1,0,'SupplyOrder modification','SupplyOrder',1,1,'2015-11-10 17:51:57','2015-11-10 17:51:57'),(3637,1,0,'Product modification','Product',97,1,'2015-11-10 17:52:33','2015-11-10 17:52:33'),(3638,1,0,'Product modification','Product',97,1,'2015-11-10 17:52:48','2015-11-10 17:52:48'),(3639,1,0,'Product modification','Product',97,1,'2015-11-10 17:53:13','2015-11-10 17:53:13'),(3640,1,0,'SupplyOrder modification','SupplyOrder',1,1,'2015-11-10 17:53:33','2015-11-10 17:53:33'),(3641,1,0,'Product modification','Product',99,1,'2015-11-10 17:54:18','2015-11-10 17:54:18'),(3642,1,0,'Product modification','Product',99,1,'2015-11-10 17:54:34','2015-11-10 17:54:34'),(3643,1,0,'Product modification','Product',99,1,'2015-11-10 17:54:52','2015-11-10 17:54:52'),(3644,1,0,'SupplyOrder modification','SupplyOrder',1,1,'2015-11-10 17:55:32','2015-11-10 17:55:32'),(3645,1,0,'Product modification','Product',100,1,'2015-11-10 17:56:08','2015-11-10 17:56:08'),(3646,1,0,'Product modification','Product',100,1,'2015-11-10 17:56:21','2015-11-10 17:56:21'),(3647,1,0,'Product modification','Product',100,1,'2015-11-10 17:56:38','2015-11-10 17:56:38'),(3648,1,0,'SupplyOrder modification','SupplyOrder',1,1,'2015-11-10 17:56:57','2015-11-10 17:56:57'),(3649,1,0,'Product modification','Product',126,1,'2015-11-10 18:00:30','2015-11-10 18:00:30'),(3650,1,0,'Product modification','Product',126,1,'2015-11-10 18:01:04','2015-11-10 18:01:04'),(3651,1,0,'Product modification','Product',126,1,'2015-11-10 18:01:43','2015-11-10 18:01:43'),(3652,1,0,'SupplyOrder modification','SupplyOrder',1,1,'2015-11-10 18:02:36','2015-11-10 18:02:36'),(3653,1,0,'Product modification','Product',130,1,'2015-11-10 18:03:57','2015-11-10 18:03:57'),(3654,1,0,'Product modification','Product',130,1,'2015-11-10 18:03:58','2015-11-10 18:03:58'),(3655,1,0,'Product modification','Product',130,1,'2015-11-10 18:04:13','2015-11-10 18:04:13'),(3656,1,0,'Product modification','Product',130,1,'2015-11-10 18:04:32','2015-11-10 18:04:32'),(3657,1,0,'SupplyOrder modification','SupplyOrder',1,1,'2015-11-10 18:04:59','2015-11-10 18:04:59'),(3658,1,0,'Product modification','Product',131,1,'2015-11-10 18:05:55','2015-11-10 18:05:55'),(3659,1,0,'Product modification','Product',131,1,'2015-11-10 18:06:10','2015-11-10 18:06:10'),(3660,1,0,'Product modification','Product',131,1,'2015-11-10 18:06:43','2015-11-10 18:06:43'),(3661,1,0,'Product modification','Product',132,1,'2015-11-10 18:07:51','2015-11-10 18:07:51'),(3662,1,0,'Product modification','Product',132,1,'2015-11-10 18:08:10','2015-11-10 18:08:10'),(3663,1,0,'Product modification','Product',132,1,'2015-11-10 18:08:34','2015-11-10 18:08:34'),(3664,1,0,'SupplyOrder modification','SupplyOrder',1,1,'2015-11-10 18:08:58','2015-11-10 18:08:58'),(3665,1,0,'Product modification','Product',133,1,'2015-11-10 18:09:32','2015-11-10 18:09:32'),(3666,1,0,'Product modification','Product',133,1,'2015-11-10 18:09:46','2015-11-10 18:09:46'),(3667,1,0,'Product modification','Product',133,1,'2015-11-10 18:10:14','2015-11-10 18:10:14'),(3668,1,0,'Product modification','Product',133,1,'2015-11-10 18:11:02','2015-11-10 18:11:02'),(3669,1,0,'SupplyOrder modification','SupplyOrder',1,1,'2015-11-10 18:11:28','2015-11-10 18:11:28'),(3670,1,0,'SupplyOrder modification','SupplyOrder',1,1,'2015-11-10 18:15:45','2015-11-10 18:15:45'),(3671,1,0,'Back Office connection from 210.195.70.223','',0,1,'2015-11-13 17:26:53','2015-11-13 17:26:53'),(3672,1,0,'Product modification','Product',138,1,'2015-11-13 17:48:56','2015-11-13 17:48:56'),(3673,1,0,'Product modification','Product',138,1,'2015-11-13 17:49:43','2015-11-13 17:49:43'),(3674,1,0,'Product modification','Product',138,1,'2015-11-13 17:50:22','2015-11-13 17:50:22'),(3675,1,0,'Product modification','Product',138,1,'2015-11-13 17:51:37','2015-11-13 17:51:37'),(3676,1,0,'Product modification','Product',138,1,'2015-11-13 17:51:55','2015-11-13 17:51:55'),(3677,1,0,'Product modification','Product',139,1,'2015-11-13 17:55:40','2015-11-13 17:55:40'),(3678,1,0,'Product modification','Product',139,1,'2015-11-13 17:56:14','2015-11-13 17:56:14'),(3679,1,0,'Product modification','Product',139,1,'2015-11-13 17:56:31','2015-11-13 17:56:31'),(3680,1,0,'Product modification','Product',139,1,'2015-11-13 17:57:10','2015-11-13 17:57:10'),(3681,1,0,'Product modification','Product',139,1,'2015-11-13 17:57:45','2015-11-13 17:57:45'),(3682,1,0,'Product modification','Product',139,1,'2015-11-13 17:58:46','2015-11-13 17:58:46'),(3683,1,0,'Product modification','Product',140,1,'2015-11-13 18:02:11','2015-11-13 18:02:11'),(3684,1,0,'Product modification','Product',140,1,'2015-11-13 18:02:41','2015-11-13 18:02:41'),(3685,1,0,'Product modification','Product',140,1,'2015-11-13 18:02:56','2015-11-13 18:02:56'),(3686,1,0,'Product modification','Product',140,1,'2015-11-13 18:03:29','2015-11-13 18:03:29'),(3687,1,0,'Product modification','Product',140,1,'2015-11-13 18:03:50','2015-11-13 18:03:50'),(3688,1,0,'Product modification','Product',140,1,'2015-11-13 18:04:32','2015-11-13 18:04:32'),(3689,1,0,'Product modification','Product',140,1,'2015-11-13 18:04:51','2015-11-13 18:04:51'),(3690,1,0,'Product modification','Product',141,1,'2015-11-13 18:08:16','2015-11-13 18:08:16'),(3691,1,0,'Product modification','Product',141,1,'2015-11-13 18:08:37','2015-11-13 18:08:37'),(3692,1,0,'Product modification','Product',141,1,'2015-11-13 18:08:52','2015-11-13 18:08:52'),(3693,1,0,'Product modification','Product',141,1,'2015-11-13 18:09:30','2015-11-13 18:09:30'),(3694,1,0,'Product modification','Product',141,1,'2015-11-13 18:10:13','2015-11-13 18:10:13'),(3695,1,0,'Product modification','Product',141,1,'2015-11-13 18:10:48','2015-11-13 18:10:48'),(3696,1,0,'Product modification','Product',141,1,'2015-11-13 18:11:28','2015-11-13 18:11:28'),(3697,1,0,'Product modification','Product',23,1,'2015-11-13 18:19:16','2015-11-13 18:19:16'),(3698,1,0,'Product modification','Product',23,1,'2015-11-13 18:34:49','2015-11-13 18:34:49'),(3699,1,0,'Product modification','Product',142,1,'2015-11-13 18:50:43','2015-11-13 18:50:43'),(3700,1,0,'Product modification','Product',142,1,'2015-11-13 18:51:32','2015-11-13 18:51:32'),(3701,1,0,'Product modification','Product',142,1,'2015-11-13 18:51:48','2015-11-13 18:51:48'),(3702,1,0,'Product modification','Product',142,1,'2015-11-13 18:52:14','2015-11-13 18:52:14'),(3703,1,0,'Product modification','Product',142,1,'2015-11-13 18:52:56','2015-11-13 18:52:56'),(3704,1,0,'Product modification','Product',142,1,'2015-11-13 18:53:40','2015-11-13 18:53:40'),(3705,1,0,'Product modification','Product',143,1,'2015-11-13 18:54:56','2015-11-13 18:54:56'),(3706,1,0,'Product modification','Product',143,1,'2015-11-13 18:55:24','2015-11-13 18:55:24'),(3707,1,0,'Product modification','Product',143,1,'2015-11-13 18:55:40','2015-11-13 18:55:40'),(3708,1,0,'Product modification','Product',143,1,'2015-11-13 18:56:08','2015-11-13 18:56:08'),(3709,1,0,'Product modification','Product',143,1,'2015-11-13 18:56:38','2015-11-13 18:56:38'),(3710,1,0,'Product modification','Product',143,1,'2015-11-13 18:57:11','2015-11-13 18:57:11'),(3711,1,0,'SupplyOrder modification','SupplyOrder',1,1,'2015-11-13 19:03:25','2015-11-13 19:03:25'),(3712,1,0,'Product modification','Product',144,1,'2015-11-13 19:09:46','2015-11-13 19:09:46'),(3713,1,0,'Product modification','Product',144,1,'2015-11-13 19:11:07','2015-11-13 19:11:07'),(3714,1,0,'AttributeGroup modification','AttributeGroup',6,1,'2015-11-13 19:12:22','2015-11-13 19:12:22'),(3715,1,0,'Attribute addition','Attribute',63,1,'2015-11-13 19:15:47','2015-11-13 19:15:47'),(3716,1,0,'Attribute addition','Attribute',64,1,'2015-11-13 19:15:56','2015-11-13 19:15:56'),(3717,1,0,'Attribute addition','Attribute',65,1,'2015-11-13 19:16:23','2015-11-13 19:16:23'),(3718,1,0,'Attribute addition','Attribute',66,1,'2015-11-13 19:16:33','2015-11-13 19:16:33'),(3719,1,0,'Product modification','Product',144,1,'2015-11-13 19:18:03','2015-11-13 19:18:03'),(3720,1,0,'Product modification','Product',144,1,'2015-11-13 19:19:11','2015-11-13 19:19:11'),(3721,1,0,'Product modification','Product',144,1,'2015-11-13 19:19:51','2015-11-13 19:19:51'),(3722,1,0,'Back Office connection from 210.195.70.223','',0,1,'2015-11-13 19:55:12','2015-11-13 19:55:12'),(3723,1,0,'Product modification','Product',144,1,'2015-11-13 19:56:43','2015-11-13 19:56:43'),(3724,1,0,'Product modification','Product',144,1,'2015-11-13 19:57:21','2015-11-13 19:57:21'),(3725,1,0,'Product modification','Product',144,1,'2015-11-13 19:57:46','2015-11-13 19:57:46'),(3726,1,0,'Product modification','Product',144,1,'2015-11-13 19:58:07','2015-11-13 19:58:07'),(3727,1,0,'Product modification','Product',144,1,'2015-11-13 19:58:31','2015-11-13 19:58:31'),(3728,1,0,'Product modification','Product',144,1,'2015-11-13 19:59:11','2015-11-13 19:59:11'),(3729,1,0,'Product modification','Product',144,1,'2015-11-13 20:00:14','2015-11-13 20:00:14'),(3730,1,0,'Product modification','Product',144,1,'2015-11-13 20:01:03','2015-11-13 20:01:03'),(3731,1,0,'Product modification','Product',144,1,'2015-11-13 20:01:56','2015-11-13 20:01:56'),(3732,1,0,'Product modification','Product',144,1,'2015-11-13 20:02:12','2015-11-13 20:02:12'),(3733,1,0,'Product modification','Product',144,1,'2015-11-13 20:02:49','2015-11-13 20:02:49'),(3734,1,0,'Product modification','Product',144,1,'2015-11-13 20:03:30','2015-11-13 20:03:30'),(3735,1,0,'Product modification','Product',144,1,'2015-11-13 20:03:51','2015-11-13 20:03:51'),(3736,1,0,'Product modification','Product',144,1,'2015-11-13 20:06:49','2015-11-13 20:06:49'),(3737,1,0,'Product modification','Product',144,1,'2015-11-13 20:07:29','2015-11-13 20:07:29'),(3738,1,0,'SupplyOrder modification','SupplyOrder',1,1,'2015-11-13 20:09:01','2015-11-13 20:09:01'),(3739,1,0,'Back Office connection from 210.195.70.223','',0,1,'2015-11-14 13:49:16','2015-11-14 13:49:16'),(3740,1,0,'CustomerThread deletion','CustomerThread',1,1,'2015-11-14 14:00:16','2015-11-14 14:00:16'),(3741,1,0,'Frontcontroller::init - Cart cannot be loaded or an order has already been placed using this cart','Cart',31,0,'2015-11-14 14:05:49','2015-11-14 14:05:49'),(3742,1,0,'Back Office connection from 210.195.70.223','',0,1,'2015-11-14 14:38:01','2015-11-14 14:38:01'),(3743,1,0,'Attribute addition','Attribute',67,1,'2015-11-14 14:44:11','2015-11-14 14:44:11'),(3744,1,0,'Attribute addition','Attribute',68,1,'2015-11-14 14:44:20','2015-11-14 14:44:20'),(3745,1,0,'Attribute addition','Attribute',69,1,'2015-11-14 14:44:38','2015-11-14 14:44:38'),(3746,1,0,'Attribute addition','Attribute',70,1,'2015-11-14 14:44:47','2015-11-14 14:44:47'),(3747,1,0,'Attribute addition','Attribute',71,1,'2015-11-14 14:45:54','2015-11-14 14:45:54'),(3748,1,0,'Attribute addition','Attribute',72,1,'2015-11-14 14:46:05','2015-11-14 14:46:05'),(3749,1,0,'Product modification','Product',145,1,'2015-11-14 14:50:49','2015-11-14 14:50:49'),(3750,1,0,'Product modification','Product',145,1,'2015-11-14 14:51:13','2015-11-14 14:51:13'),(3751,1,0,'Product modification','Product',145,1,'2015-11-14 14:53:12','2015-11-14 14:53:12'),(3752,1,0,'Product modification','Product',145,1,'2015-11-14 14:54:32','2015-11-14 14:54:32'),(3753,1,0,'Product modification','Product',145,1,'2015-11-14 14:54:51','2015-11-14 14:54:51'),(3754,1,0,'Product modification','Product',145,1,'2015-11-14 14:55:10','2015-11-14 14:55:10'),(3755,1,0,'Product modification','Product',145,1,'2015-11-14 14:55:35','2015-11-14 14:55:35'),(3756,1,0,'Product modification','Product',145,1,'2015-11-14 14:55:58','2015-11-14 14:55:58'),(3757,1,0,'Product modification','Product',145,1,'2015-11-14 14:56:16','2015-11-14 14:56:16'),(3758,1,0,'Product modification','Product',145,1,'2015-11-14 14:56:40','2015-11-14 14:56:40'),(3759,1,0,'Product modification','Product',145,1,'2015-11-14 14:56:55','2015-11-14 14:56:55'),(3760,1,0,'Product modification','Product',145,1,'2015-11-14 14:57:11','2015-11-14 14:57:11'),(3761,1,0,'Product modification','Product',145,1,'2015-11-14 14:58:24','2015-11-14 14:58:24'),(3762,1,0,'Product modification','Product',145,1,'2015-11-14 14:59:18','2015-11-14 14:59:18'),(3763,1,0,'Product modification','Product',145,1,'2015-11-14 15:00:01','2015-11-14 15:00:01'),(3764,1,0,'Product modification','Product',145,1,'2015-11-14 15:00:43','2015-11-14 15:00:43'),(3765,1,0,'Product modification','Product',145,1,'2015-11-14 15:01:26','2015-11-14 15:01:26'),(3766,1,0,'Product modification','Product',145,1,'2015-11-14 15:02:11','2015-11-14 15:02:11'),(3767,1,0,'Product modification','Product',145,1,'2015-11-14 15:02:41','2015-11-14 15:02:41'),(3768,1,0,'Product modification','Product',145,1,'2015-11-14 15:03:10','2015-11-14 15:03:10'),(3769,1,0,'Product modification','Product',145,1,'2015-11-14 15:04:19','2015-11-14 15:04:19'),(3770,1,0,'Product modification','Product',145,1,'2015-11-14 15:04:45','2015-11-14 15:04:45'),(3771,1,0,'SupplyOrder modification','SupplyOrder',1,1,'2015-11-14 15:06:38','2015-11-14 15:06:38'),(3772,1,0,'Back Office connection from 210.195.70.223','',0,1,'2015-11-16 17:19:46','2015-11-16 17:19:46'),(3773,1,0,'Back Office connection from 210.195.70.223','',0,1,'2015-11-16 18:45:26','2015-11-16 18:45:26'),(3774,1,0,'Product modification','Product',146,1,'2015-11-16 18:53:21','2015-11-16 18:53:21'),(3775,1,0,'Product modification','Product',146,1,'2015-11-16 19:00:12','2015-11-16 19:00:12'),(3776,1,0,'Product modification','Product',146,1,'2015-11-16 19:00:27','2015-11-16 19:00:27'),(3777,1,0,'Product modification','Product',146,1,'2015-11-16 19:02:18','2015-11-16 19:02:18'),(3778,1,0,'Product modification','Product',146,1,'2015-11-16 19:02:41','2015-11-16 19:02:41'),(3779,1,0,'Product modification','Product',146,1,'2015-11-16 19:03:17','2015-11-16 19:03:17'),(3780,1,0,'Product modification','Product',146,1,'2015-11-16 19:03:32','2015-11-16 19:03:32'),(3781,1,0,'Product modification','Product',146,1,'2015-11-16 19:04:04','2015-11-16 19:04:04'),(3782,1,0,'Product modification','Product',147,1,'2015-11-16 19:09:47','2015-11-16 19:09:47'),(3783,1,0,'Product modification','Product',147,1,'2015-11-16 19:19:26','2015-11-16 19:19:26'),(3784,1,0,'Product modification','Product',147,1,'2015-11-16 19:20:05','2015-11-16 19:20:05'),(3785,1,0,'Product modification','Product',147,1,'2015-11-16 19:20:28','2015-11-16 19:20:28'),(3786,1,0,'Product modification','Product',147,1,'2015-11-16 19:21:04','2015-11-16 19:21:04'),(3787,1,0,'Product modification','Product',147,1,'2015-11-16 19:21:46','2015-11-16 19:21:46'),(3788,1,0,'Product modification','Product',147,1,'2015-11-16 19:22:01','2015-11-16 19:22:01'),(3789,1,0,'Product modification','Product',146,1,'2015-11-16 19:22:33','2015-11-16 19:22:33'),(3790,1,0,'Product modification','Product',146,1,'2015-11-16 19:22:50','2015-11-16 19:22:50'),(3791,1,0,'Product modification','Product',148,1,'2015-11-16 19:34:32','2015-11-16 19:34:32'),(3792,1,0,'Product modification','Product',148,1,'2015-11-16 19:34:49','2015-11-16 19:34:49'),(3793,1,0,'Product modification','Product',148,1,'2015-11-16 19:35:10','2015-11-16 19:35:10'),(3794,1,0,'Product modification','Product',148,1,'2015-11-16 19:35:52','2015-11-16 19:35:52'),(3795,1,0,'Product modification','Product',148,1,'2015-11-16 19:36:15','2015-11-16 19:36:15'),(3796,1,0,'Product modification','Product',148,1,'2015-11-16 19:36:30','2015-11-16 19:36:30'),(3797,1,0,'Product modification','Product',148,1,'2015-11-16 19:37:01','2015-11-16 19:37:01'),(3798,1,0,'Product modification','Product',148,1,'2015-11-16 19:37:18','2015-11-16 19:37:18'),(3799,1,0,'SupplyOrder modification','SupplyOrder',1,1,'2015-11-16 19:38:23','2015-11-16 19:38:23'),(3800,1,0,'Back Office connection from 210.195.70.223','',0,1,'2015-11-16 21:51:20','2015-11-16 21:51:20'),(3801,1,0,'Back Office connection from 210.195.70.223','',0,1,'2015-11-16 21:54:21','2015-11-16 21:54:21'),(3802,1,0,'Product modification','Product',149,1,'2015-11-16 22:06:44','2015-11-16 22:06:44'),(3803,1,0,'Product modification','Product',149,1,'2015-11-16 22:07:46','2015-11-16 22:07:46'),(3804,1,0,'Product modification','Product',149,1,'2015-11-16 22:07:52','2015-11-16 22:07:52'),(3805,1,0,'Product modification','Product',149,1,'2015-11-16 22:12:50','2015-11-16 22:12:50'),(3806,1,0,'Product modification','Product',149,1,'2015-11-16 22:19:15','2015-11-16 22:19:15'),(3807,1,0,'Product modification','Product',149,1,'2015-11-16 22:29:19','2015-11-16 22:29:19'),(3808,1,0,'Product modification','Product',149,1,'2015-11-16 22:53:14','2015-11-16 22:53:14'),(3809,1,0,'Product modification','Product',149,1,'2015-11-16 22:53:19','2015-11-16 22:53:19'),(3810,1,0,'Back Office connection from 210.195.70.223','',0,1,'2015-11-17 17:32:27','2015-11-17 17:32:27'),(3811,1,0,'Product modification','Product',149,1,'2015-11-17 17:41:12','2015-11-17 17:41:12'),(3812,1,0,'Product modification','Product',149,1,'2015-11-17 17:41:50','2015-11-17 17:41:50'),(3813,1,0,'SupplyOrder modification','SupplyOrder',1,1,'2015-11-17 17:42:48','2015-11-17 17:42:48'),(3814,1,0,'Product modification','Product',150,1,'2015-11-17 17:57:26','2015-11-17 17:57:26'),(3815,1,0,'Product modification','Product',150,1,'2015-11-17 17:58:27','2015-11-17 17:58:27'),(3816,1,0,'Product modification','Product',150,1,'2015-11-17 17:59:05','2015-11-17 17:59:05'),(3817,1,0,'Product modification','Product',150,1,'2015-11-17 18:00:41','2015-11-17 18:00:41'),(3818,1,0,'Product modification','Product',150,1,'2015-11-17 18:01:02','2015-11-17 18:01:02'),(3819,1,0,'Product modification','Product',150,1,'2015-11-17 18:01:30','2015-11-17 18:01:30'),(3820,1,0,'Product modification','Product',150,1,'2015-11-17 18:01:53','2015-11-17 18:01:53'),(3821,1,0,'Product modification','Product',150,1,'2015-11-17 18:02:15','2015-11-17 18:02:15'),(3822,1,0,'Product modification','Product',150,1,'2015-11-17 18:02:38','2015-11-17 18:02:38'),(3823,1,0,'Product modification','Product',150,1,'2015-11-17 18:03:02','2015-11-17 18:03:02'),(3824,1,0,'Attribute addition','Attribute',73,1,'2015-11-17 18:05:44','2015-11-17 18:05:44'),(3825,1,0,'Attribute addition','Attribute',74,1,'2015-11-17 18:05:55','2015-11-17 18:05:55'),(3826,1,0,'Attribute addition','Attribute',75,1,'2015-11-17 18:06:05','2015-11-17 18:06:05'),(3827,1,0,'Product modification','Product',150,1,'2015-11-17 18:07:40','2015-11-17 18:07:40'),(3828,1,0,'Product modification','Product',150,1,'2015-11-17 18:08:37','2015-11-17 18:08:37'),(3829,1,0,'Product modification','Product',150,1,'2015-11-17 18:09:26','2015-11-17 18:09:26'),(3830,1,0,'Product modification','Product',150,1,'2015-11-17 18:10:18','2015-11-17 18:10:18'),(3831,1,0,'Product modification','Product',150,1,'2015-11-17 18:11:31','2015-11-17 18:11:31'),(3832,1,0,'Product modification','Product',150,1,'2015-11-17 18:13:06','2015-11-17 18:13:06'),(3833,1,0,'Product modification','Product',150,1,'2015-11-17 18:13:33','2015-11-17 18:13:33'),(3834,1,0,'Product modification','Product',151,1,'2015-11-17 18:30:05','2015-11-17 18:30:05'),(3835,1,0,'Product modification','Product',151,1,'2015-11-17 18:30:40','2015-11-17 18:30:40'),(3836,1,0,'Product modification','Product',151,1,'2015-11-17 18:31:38','2015-11-17 18:31:38'),(3837,1,0,'Product modification','Product',151,1,'2015-11-17 18:33:53','2015-11-17 18:33:53'),(3838,1,0,'Product modification','Product',151,1,'2015-11-17 18:34:29','2015-11-17 18:34:29'),(3839,1,0,'Product modification','Product',151,1,'2015-11-17 18:35:20','2015-11-17 18:35:20'),(3840,1,0,'Product modification','Product',151,1,'2015-11-17 18:36:08','2015-11-17 18:36:08'),(3841,1,0,'Product modification','Product',151,1,'2015-11-17 18:37:53','2015-11-17 18:37:53'),(3842,1,0,'Product modification','Product',151,1,'2015-11-17 18:38:38','2015-11-17 18:38:38'),(3843,1,0,'Product modification','Product',151,1,'2015-11-17 18:39:36','2015-11-17 18:39:36'),(3844,1,0,'Product modification','Product',151,1,'2015-11-17 18:41:41','2015-11-17 18:41:41'),(3845,1,0,'Attribute addition','Attribute',76,1,'2015-11-17 18:42:38','2015-11-17 18:42:38'),(3846,1,0,'Attribute addition','Attribute',77,1,'2015-11-17 18:42:53','2015-11-17 18:42:53'),(3847,1,0,'Attribute addition','Attribute',78,1,'2015-11-17 18:43:02','2015-11-17 18:43:02'),(3848,1,0,'Attribute addition','Attribute',79,1,'2015-11-17 18:43:20','2015-11-17 18:43:20'),(3849,1,0,'Product modification','Product',151,1,'2015-11-17 18:44:53','2015-11-17 18:44:53'),(3850,1,0,'Product modification','Product',151,1,'2015-11-17 18:45:52','2015-11-17 18:45:52'),(3851,1,0,'Product modification','Product',151,1,'2015-11-17 18:46:34','2015-11-17 18:46:34'),(3852,1,0,'Product modification','Product',151,1,'2015-11-17 18:47:40','2015-11-17 18:47:40'),(3853,1,0,'Product modification','Product',151,1,'2015-11-17 18:48:18','2015-11-17 18:48:18'),(3854,1,0,'Product modification','Product',151,1,'2015-11-17 18:48:43','2015-11-17 18:48:43'),(3855,1,0,'Attribute addition','Attribute',80,1,'2015-11-17 18:49:19','2015-11-17 18:49:19'),(3856,1,0,'Product modification','Product',151,1,'2015-11-17 18:50:09','2015-11-17 18:50:09'),(3857,1,0,'Product modification','Product',151,1,'2015-11-17 18:51:05','2015-11-17 18:51:05'),(3858,1,0,'Product modification','Product',151,1,'2015-11-17 18:52:05','2015-11-17 18:52:05'),(3859,1,0,'Product modification','Product',151,1,'2015-11-17 18:52:41','2015-11-17 18:52:41'),(3860,1,0,'Warehouse modification','Warehouse',1,1,'2015-11-17 18:54:35','2015-11-17 18:54:35'),(3861,1,0,'Warehouse modification','Warehouse',1,1,'2015-11-17 18:57:22','2015-11-17 18:57:22'),(3862,1,0,'Warehouse modification','Warehouse',2,1,'2015-11-17 18:57:45','2015-11-17 18:57:45'),(3863,1,0,'SupplyOrder modification','SupplyOrder',1,1,'2015-11-17 19:00:06','2015-11-17 19:00:06'),(3864,1,0,'Back Office connection from 210.195.70.223','',0,1,'2015-11-17 20:37:02','2015-11-17 20:37:02'),(3865,1,0,'AttributeGroup addition','AttributeGroup',9,1,'2015-11-17 20:54:45','2015-11-17 20:54:45'),(3866,1,0,'Feature addition','Feature',11,1,'2015-11-17 20:55:26','2015-11-17 20:55:26'),(3867,1,0,'FeatureValue addition','FeatureValue',2095,1,'2015-11-17 20:56:11','2015-11-17 20:56:11'),(3868,1,0,'FeatureValue addition','FeatureValue',2096,1,'2015-11-17 20:56:55','2015-11-17 20:56:55'),(3869,1,0,'Attribute addition','Attribute',81,1,'2015-11-17 20:58:22','2015-11-17 20:58:22'),(3870,1,0,'Attribute addition','Attribute',82,1,'2015-11-17 20:58:48','2015-11-17 20:58:48'),(3871,1,0,'Attribute addition','Attribute',83,1,'2015-11-17 20:59:10','2015-11-17 20:59:10'),(3872,1,0,'Attribute addition','Attribute',84,1,'2015-11-17 20:59:28','2015-11-17 20:59:28'),(3873,1,0,'Attribute addition','Attribute',85,1,'2015-11-17 20:59:36','2015-11-17 20:59:36'),(3874,1,0,'Attribute addition','Attribute',86,1,'2015-11-17 21:00:16','2015-11-17 21:00:16'),(3875,1,0,'Attribute addition','Attribute',87,1,'2015-11-17 21:00:24','2015-11-17 21:00:24'),(3876,1,0,'Attribute addition','Attribute',88,1,'2015-11-17 21:00:48','2015-11-17 21:00:48'),(3877,1,0,'Attribute addition','Attribute',89,1,'2015-11-17 21:01:00','2015-11-17 21:01:00'),(3878,1,0,'Attribute addition','Attribute',90,1,'2015-11-17 21:01:37','2015-11-17 21:01:37'),(3879,1,0,'Attribute addition','Attribute',91,1,'2015-11-17 21:01:59','2015-11-17 21:01:59'),(3880,1,0,'Attribute addition','Attribute',92,1,'2015-11-17 21:02:11','2015-11-17 21:02:11'),(3881,1,0,'Attribute addition','Attribute',93,1,'2015-11-17 21:02:46','2015-11-17 21:02:46'),(3882,1,0,'Attribute addition','Attribute',94,1,'2015-11-17 21:02:55','2015-11-17 21:02:55'),(3883,1,0,'Attribute addition','Attribute',95,1,'2015-11-17 21:03:14','2015-11-17 21:03:14'),(3884,1,0,'Attribute addition','Attribute',96,1,'2015-11-17 21:03:28','2015-11-17 21:03:28'),(3885,1,0,'Product addition','Product',152,1,'2015-11-17 21:11:11','2015-11-17 21:11:11'),(3886,1,0,'Product modification','Product',152,1,'2015-11-17 21:13:03','2015-11-17 21:13:03'),(3887,1,0,'Product modification','Product',152,1,'2015-11-17 21:13:58','2015-11-17 21:13:58'),(3888,1,0,'Product modification','Product',152,1,'2015-11-17 21:14:16','2015-11-17 21:14:16'),(3889,1,0,'Product modification','Product',152,1,'2015-11-17 21:14:44','2015-11-17 21:14:44'),(3890,1,0,'Product modification','Product',152,1,'2015-11-17 21:15:01','2015-11-17 21:15:01'),(3891,1,0,'Product modification','Product',152,1,'2015-11-17 21:15:34','2015-11-17 21:15:34'),(3892,1,0,'Product modification','Product',152,1,'2015-11-17 21:16:22','2015-11-17 21:16:22'),(3893,1,0,'Back Office connection from 210.195.70.223','',0,1,'2015-11-18 11:04:55','2015-11-18 11:04:55'),(3894,1,0,'Product modification','Product',152,1,'2015-11-18 11:29:03','2015-11-18 11:29:03'),(3895,1,0,'Product modification','Product',152,1,'2015-11-18 11:30:04','2015-11-18 11:30:04'),(3896,1,0,'Product modification','Product',152,1,'2015-11-18 11:32:42','2015-11-18 11:32:42'),(3897,1,0,'Product modification','Product',152,1,'2015-11-18 11:33:07','2015-11-18 11:33:07'),(3898,1,0,'Product modification','Product',152,1,'2015-11-18 11:33:56','2015-11-18 11:33:56'),(3899,1,0,'Product modification','Product',152,1,'2015-11-18 11:34:28','2015-11-18 11:34:28'),(3900,1,0,'Product modification','Product',152,1,'2015-11-18 11:35:12','2015-11-18 11:35:12'),(3901,1,0,'Product modification','Product',152,1,'2015-11-18 11:35:36','2015-11-18 11:35:36'),(3902,1,0,'Product modification','Product',152,1,'2015-11-18 11:36:07','2015-11-18 11:36:07'),(3903,1,0,'Product modification','Product',152,1,'2015-11-18 11:36:34','2015-11-18 11:36:34'),(3904,1,0,'Product modification','Product',152,1,'2015-11-18 11:36:54','2015-11-18 11:36:54'),(3905,1,0,'Product modification','Product',152,1,'2015-11-18 11:37:35','2015-11-18 11:37:35'),(3906,1,0,'Product modification','Product',152,1,'2015-11-18 11:38:20','2015-11-18 11:38:20'),(3907,1,0,'Product modification','Product',152,1,'2015-11-18 11:38:49','2015-11-18 11:38:49'),(3908,1,0,'Product modification','Product',152,1,'2015-11-18 11:39:58','2015-11-18 11:39:58'),(3909,1,0,'Product modification','Product',152,1,'2015-11-18 11:40:29','2015-11-18 11:40:29'),(3910,1,0,'Product modification','Product',152,1,'2015-11-18 11:41:04','2015-11-18 11:41:04'),(3911,1,0,'Product modification','Product',152,1,'2015-11-18 11:42:05','2015-11-18 11:42:05'),(3912,1,0,'Product modification','Product',152,1,'2015-11-18 11:42:52','2015-11-18 11:42:52'),(3913,1,0,'Product modification','Product',152,1,'2015-11-18 11:43:38','2015-11-18 11:43:38'),(3914,1,0,'Product modification','Product',152,1,'2015-11-18 11:44:10','2015-11-18 11:44:10'),(3915,1,0,'Product modification','Product',152,1,'2015-11-18 11:44:35','2015-11-18 11:44:35'),(3916,1,0,'Product modification','Product',152,1,'2015-11-18 11:44:55','2015-11-18 11:44:55'),(3917,1,0,'Product modification','Product',152,1,'2015-11-18 11:44:55','2015-11-18 11:44:55'),(3918,1,0,'Product modification','Product',152,1,'2015-11-18 11:45:43','2015-11-18 11:45:43'),(3919,1,0,'Product modification','Product',152,1,'2015-11-18 11:46:36','2015-11-18 11:46:36'),(3920,1,0,'Product modification','Product',152,1,'2015-11-18 11:47:02','2015-11-18 11:47:02'),(3921,1,0,'Product modification','Product',152,1,'2015-11-18 11:47:50','2015-11-18 11:47:50'),(3922,1,0,'Product modification','Product',152,1,'2015-11-18 11:48:32','2015-11-18 11:48:32'),(3923,1,0,'Product modification','Product',152,1,'2015-11-18 11:49:23','2015-11-18 11:49:23'),(3924,1,0,'Product modification','Product',152,1,'2015-11-18 11:50:17','2015-11-18 11:50:17'),(3925,1,0,'Product modification','Product',152,1,'2015-11-18 11:50:19','2015-11-18 11:50:19'),(3926,1,0,'Product modification','Product',152,1,'2015-11-18 11:51:22','2015-11-18 11:51:22'),(3927,1,0,'Product modification','Product',152,1,'2015-11-18 11:52:18','2015-11-18 11:52:18'),(3928,1,0,'Product modification','Product',152,1,'2015-11-18 11:53:21','2015-11-18 11:53:21'),(3929,1,0,'Product modification','Product',152,1,'2015-11-18 11:54:29','2015-11-18 11:54:29'),(3930,1,0,'Product modification','Product',152,1,'2015-11-18 11:55:51','2015-11-18 11:55:51'),(3931,1,0,'Product modification','Product',152,1,'2015-11-18 11:56:56','2015-11-18 11:56:56'),(3932,1,0,'Product modification','Product',152,1,'2015-11-18 11:58:06','2015-11-18 11:58:06'),(3933,1,0,'Product modification','Product',152,1,'2015-11-18 11:58:08','2015-11-18 11:58:08'),(3934,1,0,'Product modification','Product',152,1,'2015-11-18 11:59:19','2015-11-18 11:59:19'),(3935,1,0,'Product modification','Product',152,1,'2015-11-18 12:00:33','2015-11-18 12:00:33'),(3936,1,0,'Product modification','Product',152,1,'2015-11-18 12:01:36','2015-11-18 12:01:36'),(3937,1,0,'Product modification','Product',152,1,'2015-11-18 12:02:52','2015-11-18 12:02:52'),(3938,1,0,'Product modification','Product',152,1,'2015-11-18 12:04:06','2015-11-18 12:04:06'),(3939,1,0,'Product modification','Product',152,1,'2015-11-18 12:06:39','2015-11-18 12:06:39'),(3940,1,0,'Product modification','Product',152,1,'2015-11-18 12:07:32','2015-11-18 12:07:32'),(3941,1,0,'SupplyOrder modification','SupplyOrder',1,1,'2015-11-18 12:10:54','2015-11-18 12:10:54'),(3942,1,0,'Back Office connection from 210.195.70.223','',0,1,'2015-11-18 13:00:28','2015-11-18 13:00:28'),(3943,1,0,'Back Office connection from 210.195.70.223','',0,1,'2015-11-18 13:39:09','2015-11-18 13:39:09'),(3944,1,0,'Product modification','Product',153,1,'2015-11-18 13:41:56','2015-11-18 13:41:56'),(3945,1,0,'Product modification','Product',153,1,'2015-11-18 13:43:41','2015-11-18 13:43:41'),(3946,1,0,'Product modification','Product',153,1,'2015-11-18 13:44:24','2015-11-18 13:44:24'),(3947,1,0,'Product modification','Product',153,1,'2015-11-18 13:44:47','2015-11-18 13:44:47'),(3948,1,0,'Product modification','Product',153,1,'2015-11-18 13:46:38','2015-11-18 13:46:38'),(3949,1,0,'Product modification','Product',153,1,'2015-11-18 13:46:59','2015-11-18 13:46:59'),(3950,1,0,'Product modification','Product',153,1,'2015-11-18 13:47:47','2015-11-18 13:47:47'),(3951,1,0,'Product modification','Product',153,1,'2015-11-18 13:58:34','2015-11-18 13:58:34'),(3952,1,0,'Product modification','Product',153,1,'2015-11-18 13:58:54','2015-11-18 13:58:54'),(3953,1,0,'Product modification','Product',153,1,'2015-11-18 14:01:18','2015-11-18 14:01:18'),(3954,1,0,'Product modification','Product',153,1,'2015-11-18 14:02:09','2015-11-18 14:02:09'),(3955,1,0,'Back Office connection from 210.195.70.223','',0,1,'2015-11-18 14:23:40','2015-11-18 14:23:40'),(3956,1,0,'Product modification','Product',152,1,'2015-11-18 14:25:20','2015-11-18 14:25:20'),(3957,1,0,'Product modification','Product',152,1,'2015-11-18 14:26:57','2015-11-18 14:26:57'),(3958,1,0,'Product modification','Product',152,1,'2015-11-18 14:28:25','2015-11-18 14:28:25'),(3959,1,0,'Product modification','Product',153,1,'2015-11-18 14:31:12','2015-11-18 14:31:12'),(3960,1,0,'Product modification','Product',154,1,'2015-11-18 14:43:17','2015-11-18 14:43:17'),(3961,1,0,'Product modification','Product',154,1,'2015-11-18 14:43:52','2015-11-18 14:43:52'),(3962,1,0,'Product modification','Product',154,1,'2015-11-18 14:44:24','2015-11-18 14:44:24'),(3963,1,0,'Product modification','Product',154,1,'2015-11-18 14:46:22','2015-11-18 14:46:22'),(3964,1,0,'Product modification','Product',154,1,'2015-11-18 14:47:40','2015-11-18 14:47:40'),(3965,1,0,'Product modification','Product',154,1,'2015-11-18 14:47:57','2015-11-18 14:47:57'),(3966,1,0,'Product modification','Product',153,1,'2015-11-18 14:48:27','2015-11-18 14:48:27'),(3967,1,0,'Product modification','Product',153,1,'2015-11-18 14:48:59','2015-11-18 14:48:59'),(3968,1,0,'Product modification','Product',155,1,'2015-11-18 14:52:14','2015-11-18 14:52:14'),(3969,1,0,'Product modification','Product',155,1,'2015-11-18 14:52:38','2015-11-18 14:52:38'),(3970,1,0,'Product modification','Product',155,1,'2015-11-18 14:52:55','2015-11-18 14:52:55'),(3971,1,0,'Product modification','Product',155,1,'2015-11-18 14:54:38','2015-11-18 14:54:38'),(3972,1,0,'Product modification','Product',155,1,'2015-11-18 14:55:06','2015-11-18 14:55:06'),(3973,1,0,'Product modification','Product',155,1,'2015-11-18 14:55:13','2015-11-18 14:55:13'),(3974,1,0,'Product modification','Product',155,1,'2015-11-18 14:55:39','2015-11-18 14:55:39'),(3975,1,0,'Product modification','Product',156,1,'2015-11-18 15:00:54','2015-11-18 15:00:54'),(3976,1,0,'Product modification','Product',156,1,'2015-11-18 15:01:45','2015-11-18 15:01:45'),(3977,1,0,'Product modification','Product',156,1,'2015-11-18 15:02:06','2015-11-18 15:02:06'),(3978,1,0,'Product modification','Product',156,1,'2015-11-18 15:02:32','2015-11-18 15:02:32'),(3979,1,0,'Product modification','Product',156,1,'2015-11-18 15:04:01','2015-11-18 15:04:01'),(3980,1,0,'Product modification','Product',156,1,'2015-11-18 15:04:34','2015-11-18 15:04:34'),(3981,1,0,'Product modification','Product',156,1,'2015-11-18 15:05:07','2015-11-18 15:05:07'),(3982,1,0,'Product modification','Product',156,1,'2015-11-18 15:05:26','2015-11-18 15:05:26'),(3983,1,0,'Product modification','Product',157,1,'2015-11-18 15:12:30','2015-11-18 15:12:30'),(3984,1,0,'Product modification','Product',157,1,'2015-11-18 15:13:35','2015-11-18 15:13:35'),(3985,1,0,'Product modification','Product',157,1,'2015-11-18 15:13:54','2015-11-18 15:13:54'),(3986,1,0,'Product modification','Product',157,1,'2015-11-18 15:15:05','2015-11-18 15:15:05'),(3987,1,0,'Product modification','Product',157,1,'2015-11-18 15:15:33','2015-11-18 15:15:33'),(3988,1,0,'Product modification','Product',157,1,'2015-11-18 15:16:00','2015-11-18 15:16:00'),(3989,1,0,'Product modification','Product',157,1,'2015-11-18 15:16:19','2015-11-18 15:16:19'),(3990,1,0,'Product modification','Product',158,1,'2015-11-18 15:20:05','2015-11-18 15:20:05'),(3991,1,0,'Product modification','Product',158,1,'2015-11-18 15:20:35','2015-11-18 15:20:35'),(3992,1,0,'Product modification','Product',158,1,'2015-11-18 15:21:00','2015-11-18 15:21:00'),(3993,1,0,'Product modification','Product',158,1,'2015-11-18 15:22:00','2015-11-18 15:22:00'),(3994,1,0,'Product modification','Product',158,1,'2015-11-18 15:22:22','2015-11-18 15:22:22'),(3995,1,0,'Product modification','Product',158,1,'2015-11-18 15:22:42','2015-11-18 15:22:42'),(3996,1,0,'Product modification','Product',158,1,'2015-11-18 15:23:03','2015-11-18 15:23:03'),(3997,1,0,'Product modification','Product',158,1,'2015-11-18 15:23:39','2015-11-18 15:23:39'),(3998,1,0,'Product modification','Product',158,1,'2015-11-18 15:23:57','2015-11-18 15:23:57'),(3999,1,0,'Product modification','Product',159,1,'2015-11-18 15:27:48','2015-11-18 15:27:48'),(4000,1,0,'Product modification','Product',159,1,'2015-11-18 15:28:26','2015-11-18 15:28:26'),(4001,1,0,'Product modification','Product',159,1,'2015-11-18 15:28:49','2015-11-18 15:28:49'),(4002,1,0,'Product modification','Product',159,1,'2015-11-18 15:29:08','2015-11-18 15:29:08'),(4003,1,0,'Product modification','Product',159,1,'2015-11-18 15:30:05','2015-11-18 15:30:05'),(4004,1,0,'Product modification','Product',159,1,'2015-11-18 15:30:27','2015-11-18 15:30:27'),(4005,1,0,'Product modification','Product',159,1,'2015-11-18 15:30:49','2015-11-18 15:30:49'),(4006,1,0,'Product modification','Product',159,1,'2015-11-18 15:31:11','2015-11-18 15:31:11'),(4007,1,0,'Product modification','Product',160,1,'2015-11-18 15:35:20','2015-11-18 15:35:20'),(4008,1,0,'Product modification','Product',160,1,'2015-11-18 15:35:51','2015-11-18 15:35:51'),(4009,1,0,'Product modification','Product',160,1,'2015-11-18 15:36:18','2015-11-18 15:36:18'),(4010,1,0,'Product modification','Product',160,1,'2015-11-18 15:36:39','2015-11-18 15:36:39'),(4011,1,0,'Product modification','Product',160,1,'2015-11-18 15:37:19','2015-11-18 15:37:19'),(4012,1,0,'Product modification','Product',160,1,'2015-11-18 15:38:25','2015-11-18 15:38:25'),(4013,1,0,'Product modification','Product',160,1,'2015-11-18 15:38:59','2015-11-18 15:38:59'),(4014,1,0,'Product modification','Product',160,1,'2015-11-18 15:39:15','2015-11-18 15:39:15'),(4015,1,0,'Product modification','Product',161,1,'2015-11-18 15:41:42','2015-11-18 15:41:42'),(4016,1,0,'Product modification','Product',161,1,'2015-11-18 15:42:23','2015-11-18 15:42:23'),(4017,1,0,'Product modification','Product',161,1,'2015-11-18 15:42:47','2015-11-18 15:42:47'),(4018,1,0,'Product modification','Product',161,1,'2015-11-18 15:43:26','2015-11-18 15:43:26'),(4019,1,0,'Product modification','Product',161,1,'2015-11-18 15:46:29','2015-11-18 15:46:29'),(4020,1,0,'Product modification','Product',162,1,'2015-11-18 15:48:22','2015-11-18 15:48:22'),(4021,1,0,'Product modification','Product',162,1,'2015-11-18 15:48:59','2015-11-18 15:48:59'),(4022,1,0,'Product modification','Product',162,1,'2015-11-18 15:49:15','2015-11-18 15:49:15'),(4023,1,0,'Product modification','Product',162,1,'2015-11-18 15:49:37','2015-11-18 15:49:37'),(4024,1,0,'Product modification','Product',162,1,'2015-11-18 15:50:11','2015-11-18 15:50:11'),(4025,1,0,'Product modification','Product',162,1,'2015-11-18 15:50:43','2015-11-18 15:50:43'),(4026,1,0,'Product modification','Product',162,1,'2015-11-18 15:51:07','2015-11-18 15:51:07'),(4027,1,0,'Product modification','Product',162,1,'2015-11-18 15:51:41','2015-11-18 15:51:41'),(4028,1,0,'Product modification','Product',162,1,'2015-11-18 15:52:02','2015-11-18 15:52:02'),(4029,1,0,'Product modification','Product',163,1,'2015-11-18 15:55:07','2015-11-18 15:55:07'),(4030,1,0,'Product modification','Product',163,1,'2015-11-18 15:55:48','2015-11-18 15:55:48'),(4031,1,0,'Product modification','Product',163,1,'2015-11-18 15:56:08','2015-11-18 15:56:08'),(4032,1,0,'Product modification','Product',163,1,'2015-11-18 15:56:56','2015-11-18 15:56:56'),(4033,1,0,'Product modification','Product',163,1,'2015-11-18 15:57:17','2015-11-18 15:57:17'),(4034,1,0,'Product modification','Product',163,1,'2015-11-18 15:57:55','2015-11-18 15:57:55'),(4035,1,0,'Product modification','Product',163,1,'2015-11-18 15:58:19','2015-11-18 15:58:19'),(4036,1,0,'Product modification','Product',163,1,'2015-11-18 15:58:51','2015-11-18 15:58:51'),(4037,1,0,'Product modification','Product',163,1,'2015-11-18 15:59:21','2015-11-18 15:59:21'),(4038,1,0,'Product modification','Product',164,1,'2015-11-18 16:02:41','2015-11-18 16:02:41'),(4039,1,0,'Product modification','Product',164,1,'2015-11-18 16:04:08','2015-11-18 16:04:08'),(4040,1,0,'Product modification','Product',164,1,'2015-11-18 16:04:50','2015-11-18 16:04:50'),(4041,1,0,'Product modification','Product',164,1,'2015-11-18 16:05:23','2015-11-18 16:05:23'),(4042,1,0,'Product modification','Product',164,1,'2015-11-18 16:06:02','2015-11-18 16:06:02'),(4043,1,0,'Product modification','Product',164,1,'2015-11-18 16:06:27','2015-11-18 16:06:27'),(4044,1,0,'Product modification','Product',164,1,'2015-11-18 16:07:01','2015-11-18 16:07:01'),(4045,1,0,'Product modification','Product',164,1,'2015-11-18 16:07:31','2015-11-18 16:07:31'),(4046,1,0,'Product modification','Product',165,1,'2015-11-18 16:13:27','2015-11-18 16:13:27'),(4047,1,0,'Product modification','Product',165,1,'2015-11-18 16:13:51','2015-11-18 16:13:51'),(4048,1,0,'Product modification','Product',165,1,'2015-11-18 16:14:20','2015-11-18 16:14:20'),(4049,1,0,'Product modification','Product',165,1,'2015-11-18 16:14:43','2015-11-18 16:14:43'),(4050,1,0,'Product modification','Product',165,1,'2015-11-18 16:15:45','2015-11-18 16:15:45'),(4051,1,0,'Product modification','Product',165,1,'2015-11-18 16:16:12','2015-11-18 16:16:12'),(4052,1,0,'Product modification','Product',165,1,'2015-11-18 16:16:48','2015-11-18 16:16:48'),(4053,1,0,'Product modification','Product',165,1,'2015-11-18 16:17:17','2015-11-18 16:17:17'),(4054,1,0,'Product modification','Product',167,1,'2015-11-18 16:28:56','2015-11-18 16:28:56'),(4055,1,0,'Product modification','Product',167,1,'2015-11-18 16:29:43','2015-11-18 16:29:43'),(4056,1,0,'Product modification','Product',167,1,'2015-11-18 16:30:17','2015-11-18 16:30:17'),(4057,1,0,'Product modification','Product',167,1,'2015-11-18 16:30:53','2015-11-18 16:30:53'),(4058,1,0,'Product modification','Product',167,1,'2015-11-18 16:32:18','2015-11-18 16:32:18'),(4059,1,0,'Product modification','Product',167,1,'2015-11-18 16:32:52','2015-11-18 16:32:52'),(4060,1,0,'Product modification','Product',167,1,'2015-11-18 16:33:24','2015-11-18 16:33:24'),(4061,1,0,'Product modification','Product',167,1,'2015-11-18 16:33:46','2015-11-18 16:33:46'),(4062,1,0,'Product deletion','Product',166,1,'2015-11-18 16:34:22','2015-11-18 16:34:22'),(4063,1,0,'Product modification','Product',38,1,'2015-11-18 16:35:28','2015-11-18 16:35:28'),(4064,1,0,'Product modification','Product',39,1,'2015-11-18 16:36:21','2015-11-18 16:36:21'),(4065,1,0,'Product modification','Product',168,1,'2015-11-18 16:41:15','2015-11-18 16:41:15'),(4066,1,0,'Product modification','Product',168,1,'2015-11-18 16:42:05','2015-11-18 16:42:05'),(4067,1,0,'Product modification','Product',168,1,'2015-11-18 16:42:44','2015-11-18 16:42:44'),(4068,1,0,'Product modification','Product',168,1,'2015-11-18 16:44:17','2015-11-18 16:44:17'),(4069,1,0,'Product modification','Product',167,1,'2015-11-18 16:58:28','2015-11-18 16:58:28'),(4070,1,0,'Product modification','Product',38,1,'2015-11-18 17:02:55','2015-11-18 17:02:55'),(4071,1,0,'Product modification','Product',39,1,'2015-11-18 17:03:40','2015-11-18 17:03:40'),(4072,1,0,'Product modification','Product',169,1,'2015-11-18 17:06:15','2015-11-18 17:06:15'),(4073,1,0,'Product modification','Product',169,1,'2015-11-18 17:06:53','2015-11-18 17:06:53'),(4074,1,0,'Product modification','Product',169,1,'2015-11-18 17:07:22','2015-11-18 17:07:22'),(4075,1,0,'Product modification','Product',169,1,'2015-11-18 17:08:45','2015-11-18 17:08:45'),(4076,1,0,'Product modification','Product',169,1,'2015-11-18 17:09:34','2015-11-18 17:09:34'),(4077,1,0,'Product modification','Product',169,1,'2015-11-18 17:10:18','2015-11-18 17:10:18'),(4078,1,0,'Product modification','Product',169,1,'2015-11-18 17:11:04','2015-11-18 17:11:04'),(4079,1,0,'Product modification','Product',169,1,'2015-11-18 17:11:32','2015-11-18 17:11:32'),(4080,1,0,'Product modification','Product',170,1,'2015-11-18 17:14:24','2015-11-18 17:14:24'),(4081,1,0,'Product modification','Product',170,1,'2015-11-18 17:14:45','2015-11-18 17:14:45'),(4082,1,0,'Product modification','Product',170,1,'2015-11-18 17:15:12','2015-11-18 17:15:12'),(4083,1,0,'Product modification','Product',170,1,'2015-11-18 17:16:11','2015-11-18 17:16:11'),(4084,1,0,'Product modification','Product',170,1,'2015-11-18 17:16:48','2015-11-18 17:16:48'),(4085,1,0,'Product modification','Product',171,1,'2015-11-18 17:20:20','2015-11-18 17:20:20'),(4086,1,0,'Product modification','Product',171,1,'2015-11-18 17:21:12','2015-11-18 17:21:12'),(4087,1,0,'Product modification','Product',171,1,'2015-11-18 17:21:34','2015-11-18 17:21:34'),(4088,1,0,'Product modification','Product',171,1,'2015-11-18 17:22:15','2015-11-18 17:22:15'),(4089,1,0,'Product modification','Product',171,1,'2015-11-18 17:22:51','2015-11-18 17:22:51'),(4090,1,0,'Product modification','Product',171,1,'2015-11-18 17:23:14','2015-11-18 17:23:14'),(4091,1,0,'Product modification','Product',171,1,'2015-11-18 17:23:52','2015-11-18 17:23:52'),(4092,1,0,'Product modification','Product',171,1,'2015-11-18 17:24:11','2015-11-18 17:24:11'),(4093,1,0,'Product modification','Product',43,1,'2015-11-18 17:27:03','2015-11-18 17:27:03'),(4094,1,0,'Product modification','Product',31,1,'2015-11-18 17:27:40','2015-11-18 17:27:40'),(4095,1,0,'Product modification','Product',172,1,'2015-11-18 17:29:23','2015-11-18 17:29:23'),(4096,1,0,'Product modification','Product',172,1,'2015-11-18 17:30:03','2015-11-18 17:30:03'),(4097,1,0,'Product modification','Product',172,1,'2015-11-18 17:30:26','2015-11-18 17:30:26'),(4098,1,0,'Product modification','Product',172,1,'2015-11-18 17:30:48','2015-11-18 17:30:48'),(4099,1,0,'Product modification','Product',172,1,'2015-11-18 17:31:34','2015-11-18 17:31:34'),(4100,1,0,'Product modification','Product',172,1,'2015-11-18 17:32:23','2015-11-18 17:32:23'),(4101,1,0,'Product modification','Product',172,1,'2015-11-18 17:32:41','2015-11-18 17:32:41'),(4102,1,0,'Product modification','Product',32,1,'2015-11-18 17:34:17','2015-11-18 17:34:17'),(4103,1,0,'Product modification','Product',33,1,'2015-11-18 17:35:27','2015-11-18 17:35:27'),(4104,1,0,'Product modification','Product',131,1,'2015-11-18 17:37:10','2015-11-18 17:37:10'),(4105,1,0,'Product modification','Product',151,1,'2015-11-18 17:38:40','2015-11-18 17:38:40'),(4106,1,0,'Product modification','Product',126,1,'2015-11-18 17:40:50','2015-11-18 17:40:50'),(4107,1,0,'Product modification','Product',130,1,'2015-11-18 17:42:01','2015-11-18 17:42:01'),(4108,1,0,'Product modification','Product',132,1,'2015-11-18 17:43:16','2015-11-18 17:43:16'),(4109,1,0,'Product modification','Product',133,1,'2015-11-18 17:43:54','2015-11-18 17:43:54'),(4110,1,0,'Product modification','Product',134,1,'2015-11-18 17:44:32','2015-11-18 17:44:32'),(4111,1,0,'Product modification','Product',135,1,'2015-11-18 17:45:06','2015-11-18 17:45:06'),(4112,1,0,'Product modification','Product',136,1,'2015-11-18 17:45:48','2015-11-18 17:45:48'),(4113,1,0,'Product modification','Product',137,1,'2015-11-18 17:46:24','2015-11-18 17:46:24'),(4114,1,0,'Product modification','Product',138,1,'2015-11-18 17:47:20','2015-11-18 17:47:20'),(4115,1,0,'Product modification','Product',139,1,'2015-11-18 17:47:51','2015-11-18 17:47:51'),(4116,1,0,'Product modification','Product',140,1,'2015-11-18 17:48:29','2015-11-18 17:48:29'),(4117,1,0,'Product modification','Product',141,1,'2015-11-18 17:48:59','2015-11-18 17:48:59'),(4118,1,0,'Product modification','Product',142,1,'2015-11-18 17:49:32','2015-11-18 17:49:32'),(4119,1,0,'Product modification','Product',143,1,'2015-11-18 17:50:22','2015-11-18 17:50:22'),(4120,1,0,'Product modification','Product',144,1,'2015-11-18 17:51:27','2015-11-18 17:51:27'),(4121,1,0,'Product modification','Product',145,1,'2015-11-18 17:52:36','2015-11-18 17:52:36'),(4122,1,0,'Product modification','Product',146,1,'2015-11-18 17:53:27','2015-11-18 17:53:27'),(4123,1,0,'Product modification','Product',147,1,'2015-11-18 17:54:08','2015-11-18 17:54:08'),(4124,1,0,'Product modification','Product',148,1,'2015-11-18 17:54:48','2015-11-18 17:54:48'),(4125,1,0,'Product modification','Product',149,1,'2015-11-18 17:55:20','2015-11-18 17:55:20'),(4126,1,0,'Product modification','Product',150,1,'2015-11-18 17:56:20','2015-11-18 17:56:20'),(4127,1,0,'Product modification','Product',151,1,'2015-11-18 17:57:23','2015-11-18 17:57:23'),(4128,1,0,'SupplyOrder modification','SupplyOrder',1,1,'2015-11-18 18:23:41','2015-11-18 18:23:41'),(4129,1,0,'SupplyOrder modification','SupplyOrder',1,1,'2015-11-18 18:24:16','2015-11-18 18:24:16'),(4130,1,0,'SupplyOrder modification','SupplyOrder',1,1,'2015-11-18 18:28:06','2015-11-18 18:28:06'),(4131,1,0,'SupplyOrder modification','SupplyOrder',1,1,'2015-11-18 18:29:42','2015-11-18 18:29:42'),(4132,1,0,'SupplyOrder modification','SupplyOrder',1,1,'2015-11-18 18:30:18','2015-11-18 18:30:18'),(4133,1,0,'Back Office connection from 210.195.70.223','',0,1,'2015-11-18 19:37:59','2015-11-18 19:37:59'),(4134,1,0,'SupplyOrder addition','SupplyOrder',2,1,'2015-11-18 19:46:18','2015-11-18 19:46:18'),(4135,1,0,'SupplyOrder modification','SupplyOrder',2,1,'2015-11-18 19:49:07','2015-11-18 19:49:07'),(4136,1,0,'SupplyOrder modification','SupplyOrder',2,1,'2015-11-18 19:50:05','2015-11-18 19:50:05'),(4137,1,0,'SupplyOrder modification','SupplyOrder',2,1,'2015-11-18 19:56:27','2015-11-18 19:56:27'),(4138,1,0,'Category addition','Category',27,1,'2015-11-18 20:10:32','2015-11-18 20:10:32'),(4139,1,0,'Product modification','Product',173,1,'2015-11-18 20:17:28','2015-11-18 20:17:28'),(4140,1,0,'Product modification','Product',173,1,'2015-11-18 20:18:10','2015-11-18 20:18:10'),(4141,1,0,'Product modification','Product',173,1,'2015-11-18 20:18:35','2015-11-18 20:18:35'),(4142,1,0,'Product modification','Product',173,1,'2015-11-18 20:20:43','2015-11-18 20:20:43'),(4143,1,0,'Product modification','Product',173,1,'2015-11-18 20:21:08','2015-11-18 20:21:08'),(4144,1,0,'Product modification','Product',173,1,'2015-11-18 20:21:34','2015-11-18 20:21:34'),(4145,1,0,'Product modification','Product',173,1,'2015-11-18 20:25:23','2015-11-18 20:25:23'),(4146,1,0,'Product modification','Product',173,1,'2015-11-18 20:25:46','2015-11-18 20:25:46'),(4147,1,0,'Product modification','Product',173,1,'2015-11-18 20:26:21','2015-11-18 20:26:21'),(4148,1,0,'Product modification','Product',174,1,'2015-11-18 20:29:44','2015-11-18 20:29:44'),(4149,1,0,'Product modification','Product',174,1,'2015-11-18 20:30:11','2015-11-18 20:30:11'),(4150,1,0,'Product modification','Product',174,1,'2015-11-18 20:31:05','2015-11-18 20:31:05'),(4151,1,0,'Product modification','Product',174,1,'2015-11-18 20:31:46','2015-11-18 20:31:46'),(4152,1,0,'Product modification','Product',175,1,'2015-11-18 20:34:40','2015-11-18 20:34:40'),(4153,1,0,'Product modification','Product',175,1,'2015-11-18 20:35:03','2015-11-18 20:35:03'),(4154,1,0,'Product modification','Product',175,1,'2015-11-18 20:35:45','2015-11-18 20:35:45'),(4155,1,0,'Product modification','Product',175,1,'2015-11-18 20:36:12','2015-11-18 20:36:12'),(4156,1,0,'Product modification','Product',175,1,'2015-11-18 20:36:47','2015-11-18 20:36:47'),(4157,1,0,'Product modification','Product',176,1,'2015-11-18 20:39:15','2015-11-18 20:39:15'),(4158,1,0,'Product modification','Product',176,1,'2015-11-18 20:41:11','2015-11-18 20:41:11'),(4159,1,0,'Product modification','Product',176,1,'2015-11-18 20:41:35','2015-11-18 20:41:35'),(4160,1,0,'Product modification','Product',176,1,'2015-11-18 20:42:02','2015-11-18 20:42:02'),(4161,1,0,'Product modification','Product',176,1,'2015-11-18 20:43:35','2015-11-18 20:43:35'),(4162,1,0,'Product modification','Product',176,1,'2015-11-18 20:43:55','2015-11-18 20:43:55'),(4163,1,0,'Product modification','Product',176,1,'2015-11-18 20:44:14','2015-11-18 20:44:14'),(4164,1,0,'Product modification','Product',177,1,'2015-11-18 20:46:03','2015-11-18 20:46:03'),(4165,1,0,'Product modification','Product',177,1,'2015-11-18 20:46:24','2015-11-18 20:46:24'),(4166,1,0,'Product modification','Product',177,1,'2015-11-18 20:48:22','2015-11-18 20:48:22'),(4167,1,0,'Product modification','Product',177,1,'2015-11-18 20:48:42','2015-11-18 20:48:42'),(4168,1,0,'Product modification','Product',178,1,'2015-11-18 20:50:23','2015-11-18 20:50:23'),(4169,1,0,'Product modification','Product',178,1,'2015-11-18 20:50:45','2015-11-18 20:50:45'),(4170,1,0,'Product modification','Product',178,1,'2015-11-18 20:52:30','2015-11-18 20:52:30'),(4171,1,0,'Product modification','Product',178,1,'2015-11-18 20:52:46','2015-11-18 20:52:46'),(4172,1,0,'Product modification','Product',178,1,'2015-11-18 20:53:09','2015-11-18 20:53:09'),(4173,1,0,'Product modification','Product',176,1,'2015-11-18 20:53:36','2015-11-18 20:53:36'),(4174,1,0,'Product modification','Product',177,1,'2015-11-18 20:54:22','2015-11-18 20:54:22'),(4175,1,0,'Back Office connection from 210.195.70.223','',0,1,'2015-11-18 21:12:31','2015-11-18 21:12:31'),(4176,1,0,'Product modification','Product',1,1,'2015-11-18 21:13:27','2015-11-18 21:13:27'),(4177,1,0,'Product modification','Product',8,1,'2015-11-18 21:14:43','2015-11-18 21:14:43'),(4178,1,0,'Product modification','Product',9,1,'2015-11-18 21:15:33','2015-11-18 21:15:33'),(4179,1,0,'Product modification','Product',9,1,'2015-11-18 21:15:50','2015-11-18 21:15:50'),(4180,1,0,'Product modification','Product',9,1,'2015-11-18 21:16:10','2015-11-18 21:16:10'),(4181,1,0,'Product modification','Product',12,1,'2015-11-18 21:17:33','2015-11-18 21:17:33'),(4182,1,0,'Product modification','Product',12,1,'2015-11-18 21:18:11','2015-11-18 21:18:11'),(4183,1,0,'Product modification','Product',12,1,'2015-11-18 21:18:41','2015-11-18 21:18:41'),(4184,1,0,'Product modification','Product',13,1,'2015-11-18 21:19:45','2015-11-18 21:19:45'),(4185,1,0,'Product modification','Product',14,1,'2015-11-18 21:20:40','2015-11-18 21:20:40'),(4186,1,0,'Product modification','Product',17,1,'2015-11-18 21:21:36','2015-11-18 21:21:36'),(4187,1,0,'Product modification','Product',18,1,'2015-11-18 21:22:23','2015-11-18 21:22:23'),(4188,1,0,'Product modification','Product',24,1,'2015-11-18 21:24:36','2015-11-18 21:24:36'),(4189,1,0,'Product modification','Product',24,1,'2015-11-18 21:25:17','2015-11-18 21:25:17'),(4190,1,0,'Product modification','Product',25,1,'2015-11-18 21:26:13','2015-11-18 21:26:13'),(4191,1,0,'Product modification','Product',26,1,'2015-11-18 21:27:43','2015-11-18 21:27:43'),(4192,1,0,'Product modification','Product',48,1,'2015-11-18 21:29:29','2015-11-18 21:29:29'),(4193,1,0,'Product modification','Product',49,1,'2015-11-18 21:29:58','2015-11-18 21:29:58'),(4194,1,0,'Product modification','Product',50,1,'2015-11-18 21:30:37','2015-11-18 21:30:37'),(4195,1,0,'Product modification','Product',51,1,'2015-11-18 21:31:07','2015-11-18 21:31:07'),(4196,1,0,'Product modification','Product',51,1,'2015-11-18 21:31:23','2015-11-18 21:31:23'),(4197,1,0,'Product modification','Product',52,1,'2015-11-18 21:32:00','2015-11-18 21:32:00'),(4198,1,0,'Product modification','Product',58,1,'2015-11-18 21:33:14','2015-11-18 21:33:14'),(4199,1,0,'Product modification','Product',60,1,'2015-11-18 21:34:28','2015-11-18 21:34:28'),(4200,1,0,'Product modification','Product',61,1,'2015-11-18 21:34:59','2015-11-18 21:34:59'),(4201,1,0,'Product modification','Product',64,1,'2015-11-18 21:38:16','2015-11-18 21:38:16'),(4202,1,0,'Product modification','Product',64,1,'2015-11-18 21:38:44','2015-11-18 21:38:44'),(4203,1,0,'Product modification','Product',66,1,'2015-11-18 21:40:09','2015-11-18 21:40:09'),(4204,1,0,'Product modification','Product',67,1,'2015-11-18 21:40:42','2015-11-18 21:40:42'),(4205,1,0,'Product modification','Product',69,1,'2015-11-18 21:41:18','2015-11-18 21:41:18'),(4206,1,0,'Product modification','Product',70,1,'2015-11-18 21:42:04','2015-11-18 21:42:04'),(4207,1,0,'Product modification','Product',68,1,'2015-11-18 21:42:35','2015-11-18 21:42:35'),(4208,1,0,'Product modification','Product',71,1,'2015-11-18 21:43:33','2015-11-18 21:43:33'),(4209,1,0,'Product modification','Product',73,1,'2015-11-18 21:44:25','2015-11-18 21:44:25'),(4210,1,0,'Product modification','Product',74,1,'2015-11-18 21:45:36','2015-11-18 21:45:36'),(4211,1,0,'Product modification','Product',75,1,'2015-11-18 21:46:15','2015-11-18 21:46:15'),(4212,1,0,'Product modification','Product',76,1,'2015-11-18 21:46:57','2015-11-18 21:46:57'),(4213,1,0,'Product modification','Product',77,1,'2015-11-18 21:48:19','2015-11-18 21:48:19'),(4214,1,0,'Product modification','Product',78,1,'2015-11-18 21:49:08','2015-11-18 21:49:08'),(4215,1,0,'Product modification','Product',79,1,'2015-11-18 21:49:43','2015-11-18 21:49:43'),(4216,1,0,'Product modification','Product',80,1,'2015-11-18 21:50:12','2015-11-18 21:50:12'),(4217,1,0,'Product modification','Product',81,1,'2015-11-18 21:50:51','2015-11-18 21:50:51'),(4218,1,0,'Product modification','Product',82,1,'2015-11-18 21:51:33','2015-11-18 21:51:33'),(4219,1,0,'Product modification','Product',88,1,'2015-11-18 21:52:41','2015-11-18 21:52:41'),(4220,1,0,'Product modification','Product',89,1,'2015-11-18 21:53:34','2015-11-18 21:53:34'),(4221,1,0,'Product modification','Product',96,1,'2015-11-18 21:54:48','2015-11-18 21:54:48'),(4222,1,0,'Product modification','Product',97,1,'2015-11-18 21:55:21','2015-11-18 21:55:21'),(4223,1,0,'Product modification','Product',99,1,'2015-11-18 21:56:16','2015-11-18 21:56:16'),(4224,1,0,'Product modification','Product',100,1,'2015-11-18 21:56:57','2015-11-18 21:56:57'),(4225,1,0,'Product modification','Product',23,1,'2015-11-18 21:57:50','2015-11-18 21:57:50'),(4226,1,0,'Product modification','Product',8,1,'2015-11-18 21:58:29','2015-11-18 21:58:29'),(4227,1,0,'Back Office connection from 210.195.70.223','',0,1,'2015-11-20 18:24:24','2015-11-20 18:24:24'),(4228,1,0,'Product modification','Product',153,1,'2015-11-20 18:40:12','2015-11-20 18:40:12'),(4229,1,0,'Product modification','Product',153,1,'2015-11-20 18:40:58','2015-11-20 18:40:58'),(4230,1,0,'Product modification','Product',154,1,'2015-11-20 18:42:49','2015-11-20 18:42:49'),(4231,1,0,'Product modification','Product',153,1,'2015-11-20 18:43:41','2015-11-20 18:43:41'),(4232,1,0,'Product modification','Product',155,1,'2015-11-20 18:45:33','2015-11-20 18:45:33'),(4233,1,0,'Product modification','Product',156,1,'2015-11-20 18:47:21','2015-11-20 18:47:21'),(4234,1,0,'Product modification','Product',157,1,'2015-11-20 18:48:39','2015-11-20 18:48:39'),(4235,1,0,'Product modification','Product',158,1,'2015-11-20 18:49:49','2015-11-20 18:49:49'),(4236,1,0,'Product modification','Product',159,1,'2015-11-20 18:51:14','2015-11-20 18:51:14'),(4237,1,0,'Product modification','Product',160,1,'2015-11-20 18:52:16','2015-11-20 18:52:16'),(4238,1,0,'Product modification','Product',161,1,'2015-11-20 18:53:17','2015-11-20 18:53:17'),(4239,1,0,'Product modification','Product',162,1,'2015-11-20 18:54:23','2015-11-20 18:54:23'),(4240,1,0,'Product modification','Product',163,1,'2015-11-20 18:55:17','2015-11-20 18:55:17'),(4241,1,0,'Product modification','Product',164,1,'2015-11-20 18:56:35','2015-11-20 18:56:35'),(4242,1,0,'Product modification','Product',165,1,'2015-11-20 18:57:40','2015-11-20 18:57:40'),(4243,1,0,'Product modification','Product',167,1,'2015-11-20 18:59:21','2015-11-20 18:59:21'),(4244,1,0,'Product modification','Product',168,1,'2015-11-20 19:01:11','2015-11-20 19:01:11'),(4245,1,0,'Product modification','Product',169,1,'2015-11-20 19:02:07','2015-11-20 19:02:07'),(4246,1,0,'Product modification','Product',170,1,'2015-11-20 19:03:10','2015-11-20 19:03:10'),(4247,1,0,'Product modification','Product',171,1,'2015-11-20 19:04:09','2015-11-20 19:04:09'),(4248,1,0,'Product modification','Product',172,1,'2015-11-20 19:05:12','2015-11-20 19:05:12'),(4249,1,0,'Product modification','Product',173,1,'2015-11-20 19:12:25','2015-11-20 19:12:25'),(4250,1,0,'Product modification','Product',174,1,'2015-11-20 19:13:04','2015-11-20 19:13:04'),(4251,1,0,'Product modification','Product',174,1,'2015-11-20 19:13:34','2015-11-20 19:13:34'),(4252,1,0,'Product modification','Product',177,1,'2015-11-20 19:14:26','2015-11-20 19:14:26'),(4253,1,0,'Product modification','Product',176,1,'2015-11-20 19:15:40','2015-11-20 19:15:40'),(4254,1,0,'Product modification','Product',177,1,'2015-11-20 19:16:23','2015-11-20 19:16:23'),(4255,1,0,'Product modification','Product',178,1,'2015-11-20 19:17:05','2015-11-20 19:17:05'),(4256,1,0,'Product modification','Product',132,1,'2015-11-20 19:18:31','2015-11-20 19:18:31'),(4257,1,0,'Product modification','Product',133,1,'2015-11-20 19:19:08','2015-11-20 19:19:08'),(4258,1,0,'Product modification','Product',132,1,'2015-11-20 19:19:46','2015-11-20 19:19:46'),(4259,1,0,'Product modification','Product',134,1,'2015-11-20 19:20:59','2015-11-20 19:20:59'),(4260,1,0,'Product modification','Product',135,1,'2015-11-20 19:21:40','2015-11-20 19:21:40'),(4261,1,0,'Product modification','Product',135,1,'2015-11-20 19:22:11','2015-11-20 19:22:11'),(4262,1,0,'Product modification','Product',136,1,'2015-11-20 19:22:41','2015-11-20 19:22:41'),(4263,1,0,'Product modification','Product',137,1,'2015-11-20 19:23:14','2015-11-20 19:23:14'),(4264,1,0,'Product modification','Product',144,1,'2015-11-20 19:24:20','2015-11-20 19:24:20'),(4265,1,0,'Product modification','Product',145,1,'2015-11-20 19:25:45','2015-11-20 19:25:45'),(4266,1,0,'Product modification','Product',146,1,'2015-11-20 19:26:42','2015-11-20 19:26:42'),(4267,1,0,'Product modification','Product',147,1,'2015-11-20 19:27:37','2015-11-20 19:27:37'),(4268,1,0,'Product modification','Product',149,1,'2015-11-20 19:28:58','2015-11-20 19:28:58'),(4269,1,0,'Product modification','Product',151,1,'2015-11-20 19:30:29','2015-11-20 19:30:29'),(4270,1,0,'Product modification','Product',152,1,'2015-11-20 19:31:30','2015-11-20 19:31:30'),(4271,1,0,'Back Office connection from 210.195.70.223','',0,1,'2015-11-23 17:50:15','2015-11-23 17:50:15'),(4272,1,0,'Product modification','Product',179,1,'2015-11-23 17:58:00','2015-11-23 17:58:00'),(4273,1,0,'Product modification','Product',179,1,'2015-11-23 17:58:34','2015-11-23 17:58:34'),(4274,1,0,'Product modification','Product',179,1,'2015-11-23 18:00:50','2015-11-23 18:00:50'),(4275,1,0,'Product modification','Product',179,1,'2015-11-23 18:01:05','2015-11-23 18:01:05'),(4276,1,0,'Product modification','Product',179,1,'2015-11-23 18:02:50','2015-11-23 18:02:50'),(4277,1,0,'Product modification','Product',179,1,'2015-11-23 18:03:32','2015-11-23 18:03:32'),(4278,1,0,'Product modification','Product',179,1,'2015-11-23 18:03:46','2015-11-23 18:03:46'),(4279,1,0,'Product modification','Product',180,1,'2015-11-23 18:07:28','2015-11-23 18:07:28'),(4280,1,0,'Product modification','Product',180,1,'2015-11-23 18:07:49','2015-11-23 18:07:49'),(4281,1,0,'Product modification','Product',180,1,'2015-11-23 18:09:01','2015-11-23 18:09:01'),(4282,1,0,'Product modification','Product',180,1,'2015-11-23 18:11:21','2015-11-23 18:11:21'),(4283,1,0,'Product modification','Product',180,1,'2015-11-23 18:12:21','2015-11-23 18:12:21'),(4284,1,0,'Product modification','Product',180,1,'2015-11-23 18:12:37','2015-11-23 18:12:37'),(4285,1,0,'Product modification','Product',181,1,'2015-11-23 18:14:03','2015-11-23 18:14:03'),(4286,1,0,'Product modification','Product',181,1,'2015-11-23 18:14:36','2015-11-23 18:14:36'),(4287,1,0,'Product modification','Product',181,1,'2015-11-23 18:16:02','2015-11-23 18:16:02'),(4288,1,0,'Product modification','Product',181,1,'2015-11-23 18:16:33','2015-11-23 18:16:33'),(4289,1,0,'Product modification','Product',181,1,'2015-11-23 18:18:37','2015-11-23 18:18:37'),(4290,1,0,'Product modification','Product',181,1,'2015-11-23 18:19:04','2015-11-23 18:19:04'),(4291,1,0,'Product modification','Product',181,1,'2015-11-23 18:19:24','2015-11-23 18:19:24'),(4292,1,0,'Product modification','Product',181,1,'2015-11-23 18:19:44','2015-11-23 18:19:44'),(4293,1,0,'Product modification','Product',183,1,'2015-11-23 18:22:17','2015-11-23 18:22:17'),(4294,1,0,'Product modification','Product',183,1,'2015-11-23 18:22:35','2015-11-23 18:22:35'),(4295,1,0,'Product modification','Product',183,1,'2015-11-23 18:23:13','2015-11-23 18:23:13'),(4296,1,0,'Product modification','Product',183,1,'2015-11-23 18:24:33','2015-11-23 18:24:33'),(4297,1,0,'Product modification','Product',183,1,'2015-11-23 18:25:30','2015-11-23 18:25:30'),(4298,1,0,'Product modification','Product',183,1,'2015-11-23 18:25:45','2015-11-23 18:25:45'),(4299,1,0,'SupplyOrder modification','SupplyOrder',2,1,'2015-11-23 18:27:51','2015-11-23 18:27:51'),(4300,1,0,'Product modification','Product',182,1,'2015-11-23 18:46:43','2015-11-23 18:46:43'),(4301,1,0,'Product modification','Product',182,1,'2015-11-23 18:46:57','2015-11-23 18:46:57'),(4302,1,0,'Product modification','Product',182,1,'2015-11-23 18:49:26','2015-11-23 18:49:26'),(4303,1,0,'Product modification','Product',182,1,'2015-11-23 18:49:42','2015-11-23 18:49:42'),(4304,1,0,'Product modification','Product',182,1,'2015-11-23 18:50:44','2015-11-23 18:50:44'),(4305,1,0,'Product modification','Product',182,1,'2015-11-23 18:51:18','2015-11-23 18:51:18'),(4306,1,0,'Product modification','Product',182,1,'2015-11-23 18:51:38','2015-11-23 18:51:38'),(4307,1,0,'Product modification','Product',184,1,'2015-11-23 18:52:33','2015-11-23 18:52:33'),(4308,1,0,'Product modification','Product',184,1,'2015-11-23 18:53:05','2015-11-23 18:53:05'),(4309,1,0,'Product modification','Product',184,1,'2015-11-23 18:53:28','2015-11-23 18:53:28'),(4310,1,0,'Product modification','Product',184,1,'2015-11-23 18:55:58','2015-11-23 18:55:58'),(4311,1,0,'Product modification','Product',184,1,'2015-11-23 18:56:33','2015-11-23 18:56:33'),(4312,1,0,'Product modification','Product',66,1,'2015-11-23 18:57:32','2015-11-23 18:57:32'),(4313,1,0,'Product modification','Product',185,1,'2015-11-23 18:58:32','2015-11-23 18:58:32'),(4314,1,0,'Product modification','Product',185,1,'2015-11-23 18:58:51','2015-11-23 18:58:51'),(4315,1,0,'Product modification','Product',185,1,'2015-11-23 18:59:39','2015-11-23 18:59:39'),(4316,1,0,'Product modification','Product',185,1,'2015-11-23 19:00:12','2015-11-23 19:00:12'),(4317,1,0,'Product modification','Product',186,1,'2015-11-23 19:10:08','2015-11-23 19:10:08'),(4318,1,0,'Product modification','Product',186,1,'2015-11-23 19:13:48','2015-11-23 19:13:48'),(4319,1,0,'Product modification','Product',186,1,'2015-11-23 19:15:20','2015-11-23 19:15:20'),(4320,1,0,'Product modification','Product',186,1,'2015-11-23 19:15:47','2015-11-23 19:15:47'),(4321,1,0,'Product modification','Product',186,1,'2015-11-23 19:16:09','2015-11-23 19:16:09'),(4322,1,0,'Product modification','Product',186,1,'2015-11-23 19:16:41','2015-11-23 19:16:41'),(4323,1,0,'Product modification','Product',186,1,'2015-11-23 19:17:11','2015-11-23 19:17:11'),(4324,1,0,'Product modification','Product',186,1,'2015-11-23 19:18:30','2015-11-23 19:18:30'),(4325,1,0,'Product modification','Product',186,1,'2015-11-23 19:18:59','2015-11-23 19:18:59'),(4326,1,0,'Product modification','Product',186,1,'2015-11-23 19:19:46','2015-11-23 19:19:46'),(4327,1,0,'Product modification','Product',186,1,'2015-11-23 19:21:06','2015-11-23 19:21:06'),(4328,1,0,'Product modification','Product',186,1,'2015-11-23 19:21:35','2015-11-23 19:21:35'),(4329,1,0,'Product modification','Product',186,1,'2015-11-23 19:22:12','2015-11-23 19:22:12'),(4330,1,0,'Attribute addition','Attribute',97,1,'2015-11-23 19:24:14','2015-11-23 19:24:14'),(4331,1,0,'Attribute addition','Attribute',98,1,'2015-11-23 19:24:26','2015-11-23 19:24:26'),(4332,1,0,'Attribute addition','Attribute',99,1,'2015-11-23 19:24:37','2015-11-23 19:24:37'),(4333,1,0,'Attribute addition','Attribute',100,1,'2015-11-23 19:24:52','2015-11-23 19:24:52'),(4334,1,0,'Attribute addition','Attribute',101,1,'2015-11-23 19:25:09','2015-11-23 19:25:09'),(4335,1,0,'Attribute addition','Attribute',102,1,'2015-11-23 19:25:21','2015-11-23 19:25:21'),(4336,1,0,'Product modification','Product',186,1,'2015-11-23 19:27:39','2015-11-23 19:27:39'),(4337,1,0,'Product modification','Product',186,1,'2015-11-23 19:28:38','2015-11-23 19:28:38'),(4338,1,0,'Product modification','Product',186,1,'2015-11-23 19:29:31','2015-11-23 19:29:31'),(4339,1,0,'Product modification','Product',186,1,'2015-11-23 19:30:34','2015-11-23 19:30:34'),(4340,1,0,'Product modification','Product',186,1,'2015-11-23 19:31:40','2015-11-23 19:31:40'),(4341,1,0,'Product modification','Product',186,1,'2015-11-23 19:32:38','2015-11-23 19:32:38'),(4342,1,0,'SupplyOrder modification','SupplyOrder',2,1,'2015-11-23 19:36:13','2015-11-23 19:36:13'),(4343,1,0,'RequestSql addition','RequestSql',1,1,'2015-11-23 19:50:05','2015-11-23 19:50:05'),(4344,1,0,'Back Office connection from 210.195.70.223','',0,1,'2015-11-25 11:44:55','2015-11-25 11:44:55'),(4345,1,0,'Warehouse addition','Warehouse',3,1,'2015-11-25 11:57:06','2015-11-25 11:57:06'),(4346,1,0,'Store addition','Store',9,1,'2015-11-25 12:10:27','2015-11-25 12:10:27'),(4347,1,0,'Product modification','Product',52,1,'2015-11-25 12:12:46','2015-11-25 12:12:46'),(4348,1,0,'Product modification','Product',161,1,'2015-11-25 12:14:15','2015-11-25 12:14:15'),(4349,1,0,'Product modification','Product',160,1,'2015-11-25 12:15:27','2015-11-25 12:15:27'),(4350,1,0,'Product modification','Product',53,1,'2015-11-25 12:16:16','2015-11-25 12:16:16'),(4351,1,0,'Product modification','Product',53,1,'2015-11-25 12:16:36','2015-11-25 12:16:36'),(4352,1,0,'Product modification','Product',161,1,'2015-11-25 12:17:16','2015-11-25 12:17:16'),(4353,1,0,'Product modification','Product',160,1,'2015-11-25 12:17:49','2015-11-25 12:17:49'),(4354,1,0,'Product modification','Product',53,1,'2015-11-25 12:19:06','2015-11-25 12:19:06'),(4355,1,0,'Product modification','Product',54,1,'2015-11-25 12:19:58','2015-11-25 12:19:58'),(4356,1,0,'Product modification','Product',55,1,'2015-11-25 12:20:38','2015-11-25 12:20:38'),(4357,1,0,'Product modification','Product',55,1,'2015-11-25 12:20:57','2015-11-25 12:20:57'),(4358,1,0,'Product modification','Product',56,1,'2015-11-25 12:21:38','2015-11-25 12:21:38'),(4359,1,0,'Product modification','Product',56,1,'2015-11-25 12:22:00','2015-11-25 12:22:00'),(4360,1,0,'Product modification','Product',158,1,'2015-11-25 12:22:53','2015-11-25 12:22:53'),(4361,1,0,'Product modification','Product',158,1,'2015-11-25 12:23:07','2015-11-25 12:23:07'),(4362,1,0,'Product modification','Product',40,1,'2015-11-25 12:23:57','2015-11-25 12:23:57'),(4363,1,0,'Product modification','Product',40,1,'2015-11-25 12:24:22','2015-11-25 12:24:22'),(4364,1,0,'Product modification','Product',32,1,'2015-11-25 12:25:12','2015-11-25 12:25:12'),(4365,1,0,'Product modification','Product',32,1,'2015-11-25 12:25:28','2015-11-25 12:25:28'),(4366,1,0,'Product modification','Product',163,1,'2015-11-25 12:26:24','2015-11-25 12:26:24'),(4367,1,0,'Product modification','Product',163,1,'2015-11-25 12:26:40','2015-11-25 12:26:40'),(4368,1,0,'Product modification','Product',35,1,'2015-11-25 12:27:26','2015-11-25 12:27:26'),(4369,1,0,'Product modification','Product',35,1,'2015-11-25 12:27:45','2015-11-25 12:27:45'),(4370,1,0,'Back Office connection from 175.139.71.3','',0,1,'2015-12-07 22:05:35','2015-12-07 22:05:35'),(4371,1,0,'Customer addition','Customer',15,1,'2015-12-07 22:09:44','2015-12-07 22:09:44'),(4372,1,0,'Customer modification','Customer',15,1,'2015-12-07 22:10:01','2015-12-07 22:10:01'),(4373,1,0,'Product modification','Product',15,1,'2015-12-07 22:12:31','2015-12-07 22:12:31'),(4374,1,0,'Product modification','Product',15,1,'2015-12-07 22:12:50','2015-12-07 22:12:50'),(4375,1,0,'Product modification','Product',15,1,'2015-12-07 22:13:11','2015-12-07 22:13:11'),(4376,1,0,'Product modification','Product',15,1,'2015-12-07 22:13:29','2015-12-07 22:13:29'),(4377,1,0,'Product modification','Product',15,1,'2015-12-07 22:14:56','2015-12-07 22:14:56'),(4378,1,0,'Product modification','Product',15,1,'2015-12-07 22:16:54','2015-12-07 22:16:54'),(4379,1,0,'Product deletion','Product',15,1,'2015-12-07 22:17:09','2015-12-07 22:17:09'),(4380,1,0,'Product modification','Product',187,1,'2015-12-07 22:17:56','2015-12-07 22:17:56'),(4381,1,0,'Product modification','Product',187,1,'2015-12-07 22:18:12','2015-12-07 22:18:12'),(4382,1,0,'Product modification','Product',187,1,'2015-12-07 22:18:50','2015-12-07 22:18:50'),(4383,1,0,'Address addition','Address',21,1,'2015-12-07 22:25:13','2015-12-07 22:25:13'),(4384,1,0,'Back Office connection from 175.139.71.3','',0,1,'2015-12-09 22:00:59','2015-12-09 22:00:59'),(4385,1,0,'CustomerThread deletion','CustomerThread',1,1,'2015-12-09 22:01:59','2015-12-09 22:01:59'),(4386,1,0,'Customer addition','Customer',16,1,'2015-12-09 22:04:45','2015-12-09 22:04:45'),(4387,1,0,'Product modification','Product',60,1,'2015-12-09 22:06:41','2015-12-09 22:06:41'),(4388,1,0,'Address addition','Address',22,1,'2015-12-09 22:11:07','2015-12-09 22:11:07'),(4389,1,0,'Back Office connection from 175.139.71.3','',0,1,'2015-12-09 22:29:19','2015-12-09 22:29:19'),(4390,1,0,'Frontcontroller::init - Cart cannot be loaded or an order has already been placed using this cart','Cart',35,0,'2015-12-11 21:00:26','2015-12-11 21:00:26'),(4391,1,0,'Back Office connection from 210.195.70.171','',0,1,'2015-12-12 18:09:12','2015-12-12 18:09:12'),(4392,1,0,'Customer addition','Customer',18,1,'2015-12-12 18:24:23','2015-12-12 18:24:23'),(4393,1,0,'Address addition','Address',24,1,'2015-12-12 18:27:14','2015-12-12 18:27:14'),(4394,1,0,'CustomerThread deletion','CustomerThread',4,1,'2015-12-12 18:32:52','2015-12-12 18:32:52'),(4395,1,0,'CustomerThread deletion','CustomerThread',3,1,'2015-12-12 18:33:12','2015-12-12 18:33:12'),(4396,1,0,'CustomerThread deletion','CustomerThread',2,1,'2015-12-12 18:33:12','2015-12-12 18:33:12'),(4397,1,0,'Back Office connection from 210.195.70.171','',0,1,'2015-12-14 13:18:38','2015-12-14 13:18:38'),(4398,1,0,'Product modification','Product',19,1,'2015-12-14 13:23:39','2015-12-14 13:23:39'),(4399,1,0,'Product modification','Product',19,1,'2015-12-14 13:24:11','2015-12-14 13:24:11'),(4400,1,0,'Product modification','Product',19,1,'2015-12-14 13:24:27','2015-12-14 13:24:27'),(4401,1,0,'Product modification','Product',188,1,'2015-12-14 13:27:42','2015-12-14 13:27:42'),(4402,1,0,'Product modification','Product',188,1,'2015-12-14 13:28:06','2015-12-14 13:28:06'),(4403,1,0,'Product deletion','Product',19,1,'2015-12-14 13:30:59','2015-12-14 13:30:59'),(4404,1,0,'Category modification','Category',13,1,'2015-12-14 13:35:28','2015-12-14 13:35:28'),(4405,1,0,'Back Office connection from 210.195.70.171','',0,1,'2015-12-15 16:39:38','2015-12-15 16:39:38'),(4406,1,0,'Store addition','Store',10,1,'2015-12-15 16:50:22','2015-12-15 16:50:22'),(4407,1,0,'Store modification','Store',10,1,'2015-12-15 16:54:43','2015-12-15 16:54:43'),(4408,1,0,'Store modification','Store',10,1,'2015-12-15 16:57:03','2015-12-15 16:57:03'),(4409,1,0,'Store modification','Store',10,1,'2015-12-15 17:01:36','2015-12-15 17:01:36'),(4410,1,0,'Back Office connection from 210.195.70.171','',0,1,'2015-12-15 22:06:55','2015-12-15 22:06:55'),(4411,1,0,'Back Office connection from 210.195.70.171','',0,1,'2015-12-15 22:59:43','2015-12-15 22:59:43'),(4412,1,0,'Frontcontroller::init - Cart cannot be loaded or an order has already been placed using this cart','Cart',37,0,'2015-12-16 22:31:08','2015-12-16 22:31:08'),(4413,1,0,'Back Office connection from 210.195.70.171','',0,1,'2015-12-17 18:17:42','2015-12-17 18:17:42'),(4414,1,0,'Back Office connection from 210.195.70.171','',0,1,'2015-12-19 17:06:01','2015-12-19 17:06:01'),(4415,1,0,'CartRule modification','CartRule',2,1,'2015-12-19 17:08:08','2015-12-19 17:08:08'),(4416,1,0,'CartRule modification','CartRule',2,1,'2015-12-19 17:11:24','2015-12-19 17:11:24'),(4417,1,0,'Back Office connection from 210.195.70.171','',0,1,'2015-12-21 21:57:32','2015-12-21 21:57:32'),(4418,1,0,'CartRule modification','CartRule',4,1,'2015-12-21 22:06:27','2015-12-21 22:06:27'),(4419,1,0,'CartRule modification','CartRule',4,1,'2015-12-21 22:06:52','2015-12-21 22:06:52'),(4420,1,0,'CartRule deletion','CartRule',10,1,'2015-12-21 22:18:15','2015-12-21 22:18:15'),(4421,1,0,'CartRule modification','CartRule',4,1,'2015-12-21 22:18:42','2015-12-21 22:18:42'),(4422,1,0,'CartRule modification','CartRule',4,1,'2015-12-21 22:19:25','2015-12-21 22:19:25'),(4423,1,0,'CartRule modification','CartRule',2,1,'2015-12-21 22:19:48','2015-12-21 22:19:48'),(4424,1,0,'Frontcontroller::init - Cart cannot be loaded or an order has already been placed using this cart','Cart',41,0,'2015-12-23 17:45:08','2015-12-23 17:45:08'),(4425,1,0,'Frontcontroller::init - Cart cannot be loaded or an order has already been placed using this cart','Cart',43,0,'2015-12-23 17:56:58','2015-12-23 17:56:58'),(4426,1,0,'Back Office connection from 210.195.64.237','',0,1,'2015-12-23 22:11:50','2015-12-23 22:11:50'),(4427,1,0,'Frontcontroller::init - Cart cannot be loaded or an order has already been placed using this cart','Cart',39,0,'2015-12-26 10:45:16','2015-12-26 10:45:16'),(4428,1,0,'Back Office connection from 210.195.64.237','',0,1,'2015-12-26 19:55:54','2015-12-26 19:55:54'),(4429,1,0,'Back Office connection from 210.195.64.237','',0,1,'2015-12-29 12:57:55','2015-12-29 12:57:55'),(4430,1,0,'Back Office connection from 210.195.64.237','',0,1,'2015-12-29 16:56:15','2015-12-29 16:56:15'),(4431,1,0,'Product modification','Product',1,1,'2015-12-29 17:08:42','2015-12-29 17:08:42'),(4432,1,0,'Warehouse addition','Warehouse',4,1,'2015-12-29 17:14:28','2015-12-29 17:14:28'),(4433,1,0,'Warehouse modification','Warehouse',1,1,'2015-12-29 17:16:56','2015-12-29 17:16:56'),(4434,1,0,'Warehouse modification','Warehouse',2,1,'2015-12-29 17:28:10','2015-12-29 17:28:10'),(4435,1,0,'Warehouse modification','Warehouse',3,1,'2015-12-29 17:29:12','2015-12-29 17:29:12'),(4436,1,0,'Warehouse addition','Warehouse',5,1,'2015-12-29 17:33:41','2015-12-29 17:33:41'),(4437,1,0,'Product modification','Product',179,1,'2015-12-29 17:40:59','2015-12-29 17:40:59'),(4438,1,0,'Frontcontroller::init - Cart cannot be loaded or an order has already been placed using this cart','Cart',45,0,'2015-12-29 17:43:46','2015-12-29 17:43:46'),(4439,1,0,'Product modification','Product',169,1,'2015-12-29 17:49:39','2015-12-29 17:49:39'),(4440,1,0,'Product modification','Product',165,1,'2015-12-29 17:50:16','2015-12-29 17:50:16'),(4441,1,0,'Product modification','Product',39,1,'2015-12-29 17:50:52','2015-12-29 17:50:52'),(4442,1,0,'Product modification','Product',38,1,'2015-12-29 17:51:10','2015-12-29 17:51:10'),(4443,1,0,'Product modification','Product',67,1,'2015-12-29 17:51:57','2015-12-29 17:51:57'),(4444,1,0,'Product modification','Product',69,1,'2015-12-29 17:52:40','2015-12-29 17:52:40'),(4445,1,0,'Product modification','Product',134,1,'2015-12-29 17:53:16','2015-12-29 17:53:16'),(4446,1,0,'Product modification','Product',135,1,'2015-12-29 17:53:53','2015-12-29 17:53:53'),(4447,1,0,'Product modification','Product',136,1,'2015-12-29 17:54:29','2015-12-29 17:54:29'),(4448,1,0,'Product modification','Product',145,1,'2015-12-29 17:55:34','2015-12-29 17:55:34'),(4449,1,0,'Product modification','Product',137,1,'2015-12-29 17:55:37','2015-12-29 17:55:37'),(4450,1,0,'Product modification','Product',132,1,'2015-12-29 17:56:56','2015-12-29 17:56:56'),(4451,1,0,'Product modification','Product',133,1,'2015-12-29 17:57:32','2015-12-29 17:57:32'),(4452,1,0,'Product modification','Product',132,1,'2015-12-29 17:57:44','2015-12-29 17:57:44'),(4453,1,0,'Product modification','Product',151,1,'2015-12-29 17:58:51','2015-12-29 17:58:51'),(4454,1,0,'Product modification','Product',23,1,'2015-12-29 17:59:02','2015-12-29 17:59:02'),(4455,1,0,'Product modification','Product',23,1,'2015-12-29 18:22:51','2015-12-29 18:22:51'),(4456,1,0,'Product modification','Product',23,1,'2015-12-29 18:23:46','2015-12-29 18:23:46'),(4457,1,0,'Product deletion','Product',23,1,'2015-12-29 18:23:59','2015-12-29 18:23:59'),(4458,1,0,'Product modification','Product',189,1,'2015-12-29 18:24:47','2015-12-29 18:24:47'),(4459,1,0,'Product modification','Product',156,1,'2015-12-29 18:50:47','2015-12-29 18:50:47'),(4460,1,0,'Product modification','Product',1,1,'2015-12-29 19:33:39','2015-12-29 19:33:39'),(4461,1,0,'Product modification','Product',1,1,'2015-12-29 19:34:08','2015-12-29 19:34:08'),(4462,1,0,'Product modification','Product',1,1,'2015-12-29 19:35:58','2015-12-29 19:35:58'),(4463,1,0,'Product modification','Product',1,1,'2015-12-29 19:37:55','2015-12-29 19:37:55'),(4464,1,0,'Product deletion','Product',1,1,'2015-12-29 19:38:13','2015-12-29 19:38:13'),(4465,1,0,'Product modification','Product',190,1,'2015-12-29 19:38:54','2015-12-29 19:38:54'),(4466,1,0,'Product modification','Product',190,1,'2015-12-29 19:39:15','2015-12-29 19:39:15'),(4467,1,0,'Product modification','Product',190,1,'2015-12-29 19:39:15','2015-12-29 19:39:15'),(4468,1,0,'Product modification','Product',190,1,'2015-12-29 19:39:39','2015-12-29 19:39:39'),(4469,1,0,'Product modification','Product',190,1,'2015-12-29 19:42:48','2015-12-29 19:42:48'),(4470,1,0,'Product modification','Product',18,1,'2015-12-29 19:44:41','2015-12-29 19:44:41'),(4471,1,0,'Back Office connection from 210.195.64.237','',0,1,'2015-12-30 16:29:37','2015-12-30 16:29:37'),(4472,1,0,'CustomerThread deletion','CustomerThread',2,1,'2015-12-30 16:33:14','2015-12-30 16:33:14'),(4473,1,0,'CustomerThread deletion','CustomerThread',1,1,'2015-12-30 16:33:25','2015-12-30 16:33:25'),(4474,1,0,'Product modification','Product',9,1,'2015-12-30 16:38:45','2015-12-30 16:38:45'),(4475,1,0,'Product modification','Product',9,1,'2015-12-30 16:42:00','2015-12-30 16:42:00'),(4476,1,0,'Product modification','Product',10,1,'2015-12-30 16:45:47','2015-12-30 16:45:47'),(4477,1,0,'Product modification','Product',10,1,'2015-12-30 16:51:20','2015-12-30 16:51:20'),(4478,1,0,'Product deletion','Product',10,1,'2015-12-30 16:51:41','2015-12-30 16:51:41'),(4479,1,0,'Product modification','Product',191,1,'2015-12-30 16:52:37','2015-12-30 16:52:37'),(4480,1,0,'Product modification','Product',191,1,'2015-12-30 16:52:58','2015-12-30 16:52:58'),(4481,1,0,'Back Office connection from 210.195.64.237','',0,1,'2015-12-31 16:22:38','2015-12-31 16:22:38'),(4482,1,0,'Back Office connection from 210.195.64.237','',0,1,'2015-12-31 18:22:54','2015-12-31 18:22:54'),(4483,1,0,'Product modification','Product',12,1,'2015-12-31 18:30:16','2015-12-31 18:30:16'),(4484,1,0,'Product modification','Product',13,1,'2015-12-31 18:30:58','2015-12-31 18:30:58'),(4485,1,0,'Product modification','Product',13,1,'2015-12-31 18:31:22','2015-12-31 18:31:22'),(4486,1,0,'Product modification','Product',14,1,'2015-12-31 18:33:12','2015-12-31 18:33:12'),(4487,1,0,'Product modification','Product',14,1,'2015-12-31 18:33:28','2015-12-31 18:33:28'),(4488,1,0,'Product modification','Product',16,1,'2015-12-31 18:35:20','2015-12-31 18:35:20'),(4489,1,0,'Product modification','Product',17,1,'2015-12-31 18:37:22','2015-12-31 18:37:22'),(4490,1,0,'Product modification','Product',18,1,'2015-12-31 18:37:54','2015-12-31 18:37:54'),(4491,1,0,'Product modification','Product',18,1,'2015-12-31 18:38:32','2015-12-31 18:38:32'),(4492,1,0,'Product modification','Product',20,1,'2015-12-31 18:39:35','2015-12-31 18:39:35'),(4493,1,0,'Product modification','Product',20,1,'2015-12-31 18:41:00','2015-12-31 18:41:00'),(4494,1,0,'Product modification','Product',24,1,'2015-12-31 18:42:50','2015-12-31 18:42:50'),(4495,1,0,'Product modification','Product',25,1,'2015-12-31 18:45:22','2015-12-31 18:45:22'),(4496,1,0,'Product modification','Product',26,1,'2015-12-31 18:46:44','2015-12-31 18:46:44'),(4497,1,0,'Product modification','Product',29,1,'2015-12-31 18:47:54','2015-12-31 18:47:54'),(4498,1,0,'Product modification','Product',29,1,'2015-12-31 18:48:11','2015-12-31 18:48:11'),(4499,1,0,'Product modification','Product',30,1,'2015-12-31 18:50:07','2015-12-31 18:50:07'),(4500,1,0,'Product modification','Product',30,1,'2015-12-31 18:50:27','2015-12-31 18:50:27'),(4501,1,0,'Product modification','Product',30,1,'2015-12-31 18:52:07','2015-12-31 18:52:07'),(4502,1,0,'Product deletion','Product',30,1,'2015-12-31 18:52:20','2015-12-31 18:52:20'),(4503,1,0,'Product modification','Product',192,1,'2015-12-31 18:52:55','2015-12-31 18:52:55'),(4504,1,0,'Product modification','Product',192,1,'2015-12-31 18:53:15','2015-12-31 18:53:15'),(4505,1,0,'Product modification','Product',31,1,'2015-12-31 18:55:37','2015-12-31 18:55:37'),(4506,1,0,'Product modification','Product',32,1,'2015-12-31 18:56:51','2015-12-31 18:56:51'),(4507,1,0,'Product modification','Product',33,1,'2015-12-31 18:58:37','2015-12-31 18:58:37'),(4508,1,0,'Product modification','Product',34,1,'2015-12-31 19:01:44','2015-12-31 19:01:44'),(4509,1,0,'Product modification','Product',35,1,'2015-12-31 19:02:44','2015-12-31 19:02:44'),(4510,1,0,'Product modification','Product',35,1,'2015-12-31 19:03:03','2015-12-31 19:03:03'),(4511,1,0,'Product modification','Product',35,1,'2015-12-31 19:03:23','2015-12-31 19:03:23'),(4512,1,0,'Product modification','Product',36,1,'2015-12-31 19:05:18','2015-12-31 19:05:18'),(4513,1,0,'Product modification','Product',36,1,'2015-12-31 19:05:46','2015-12-31 19:05:46'),(4514,1,0,'Product modification','Product',36,1,'2015-12-31 19:06:16','2015-12-31 19:06:16'),(4515,1,0,'Product modification','Product',36,1,'2015-12-31 19:06:53','2015-12-31 19:06:53'),(4516,1,0,'Product modification','Product',37,1,'2015-12-31 19:07:39','2015-12-31 19:07:39'),(4517,1,0,'Product modification','Product',37,1,'2015-12-31 19:08:02','2015-12-31 19:08:02'),(4518,1,0,'Product modification','Product',37,1,'2015-12-31 19:08:24','2015-12-31 19:08:24'),(4519,1,0,'Product modification','Product',37,1,'2015-12-31 19:09:57','2015-12-31 19:09:57'),(4520,1,0,'Product modification','Product',38,1,'2015-12-31 19:12:34','2015-12-31 19:12:34'),(4521,1,0,'Product modification','Product',38,1,'2015-12-31 19:13:26','2015-12-31 19:13:26'),(4522,1,0,'Product modification','Product',39,1,'2015-12-31 19:14:14','2015-12-31 19:14:14'),(4523,1,0,'Product modification','Product',40,1,'2015-12-31 19:16:28','2015-12-31 19:16:28'),(4524,1,0,'Product modification','Product',40,1,'2015-12-31 19:17:07','2015-12-31 19:17:07'),(4525,1,0,'Product modification','Product',41,1,'2015-12-31 19:19:05','2015-12-31 19:19:05'),(4526,1,0,'Product modification','Product',41,1,'2015-12-31 19:19:23','2015-12-31 19:19:23'),(4527,1,0,'Product modification','Product',41,1,'2015-12-31 19:19:46','2015-12-31 19:19:46'),(4528,1,0,'Product modification','Product',41,1,'2015-12-31 19:20:34','2015-12-31 19:20:34'),(4529,1,0,'Product modification','Product',42,1,'2015-12-31 19:21:24','2015-12-31 19:21:24'),(4530,1,0,'Product modification','Product',42,1,'2015-12-31 19:22:03','2015-12-31 19:22:03'),(4531,1,0,'Product modification','Product',43,1,'2015-12-31 19:23:22','2015-12-31 19:23:22'),(4532,1,0,'Product modification','Product',44,1,'2015-12-31 19:25:39','2015-12-31 19:25:39'),(4533,1,0,'Product modification','Product',44,1,'2015-12-31 19:25:58','2015-12-31 19:25:58'),(4534,1,0,'Product modification','Product',44,1,'2015-12-31 19:26:24','2015-12-31 19:26:24'),(4535,1,0,'Product modification','Product',45,1,'2015-12-31 19:27:18','2015-12-31 19:27:18'),(4536,1,0,'Product modification','Product',45,1,'2015-12-31 19:27:36','2015-12-31 19:27:36'),(4537,1,0,'Product modification','Product',46,1,'2015-12-31 19:29:12','2015-12-31 19:29:12'),(4538,1,0,'Product modification','Product',46,1,'2015-12-31 19:29:37','2015-12-31 19:29:37'),(4539,1,0,'Product modification','Product',46,1,'2015-12-31 19:30:15','2015-12-31 19:30:15'),(4540,1,0,'Product modification','Product',47,1,'2015-12-31 19:30:48','2015-12-31 19:30:48'),(4541,1,0,'Product modification','Product',47,1,'2015-12-31 19:31:27','2015-12-31 19:31:27'),(4542,1,0,'Product modification','Product',48,1,'2015-12-31 19:32:42','2015-12-31 19:32:42'),(4543,1,0,'Product modification','Product',48,1,'2015-12-31 19:33:33','2015-12-31 19:33:33'),(4544,1,0,'Product modification','Product',49,1,'2015-12-31 19:34:46','2015-12-31 19:34:46'),(4545,1,0,'Product modification','Product',49,1,'2015-12-31 19:35:29','2015-12-31 19:35:29'),(4546,1,0,'Product modification','Product',50,1,'2015-12-31 19:37:31','2015-12-31 19:37:31'),(4547,1,0,'Product modification','Product',50,1,'2015-12-31 19:38:46','2015-12-31 19:38:46'),(4548,1,0,'Product modification','Product',50,1,'2015-12-31 19:39:08','2015-12-31 19:39:08'),(4549,1,0,'Product modification','Product',51,1,'2015-12-31 19:41:13','2015-12-31 19:41:13'),(4550,1,0,'Product modification','Product',51,1,'2015-12-31 19:41:47','2015-12-31 19:41:47'),(4551,1,0,'Product modification','Product',52,1,'2015-12-31 19:42:23','2015-12-31 19:42:23'),(4552,1,0,'Product modification','Product',52,1,'2015-12-31 19:42:41','2015-12-31 19:42:41'),(4553,1,0,'Product modification','Product',53,1,'2015-12-31 19:44:33','2015-12-31 19:44:33'),(4554,1,0,'Product modification','Product',53,1,'2015-12-31 19:44:58','2015-12-31 19:44:58'),(4555,1,0,'Product modification','Product',54,1,'2015-12-31 19:45:36','2015-12-31 19:45:36'),(4556,1,0,'Product modification','Product',54,1,'2015-12-31 19:45:52','2015-12-31 19:45:52'),(4557,1,0,'Product modification','Product',55,1,'2015-12-31 19:46:35','2015-12-31 19:46:35'),(4558,1,0,'Product modification','Product',55,1,'2015-12-31 19:46:57','2015-12-31 19:46:57'),(4559,1,0,'Product modification','Product',56,1,'2015-12-31 19:47:27','2015-12-31 19:47:27'),(4560,1,0,'Product modification','Product',56,1,'2015-12-31 19:47:45','2015-12-31 19:47:45'),(4561,1,0,'Product modification','Product',57,1,'2015-12-31 19:48:57','2015-12-31 19:48:57'),(4562,1,0,'Product modification','Product',57,1,'2015-12-31 19:49:19','2015-12-31 19:49:19'),(4563,1,0,'Product modification','Product',58,1,'2015-12-31 19:50:20','2015-12-31 19:50:20'),(4564,1,0,'Product modification','Product',59,1,'2015-12-31 19:51:08','2015-12-31 19:51:08'),(4565,1,0,'Product modification','Product',59,1,'2015-12-31 19:51:33','2015-12-31 19:51:33'),(4566,1,0,'Product modification','Product',60,1,'2015-12-31 19:52:26','2015-12-31 19:52:26'),(4567,1,0,'Product modification','Product',61,1,'2015-12-31 19:53:22','2015-12-31 19:53:22'),(4568,1,0,'Product modification','Product',62,1,'2015-12-31 19:54:06','2015-12-31 19:54:06'),(4569,1,0,'Product modification','Product',62,1,'2015-12-31 19:54:22','2015-12-31 19:54:22'),(4570,1,0,'Product modification','Product',63,1,'2015-12-31 19:55:21','2015-12-31 19:55:21'),(4571,1,0,'Product modification','Product',63,1,'2015-12-31 19:55:41','2015-12-31 19:55:41'),(4572,1,0,'Product modification','Product',64,1,'2015-12-31 19:57:04','2015-12-31 19:57:04'),(4573,1,0,'Product modification','Product',65,1,'2015-12-31 19:58:46','2015-12-31 19:58:46'),(4574,1,0,'Product modification','Product',65,1,'2015-12-31 19:59:09','2015-12-31 19:59:09'),(4575,1,0,'Product modification','Product',66,1,'2015-12-31 20:00:19','2015-12-31 20:00:19'),(4576,1,0,'Product modification','Product',67,1,'2015-12-31 20:01:55','2015-12-31 20:01:55'),(4577,1,0,'Product modification','Product',67,1,'2015-12-31 20:04:03','2015-12-31 20:04:03'),(4578,1,0,'Product deletion','Product',67,1,'2015-12-31 20:04:17','2015-12-31 20:04:17'),(4579,1,0,'Product modification','Product',193,1,'2015-12-31 20:04:51','2015-12-31 20:04:51'),(4580,1,0,'Product modification','Product',68,1,'2015-12-31 20:06:26','2015-12-31 20:06:26');
