
--
-- Table structure for table `ps_log_email`
--

CREATE TABLE `ps_log_email` (
  `id_log_email` int(10) unsigned NOT NULL AUTO_INCREMENT,
  `id_email_type` int(10) unsigned NOT NULL,
  `id_cart_rule` int(10) unsigned NOT NULL,
  `id_customer` int(10) unsigned DEFAULT NULL,
  `id_cart` int(10) unsigned DEFAULT NULL,
  `date_add` datetime NOT NULL,
  PRIMARY KEY (`id_log_email`),
  KEY `date_add` (`date_add`),
  KEY `id_cart` (`id_cart`)
) ENGINE=InnoDB DEFAULT CHARSET=latin1;

--
-- Dumping data for table `ps_log_email`
--


--
-- Table structure for table `ps_mail`
--

CREATE TABLE `ps_mail` (
  `id_mail` int(11) unsigned NOT NULL AUTO_INCREMENT,
  `recipient` varchar(126) NOT NULL,
  `template` varchar(62) NOT NULL,
  `subject` varchar(254) NOT NULL,
  `id_lang` int(11) unsigned NOT NULL,
  `date_add` timestamp NOT NULL DEFAULT CURRENT_TIMESTAMP,
  PRIMARY KEY (`id_mail`),
  KEY `recipient` (`recipient`(10))
) ENGINE=InnoDB AUTO_INCREMENT=4588 DEFAULT CHARSET=utf8;

--
-- Dumping data for table `ps_mail`
--



--
-- Table structure for table `ps_mailalert_customer_oos`
--

CREATE TABLE `ps_mailalert_customer_oos` (
  `id_customer` int(10) unsigned NOT NULL,
  `customer_email` varchar(128) NOT NULL,
  `id_product` int(10) unsigned NOT NULL,
  `id_product_attribute` int(10) unsigned NOT NULL,
  `id_shop` int(10) unsigned NOT NULL,
  `id_lang` int(10) unsigned NOT NULL,
  PRIMARY KEY (`id_customer`,`customer_email`,`id_product`,`id_product_attribute`,`id_shop`)
) ENGINE=InnoDB DEFAULT CHARSET=utf8;

--
-- Dumping data for table `ps_mailalert_customer_oos`
--


--
-- Table structure for table `ps_manufacturer`
--

CREATE TABLE `ps_manufacturer` (
  `id_manufacturer` int(10) unsigned NOT NULL AUTO_INCREMENT,
  `name` varchar(64) NOT NULL,
  `date_add` datetime NOT NULL,
  `date_upd` datetime NOT NULL,
  `active` tinyint(1) NOT NULL DEFAULT '0',
  PRIMARY KEY (`id_manufacturer`)
) ENGINE=InnoDB AUTO_INCREMENT=2 DEFAULT CHARSET=utf8;

--
-- Dumping data for table `ps_manufacturer`
--

INSERT INTO `ps_manufacturer` (`id_manufacturer`, `name`, `date_add`, `date_upd`, `active`) VALUES (1,'Fashion Manufacturer','2015-08-17 20:32:51','2015-08-17 20:32:51',1);

--
-- Table structure for table `ps_manufacturer_lang`
--

CREATE TABLE `ps_manufacturer_lang` (
  `id_manufacturer` int(10) unsigned NOT NULL,
  `id_lang` int(10) unsigned NOT NULL,
  `description` text,
  `short_description` text,
  `meta_title` varchar(128) DEFAULT NULL,
  `meta_keywords` varchar(255) DEFAULT NULL,
  `meta_description` varchar(255) DEFAULT NULL,
  PRIMARY KEY (`id_manufacturer`,`id_lang`)
) ENGINE=InnoDB DEFAULT CHARSET=utf8;

--
-- Dumping data for table `ps_manufacturer_lang`
--

INSERT INTO `ps_manufacturer_lang` (`id_manufacturer`, `id_lang`, `description`, `short_description`, `meta_title`, `meta_keywords`, `meta_description`) VALUES (1,1,'','','','',''),(1,2,'','','','','');

--
-- Table structure for table `ps_manufacturer_shop`
--

CREATE TABLE `ps_manufacturer_shop` (
  `id_manufacturer` int(11) unsigned NOT NULL,
  `id_shop` int(11) unsigned NOT NULL,
  PRIMARY KEY (`id_manufacturer`,`id_shop`),
  KEY `id_shop` (`id_shop`)
) ENGINE=InnoDB DEFAULT CHARSET=utf8;

--
-- Dumping data for table `ps_manufacturer_shop`
--

INSERT INTO `ps_manufacturer_shop` (`id_manufacturer`, `id_shop`) VALUES (1,1);

--
-- Table structure for table `ps_memcached_servers`
--

CREATE TABLE `ps_memcached_servers` (
  `id_memcached_server` int(11) unsigned NOT NULL AUTO_INCREMENT,
  `ip` varchar(254) NOT NULL,
  `port` int(11) unsigned NOT NULL,
  `weight` int(11) unsigned NOT NULL,
  PRIMARY KEY (`id_memcached_server`)
) ENGINE=InnoDB DEFAULT CHARSET=utf8;

--
-- Dumping data for table `ps_memcached_servers`
--


--
-- Table structure for table `ps_message`
--

CREATE TABLE `ps_message` (
  `id_message` int(10) unsigned NOT NULL AUTO_INCREMENT,
  `id_cart` int(10) unsigned DEFAULT NULL,
  `id_customer` int(10) unsigned NOT NULL,
  `id_employee` int(10) unsigned DEFAULT NULL,
  `id_order` int(10) unsigned NOT NULL,
  `message` text NOT NULL,
  `private` tinyint(1) unsigned NOT NULL DEFAULT '1',
  `date_add` datetime NOT NULL,
  PRIMARY KEY (`id_message`),
  KEY `message_order` (`id_order`),
  KEY `id_cart` (`id_cart`),
  KEY `id_customer` (`id_customer`),
  KEY `id_employee` (`id_employee`)
) ENGINE=InnoDB AUTO_INCREMENT=10 DEFAULT CHARSET=utf8;

--
-- Dumping data for table `ps_message`
--

INSERT INTO `ps_message` (`id_message`, `id_cart`, `id_customer`, `id_employee`, `id_order`, `message`, `private`, `date_add`) VALUES (1,15,8,0,7,'Lam Li Shan\r\nlamlishan@hotmail.com\r\n',0,'2015-09-08 16:35:40'),(2,26,10,0,9,'I\'ll pick it up. Let me know from Xtra Space or your house. THank you.',0,'2015-10-04 14:29:11'),(3,31,2,0,13,'Manual order -- Employee O. Perrocheau',1,'2015-11-13 18:20:20'),(4,33,15,0,14,'Manual order -- Employee O. Perrocheau',1,'2015-12-07 22:25:55'),(5,34,16,0,15,'Manual order -- Employee O. Perrocheau',1,'2015-12-09 22:12:06'),(6,35,17,0,16,'Picked up during French bazaar. ',0,'2015-12-11 20:59:52'),(7,36,18,0,17,'Manual order -- Employee O. Perrocheau',1,'2015-12-12 18:27:42'),(8,40,13,0,19,'Manual order -- Employee O. Perrocheau',1,'2015-12-21 22:14:33'),(9,45,22,0,23,'Deliver to office: Time2travel at Damansara Utama.\r\nAttention: Amelia or Kelvin (019 3114147)\r\nCash on Delivery (as per whatsapp messahe 29.12.2015)',0,'2015-12-29 17:43:18');

--
-- Table structure for table `ps_message_readed`
--

CREATE TABLE `ps_message_readed` (
  `id_message` int(10) unsigned NOT NULL,
  `id_employee` int(10) unsigned NOT NULL,
  `date_add` datetime NOT NULL,
  PRIMARY KEY (`id_message`,`id_employee`)
) ENGINE=InnoDB DEFAULT CHARSET=utf8;

--
-- Dumping data for table `ps_message_readed`
--


--
-- Table structure for table `ps_meta`
--

CREATE TABLE `ps_meta` (
  `id_meta` int(10) unsigned NOT NULL AUTO_INCREMENT,
  `page` varchar(64) NOT NULL,
  `configurable` tinyint(1) unsigned NOT NULL DEFAULT '1',
  PRIMARY KEY (`id_meta`),
  UNIQUE KEY `page` (`page`)
) ENGINE=InnoDB AUTO_INCREMENT=41 DEFAULT CHARSET=utf8;

--
-- Dumping data for table `ps_meta`
--



--
-- Table structure for table `ps_meta_lang`
--

CREATE TABLE `ps_meta_lang` (
  `id_meta` int(10) unsigned NOT NULL,
  `id_shop` int(11) unsigned NOT NULL DEFAULT '1',
  `id_lang` int(10) unsigned NOT NULL,
  `title` varchar(128) DEFAULT NULL,
  `description` varchar(255) DEFAULT NULL,
  `keywords` varchar(255) DEFAULT NULL,
  `url_rewrite` varchar(254) NOT NULL,
  PRIMARY KEY (`id_meta`,`id_shop`,`id_lang`),
  KEY `id_shop` (`id_shop`),
  KEY `id_lang` (`id_lang`)
) ENGINE=InnoDB DEFAULT CHARSET=utf8;

--
-- Dumping data for table `ps_meta_lang`
--



--
-- Table structure for table `ps_module`
--

CREATE TABLE `ps_module` (
  `id_module` int(10) unsigned NOT NULL AUTO_INCREMENT,
  `name` varchar(64) NOT NULL,
  `active` tinyint(1) unsigned NOT NULL DEFAULT '0',
  `version` varchar(8) NOT NULL,
  PRIMARY KEY (`id_module`),
  KEY `name` (`name`)
) ENGINE=InnoDB AUTO_INCREMENT=85 DEFAULT CHARSET=utf8;

--
-- Dumping data for table `ps_module`
--

INSERT INTO `ps_module` (`id_module`, `name`, `active`, `version`) VALUES (1,'socialsharing',1,'1.4.1'),(2,'blockbanner',1,'1.4.0'),(3,'bankwire',1,'1.1.1'),(4,'blockbestsellers',1,'1.8.0'),(5,'blockcart',1,'1.6.0'),(6,'blocksocial',1,'1.2.1'),(7,'blockcategories',1,'2.9.2'),(8,'blockcurrencies',1,'0.4.0'),(9,'blockfacebook',1,'1.4.0'),(10,'blocklanguages',1,'1.4.0'),(11,'blocklayered',1,'2.0.13'),(12,'blockcms',1,'2.1.1'),(13,'blockcmsinfo',1,'1.6.0'),(14,'blockcontact',1,'1.4.0'),(15,'blockcontactinfos',1,'1.2.0'),(16,'blockmanufacturer',1,'1.4.0'),(17,'blockmyaccount',1,'1.4.0'),(18,'blockmyaccountfooter',1,'1.6.0'),(19,'blocknewproducts',1,'1.10.0'),(20,'blocknewsletter',1,'2.3.1'),(21,'blockpaymentlogo',1,'0.4.0'),(22,'blocksearch',1,'1.7.0'),(23,'blockspecials',1,'1.3.0'),(24,'blockstore',1,'1.3.0'),(25,'blocksupplier',1,'1.2.0'),(26,'blocktags',1,'1.3.0'),(27,'blocktopmenu',1,'2.2.3'),(28,'blockuserinfo',1,'0.4.0'),(29,'blockviewed',1,'1.3.0'),(30,'cheque',1,'2.7.0'),(31,'dashactivity',1,'0.5.0'),(32,'dashtrends',1,'0.8.1'),(33,'dashgoals',1,'0.7.0'),(34,'dashproducts',1,'0.3.5'),(35,'graphnvd3',1,'1.5.0'),(36,'gridhtml',1,'1.3.0'),(37,'homeslider',1,'1.6.0'),(38,'homefeatured',1,'1.8.0'),(39,'productpaymentlogos',1,'1.3.7'),(40,'pagesnotfound',1,'1.5.0'),(41,'sekeywords',1,'1.4.0'),(42,'statsbestcategories',1,'1.5.0'),(43,'statsbestcustomers',1,'1.5.0'),(44,'statsbestproducts',1,'1.5.0'),(45,'statsbestsuppliers',1,'1.3.1'),(46,'statsbestvouchers',1,'1.5.0'),(47,'statscarrier',1,'1.4.0'),(48,'statscatalog',1,'1.3.0'),(49,'statscheckup',1,'1.4.0'),(50,'statsdata',1,'1.5.0'),(51,'statsequipment',1,'1.3.0'),(52,'statsforecast',1,'1.4.0'),(53,'statslive',1,'1.3.0'),(54,'statsnewsletter',1,'1.4.0'),(55,'statsorigin',1,'1.4.0'),(56,'statspersonalinfos',1,'1.4.0'),(57,'statsproduct',1,'1.4.0'),(58,'statsregistrations',1,'1.4.0'),(59,'statssales',1,'1.3.0'),(60,'statssearch',1,'1.4.0'),(61,'statsstock',1,'1.5.0'),(62,'statsvisits',1,'1.6.0'),(63,'themeconfigurator',1,'2.1.1'),(64,'gamification',1,'1.11.0'),(65,'blockwishlist',1,'1.3.1'),(66,'productcomments',1,'3.5.1'),(67,'sendtoafriend',1,'1.8.0'),(68,'cronjobs',1,'1.3.2'),(70,'blocksharefb',1,'1.3.0'),(71,'crossselling',1,'1.1.1'),(72,'blockcustomerprivacy',1,'2.0.1'),(73,'blockreinsurance',1,'2.1.1'),(74,'blocklink',1,'1.6.0'),(75,'productscategory',1,'1.8.0'),(76,'cashondelivery',1,'0.7.5'),(77,'erpillicopresta',1,'3.0.3'),(78,'autoupgrade',1,'1.6.7'),(79,'advancedeucompliance',1,'1.5.0'),(80,'dateofdelivery',1,'1.6.0'),(81,'mailalerts',1,'3.6.0'),(82,'watermark',1,'1.0.4'),(83,'followup',1,'1.7.0'),(84,'carriercompare',1,'2.3.0');

--
-- Table structure for table `ps_module_access`
--

CREATE TABLE `ps_module_access` (
  `id_profile` int(10) unsigned NOT NULL,
  `id_module` int(10) unsigned NOT NULL,
  `view` tinyint(1) NOT NULL DEFAULT '0',
  `configure` tinyint(1) NOT NULL DEFAULT '0',
  `uninstall` tinyint(1) NOT NULL DEFAULT '0',
  PRIMARY KEY (`id_profile`,`id_module`)
) ENGINE=InnoDB DEFAULT CHARSET=utf8;

--
-- Dumping data for table `ps_module_access`
--

INSERT INTO `ps_module_access` (`id_profile`, `id_module`, `view`, `configure`, `uninstall`) VALUES (1,1,1,0,0),(1,2,1,0,0),(1,3,1,0,0),(1,4,1,0,0),(1,5,1,0,0),(1,6,1,0,0),(1,7,1,0,0),(1,8,1,0,0),(1,9,1,0,0),(1,10,1,0,0),(1,11,1,0,0),(1,12,1,0,0),(1,13,1,0,0),(1,14,1,0,0),(1,15,1,0,0),(1,16,1,0,0),(1,17,1,0,0),(1,18,1,0,0),(1,19,1,0,0),(1,20,1,0,0),(1,21,1,0,0),(1,22,1,0,0),(1,23,1,0,0),(1,24,1,0,0),(1,25,1,0,0),(1,26,1,0,0),(1,27,1,0,0),(1,28,1,0,0),(1,29,1,0,0),(1,30,1,0,0),(1,31,1,0,0),(1,32,1,0,0),(1,33,1,0,0),(1,34,1,0,0),(1,35,1,0,0),(1,36,1,0,0),(1,37,1,0,0),(1,38,1,0,0),(1,39,1,0,0),(1,40,1,0,0),(1,41,1,0,0),(1,42,1,0,0),(1,43,1,0,0),(1,44,1,0,0),(1,45,1,0,0),(1,46,1,0,0),(1,47,1,0,0),(1,48,1,0,0),(1,49,1,0,0),(1,50,1,0,0),(1,51,1,0,0),(1,52,1,0,0),(1,53,1,0,0),(1,54,1,0,0),(1,55,1,0,0),(1,56,1,0,0),(1,57,1,0,0),(1,58,1,0,0),(1,59,1,0,0),(1,60,1,0,0),(1,61,1,0,0),(1,62,1,0,0),(1,63,1,0,0),(1,64,1,0,0),(1,65,1,0,0),(1,66,1,0,0),(1,67,1,0,0),(1,68,1,0,0),(1,70,1,0,0),(1,71,1,0,0),(1,72,1,0,0),(1,73,1,0,0),(1,74,1,0,0),(1,75,1,0,0),(1,76,1,0,0),(1,77,1,0,0),(1,78,1,0,0),(1,79,1,0,0),(1,80,1,0,0),(1,81,1,0,0),(1,82,1,0,0),(1,83,1,0,0),(1,84,1,0,0),(2,1,1,1,1),(2,2,1,1,1),(2,3,1,1,1),(2,4,1,1,1),(2,5,1,1,1),(2,6,1,1,1),(2,7,1,1,1),(2,8,1,1,1),(2,9,1,1,1),(2,10,1,1,1),(2,11,1,1,1),(2,12,1,1,1),(2,13,1,1,1),(2,14,1,1,1),(2,15,1,1,1),(2,16,1,1,1),(2,17,1,1,1),(2,18,1,1,1),(2,19,1,1,1),(2,20,1,1,1),(2,21,1,1,1),(2,22,1,1,1),(2,23,1,1,1),(2,24,1,1,1),(2,25,1,1,1),(2,26,1,1,1),(2,27,1,1,1),(2,28,1,1,1),(2,29,1,1,1),(2,30,1,1,1),(2,31,1,1,1),(2,32,1,1,1),(2,33,1,1,1),(2,34,1,1,1),(2,35,1,1,1),(2,36,1,1,1),(2,37,1,1,1),(2,38,1,1,1),(2,39,1,1,1),(2,40,1,1,1),(2,41,1,1,1),(2,42,1,1,1),(2,43,1,1,1),(2,44,1,1,1),(2,45,1,1,1),(2,46,1,1,1),(2,47,1,1,1),(2,48,1,1,1),(2,49,1,1,1),(2,50,1,1,1),(2,51,1,1,1),(2,52,1,1,1),(2,53,1,1,1),(2,54,1,1,1),(2,55,1,1,1),(2,56,1,1,1),(2,57,1,1,1),(2,58,1,1,1),(2,59,1,1,1),(2,60,1,1,1),(2,61,1,1,1),(2,62,1,1,1),(2,63,1,1,1),(2,64,1,1,1),(2,65,1,1,1),(2,66,1,1,1),(2,67,1,1,1),(2,68,1,1,1),(2,70,1,1,1),(2,71,1,1,1),(2,72,1,1,1),(2,73,1,1,1),(2,74,1,1,1),(2,75,1,1,1),(2,76,1,1,1),(2,77,1,1,1),(2,78,1,1,1),(2,79,1,1,1),(2,80,1,1,1),(2,81,1,1,1),(2,82,1,1,1),(2,83,1,1,1),(2,84,1,1,1),(3,1,1,0,0),(3,2,1,0,0),(3,3,1,0,0),(3,4,1,0,0),(3,5,1,0,0),(3,6,1,0,0),(3,7,1,0,0),(3,8,1,0,0),(3,9,1,0,0),(3,10,1,0,0),(3,11,1,0,0),(3,12,1,0,0),(3,13,1,0,0),(3,14,1,0,0),(3,15,1,0,0),(3,16,1,0,0),(3,17,1,0,0),(3,18,1,0,0),(3,19,1,0,0),(3,20,1,0,0),(3,21,1,0,0),(3,22,1,0,0),(3,23,1,0,0),(3,24,1,0,0),(3,25,1,0,0),(3,26,1,0,0),(3,27,1,0,0),(3,28,1,0,0),(3,29,1,0,0),(3,30,1,0,0),(3,31,1,0,0),(3,32,1,0,0),(3,33,1,0,0),(3,34,1,0,0),(3,35,1,0,0),(3,36,1,0,0),(3,37,1,0,0),(3,38,1,0,0),(3,39,1,0,0),(3,40,1,0,0),(3,41,1,0,0),(3,42,1,0,0),(3,43,1,0,0),(3,44,1,0,0),(3,45,1,0,0),(3,46,1,0,0),(3,47,1,0,0),(3,48,1,0,0),(3,49,1,0,0),(3,50,1,0,0),(3,51,1,0,0),(3,52,1,0,0),(3,53,1,0,0),(3,54,1,0,0),(3,55,1,0,0),(3,56,1,0,0),(3,57,1,0,0),(3,58,1,0,0),(3,59,1,0,0),(3,60,1,0,0),(3,61,1,0,0),(3,62,1,0,0),(3,63,1,0,0),(3,64,1,0,0),(3,65,1,0,0),(3,66,1,0,0),(3,67,1,0,0),(3,68,1,0,0),(3,70,1,0,0),(3,71,1,0,0),(3,72,1,0,0),(3,73,1,0,0),(3,74,1,0,0),(3,75,1,0,0),(3,76,1,0,0),(3,77,1,0,0),(3,78,1,0,0),(3,79,1,0,0),(3,80,1,0,0),(3,81,1,0,0),(3,82,1,0,0),(3,83,1,0,0),(3,84,1,0,0),(4,1,1,1,1),(4,2,1,1,1),(4,3,1,1,1),(4,4,1,1,1),(4,5,1,1,1),(4,6,1,1,1),(4,7,1,1,1),(4,8,1,1,1),(4,9,1,1,1),(4,10,1,1,1),(4,11,1,1,1),(4,12,1,1,1),(4,13,1,1,1),(4,14,1,1,1),(4,15,1,1,1),(4,16,1,1,1),(4,17,1,1,1),(4,18,1,1,1),(4,19,1,1,1),(4,20,1,1,1),(4,21,1,1,1),(4,22,1,1,1),(4,23,1,1,1),(4,24,1,1,1),(4,25,1,1,1),(4,26,1,1,1),(4,27,1,1,1),(4,28,1,1,1),(4,29,1,1,1),(4,30,1,1,1),(4,31,1,1,1),(4,32,1,1,1),(4,33,1,1,1),(4,34,1,1,1),(4,35,1,1,1),(4,36,1,1,1),(4,37,1,1,1),(4,38,1,1,1),(4,39,1,1,1),(4,40,1,1,1),(4,41,1,1,1),(4,42,1,1,1),(4,43,1,1,1),(4,44,1,1,1),(4,45,1,1,1),(4,46,1,1,1),(4,47,1,1,1),(4,48,1,1,1),(4,49,1,1,1),(4,50,1,1,1),(4,51,1,1,1),(4,52,1,1,1),(4,53,1,1,1),(4,54,1,1,1),(4,55,1,1,1),(4,56,1,1,1),(4,57,1,1,1),(4,58,1,1,1),(4,59,1,1,1),(4,60,1,1,1),(4,61,1,1,1),(4,62,1,1,1),(4,63,1,1,1),(4,64,1,1,1),(4,65,1,1,1),(4,66,1,1,1),(4,67,1,1,1),(4,68,1,1,1),(4,70,1,1,1),(4,71,1,1,1),(4,72,1,1,1),(4,73,1,1,1),(4,74,1,1,1),(4,75,1,1,1),(4,76,1,1,1),(4,77,1,1,1),(4,78,1,1,1),(4,79,1,1,1),(4,80,1,1,1),(4,81,1,1,1),(4,82,1,1,1),(4,83,1,1,1),(4,84,1,1,1);

--
-- Table structure for table `ps_module_country`
--

CREATE TABLE `ps_module_country` (
  `id_module` int(10) unsigned NOT NULL,
  `id_shop` int(11) unsigned NOT NULL DEFAULT '1',
  `id_country` int(10) unsigned NOT NULL,
  PRIMARY KEY (`id_module`,`id_shop`,`id_country`)
) ENGINE=InnoDB DEFAULT CHARSET=utf8;

--
-- Dumping data for table `ps_module_country`
--

INSERT INTO `ps_module_country` (`id_module`, `id_shop`, `id_country`) VALUES (3,1,25),(3,1,136),(30,1,136),(76,1,136);

--
-- Table structure for table `ps_module_currency`
--

CREATE TABLE `ps_module_currency` (
  `id_module` int(10) unsigned NOT NULL,
  `id_shop` int(11) unsigned NOT NULL DEFAULT '1',
  `id_currency` int(11) NOT NULL,
  PRIMARY KEY (`id_module`,`id_shop`,`id_currency`),
  KEY `id_module` (`id_module`)
) ENGINE=InnoDB DEFAULT CHARSET=utf8;

--
-- Dumping data for table `ps_module_currency`
--

INSERT INTO `ps_module_currency` (`id_module`, `id_shop`, `id_currency`) VALUES (3,1,1),(30,1,1),(76,1,1);

--
-- Table structure for table `ps_module_group`
--

CREATE TABLE `ps_module_group` (
  `id_module` int(10) unsigned NOT NULL,
  `id_shop` int(11) unsigned NOT NULL DEFAULT '1',
  `id_group` int(11) unsigned NOT NULL,
  PRIMARY KEY (`id_module`,`id_shop`,`id_group`)
) ENGINE=InnoDB DEFAULT CHARSET=utf8;

--
-- Dumping data for table `ps_module_group`
--

INSERT INTO `ps_module_group` (`id_module`, `id_shop`, `id_group`) VALUES (1,1,1),(1,1,2),(1,1,3),(2,1,1),(2,1,2),(2,1,3),(3,1,1),(3,1,2),(3,1,3),(4,1,1),(4,1,2),(4,1,3),(5,1,1),(5,1,2),(5,1,3),(6,1,1),(6,1,2),(6,1,3),(7,1,1),(7,1,2),(7,1,3),(8,1,1),(8,1,2),(8,1,3),(9,1,1),(9,1,2),(9,1,3),(10,1,1),(10,1,2),(10,1,3),(11,1,1),(11,1,2),(11,1,3),(12,1,1),(12,1,2),(12,1,3),(13,1,1),(13,1,2),(13,1,3),(14,1,1),(14,1,2),(14,1,3),(15,1,1),(15,1,2),(15,1,3),(16,1,2),(16,1,3),(17,1,1),(17,1,2),(17,1,3),(18,1,1),(18,1,2),(18,1,3),(19,1,1),(19,1,2),(19,1,3),(20,1,1),(20,1,2),(20,1,3),(21,1,1),(21,1,2),(21,1,3),(22,1,1),(22,1,2),(22,1,3),(23,1,1),(23,1,2),(23,1,3),(24,1,1),(24,1,2),(24,1,3),(25,1,1),(25,1,2),(25,1,3),(26,1,1),(26,1,2),(26,1,3),(27,1,1),(27,1,2),(27,1,3),(28,1,1),(28,1,2),(28,1,3),(29,1,1),(29,1,2),(29,1,3),(30,1,1),(30,1,2),(30,1,3),(31,1,1),(31,1,2),(31,1,3),(32,1,1),(32,1,2),(32,1,3),(33,1,1),(33,1,2),(33,1,3),(34,1,1),(34,1,2),(34,1,3),(35,1,1),(35,1,2),(35,1,3),(36,1,1),(36,1,2),(36,1,3),(37,1,1),(37,1,2),(37,1,3),(38,1,1),(38,1,2),(38,1,3),(39,1,1),(39,1,2),(39,1,3),(40,1,1),(40,1,2),(40,1,3),(41,1,1),(41,1,2),(41,1,3),(42,1,1),(42,1,2),(42,1,3),(43,1,1),(43,1,2),(43,1,3),(44,1,1),(44,1,2),(44,1,3),(45,1,1),(45,1,2),(45,1,3),(46,1,1),(46,1,2),(46,1,3),(47,1,1),(47,1,2),(47,1,3),(48,1,1),(48,1,2),(48,1,3),(49,1,1),(49,1,2),(49,1,3),(50,1,1),(50,1,2),(50,1,3),(51,1,1),(51,1,2),(51,1,3),(52,1,1),(52,1,2),(52,1,3),(53,1,1),(53,1,2),(53,1,3),(54,1,1),(54,1,2),(54,1,3),(55,1,1),(55,1,2),(55,1,3),(56,1,1),(56,1,2),(56,1,3),(57,1,1),(57,1,2),(57,1,3),(58,1,1),(58,1,2),(58,1,3),(59,1,1),(59,1,2),(59,1,3),(60,1,1),(60,1,2),(60,1,3),(61,1,1),(61,1,2),(61,1,3),(62,1,1),(62,1,2),(62,1,3),(63,1,1),(63,1,2),(63,1,3),(64,1,1),(64,1,2),(64,1,3),(65,1,1),(65,1,2),(65,1,3),(66,1,1),(66,1,2),(66,1,3),(67,1,1),(67,1,2),(67,1,3),(68,1,1),(68,1,2),(68,1,3),(70,1,1),(70,1,2),(70,1,3),(71,1,1),(71,1,2),(71,1,3),(72,1,1),(72,1,2),(72,1,3),(73,1,1),(73,1,2),(73,1,3),(74,1,1),(74,1,2),(74,1,3),(75,1,1),(75,1,2),(75,1,3),(76,1,1),(76,1,2),(76,1,3),(77,1,1),(77,1,2),(77,1,3),(78,1,1),(78,1,2),(78,1,3),(79,1,1),(79,1,2),(79,1,3),(80,1,1),(80,1,2),(80,1,3),(81,1,1),(81,1,2),(81,1,3),(82,1,1),(82,1,2),(82,1,3),(83,1,1),(83,1,2),(83,1,3),(84,1,1),(84,1,2),(84,1,3);

--
-- Table structure for table `ps_module_preference`
--

CREATE TABLE `ps_module_preference` (
  `id_module_preference` int(11) NOT NULL AUTO_INCREMENT,
  `id_employee` int(11) NOT NULL,
  `module` varchar(255) NOT NULL,
  `interest` tinyint(1) DEFAULT NULL,
  `favorite` tinyint(1) DEFAULT NULL,
  PRIMARY KEY (`id_module_preference`),
  UNIQUE KEY `employee_module` (`id_employee`,`module`)
) ENGINE=InnoDB DEFAULT CHARSET=utf8;

--
-- Dumping data for table `ps_module_preference`
--


--
-- Table structure for table `ps_module_shop`
--

CREATE TABLE `ps_module_shop` (
  `id_module` int(11) unsigned NOT NULL,
  `id_shop` int(11) unsigned NOT NULL,
  `enable_device` tinyint(1) NOT NULL DEFAULT '7',
  PRIMARY KEY (`id_module`,`id_shop`),
  KEY `id_shop` (`id_shop`)
) ENGINE=InnoDB DEFAULT CHARSET=utf8;

--
-- Dumping data for table `ps_module_shop`
--

INSERT INTO `ps_module_shop` (`id_module`, `id_shop`, `enable_device`) VALUES (1,1,7),(2,1,3),(3,1,7),(4,1,7),(5,1,7),(6,1,7),(7,1,7),(8,1,7),(9,1,7),(12,1,7),(13,1,7),(14,1,7),(15,1,7),(17,1,7),(18,1,7),(19,1,7),(20,1,7),(21,1,7),(22,1,7),(23,1,7),(24,1,7),(25,1,7),(26,1,7),(27,1,7),(28,1,7),(29,1,7),(31,1,7),(32,1,7),(33,1,7),(34,1,7),(35,1,7),(36,1,7),(37,1,3),(38,1,7),(40,1,7),(41,1,7),(42,1,7),(43,1,7),(44,1,7),(46,1,7),(47,1,7),(48,1,7),(49,1,7),(50,1,7),(51,1,7),(52,1,7),(53,1,7),(54,1,7),(55,1,7),(56,1,7),(57,1,7),(58,1,7),(59,1,7),(60,1,7),(61,1,7),(62,1,7),(63,1,7),(64,1,7),(65,1,7),(66,1,7),(67,1,7),(68,1,7),(70,1,7),(71,1,7),(72,1,7),(74,1,7),(75,1,7),(77,1,7),(78,1,7),(81,1,7),(82,1,7),(83,1,7);

--
-- Table structure for table `ps_modules_perfs`
--

CREATE TABLE `ps_modules_perfs` (
  `id_modules_perfs` int(11) unsigned NOT NULL AUTO_INCREMENT,
  `session` int(11) unsigned NOT NULL,
  `module` varchar(62) NOT NULL,
  `method` varchar(126) NOT NULL,
  `time_start` double unsigned NOT NULL,
  `time_end` double unsigned NOT NULL,
  `memory_start` int(10) unsigned NOT NULL,
  `memory_end` int(10) unsigned NOT NULL,
  PRIMARY KEY (`id_modules_perfs`),
  KEY `session` (`session`)
) ENGINE=InnoDB DEFAULT CHARSET=utf8;

--
-- Dumping data for table `ps_modules_perfs`
--


--
-- Table structure for table `ps_newsletter`
--

CREATE TABLE `ps_newsletter` (
  `id` int(6) NOT NULL AUTO_INCREMENT,
  `id_shop` int(10) unsigned NOT NULL DEFAULT '1',
  `id_shop_group` int(10) unsigned NOT NULL DEFAULT '1',
  `email` varchar(255) NOT NULL,
  `newsletter_date_add` datetime DEFAULT NULL,
  `ip_registration_newsletter` varchar(15) NOT NULL,
  `http_referer` varchar(255) DEFAULT NULL,
  `active` tinyint(1) NOT NULL DEFAULT '0',
  PRIMARY KEY (`id`)
) ENGINE=InnoDB DEFAULT CHARSET=utf8;

--
-- Dumping data for table `ps_newsletter`
--


--
-- Table structure for table `ps_operating_system`
--

CREATE TABLE `ps_operating_system` (
  `id_operating_system` int(10) unsigned NOT NULL AUTO_INCREMENT,
  `name` varchar(64) DEFAULT NULL,
  PRIMARY KEY (`id_operating_system`)
) ENGINE=InnoDB AUTO_INCREMENT=8 DEFAULT CHARSET=utf8;

--
-- Dumping data for table `ps_operating_system`
--

INSERT INTO `ps_operating_system` (`id_operating_system`, `name`) VALUES (1,'Windows XP'),(2,'Windows Vista'),(3,'Windows 7'),(4,'Windows 8'),(5,'MacOsX'),(6,'Linux'),(7,'Android');

--
-- Table structure for table `ps_order_carrier`
--

CREATE TABLE `ps_order_carrier` (
  `id_order_carrier` int(11) NOT NULL AUTO_INCREMENT,
  `id_order` int(11) unsigned NOT NULL,
  `id_carrier` int(11) unsigned NOT NULL,
  `id_order_invoice` int(11) unsigned DEFAULT NULL,
  `weight` decimal(20,6) DEFAULT NULL,
  `shipping_cost_tax_excl` decimal(20,6) DEFAULT NULL,
  `shipping_cost_tax_incl` decimal(20,6) DEFAULT NULL,
  `tracking_number` varchar(64) DEFAULT NULL,
  `date_add` datetime NOT NULL,
  PRIMARY KEY (`id_order_carrier`),
  KEY `id_order` (`id_order`),
  KEY `id_carrier` (`id_carrier`),
  KEY `id_order_invoice` (`id_order_invoice`)
) ENGINE=InnoDB AUTO_INCREMENT=23 DEFAULT CHARSET=utf8;

--
-- Dumping data for table `ps_order_carrier`
--

INSERT INTO `ps_order_carrier` (`id_order_carrier`, `id_order`, `id_carrier`, `id_order_invoice`, `weight`, `shipping_cost_tax_excl`, `shipping_cost_tax_incl`, `tracking_number`, `date_add`) VALUES (1,1,2,0,0.000000,2.000000,2.000000,'','2015-08-17 20:32:55'),(2,2,2,0,0.000000,2.000000,2.000000,'','2015-08-17 20:32:55'),(3,3,2,0,0.000000,2.000000,2.000000,'','2015-08-17 20:32:55'),(4,4,2,0,0.000000,2.000000,2.000000,'','2015-08-17 20:32:55'),(5,5,2,0,0.000000,2.000000,2.000000,'','2015-08-17 20:32:55'),(6,7,24,2,0.400000,0.000000,0.000000,'','2015-09-08 16:36:05'),(7,8,24,3,1.100000,0.000000,0.000000,'','2015-09-15 20:27:38'),(8,9,24,4,1.980000,0.000000,0.000000,'','2015-10-04 14:29:51'),(9,10,24,5,0.800000,0.000000,0.000000,'','2015-10-20 14:52:32'),(10,11,24,6,1.200000,0.000000,0.000000,'','2015-11-06 19:11:55'),(11,12,24,7,0.300000,5.970000,5.970000,'','2015-11-08 13:52:49'),(12,13,24,8,0.500000,7.300000,7.300000,'','2015-11-13 18:20:20'),(13,14,24,9,0.400000,5.970000,5.970000,'','2015-12-07 22:25:55'),(14,15,24,10,0.500000,0.000000,0.000000,'','2015-12-09 22:12:05'),(15,16,24,11,0.500000,7.300000,7.300000,'','2015-12-11 21:00:21'),(16,17,24,12,0.500000,0.000000,0.000000,'','2015-12-12 18:27:42'),(17,18,24,13,0.500000,0.000000,0.000000,'','2015-12-16 22:31:00'),(18,19,24,14,3.100000,0.000000,0.000000,'','2015-12-21 22:14:32'),(19,20,24,15,0.900000,0.000000,0.000000,'','2015-12-23 17:45:01'),(20,21,24,0,0.000000,0.000000,0.000000,'','2015-12-23 17:56:46'),(21,22,24,16,0.300000,0.000000,0.000000,'','2015-12-26 10:45:11'),(22,23,24,17,0.800000,0.000000,0.000000,'','2015-12-29 17:43:40');

--
-- Table structure for table `ps_order_cart_rule`
--

CREATE TABLE `ps_order_cart_rule` (
  `id_order_cart_rule` int(10) unsigned NOT NULL AUTO_INCREMENT,
  `id_order` int(10) unsigned NOT NULL,
  `id_cart_rule` int(10) unsigned NOT NULL,
  `id_order_invoice` int(10) unsigned DEFAULT '0',
  `name` varchar(254) NOT NULL,
  `value` decimal(17,2) NOT NULL DEFAULT '0.00',
  `value_tax_excl` decimal(17,2) NOT NULL DEFAULT '0.00',
  `free_shipping` tinyint(1) NOT NULL DEFAULT '0',
  PRIMARY KEY (`id_order_cart_rule`),
  KEY `id_order` (`id_order`),
  KEY `id_cart_rule` (`id_cart_rule`)
) ENGINE=InnoDB AUTO_INCREMENT=18 DEFAULT CHARSET=utf8;

--
-- Dumping data for table `ps_order_cart_rule`
--

INSERT INTO `ps_order_cart_rule` (`id_order_cart_rule`, `id_order`, `id_cart_rule`, `id_order_invoice`, `name`, `value`, `value_tax_excl`, `free_shipping`) VALUES (1,9,1,4,'STAFF DISCOUNT',179.20,169.06,1),(2,10,2,5,'FRIEND DISCOUNT',23.60,22.26,1),(3,11,4,6,'30%DISCOUNT',77.70,73.30,1),(4,12,2,7,'FRIEND DISCOUNT',16.87,16.25,1),(5,13,1,8,'STAFF DISCOUNT',58.90,55.98,1),(6,13,5,8,'Free Shipping',7.30,7.30,1),(7,14,2,9,'FRIEND DISCOUNT',16.87,16.25,1),(8,14,6,9,'Free Shipping',5.97,5.97,1),(9,15,2,10,'FRIEND DISCOUNT',13.50,12.74,1),(10,16,1,11,'STAFF DISCOUNT',58.90,55.98,1),(11,18,2,13,'FRIEND DISCOUNT',16.80,15.85,1),(14,19,12,14,'30%DISCOUNT',74.70,70.47,0),(15,20,2,15,'FRIEND DISCOUNT',27.70,26.13,1),(16,21,2,0,'FRIEND DISCOUNT',27.70,26.13,1),(17,22,2,16,'FRIEND DISCOUNT',11.80,11.13,1);

--
-- Table structure for table `ps_order_detail`
--

CREATE TABLE `ps_order_detail` (
  `id_order_detail` int(10) unsigned NOT NULL AUTO_INCREMENT,
  `id_order` int(10) unsigned NOT NULL,
  `id_order_invoice` int(11) DEFAULT NULL,
  `id_warehouse` int(10) unsigned DEFAULT '0',
  `id_shop` int(11) unsigned NOT NULL,
  `product_id` int(10) unsigned NOT NULL,
  `product_attribute_id` int(10) unsigned DEFAULT NULL,
  `product_name` varchar(255) NOT NULL,
  `product_quantity` int(10) unsigned NOT NULL DEFAULT '0',
  `product_quantity_in_stock` int(10) NOT NULL DEFAULT '0',
  `product_quantity_refunded` int(10) unsigned NOT NULL DEFAULT '0',
  `product_quantity_return` int(10) unsigned NOT NULL DEFAULT '0',
  `product_quantity_reinjected` int(10) unsigned NOT NULL DEFAULT '0',
  `product_price` decimal(20,6) NOT NULL DEFAULT '0.000000',
  `reduction_percent` decimal(10,2) NOT NULL DEFAULT '0.00',
  `reduction_amount` decimal(20,6) NOT NULL DEFAULT '0.000000',
  `reduction_amount_tax_incl` decimal(20,6) NOT NULL DEFAULT '0.000000',
  `reduction_amount_tax_excl` decimal(20,6) NOT NULL DEFAULT '0.000000',
  `group_reduction` decimal(10,2) NOT NULL DEFAULT '0.00',
  `product_quantity_discount` decimal(20,6) NOT NULL DEFAULT '0.000000',
  `product_ean13` varchar(13) DEFAULT NULL,
  `product_upc` varchar(12) DEFAULT NULL,
  `product_reference` varchar(32) DEFAULT NULL,
  `product_supplier_reference` varchar(32) DEFAULT NULL,
  `product_weight` decimal(20,6) NOT NULL,
  `id_tax_rules_group` int(11) unsigned DEFAULT '0',
  `tax_computation_method` tinyint(1) unsigned NOT NULL DEFAULT '0',
  `tax_name` varchar(16) NOT NULL,
  `tax_rate` decimal(10,3) NOT NULL DEFAULT '0.000',
  `ecotax` decimal(21,6) NOT NULL DEFAULT '0.000000',
  `ecotax_tax_rate` decimal(5,3) NOT NULL DEFAULT '0.000',
  `discount_quantity_applied` tinyint(1) NOT NULL DEFAULT '0',
  `download_hash` varchar(255) DEFAULT NULL,
  `download_nb` int(10) unsigned DEFAULT '0',
  `download_deadline` datetime DEFAULT NULL,
  `total_price_tax_incl` decimal(20,6) NOT NULL DEFAULT '0.000000',
  `total_price_tax_excl` decimal(20,6) NOT NULL DEFAULT '0.000000',
  `unit_price_tax_incl` decimal(20,6) NOT NULL DEFAULT '0.000000',
  `unit_price_tax_excl` decimal(20,6) NOT NULL DEFAULT '0.000000',
  `total_shipping_price_tax_incl` decimal(20,6) NOT NULL DEFAULT '0.000000',
  `total_shipping_price_tax_excl` decimal(20,6) NOT NULL DEFAULT '0.000000',
  `purchase_supplier_price` decimal(20,6) NOT NULL DEFAULT '0.000000',
  `original_product_price` decimal(20,6) NOT NULL DEFAULT '0.000000',
  `original_wholesale_price` decimal(20,6) NOT NULL DEFAULT '0.000000',
  PRIMARY KEY (`id_order_detail`),
  KEY `order_detail_order` (`id_order`),
  KEY `product_id` (`product_id`),
  KEY `product_attribute_id` (`product_attribute_id`),
  KEY `id_tax_rules_group` (`id_tax_rules_group`),
  KEY `id_order_id_order_detail` (`id_order`,`id_order_detail`)
) ENGINE=InnoDB AUTO_INCREMENT=40 DEFAULT CHARSET=utf8;

--
-- Dumping data for table `ps_order_detail`
--

INSERT INTO `ps_order_detail` (`id_order_detail`, `id_order`, `id_order_invoice`, `id_warehouse`, `id_shop`, `product_id`, `product_attribute_id`, `product_name`, `product_quantity`, `product_quantity_in_stock`, `product_quantity_refunded`, `product_quantity_return`, `product_quantity_reinjected`, `product_price`, `reduction_percent`, `reduction_amount`, `reduction_amount_tax_incl`, `reduction_amount_tax_excl`, `group_reduction`, `product_quantity_discount`, `product_ean13`, `product_upc`, `product_reference`, `product_supplier_reference`, `product_weight`, `id_tax_rules_group`, `tax_computation_method`, `tax_name`, `tax_rate`, `ecotax`, `ecotax_tax_rate`, `discount_quantity_applied`, `download_hash`, `download_nb`, `download_deadline`, `total_price_tax_incl`, `total_price_tax_excl`, `unit_price_tax_incl`, `unit_price_tax_excl`, `total_shipping_price_tax_incl`, `total_shipping_price_tax_excl`, `purchase_supplier_price`, `original_product_price`, `original_wholesale_price`) VALUES (16,6,1,0,1,117,0,'Animals Graffitis - Pink Rabbit',1,0,0,0,0,102.830189,0.00,0.000000,0.000000,0.000000,0.00,0.000000,'','','DC2558','',0.000000,1,0,'',0.000,0.000000,0.000,0,'',0,'0000-00-00 00:00:00',109.000000,102.830000,109.000000,102.830189,0.000000,0.000000,0.000000,102.830189,0.000000),(17,6,1,0,1,110,0,'Les Demoiselles Graffitis - Purple',1,0,0,0,0,102.830189,0.00,0.000000,0.000000,0.000000,0.00,0.000000,'','','DC2550','',0.000000,1,0,'',0.000,0.000000,0.000,0,'',0,'0000-00-00 00:00:00',109.000000,102.830000,109.000000,102.830189,0.000000,0.000000,0.000000,102.830189,0.000000),(18,7,2,1,1,66,0,'Doudou Rabbit Pompon Small Coral',1,1,0,0,0,121.698113,0.00,0.000000,0.000000,0.000000,0.00,0.000000,'3700335226829','','DC2682','',0.400000,1,0,'',0.000,0.000000,0.000,0,'',0,'0000-00-00 00:00:00',129.000000,121.700000,129.000000,121.698113,0.000000,0.000000,0.000000,121.698113,0.000000),(19,8,3,1,1,43,0,'Douillet Bear Champagne Medium',1,1,0,0,0,205.660377,0.00,0.000000,0.000000,0.000000,0.00,0.000000,'3700349325143','','HO2514','',1.100000,1,0,'',0.000,0.000000,0.000,0,'',0,'0000-00-00 00:00:00',218.000000,205.660000,218.000000,205.660377,0.000000,0.000000,0.000000,205.660377,0.000000),(20,9,4,1,1,39,0,'Copain Calin Rabbit Large',1,1,0,0,0,199.056604,0.00,0.000000,0.000000,0.000000,0.00,0.000000,'3700349324320','','HO2432','',1.100000,1,0,'',0.000,0.000000,0.000,0,'',0,'0000-00-00 00:00:00',211.000000,199.060000,211.000000,199.056604,0.000000,0.000000,0.000000,199.056604,0.000000),(21,9,4,1,1,127,0,'Doudou Celeste with Dummy holder',1,1,0,0,0,101.886792,0.00,0.000000,0.000000,0.000000,0.00,0.000000,'3700335223972','','DC2397','',0.480000,1,0,'',0.000,0.000000,0.000,0,'',0,'0000-00-00 00:00:00',108.000000,101.890000,108.000000,101.886792,0.000000,0.000000,0.000000,101.886792,0.000000),(22,9,4,1,1,66,0,'Doudou Rabbit Pompon Small Coral',1,1,0,0,0,121.698113,0.00,0.000000,0.000000,0.000000,0.00,0.000000,'3700335226829','','DC2682','',0.400000,1,0,'',0.000,0.000000,0.000,0,'',0,'0000-00-00 00:00:00',129.000000,121.700000,129.000000,121.698113,0.000000,0.000000,0.000000,121.698113,0.000000),(23,10,5,1,1,88,71,'Soft Blanket Rabbit - Color : Blue',1,1,0,0,0,111.320755,0.00,0.000000,0.000000,0.000000,0.00,0.000000,'3700335227550','','DC2755 Blue','',0.400000,1,0,'',0.000,0.000000,0.000,0,'',0,'0000-00-00 00:00:00',118.000000,111.320000,118.000000,111.320755,0.000000,0.000000,0.000000,111.320755,0.000000),(24,10,5,1,1,88,74,'Soft Blanket Rabbit - Color : Ivory',1,1,0,0,0,111.320755,0.00,0.000000,0.000000,0.000000,0.00,0.000000,'3700335227550','','DC2727 Ivory','',0.400000,1,0,'',0.000,0.000000,0.000,0,'',0,'0000-00-00 00:00:00',118.000000,111.320000,118.000000,111.320755,0.000000,0.000000,0.000000,111.320755,0.000000),(25,11,6,1,1,71,0,'Pyjama Bag Cerise',1,1,0,0,0,244.339623,0.00,0.000000,0.000000,0.000000,0.00,0.000000,'3700335227062','','DC2706','',1.200000,1,0,'',0.000,0.000000,0.000,0,'',0,'0000-00-00 00:00:00',259.000000,244.340000,259.000000,244.339623,0.000000,0.000000,0.000000,244.339623,0.000000),(26,12,7,1,1,117,0,'Animals Graffitis - Pink Rabbit',1,1,0,0,0,102.830189,0.00,0.000000,0.000000,0.000000,0.00,0.000000,'3700335225587','','DC2558','',0.300000,1,0,'',0.000,0.000000,0.000,0,'',0,'0000-00-00 00:00:00',109.000000,102.830000,109.000000,102.830189,0.000000,0.000000,0.000000,102.830189,0.000000),(27,13,8,1,1,23,0,'Doudou Collector Dog Mint',1,0,0,0,0,121.698113,0.00,0.000000,0.000000,0.000000,0.00,0.000000,'3700335227949','','DC2794','',0.500000,1,0,'',0.000,0.000000,0.000,0,'',0,'0000-00-00 00:00:00',129.000000,121.700000,129.000000,121.698113,0.000000,0.000000,1.957683,121.698113,0.000000),(28,14,9,1,1,187,0,'Doudou Rabbit Pompon Strawberry',1,1,0,0,0,102.830189,0.00,0.000000,0.000000,0.000000,0.00,0.000000,'3700335227383','','DC2738','',0.400000,1,0,'',0.000,0.000000,0.000,0,'',0,'0000-00-00 00:00:00',109.000000,102.830000,109.000000,102.830189,0.000000,0.000000,0.000000,102.830189,0.000000),(29,15,10,1,1,60,0,'Doudou Classical Celestine',1,1,0,0,0,127.358491,0.00,0.000000,0.000000,0.000000,0.00,0.000000,'3700335214451','','DC1445','',0.500000,1,0,'',0.000,0.000000,0.000,0,'',0,'0000-00-00 00:00:00',135.000000,127.360000,135.000000,127.358491,0.000000,0.000000,2.780631,127.358491,0.000000),(30,16,11,1,1,23,0,'Doudou Collector Dog Mint',1,1,0,0,0,121.698113,0.00,0.000000,0.000000,0.000000,0.00,0.000000,'3700335227949','','DC2794','',0.500000,1,0,'',0.000,0.000000,0.000,0,'',0,'0000-00-00 00:00:00',129.000000,121.700000,129.000000,121.698113,0.000000,0.000000,2.610951,121.698113,0.000000),(31,17,12,1,1,23,0,'Doudou Collector Dog Mint',1,1,0,0,0,121.698113,0.00,0.000000,0.000000,0.000000,0.00,0.000000,'3700335227949','','DC2794','',0.500000,1,0,'',0.000,0.000000,0.000,0,'',0,'0000-00-00 00:00:00',129.000000,121.700000,129.000000,121.698113,0.000000,0.000000,2.610951,121.698113,0.000000),(32,18,13,1,1,188,0,'Activity Doll Rabbit Bonbon Blue',1,1,0,0,0,158.490566,0.00,0.000000,0.000000,0.000000,0.00,0.000000,'3700335225846','','DC2584','',0.500000,1,0,'',0.000,0.000000,0.000,0,'',0,'0000-00-00 00:00:00',168.000000,158.490000,168.000000,158.490566,0.000000,0.000000,0.000000,158.490566,0.000000),(33,19,14,1,1,171,0,'Pearl the Elephant - Medium Size',1,1,0,0,0,234.905660,0.00,0.000000,0.000000,0.000000,0.00,0.000000,'3700349325051','','HO2505','',3.100000,1,0,'',0.000,0.000000,0.000,0,'',0,'0000-00-00 00:00:00',249.000000,234.910000,249.000000,234.905660,0.000000,0.000000,5.107368,234.905660,0.000000),(34,20,15,1,1,188,0,'Activity Doll Rabbit Bonbon Blue',1,1,0,0,0,158.490566,0.00,0.000000,0.000000,0.000000,0.00,0.000000,'3700335225846','','DC2584','',0.500000,1,0,'',0.000,0.000000,0.000,0,'',0,'0000-00-00 00:00:00',168.000000,158.490000,168.000000,158.490566,0.000000,0.000000,0.000000,158.490566,0.000000),(35,20,15,1,1,187,0,'Doudou Rabbit Pompon Strawberry',1,1,0,0,0,102.830189,0.00,0.000000,0.000000,0.000000,0.00,0.000000,'3700335227383','','DC2738','',0.400000,1,0,'',0.000,0.000000,0.000,0,'',0,'0000-00-00 00:00:00',109.000000,102.830000,109.000000,102.830189,0.000000,0.000000,0.000000,102.830189,0.000000),(38,22,16,1,1,42,0,'Cookie the Dog Medium Size',1,1,0,0,0,111.320755,0.00,0.000000,0.000000,0.000000,0.00,0.000000,'3700349323200','','HO2320','',0.300000,1,0,'',0.000,0.000000,0.000,0,'',0,'0000-00-00 00:00:00',118.000000,111.320000,118.000000,111.320755,0.000000,0.000000,0.000000,111.320755,0.000000),(39,23,17,1,1,1,0,'Doudou Rabbit Bonbon Small Pink',2,2,0,0,0,102.830189,0.00,0.000000,0.000000,0.000000,0.00,0.000000,'3700335212396','','DC1239','',0.400000,1,0,'',0.000,0.000000,0.000,0,'',0,'0000-00-00 00:00:00',218.000000,205.660000,109.000000,102.830189,0.000000,0.000000,2.201598,102.830189,0.000000);

--
-- Table structure for table `ps_order_detail_tax`
--

CREATE TABLE `ps_order_detail_tax` (
  `id_order_detail` int(11) NOT NULL,
  `id_tax` int(11) NOT NULL,
  `unit_amount` decimal(16,6) NOT NULL DEFAULT '0.000000',
  `total_amount` decimal(16,6) NOT NULL DEFAULT '0.000000',
  KEY `id_order_detail` (`id_order_detail`),
  KEY `id_tax` (`id_tax`)
) ENGINE=InnoDB DEFAULT CHARSET=utf8;

--
-- Dumping data for table `ps_order_detail_tax`
--

INSERT INTO `ps_order_detail_tax` (`id_order_detail`, `id_tax`, `unit_amount`, `total_amount`) VALUES (16,1,6.169811,6.170000),(17,1,6.169811,6.170000),(18,1,7.301887,7.300000),(19,1,12.339623,12.340000),(20,1,7.166038,7.160000),(22,1,4.381132,4.380000),(21,1,3.667925,3.670000),(23,1,6.011441,6.010000),(24,1,6.011441,6.010000),(25,1,10.262384,10.260000),(26,1,5.553010,5.550000),(27,1,4.381132,4.380000),(28,1,5.553010,5.550000),(29,1,6.877119,6.880000),(30,1,4.381132,4.380000),(31,1,7.301887,7.300000),(32,1,8.558431,8.560000),(33,1,14.094340,14.090000),(34,1,8.558563,8.560000),(35,1,5.552877,5.550000),(38,1,6.011441,6.010000),(39,1,6.169811,12.340000);

--
-- Table structure for table `ps_order_history`
--

CREATE TABLE `ps_order_history` (
  `id_order_history` int(10) unsigned NOT NULL AUTO_INCREMENT,
  `id_employee` int(10) unsigned NOT NULL,
  `id_order` int(10) unsigned NOT NULL,
  `id_order_state` int(10) unsigned NOT NULL,
  `date_add` datetime NOT NULL,
  PRIMARY KEY (`id_order_history`),
  KEY `order_history_order` (`id_order`),
  KEY `id_employee` (`id_employee`),
  KEY `id_order_state` (`id_order_state`)
) ENGINE=InnoDB AUTO_INCREMENT=59 DEFAULT CHARSET=utf8;

--
-- Dumping data for table `ps_order_history`
--

INSERT INTO `ps_order_history` (`id_order_history`, `id_employee`, `id_order`, `id_order_state`, `date_add`) VALUES (1,0,1,1,'2015-08-17 20:33:54'),(2,0,2,1,'2015-08-17 20:33:54'),(3,0,3,1,'2015-08-17 20:33:54'),(4,0,4,1,'2015-08-17 20:33:54'),(5,0,5,10,'2015-08-17 20:33:54'),(6,1,1,6,'2015-08-17 20:33:54'),(7,1,3,8,'2015-08-17 20:33:54'),(8,0,6,10,'2015-08-31 18:27:10'),(9,1,6,2,'2015-08-31 18:37:11'),(10,1,6,4,'2015-08-31 18:37:48'),(11,0,7,10,'2015-09-08 16:36:08'),(12,1,2,6,'2015-09-10 19:54:21'),(13,1,3,6,'2015-09-10 19:54:58'),(14,1,4,6,'2015-09-10 19:55:33'),(15,1,5,6,'2015-09-10 19:56:17'),(16,1,6,6,'2015-09-10 19:57:00'),(17,1,7,2,'2015-09-10 20:00:16'),(18,0,8,10,'2015-09-15 20:27:41'),(19,1,8,2,'2015-09-17 16:11:59'),(20,0,9,10,'2015-10-04 14:29:55'),(21,1,9,5,'2015-10-07 09:41:01'),(22,1,8,5,'2015-10-07 09:42:11'),(23,1,7,5,'2015-10-07 09:42:48'),(24,0,10,10,'2015-10-20 14:52:34'),(25,1,10,2,'2015-10-20 18:48:19'),(26,1,10,5,'2015-10-23 18:35:20'),(27,0,11,10,'2015-11-06 19:12:00'),(28,0,12,10,'2015-11-08 13:53:09'),(29,1,12,2,'2015-11-08 18:24:14'),(30,1,12,5,'2015-11-09 16:35:11'),(31,0,13,10,'2015-11-13 18:20:21'),(32,0,13,13,'2015-11-13 18:20:21'),(33,1,13,5,'2015-11-13 18:35:47'),(34,1,13,2,'2015-11-13 18:36:08'),(35,1,13,5,'2015-11-13 18:36:52'),(36,0,14,10,'2015-12-07 22:25:57'),(37,1,11,5,'2015-12-09 22:07:12'),(38,1,14,2,'2015-12-09 22:07:53'),(39,0,15,10,'2015-12-09 22:12:07'),(40,0,16,10,'2015-12-11 21:00:24'),(41,0,17,10,'2015-12-12 18:27:44'),(42,1,17,5,'2015-12-14 13:19:59'),(43,1,16,5,'2015-12-14 13:20:52'),(44,0,18,10,'2015-12-16 22:31:06'),(45,1,14,5,'2015-12-17 18:23:16'),(46,1,15,5,'2015-12-17 18:23:45'),(47,1,18,5,'2015-12-21 22:07:44'),(48,0,19,10,'2015-12-21 22:14:59'),(49,0,20,10,'2015-12-23 17:45:06'),(50,0,21,10,'2015-12-23 17:56:52'),(51,0,21,13,'2015-12-23 17:56:53'),(52,1,19,5,'2015-12-23 22:13:08'),(53,0,21,6,'2015-12-23 22:15:37'),(54,1,20,5,'2015-12-23 22:22:54'),(55,0,22,10,'2015-12-26 10:45:14'),(56,1,22,5,'2015-12-29 12:59:21'),(57,0,23,10,'2015-12-29 17:43:43'),(58,1,23,5,'2015-12-31 20:09:34');

--
-- Table structure for table `ps_order_invoice`
--

CREATE TABLE `ps_order_invoice` (
  `id_order_invoice` int(11) unsigned NOT NULL AUTO_INCREMENT,
  `id_order` int(11) NOT NULL,
  `number` int(11) NOT NULL,
  `delivery_number` int(11) NOT NULL,
  `delivery_date` datetime DEFAULT NULL,
  `total_discount_tax_excl` decimal(20,6) NOT NULL DEFAULT '0.000000',
  `total_discount_tax_incl` decimal(20,6) NOT NULL DEFAULT '0.000000',
  `total_paid_tax_excl` decimal(20,6) NOT NULL DEFAULT '0.000000',
  `total_paid_tax_incl` decimal(20,6) NOT NULL DEFAULT '0.000000',
  `total_products` decimal(20,6) NOT NULL DEFAULT '0.000000',
  `total_products_wt` decimal(20,6) NOT NULL DEFAULT '0.000000',
  `total_shipping_tax_excl` decimal(20,6) NOT NULL DEFAULT '0.000000',
  `total_shipping_tax_incl` decimal(20,6) NOT NULL DEFAULT '0.000000',
  `shipping_tax_computation_method` int(10) unsigned NOT NULL,
  `total_wrapping_tax_excl` decimal(20,6) NOT NULL DEFAULT '0.000000',
  `total_wrapping_tax_incl` decimal(20,6) NOT NULL DEFAULT '0.000000',
  `shop_address` text,
  `invoice_address` text,
  `delivery_address` text,
  `note` text,
  `date_add` datetime NOT NULL,
  PRIMARY KEY (`id_order_invoice`),
  KEY `id_order` (`id_order`)
) ENGINE=InnoDB AUTO_INCREMENT=18 DEFAULT CHARSET=utf8;

--
-- Dumping data for table `ps_order_invoice`
--

INSERT INTO `ps_order_invoice` (`id_order_invoice`, `id_order`, `number`, `delivery_number`, `delivery_date`, `total_discount_tax_excl`, `total_discount_tax_incl`, `total_paid_tax_excl`, `total_paid_tax_incl`, `total_products`, `total_products_wt`, `total_shipping_tax_excl`, `total_shipping_tax_incl`, `shipping_tax_computation_method`, `total_wrapping_tax_excl`, `total_wrapping_tax_incl`, `shop_address`, `invoice_address`, `delivery_address`, `note`, `date_add`) VALUES (1,6,1,1,'2015-08-31 18:37:48',0.000000,0.000000,205.660000,218.000000,205.660000,218.000000,0.000000,0.000000,0,0.000000,0.000000,'Doudou Malaysia<br />Malaysia<br />+60 12 450 0393','Amy Wong<br />Level 27, QUILL 7, Jalan Stesen sentral 5,<br />50470 KL Sentral, KL<br />Malaysia','Amy Wong<br />Level 27, QUILL 7, Jalan Stesen sentral 5,<br />50470 KL Sentral, KL<br />Malaysia','','2015-08-31 18:37:11'),(2,7,2,4,'2015-10-07 09:42:48',0.000000,0.000000,121.700000,129.000000,121.700000,129.000000,0.000000,0.000000,0,0.000000,0.000000,'A&amp;O Distribution Sdn Bhd<br />No 3A32 Level 4 Block A<br />Kelana Centre Point - Jalan SS 7/19<br />47301 Petaling Jaya<br />Malaysia<br />+60 12 450 0393','Li Shan Lam<br />33, Jalan ss19/1b, Subang Jaya<br />47500 Subang Jaya Selangor<br />Malaysia','Li Shan Lam<br />33, Jalan ss19/1b, Subang Jaya<br />47500 Subang Jaya Selangor<br />Malaysia','','2015-09-10 20:00:16'),(3,8,3,3,'2015-10-07 09:42:11',0.000000,0.000000,205.660000,218.000000,205.660000,218.000000,0.000000,0.000000,0,0.000000,0.000000,'A&amp;O Distribution Sdn Bhd<br />No 3A32 Level 4 Block A<br />Kelana Centre Point - Jalan SS 7/19<br />47301 Petaling Jaya<br />Malaysia<br />+60 12 450 0393','vincent wong<br />23 Pearl Villa<br />43650 Petaling Jaya W.P Kuala Lumpur<br />Malaysia','vincent wong<br />23 Pearl Villa<br />43650 Petaling Jaya W.P Kuala Lumpur<br />Malaysia','','2015-09-17 16:11:56'),(4,9,4,2,'2015-10-07 09:41:01',169.060000,179.200000,253.590000,268.800000,422.650000,448.000000,0.000000,0.000000,0,0.000000,0.000000,'A&amp;O Distribution Sdn Bhd<br />No 3A32 Level 4 Block A<br />Kelana Centre Point - Jalan SS 7/19<br />47301 Petaling Jaya<br />Malaysia<br />+60 12 450 0393','WONG AMY<br />Good Maker Sdn Bhd<br />3A32, Kelana Centre Point Jalan SS7/19<br />47301 Petaling Jaya Selangor<br />Malaysia','WONG AMY<br />Good Maker Sdn Bhd<br />3A32, Kelana Centre Point Jalan SS7/19<br />47301 Petaling Jaya Selangor<br />Malaysia','','2015-10-07 09:41:01'),(5,10,5,5,'2015-10-23 18:35:16',22.260000,23.600000,200.380000,212.400000,222.640000,236.000000,0.000000,0.000000,0,0.000000,0.000000,'A&amp;O Distribution Sdn Bhd<br />No 3A32 Level 4 Block A<br />Kelana Centre Point - Jalan SS 7/19<br />47301 Petaling Jaya<br />Malaysia<br />+60 12 450 0393','Siew Mei Loo<br />7, Lorong Batu Nilam 9D<br />Bandar Bukit Tinggi<br />41200 Klang Selangor<br />Malaysia','Siew Mei Loo<br />7, Lorong Batu Nilam 9D<br />Bandar Bukit Tinggi<br />41200 Klang Selangor<br />Malaysia','','2015-10-20 18:48:19'),(6,11,6,8,'2015-12-09 22:07:12',73.300000,77.700000,171.040000,181.300000,244.340000,259.000000,0.000000,0.000000,0,0.000000,0.000000,'A&amp;O Distribution Sdn Bhd<br />No 3A32 Level 4 Block A<br />Kelana Centre Point - Jalan SS 7/19<br />47301 Petaling Jaya<br />Malaysia<br />+60 12 450 0393','Michelle Happikiddo<br />Lot No R-02, 3rd Floor Citta Mall No. 1 Jalan PJU 1A/48 PJU 1A Ara Damansara<br />47301 Petaling Jaya Selangor<br />Malaysia','Michelle Happikiddo<br />Lot No R-02, 3rd Floor Citta Mall No. 1 Jalan PJU 1A/48 PJU 1A Ara Damansara<br />47301 Petaling Jaya Selangor<br />Malaysia','','2015-11-06 19:14:41'),(7,12,7,6,'2015-11-09 16:35:08',16.250000,16.870000,92.550000,98.100000,102.830000,109.000000,5.970000,5.970000,0,0.000000,0.000000,'A&amp;O Distribution Sdn Bhd<br />No 3A32 Level 4 Block A<br />Kelana Centre Point - Jalan SS 7/19<br />47301 Petaling Jaya<br />Malaysia<br />+60 12 450 0393','Tomomi  Hayakawa<br />Agensi Pekerjaan CLC Sdn Bhd<br />Suite 9.007, 9th Floor, Menara Hap Seng 1, Jln P. Ramlee,<br />50250 Kuala Lumpur W.P Kuala Lumpur<br />Malaysia','Tomomi  Hayakawa<br />Agensi Pekerjaan CLC Sdn Bhd<br />Suite 9.007, 9th Floor, Menara Hap Seng 1, Jln P. Ramlee,<br />50250 Kuala Lumpur W.P Kuala Lumpur<br />Malaysia','','2015-11-08 18:24:13'),(8,13,8,7,'2015-11-13 18:35:47',55.980000,58.900000,73.020000,77.400000,121.700000,129.000000,7.300000,7.300000,0,0.000000,0.000000,'A&amp;O Distribution Sdn Bhd<br />No 3A32 Level 4 Block A<br />Kelana Centre Point - Jalan SS 7/19<br />47301 Petaling Jaya<br />Malaysia<br />+60 12 450 0393','Olivier Perrocheau<br />11/5/10 Menara Antara<br />Jalan Bukit Ceylon<br />50200 KUALA LUMPUR W.P Putrajaya<br />Malaysia','Olivier Perrocheau<br />11/5/10 Menara Antara<br />Jalan Bukit Ceylon<br />50200 KUALA LUMPUR W.P Putrajaya<br />Malaysia','','2015-11-13 18:22:31'),(9,14,9,11,'2015-12-17 18:23:15',16.250000,16.870000,92.550000,98.100000,102.830000,109.000000,5.970000,5.970000,0,0.000000,0.000000,'A&amp;O Distribution Sdn Bhd<br />No 3A32 Level 4 Block A<br />Kelana Centre Point - Jalan SS 7/19<br />47301 Petaling Jaya<br />Malaysia<br />+60 12 450 0393','Kelvin Tan<br />Hong Leong Bank<br />Commercial &amp; SME Banking, Level 5, Wisma Hong Leong<br />18 Jalan Perak<br />50450 Kuala Lumpur W.P Kuala Lumpur<br />Malaysia','Kelvin Tan<br />Hong Leong Bank<br />Commercial &amp; SME Banking, Level 5, Wisma Hong Leong<br />18 Jalan Perak<br />50450 Kuala Lumpur W.P Kuala Lumpur<br />Malaysia','','2015-12-07 22:26:18'),(10,15,10,12,'2015-12-17 18:23:44',12.740000,13.500000,114.620000,121.500000,127.360000,135.000000,0.000000,0.000000,0,0.000000,0.000000,'A&amp;O Distribution Sdn Bhd<br />No 3A32 Level 4 Block A<br />Kelana Centre Point - Jalan SS 7/19<br />47301 Petaling Jaya<br />Malaysia<br />+60 12 450 0393','Raffaele Scivetti<br />A/11/07 Waldorf Tower<br />Jalan Sri Hartamas 1<br />50480 Kuala Lumpur W.P Kuala Lumpur<br />Malaysia','Raffaele Scivetti<br />A/11/07 Waldorf Tower<br />Jalan Sri Hartamas 1<br />50480 Kuala Lumpur W.P Kuala Lumpur<br />Malaysia','','2015-12-09 22:12:51'),(11,16,11,10,'2015-12-14 13:20:52',55.980000,58.900000,73.020000,77.400000,121.700000,129.000000,7.300000,7.300000,0,0.000000,0.000000,'A&amp;O Distribution Sdn Bhd<br />No 3A32 Level 4 Block A<br />Kelana Centre Point - Jalan SS 7/19<br />47301 Petaling Jaya<br />Malaysia<br />+60 12 450 0393','amy wong<br />pick up<br />NA<br />47301 NA Selangor<br />Malaysia','amy wong<br />pick up<br />NA<br />47301 NA Selangor<br />Malaysia','','2015-12-12 18:10:18'),(12,17,12,9,'2015-12-14 13:19:58',0.000000,0.000000,121.700000,129.000000,121.700000,129.000000,0.000000,0.000000,0,0.000000,0.000000,'A&amp;O Distribution Sdn Bhd<br />No 3A32 Level 4 Block A<br />Kelana Centre Point - Jalan SS 7/19<br />47301 Petaling Jaya<br />Malaysia<br />+60 12 450 0393','Theresa Fung<br />20 Changkat Semantan 2<br />Semantas Villas<br />50490 Kuala Lumpur W.P Kuala Lumpur<br />Malaysia','Theresa Fung<br />20 Changkat Semantan 2<br />Semantas Villas<br />50490 Kuala Lumpur W.P Kuala Lumpur<br />Malaysia','','2015-12-12 18:27:55'),(13,18,13,13,'2015-12-21 22:07:42',15.850000,16.800000,142.640000,151.200000,158.490000,168.000000,0.000000,0.000000,0,0.000000,0.000000,'A&amp;O Distribution Sdn Bhd<br />No 3A32 Level 4 Block A<br />Kelana Centre Point - Jalan SS 7/19<br />47301 Petaling Jaya<br />Malaysia<br />+60 12 450 0393','Wong Mei Ping<br />29, JLN ss17/3A, Subang Jaya<br />47500 pj Selangor<br />Malaysia','Wong Mei Ping<br />29, JLN ss17/3A, Subang Jaya<br />47500 pj Selangor<br />Malaysia','','2015-12-17 18:19:21'),(14,19,14,14,'2015-12-23 22:13:08',70.470000,74.700000,164.440000,174.300000,234.910000,249.000000,0.000000,0.000000,0,0.000000,0.000000,'A&amp;O Distribution Sdn Bhd<br />No 3A32 Level 4 Block A<br />Kelana Centre Point - Jalan SS 7/19<br />47301 Petaling Jaya<br />Malaysia<br />+60 12 450 0393','Michelle Happikiddo<br />Lot No R-02, 3rd Floor Citta Mall No. 1 Jalan PJU 1A/48 PJU 1A Ara Damansara<br />47301 Petaling Jaya Selangor<br />Malaysia','Michelle Happikiddo<br />Lot No R-02, 3rd Floor Citta Mall No. 1 Jalan PJU 1A/48 PJU 1A Ara Damansara<br />47301 Petaling Jaya Selangor<br />Malaysia','','2015-12-21 22:23:47'),(15,20,15,15,'2015-12-23 22:22:54',26.130000,27.700000,235.190000,249.300000,261.320000,277.000000,0.000000,0.000000,0,0.000000,0.000000,'A&amp;O Distribution Sdn Bhd<br />No 3A32 Level 4 Block A<br />Kelana Centre Point - Jalan SS 7/19<br />47301 Petaling Jaya<br />Malaysia<br />+60 12 450 0393','Yoke Cheng Ng<br />Alliance Bank, Wisma Projass, 3 Jalan SS15/2A, Subang Jaya<br />47500 Subang Jaya Selangor<br />Malaysia','Yoke Cheng Ng<br />Alliance Bank, Wisma Projass, 3 Jalan SS15/2A, Subang Jaya<br />47500 Subang Jaya Selangor<br />Malaysia','','2015-12-23 22:21:19'),(16,22,16,16,'2015-12-29 12:59:20',11.130000,11.800000,100.190000,106.200000,111.320000,118.000000,0.000000,0.000000,0,0.000000,0.000000,'A&amp;O Distribution Sdn Bhd<br />No 3A32 Level 4 Block A<br />Kelana Centre Point - Jalan SS 7/19<br />47301 Petaling Jaya<br />Malaysia<br />+60 12 450 0393','Esther Lee<br />5, Jalan SS 4C/10<br />47301 Petaling Jaya Selangor<br />Malaysia','Esther Lee<br />5, Jalan SS 4C/10<br />47301 Petaling Jaya Selangor<br />Malaysia','','2015-12-26 19:57:29'),(17,23,17,17,'2015-12-31 20:09:34',0.000000,0.000000,205.660000,218.000000,205.660000,218.000000,0.000000,0.000000,0,0.000000,0.000000,'A&amp;O Distribution Sdn Bhd<br />No 3A32 Level 4 Block A<br />Kelana Centre Point - Jalan SS 7/19<br />47301 Petaling Jaya<br />Malaysia<br />+60 12 450 0393','Kelvin  Ng<br />Time2travel<br />Time 2 Travel &amp; Tours Sdn Bhd<br />No 61A Jalan SS21/37 Damansara Utama<br />47400 Petaling Jaya Selangor<br />Malaysia','Kelvin  Ng<br />Time2travel<br />Time 2 Travel &amp; Tours Sdn Bhd<br />No 61A Jalan SS21/37 Damansara Utama<br />47400 Petaling Jaya Selangor<br />Malaysia','','2015-12-29 19:29:50');

--
-- Table structure for table `ps_order_invoice_payment`
--

CREATE TABLE `ps_order_invoice_payment` (
  `id_order_invoice` int(11) unsigned NOT NULL,
  `id_order_payment` int(11) unsigned NOT NULL,
  `id_order` int(11) unsigned NOT NULL,
  PRIMARY KEY (`id_order_invoice`,`id_order_payment`),
  KEY `order_payment` (`id_order_payment`),
  KEY `id_order` (`id_order`)
) ENGINE=InnoDB DEFAULT CHARSET=utf8;

--
-- Dumping data for table `ps_order_invoice_payment`
--

INSERT INTO `ps_order_invoice_payment` (`id_order_invoice`, `id_order_payment`, `id_order`) VALUES (1,1,6),(2,2,7),(3,3,8),(4,4,9),(5,5,10),(6,8,11),(7,6,12),(8,7,13),(9,9,14),(10,12,15),(11,11,16),(12,10,17),(13,13,18),(14,14,19),(15,15,20),(16,16,22),(17,17,23);

--
-- Table structure for table `ps_order_invoice_tax`
--

CREATE TABLE `ps_order_invoice_tax` (
  `id_order_invoice` int(11) NOT NULL,
  `type` varchar(15) NOT NULL,
  `id_tax` int(11) NOT NULL,
  `amount` decimal(10,6) NOT NULL DEFAULT '0.000000',
  KEY `id_tax` (`id_tax`)
) ENGINE=InnoDB DEFAULT CHARSET=utf8;

--
-- Dumping data for table `ps_order_invoice_tax`
--


--
-- Table structure for table `ps_order_message`
--

CREATE TABLE `ps_order_message` (
  `id_order_message` int(10) unsigned NOT NULL AUTO_INCREMENT,
  `date_add` datetime NOT NULL,
  PRIMARY KEY (`id_order_message`)
) ENGINE=InnoDB AUTO_INCREMENT=2 DEFAULT CHARSET=utf8;

--
-- Dumping data for table `ps_order_message`
--

INSERT INTO `ps_order_message` (`id_order_message`, `date_add`) VALUES (1,'2015-08-17 20:33:41');

--
-- Table structure for table `ps_order_message_lang`
--

CREATE TABLE `ps_order_message_lang` (
  `id_order_message` int(10) unsigned NOT NULL,
  `id_lang` int(10) unsigned NOT NULL,
  `name` varchar(128) NOT NULL,
  `message` text NOT NULL,
  PRIMARY KEY (`id_order_message`,`id_lang`)
) ENGINE=InnoDB DEFAULT CHARSET=utf8;

--
-- Dumping data for table `ps_order_message_lang`
--

INSERT INTO `ps_order_message_lang` (`id_order_message`, `id_lang`, `name`, `message`) VALUES (1,1,'Delay','Hi,\n\nUnfortunately, an item on your order is currently out of stock. This may cause a slight delay in delivery.\nPlease accept our apologies and rest assured that we are working hard to rectify this.\n\nBest regards,'),(1,2,'Delay','Hi,\n\nUnfortunately, an item on your order is currently out of stock. This may cause a slight delay in delivery.\nPlease accept our apologies and rest assured that we are working hard to rectify this.\n\nBest regards,');

--
-- Table structure for table `ps_order_return`
--

CREATE TABLE `ps_order_return` (
  `id_order_return` int(10) unsigned NOT NULL AUTO_INCREMENT,
  `id_customer` int(10) unsigned NOT NULL,
  `id_order` int(10) unsigned NOT NULL,
  `state` tinyint(1) unsigned NOT NULL DEFAULT '1',
  `question` text NOT NULL,
  `date_add` datetime NOT NULL,
  `date_upd` datetime NOT NULL,
  PRIMARY KEY (`id_order_return`),
  KEY `order_return_customer` (`id_customer`),
  KEY `id_order` (`id_order`)
) ENGINE=InnoDB DEFAULT CHARSET=utf8;

--
-- Dumping data for table `ps_order_return`
--


--
-- Table structure for table `ps_order_return_detail`
--

CREATE TABLE `ps_order_return_detail` (
  `id_order_return` int(10) unsigned NOT NULL,
  `id_order_detail` int(10) unsigned NOT NULL,
  `id_customization` int(10) unsigned NOT NULL DEFAULT '0',
  `product_quantity` int(10) unsigned NOT NULL DEFAULT '0',
  PRIMARY KEY (`id_order_return`,`id_order_detail`,`id_customization`)
) ENGINE=InnoDB DEFAULT CHARSET=utf8;

--
-- Dumping data for table `ps_order_return_detail`
--


--
-- Table structure for table `ps_order_return_state`
--

CREATE TABLE `ps_order_return_state` (
  `id_order_return_state` int(10) unsigned NOT NULL AUTO_INCREMENT,
  `color` varchar(32) DEFAULT NULL,
  PRIMARY KEY (`id_order_return_state`)
) ENGINE=InnoDB AUTO_INCREMENT=6 DEFAULT CHARSET=utf8;

--
-- Dumping data for table `ps_order_return_state`
--

INSERT INTO `ps_order_return_state` (`id_order_return_state`, `color`) VALUES (1,'#4169E1'),(2,'#8A2BE2'),(3,'#32CD32'),(4,'#DC143C'),(5,'#108510');

--
-- Table structure for table `ps_order_return_state_lang`
--

CREATE TABLE `ps_order_return_state_lang` (
  `id_order_return_state` int(10) unsigned NOT NULL,
  `id_lang` int(10) unsigned NOT NULL,
  `name` varchar(64) NOT NULL,
  PRIMARY KEY (`id_order_return_state`,`id_lang`)
) ENGINE=InnoDB DEFAULT CHARSET=utf8;

--
-- Dumping data for table `ps_order_return_state_lang`
--

INSERT INTO `ps_order_return_state_lang` (`id_order_return_state`, `id_lang`, `name`) VALUES (1,1,'Waiting for confirmation'),(1,2,'Waiting for confirmation'),(2,1,'Waiting for package'),(2,2,'Waiting for package'),(3,1,'Package received'),(3,2,'Package received'),(4,1,'Return denied'),(4,2,'Return denied'),(5,1,'Return completed'),(5,2,'Return completed');

--
-- Table structure for table `ps_order_slip`
--

CREATE TABLE `ps_order_slip` (
  `id_order_slip` int(10) unsigned NOT NULL AUTO_INCREMENT,
  `conversion_rate` decimal(13,6) NOT NULL DEFAULT '1.000000',
  `id_customer` int(10) unsigned NOT NULL,
  `id_order` int(10) unsigned NOT NULL,
  `total_products_tax_excl` decimal(20,6) DEFAULT NULL,
  `total_products_tax_incl` decimal(20,6) DEFAULT NULL,
  `total_shipping_tax_excl` decimal(20,6) DEFAULT NULL,
  `total_shipping_tax_incl` decimal(20,6) DEFAULT NULL,
  `shipping_cost` tinyint(3) unsigned NOT NULL DEFAULT '0',
  `amount` decimal(10,2) NOT NULL,
  `shipping_cost_amount` decimal(10,2) NOT NULL,
  `partial` tinyint(1) NOT NULL,
  `order_slip_type` tinyint(1) unsigned NOT NULL DEFAULT '0',
  `date_add` datetime NOT NULL,
  `date_upd` datetime NOT NULL,
  PRIMARY KEY (`id_order_slip`),
  KEY `order_slip_customer` (`id_customer`),
  KEY `id_order` (`id_order`)
) ENGINE=InnoDB DEFAULT CHARSET=utf8;

--
-- Dumping data for table `ps_order_slip`
--


--
-- Table structure for table `ps_order_slip_detail`
--

CREATE TABLE `ps_order_slip_detail` (
  `id_order_slip` int(10) unsigned NOT NULL,
  `id_order_detail` int(10) unsigned NOT NULL,
  `product_quantity` int(10) unsigned NOT NULL DEFAULT '0',
  `unit_price_tax_excl` decimal(20,6) DEFAULT NULL,
  `unit_price_tax_incl` decimal(20,6) DEFAULT NULL,
  `total_price_tax_excl` decimal(20,6) DEFAULT NULL,
  `total_price_tax_incl` decimal(20,6) DEFAULT NULL,
  `amount_tax_excl` decimal(20,6) DEFAULT NULL,
  `amount_tax_incl` decimal(20,6) DEFAULT NULL,
  PRIMARY KEY (`id_order_slip`,`id_order_detail`)
) ENGINE=InnoDB DEFAULT CHARSET=utf8;

--
-- Dumping data for table `ps_order_slip_detail`
--


--
-- Table structure for table `ps_order_slip_detail_tax`
--

CREATE TABLE `ps_order_slip_detail_tax` (
  `id_order_slip_detail` int(11) unsigned NOT NULL,
  `id_tax` int(11) unsigned NOT NULL,
  `unit_amount` decimal(16,6) NOT NULL DEFAULT '0.000000',
  `total_amount` decimal(16,6) NOT NULL DEFAULT '0.000000',
  KEY `id_order_slip_detail` (`id_order_slip_detail`),
  KEY `id_tax` (`id_tax`)
) ENGINE=InnoDB DEFAULT CHARSET=utf8;

--
-- Dumping data for table `ps_order_slip_detail_tax`
--


--
-- Table structure for table `ps_order_state`
--

CREATE TABLE `ps_order_state` (
  `id_order_state` int(10) unsigned NOT NULL AUTO_INCREMENT,
  `invoice` tinyint(1) unsigned DEFAULT '0',
  `send_email` tinyint(1) unsigned NOT NULL DEFAULT '0',
  `module_name` varchar(255) DEFAULT NULL,
  `color` varchar(32) DEFAULT NULL,
  `unremovable` tinyint(1) unsigned NOT NULL,
  `hidden` tinyint(1) unsigned NOT NULL DEFAULT '0',
  `logable` tinyint(1) NOT NULL DEFAULT '0',
  `delivery` tinyint(1) unsigned NOT NULL DEFAULT '0',
  `shipped` tinyint(1) unsigned NOT NULL DEFAULT '0',
  `paid` tinyint(1) unsigned NOT NULL DEFAULT '0',
  `pdf_invoice` tinyint(1) unsigned NOT NULL DEFAULT '0',
  `pdf_delivery` tinyint(1) unsigned NOT NULL DEFAULT '0',
  `deleted` tinyint(1) unsigned NOT NULL DEFAULT '0',
  PRIMARY KEY (`id_order_state`),
  KEY `module_name` (`module_name`)
) ENGINE=InnoDB AUTO_INCREMENT=16 DEFAULT CHARSET=utf8;

--
-- Dumping data for table `ps_order_state`
--

INSERT INTO `ps_order_state` (`id_order_state`, `invoice`, `send_email`, `module_name`, `color`, `unremovable`, `hidden`, `logable`, `delivery`, `shipped`, `paid`, `pdf_invoice`, `pdf_delivery`, `deleted`) VALUES (1,0,1,'cheque','#4169E1',1,0,0,0,0,0,0,0,0),(2,1,1,'','#32CD32',1,0,1,0,0,1,1,0,0),(3,1,1,'','#FF8C00',1,0,1,1,0,1,0,0,0),(4,1,1,'','#8A2BE2',1,0,1,1,1,1,0,0,0),(5,1,0,'','#108510',1,0,1,1,1,1,0,0,0),(6,0,1,'','#DC143C',1,0,0,0,0,0,0,0,0),(7,1,1,'','#ec2e15',1,0,0,0,0,0,0,0,0),(8,0,1,'','#8f0621',1,0,0,0,0,0,0,0,0),(9,1,1,'','#FF69B4',1,0,0,0,0,1,0,0,0),(10,0,1,'bankwire','#4169E1',1,0,0,0,0,0,0,0,0),(11,0,0,'','#4169E1',1,0,0,0,0,0,0,0,0),(12,1,1,'','#32CD32',1,0,1,0,0,1,0,0,0),(13,0,1,'','#FF69B4',1,0,0,0,0,0,0,0,0),(14,0,0,'cashondelivery','#4169E1',1,0,0,0,0,0,0,0,0),(15,0,0,'','DarkOrange',0,0,0,0,0,0,0,0,0);

--
-- Table structure for table `ps_order_state_lang`
--

CREATE TABLE `ps_order_state_lang` (
  `id_order_state` int(10) unsigned NOT NULL,
  `id_lang` int(10) unsigned NOT NULL,
  `name` varchar(64) NOT NULL,
  `template` varchar(64) NOT NULL,
  PRIMARY KEY (`id_order_state`,`id_lang`)
) ENGINE=InnoDB DEFAULT CHARSET=utf8;

--
-- Dumping data for table `ps_order_state_lang`
--

INSERT INTO `ps_order_state_lang` (`id_order_state`, `id_lang`, `name`, `template`) VALUES (1,1,'Awaiting check payment','cheque'),(1,2,'Awaiting check payment','cheque'),(2,1,'Payment accepted','payment'),(2,2,'Payment accepted','payment'),(3,1,'Processing in progress','preparation'),(3,2,'Processing in progress','preparation'),(4,1,'Shipped','shipped'),(4,2,'Shipped','shipped'),(5,1,'Delivered',''),(5,2,'Delivered',''),(6,1,'Canceled','order_canceled'),(6,2,'Canceled','order_canceled'),(7,1,'Refunded','refund'),(7,2,'Refunded','refund'),(8,1,'Payment error','payment_error'),(8,2,'Payment error','payment_error'),(9,1,'On backorder (paid)','outofstock'),(9,2,'On backorder (paid)','outofstock'),(10,1,'Awaiting bank wire payment','bankwire'),(10,2,'Awaiting bank wire payment','bankwire'),(11,1,'Awaiting PayPal payment',''),(11,2,'Awaiting PayPal payment',''),(12,1,'Remote payment accepted','payment'),(12,2,'Remote payment accepted','payment'),(13,1,'On backorder (not paid)','outofstock'),(13,2,'On backorder (not paid)','outofstock'),(14,1,'Awaiting Cash On Delivery validation','cashondelivery'),(14,2,'Awaiting Cash On Delivery validation','cashondelivery'),(15,1,'Order to the supplier',''),(15,2,'Order to the supplier','');

--
-- Table structure for table `ps_orders`
--

CREATE TABLE `ps_orders` (
  `id_order` int(10) unsigned NOT NULL AUTO_INCREMENT,
  `reference` varchar(9) DEFAULT NULL,
  `id_shop_group` int(11) unsigned NOT NULL DEFAULT '1',
  `id_shop` int(11) unsigned NOT NULL DEFAULT '1',
  `id_carrier` int(10) unsigned NOT NULL,
  `id_lang` int(10) unsigned NOT NULL,
  `id_customer` int(10) unsigned NOT NULL,
  `id_cart` int(10) unsigned NOT NULL,
  `id_currency` int(10) unsigned NOT NULL,
  `id_address_delivery` int(10) unsigned NOT NULL,
  `id_address_invoice` int(10) unsigned NOT NULL,
  `current_state` int(10) unsigned NOT NULL,
  `secure_key` varchar(32) NOT NULL DEFAULT '-1',
  `payment` varchar(255) NOT NULL,
  `conversion_rate` decimal(13,6) NOT NULL DEFAULT '1.000000',
  `module` varchar(255) DEFAULT NULL,
  `recyclable` tinyint(1) unsigned NOT NULL DEFAULT '0',
  `gift` tinyint(1) unsigned NOT NULL DEFAULT '0',
  `gift_message` text,
  `mobile_theme` tinyint(1) NOT NULL DEFAULT '0',
  `shipping_number` varchar(64) DEFAULT NULL,
  `total_discounts` decimal(20,6) NOT NULL DEFAULT '0.000000',
  `total_discounts_tax_incl` decimal(20,6) NOT NULL DEFAULT '0.000000',
  `total_discounts_tax_excl` decimal(20,6) NOT NULL DEFAULT '0.000000',
  `total_paid` decimal(20,6) NOT NULL DEFAULT '0.000000',
  `total_paid_tax_incl` decimal(20,6) NOT NULL DEFAULT '0.000000',
  `total_paid_tax_excl` decimal(20,6) NOT NULL DEFAULT '0.000000',
  `total_paid_real` decimal(20,6) NOT NULL DEFAULT '0.000000',
  `total_products` decimal(20,6) NOT NULL DEFAULT '0.000000',
  `total_products_wt` decimal(20,6) NOT NULL DEFAULT '0.000000',
  `total_shipping` decimal(20,6) NOT NULL DEFAULT '0.000000',
  `total_shipping_tax_incl` decimal(20,6) NOT NULL DEFAULT '0.000000',
  `total_shipping_tax_excl` decimal(20,6) NOT NULL DEFAULT '0.000000',
  `carrier_tax_rate` decimal(10,3) NOT NULL DEFAULT '0.000',
  `total_wrapping` decimal(20,6) NOT NULL DEFAULT '0.000000',
  `total_wrapping_tax_incl` decimal(20,6) NOT NULL DEFAULT '0.000000',
  `total_wrapping_tax_excl` decimal(20,6) NOT NULL DEFAULT '0.000000',
  `round_mode` tinyint(1) NOT NULL DEFAULT '2',
  `round_type` tinyint(1) NOT NULL DEFAULT '1',
  `invoice_number` int(10) unsigned NOT NULL DEFAULT '0',
  `delivery_number` int(10) unsigned NOT NULL DEFAULT '0',
  `invoice_date` datetime NOT NULL,
  `delivery_date` datetime NOT NULL,
  `valid` int(1) unsigned NOT NULL DEFAULT '0',
  `date_add` datetime NOT NULL,
  `date_upd` datetime NOT NULL,
  PRIMARY KEY (`id_order`),
  KEY `reference` (`reference`),
  KEY `id_customer` (`id_customer`),
  KEY `id_cart` (`id_cart`),
  KEY `invoice_number` (`invoice_number`),
  KEY `id_carrier` (`id_carrier`),
  KEY `id_lang` (`id_lang`),
  KEY `id_currency` (`id_currency`),
  KEY `id_address_delivery` (`id_address_delivery`),
  KEY `id_address_invoice` (`id_address_invoice`),
  KEY `id_shop_group` (`id_shop_group`),
  KEY `current_state` (`current_state`),
  KEY `id_shop` (`id_shop`),
  KEY `date_add` (`date_add`)
) ENGINE=InnoDB AUTO_INCREMENT=24 DEFAULT CHARSET=utf8;

--
-- Dumping data for table `ps_orders`
--

INSERT INTO `ps_orders` (`id_order`, `reference`, `id_shop_group`, `id_shop`, `id_carrier`, `id_lang`, `id_customer`, `id_cart`, `id_currency`, `id_address_delivery`, `id_address_invoice`, `current_state`, `secure_key`, `payment`, `conversion_rate`, `module`, `recyclable`, `gift`, `gift_message`, `mobile_theme`, `shipping_number`, `total_discounts`, `total_discounts_tax_incl`, `total_discounts_tax_excl`, `total_paid`, `total_paid_tax_incl`, `total_paid_tax_excl`, `total_paid_real`, `total_products`, `total_products_wt`, `total_shipping`, `total_shipping_tax_incl`, `total_shipping_tax_excl`, `carrier_tax_rate`, `total_wrapping`, `total_wrapping_tax_incl`, `total_wrapping_tax_excl`, `round_mode`, `round_type`, `invoice_number`, `delivery_number`, `invoice_date`, `delivery_date`, `valid`, `date_add`, `date_upd`) VALUES (1,'XKBKNABJK',1,1,2,1,1,1,1,4,4,6,'b44a6d9efd7a0076a0fbce6b15eaf3b1','Payment by check',1.000000,'cheque',0,0,'',0,'',0.000000,0.000000,0.000000,2.000000,2.000000,2.000000,0.000000,0.000000,0.000000,2.000000,2.000000,2.000000,0.000,0.000000,0.000000,0.000000,0,0,0,0,'0000-00-00 00:00:00','0000-00-00 00:00:00',0,'2015-08-17 20:32:54','2015-09-10 19:50:00'),(2,'OHSATSERP',1,1,2,1,1,2,1,4,4,6,'b44a6d9efd7a0076a0fbce6b15eaf3b1','Payment by check',1.000000,'cheque',0,0,'',0,'',0.000000,0.000000,0.000000,2.000000,2.000000,2.000000,0.000000,0.000000,0.000000,2.000000,2.000000,2.000000,0.000,0.000000,0.000000,0.000000,0,0,0,0,'0000-00-00 00:00:00','0000-00-00 00:00:00',0,'2015-08-17 20:32:54','2015-09-10 19:54:21'),(3,'UOYEVOLI',1,1,2,1,1,3,1,4,4,6,'b44a6d9efd7a0076a0fbce6b15eaf3b1','Payment by check',1.000000,'cheque',0,0,'',0,'',0.000000,0.000000,0.000000,2.000000,2.000000,2.000000,0.000000,0.000000,0.000000,2.000000,2.000000,2.000000,0.000,0.000000,0.000000,0.000000,0,0,0,0,'0000-00-00 00:00:00','0000-00-00 00:00:00',0,'2015-08-17 20:32:54','2015-09-10 19:54:58'),(4,'FFATNOMMJ',1,1,2,1,1,4,1,4,4,6,'b44a6d9efd7a0076a0fbce6b15eaf3b1','Payment by check',1.000000,'cheque',0,0,'',0,'',0.000000,0.000000,0.000000,2.000000,2.000000,2.000000,0.000000,0.000000,0.000000,2.000000,2.000000,2.000000,0.000,0.000000,0.000000,0.000000,0,0,0,0,'0000-00-00 00:00:00','0000-00-00 00:00:00',0,'2015-08-17 20:32:54','2015-09-10 19:55:33'),(5,'KHWLILZLL',1,1,2,1,1,5,1,4,4,6,'b44a6d9efd7a0076a0fbce6b15eaf3b1','Bank wire',1.000000,'bankwire',0,0,'',0,'',0.000000,0.000000,0.000000,2.000000,2.000000,2.000000,0.000000,0.000000,0.000000,2.000000,2.000000,2.000000,0.000,0.000000,0.000000,0.000000,0,0,0,0,'0000-00-00 00:00:00','0000-00-00 00:00:00',0,'2015-08-17 20:32:54','2015-09-10 19:56:17'),(6,'CNNWPGPHZ',1,1,0,1,3,6,1,6,6,6,'16a0695020c8a2fca1de3caf762c46a8','Bank wire',1.000000,'bankwire',0,0,'',0,'',0.000000,0.000000,0.000000,218.000000,218.000000,205.660000,218.000000,205.660000,218.000000,0.000000,0.000000,0.000000,0.000,0.000000,0.000000,0.000000,2,2,1,1,'2015-08-31 18:37:11','2015-08-31 18:37:48',0,'2015-08-31 18:27:08','2015-09-10 19:57:00'),(7,'LHSPHFHKS',1,1,24,1,8,15,1,12,12,5,'3729fc07b2e1553824cb5a05e6b6d8a2','Bank wire',1.000000,'bankwire',0,0,'',0,'',0.000000,0.000000,0.000000,129.000000,129.000000,121.700000,129.000000,121.700000,129.000000,0.000000,0.000000,0.000000,0.000,0.000000,0.000000,0.000000,2,2,2,4,'2015-09-10 20:00:16','2015-10-07 09:42:48',1,'2015-09-08 16:36:05','2015-10-07 09:42:48'),(8,'MKTUSCVSA',1,1,24,1,9,24,1,13,13,5,'0a4fb8360014d92853bf8355dad3cb93','Bank wire',1.000000,'bankwire',0,0,'',1,'',0.000000,0.000000,0.000000,218.000000,218.000000,205.660000,218.000000,205.660000,218.000000,0.000000,0.000000,0.000000,0.000,0.000000,0.000000,0.000000,2,2,3,3,'2015-09-17 16:11:56','2015-10-07 09:42:11',1,'2015-09-15 20:27:38','2015-10-07 09:42:11'),(9,'VGSEAKOQH',1,1,24,1,10,26,1,14,14,5,'467d1a2114f2d4fbc7c38e11b10a413a','Bank wire',1.000000,'bankwire',0,0,'',0,'',179.200000,179.200000,169.060000,268.800000,268.800000,253.590000,268.800000,422.650000,448.000000,0.000000,0.000000,0.000000,0.000,0.000000,0.000000,0.000000,2,2,4,2,'2015-10-07 09:41:01','2015-10-07 09:41:01',1,'2015-10-04 14:29:51','2015-10-07 09:41:01'),(10,'PGQNQOTTI',1,1,24,1,11,27,1,15,15,5,'c64bc486dda935e76264298b7fcdbada','Bank wire',1.000000,'bankwire',0,0,'',0,'',23.600000,23.600000,22.260000,212.400000,212.400000,200.380000,212.400000,222.640000,236.000000,0.000000,0.000000,0.000000,0.000,0.000000,0.000000,0.000000,2,2,5,5,'2015-10-20 18:48:19','2015-10-23 18:35:18',1,'2015-10-20 14:52:31','2015-10-23 18:35:21'),(11,'WPJFIOXYF',1,1,24,1,13,29,1,19,19,5,'9155aeda051c5e9644cf0f2573ad76fe','Bank wire',1.000000,'bankwire',0,0,'',0,'',77.700000,77.700000,73.300000,181.300000,181.300000,171.040000,181.300000,244.340000,259.000000,0.000000,0.000000,0.000000,0.000,0.000000,0.000000,0.000000,2,2,6,8,'2015-11-06 19:14:41','2015-12-09 22:07:12',1,'2015-11-06 19:11:54','2015-12-09 22:07:12'),(12,'GSDUEJADR',1,1,24,1,12,30,1,17,17,5,'9021693daa3dbd0f14c42a74d1d2fe39','Bank wire',1.000000,'bankwire',0,0,'',0,'',16.870000,16.870000,16.250000,98.100000,98.100000,92.550000,98.100000,102.830000,109.000000,5.970000,5.970000,5.970000,0.000,0.000000,0.000000,0.000000,2,2,7,6,'2015-11-08 18:24:13','2015-11-09 16:35:09',1,'2015-11-08 13:52:43','2015-11-09 16:35:12'),(13,'OLFNCHMWL',1,1,24,1,2,31,1,5,5,5,'e3538f48a1ae17263cb2a2ed33d7ddba','Bank wire',1.000000,'bankwire',0,0,'',0,'',58.900000,58.900000,55.980000,77.400000,77.400000,73.020000,77.400000,121.700000,129.000000,7.300000,7.300000,7.300000,0.000,0.000000,0.000000,0.000000,2,2,8,7,'2015-11-13 18:22:31','2015-11-13 18:36:52',1,'2015-11-13 18:20:19','2015-11-13 18:36:52'),(14,'OFJWURMPZ',1,1,24,1,15,33,1,21,21,5,'dcd13c9b0f636d4ab38d73bdd36f6c11','Bank wire',1.000000,'bankwire',0,0,'',0,'',16.870000,16.870000,16.250000,98.100000,98.100000,92.550000,98.100000,102.830000,109.000000,5.970000,5.970000,5.970000,0.000,0.000000,0.000000,0.000000,2,2,9,11,'2015-12-07 22:26:18','2015-12-17 18:23:16',1,'2015-12-07 22:25:55','2015-12-17 18:23:16'),(15,'CVZWZOATZ',1,1,24,1,16,34,1,22,22,5,'2f673d9fb7cb4bd8524a188e1a168495','Bank wire',1.000000,'bankwire',0,0,'',0,'',13.500000,13.500000,12.740000,121.500000,121.500000,114.620000,121.500000,127.360000,135.000000,0.000000,0.000000,0.000000,0.000,0.000000,0.000000,0.000000,2,2,10,12,'2015-12-09 22:12:51','2015-12-17 18:23:45',1,'2015-12-09 22:12:05','2015-12-17 18:23:45'),(16,'FMXJQLTIR',1,1,24,1,17,35,1,23,23,5,'64d391428734474f99cb260ccc3ce45e','Bank wire',1.000000,'bankwire',0,0,'',0,'',58.900000,58.900000,55.980000,77.400000,77.400000,73.020000,77.400000,121.700000,129.000000,7.300000,7.300000,7.300000,0.000,0.000000,0.000000,0.000000,2,2,11,10,'2015-12-12 18:10:18','2015-12-14 13:20:52',1,'2015-12-11 21:00:20','2015-12-14 13:20:52'),(17,'EKMXVMONT',1,1,24,1,18,36,1,24,24,5,'95f7e8b25b0172465d82eb6606e7d32a','Bank wire',1.000000,'bankwire',0,0,'',0,'',0.000000,0.000000,0.000000,129.000000,129.000000,121.700000,129.000000,121.700000,129.000000,0.000000,0.000000,0.000000,0.000,0.000000,0.000000,0.000000,2,2,12,9,'2015-12-12 18:27:55','2015-12-14 13:19:58',1,'2015-12-12 18:27:42','2015-12-14 13:19:59'),(18,'LYVATLNXY',1,1,24,1,19,37,1,25,25,5,'11fc6a0ff6220d0efa7754714510fa94','Bank wire',1.000000,'bankwire',0,0,'',1,'',16.800000,16.800000,15.850000,151.200000,151.200000,142.640000,151.200000,158.490000,168.000000,0.000000,0.000000,0.000000,0.000,0.000000,0.000000,0.000000,2,2,13,13,'2015-12-17 18:19:21','2015-12-21 22:07:43',1,'2015-12-16 22:30:59','2015-12-21 22:07:44'),(19,'PTDFQIVYI',1,1,24,1,13,40,1,19,19,5,'9155aeda051c5e9644cf0f2573ad76fe','Bank wire',1.000000,'bankwire',0,0,'',0,'',74.700000,74.700000,70.470000,174.300000,174.300000,164.440000,174.300000,234.910000,249.000000,0.000000,0.000000,0.000000,0.000,0.000000,0.000000,0.000000,2,2,14,14,'2015-12-21 22:23:47','2015-12-23 22:13:08',1,'2015-12-21 22:14:21','2015-12-23 22:13:08'),(20,'KQGMIJWLH',1,1,24,1,21,41,1,26,26,5,'c617de85606a24d653745016f2039d6e','Bank wire',1.000000,'bankwire',0,0,'',0,'',27.700000,27.700000,26.130000,249.300000,249.300000,235.190000,249.300000,261.320000,277.000000,0.000000,0.000000,0.000000,0.000,0.000000,0.000000,0.000000,2,2,15,15,'2015-12-23 22:21:19','2015-12-23 22:22:54',1,'2015-12-23 17:45:01','2015-12-23 22:22:54'),(21,'RZOJUBZFJ',1,1,24,1,21,43,1,26,26,6,'c617de85606a24d653745016f2039d6e','Bank wire',1.000000,'bankwire',0,0,'',0,'',27.700000,27.700000,26.130000,0.000000,0.000000,0.000000,0.000000,0.000000,0.000000,0.000000,0.000000,0.000000,0.000,0.000000,0.000000,0.000000,2,2,0,0,'0000-00-00 00:00:00','0000-00-00 00:00:00',0,'2015-12-23 17:56:45','2015-12-23 22:15:37'),(22,'SBEIRZRVW',1,1,24,1,20,39,1,27,27,5,'cf9c4fca9193411d4b2b0c4904b84d62','Bank wire',1.000000,'bankwire',0,0,'',0,'',11.800000,11.800000,11.130000,106.200000,106.200000,100.190000,106.200000,111.320000,118.000000,0.000000,0.000000,0.000000,0.000,0.000000,0.000000,0.000000,2,2,16,16,'2015-12-26 19:57:29','2015-12-29 12:59:20',1,'2015-12-26 10:45:10','2015-12-29 12:59:21'),(23,'DTTQMUOFU',1,1,24,1,22,45,1,31,31,5,'89eccd76665e2334446614e9ad6a9c79','Bank wire',1.000000,'bankwire',0,0,'',0,'',0.000000,0.000000,0.000000,218.000000,218.000000,205.660000,218.000000,205.660000,218.000000,0.000000,0.000000,0.000000,0.000,0.000000,0.000000,0.000000,2,2,17,17,'2015-12-29 19:29:50','2015-12-31 20:09:34',1,'2015-12-29 17:43:40','2015-12-31 20:09:34');

--
-- Table structure for table `ps_pack`
--

CREATE TABLE `ps_pack` (
  `id_product_pack` int(10) unsigned NOT NULL,
  `id_product_item` int(10) unsigned NOT NULL,
  `id_product_attribute_item` int(10) unsigned NOT NULL,
  `quantity` int(10) unsigned NOT NULL DEFAULT '1',
  PRIMARY KEY (`id_product_pack`,`id_product_item`,`id_product_attribute_item`),
  KEY `product_item` (`id_product_item`,`id_product_attribute_item`)
) ENGINE=InnoDB DEFAULT CHARSET=utf8;

--
-- Dumping data for table `ps_pack`
--


--
-- Table structure for table `ps_page`
--

CREATE TABLE `ps_page` (
  `id_page` int(10) unsigned NOT NULL AUTO_INCREMENT,
  `id_page_type` int(10) unsigned NOT NULL,
  `id_object` int(10) unsigned DEFAULT NULL,
  PRIMARY KEY (`id_page`),
  KEY `id_page_type` (`id_page_type`),
  KEY `id_object` (`id_object`)
) ENGINE=InnoDB AUTO_INCREMENT=234 DEFAULT CHARSET=utf8;

--
-- Dumping data for table `ps_page`
--

INSERT INTO `ps_page` (`id_page`, `id_page_type`, `id_object`) VALUES (1,1,NULL),(2,2,3),(3,4,NULL),(4,3,NULL),(5,5,NULL),(6,6,NULL),(7,2,8),(8,7,11),(9,8,NULL),(10,2,12),(11,2,17),(12,7,1),(13,2,16),(14,2,9),(15,2,23),(16,2,21),(17,2,15),(18,2,13),(19,9,NULL),(20,2,18),(21,2,4),(22,10,NULL),(23,11,NULL),(24,12,0),(25,13,NULL),(26,14,NULL),(27,7,27),(28,7,72),(29,7,125),(30,7,17),(31,7,17),(32,15,NULL),(33,7,8),(34,2,19),(35,16,NULL),(36,7,66),(37,17,NULL),(38,7,127),(39,2,14),(40,7,117),(41,7,25),(42,2,26),(43,7,95),(44,7,69),(45,7,128),(46,7,129),(47,7,47),(48,7,43),(49,7,30),(50,12,1),(51,12,2),(52,12,3),(53,7,108),(54,2,20),(55,7,59),(56,2,24),(57,7,16),(58,7,87),(59,7,67),(60,7,86),(61,7,35),(62,7,115),(63,7,81),(64,2,22),(65,7,103),(66,7,126),(67,7,24),(68,18,NULL),(69,7,78),(70,7,70),(71,7,20),(72,7,39),(73,7,18),(74,7,88),(75,7,19),(76,7,9),(77,7,10),(78,7,21),(79,7,36),(80,7,40),(81,7,71),(82,19,NULL),(83,7,12),(84,7,120),(85,7,42),(86,20,NULL),(87,7,31),(88,7,112),(89,7,89),(90,7,37),(91,7,54),(92,7,41),(93,7,53),(94,7,56),(95,7,85),(96,7,77),(97,7,94),(98,7,46),(99,7,90),(100,7,55),(101,7,44),(102,7,45),(103,7,15),(104,7,65),(105,7,83),(106,7,84),(107,7,68),(108,7,82),(109,7,57),(110,7,28),(111,7,29),(112,7,91),(113,7,93),(114,7,92),(115,7,110),(116,7,113),(117,7,75),(118,7,26),(119,7,111),(120,7,38),(121,7,118),(122,21,NULL),(123,7,98),(124,7,122),(125,7,80),(126,7,121),(127,7,114),(128,7,63),(129,7,13),(130,7,64),(131,7,119),(132,7,74),(133,7,116),(134,7,105),(135,7,62),(136,7,49),(137,7,123),(138,7,99),(139,7,32),(140,7,97),(141,7,14),(142,7,61),(143,7,102),(144,7,34),(145,7,124),(146,7,96),(147,7,48),(148,7,52),(149,7,33),(150,7,76),(151,7,51),(152,7,79),(153,7,73),(154,22,NULL),(155,7,50),(156,7,101),(157,7,107),(158,7,109),(159,7,58),(160,7,106),(161,7,60),(162,7,22),(163,7,100),(164,7,23),(165,23,NULL),(166,7,133),(167,7,130),(168,7,132),(169,7,131),(170,24,NULL),(171,25,NULL),(172,7,137),(173,7,136),(174,7,135),(175,7,134),(176,26,NULL),(177,7,143),(178,7,140),(179,7,142),(180,7,141),(181,7,145),(182,7,144),(183,7,139),(184,7,138),(185,7,152),(186,7,150),(187,7,151),(188,7,149),(189,7,158),(190,7,178),(191,7,147),(192,7,148),(193,7,146),(194,7,175),(195,7,177),(196,7,176),(197,7,172),(198,7,157),(199,7,159),(200,7,160),(201,7,171),(202,7,164),(203,7,155),(204,7,153),(205,7,154),(206,7,156),(207,7,163),(208,7,162),(209,7,161),(210,7,179),(211,7,181),(212,7,186),(213,7,185),(214,7,184),(215,7,183),(216,7,170),(217,7,165),(218,7,182),(219,7,180),(220,7,169),(221,7,168),(222,7,167),(223,7,173),(224,7,174),(225,7,187),(226,7,188),(227,27,NULL),(228,28,NULL),(229,7,189),(230,7,190),(231,7,191),(232,7,193),(233,7,192);

--
-- Table structure for table `ps_page_type`
--

CREATE TABLE `ps_page_type` (
  `id_page_type` int(10) unsigned NOT NULL AUTO_INCREMENT,
  `name` varchar(255) NOT NULL,
  PRIMARY KEY (`id_page_type`),
  KEY `name` (`name`)
) ENGINE=InnoDB AUTO_INCREMENT=29 DEFAULT CHARSET=utf8;

--
-- Dumping data for table `ps_page_type`
--



--
-- Table structure for table `ps_page_viewed`
--

CREATE TABLE `ps_page_viewed` (
  `id_page` int(10) unsigned NOT NULL,
  `id_shop_group` int(10) unsigned NOT NULL DEFAULT '1',
  `id_shop` int(10) unsigned NOT NULL DEFAULT '1',
  `id_date_range` int(10) unsigned NOT NULL,
  `counter` int(10) unsigned NOT NULL,
  PRIMARY KEY (`id_page`,`id_date_range`,`id_shop`)
) ENGINE=InnoDB DEFAULT CHARSET=utf8;

--
-- Dumping data for table `ps_page_viewed`
--

INSERT INTO `ps_page_viewed` (`id_page`, `id_shop_group`, `id_shop`, `id_date_range`, `counter`) VALUES (1,1,1,1,4),(1,1,1,2,9),(1,1,1,3,1),(1,1,1,4,5),(1,1,1,5,6),(1,1,1,6,1),(1,1,1,7,9),(1,1,1,8,7),(1,1,1,9,6),(1,1,1,10,3),(1,1,1,11,2),(1,1,1,12,5),(1,1,1,13,5),(1,1,1,14,2),(1,1,1,15,2),(1,1,1,16,3),(1,1,1,17,3),(1,1,1,18,3),(1,1,1,19,6),(1,1,1,20,1),(1,1,1,21,4),(1,1,1,22,3),(1,1,1,23,1),(1,1,1,24,9),(1,1,1,25,6),(1,1,1,26,11),(1,1,1,27,1),(1,1,1,28,7),(1,1,1,29,5),(1,1,1,30,3),(1,1,1,31,1),(1,1,1,32,6),(1,1,1,33,3),(1,1,1,34,3),(1,1,1,35,1),(1,1,1,36,7),(1,1,1,37,9),(1,1,1,38,9),(1,1,1,39,1),(1,1,1,40,3),(1,1,1,41,3),(1,1,1,42,4),(1,1,1,43,8),(1,1,1,44,3),(1,1,1,45,4),(1,1,1,46,11),(1,1,1,47,3),(1,1,1,48,4),(1,1,1,49,4),(1,1,1,50,7),(1,1,1,51,9),(1,1,1,52,2),(1,1,1,53,5),(1,1,1,54,6),(1,1,1,55,1),(1,1,1,56,4),(1,1,1,57,6),(1,1,1,58,3),(1,1,1,59,4),(1,1,1,60,1),(1,1,1,61,12),(1,1,1,62,10),(1,1,1,63,4),(1,1,1,64,8),(1,1,1,65,15),(1,1,1,67,5),(1,1,1,68,3),(1,1,1,69,2),(1,1,1,70,6),(1,1,1,71,8),(1,1,1,72,8),(1,1,1,73,6),(1,1,1,74,9),(1,1,1,75,8),(1,1,1,76,8),(1,1,1,77,3),(1,1,1,78,8),(1,1,1,79,6),(1,1,1,80,16),(1,1,1,81,3),(1,1,1,82,7),(1,1,1,83,4),(1,1,1,84,3),(1,1,1,85,4),(1,1,1,86,5),(1,1,1,87,7),(1,1,1,88,3),(1,1,1,89,2),(1,1,1,90,7),(1,1,1,91,4),(1,1,1,92,9),(1,1,1,93,10),(1,1,1,94,7),(1,1,1,95,10),(1,1,1,96,15),(1,1,1,97,8),(1,1,1,98,8),(1,1,1,99,8),(1,1,1,100,10),(1,1,1,101,6),(1,1,1,102,14),(1,1,1,103,5),(1,1,1,104,14),(1,1,1,105,1),(1,1,1,106,18),(1,1,1,107,3),(1,1,1,108,7),(1,1,1,109,13),(1,1,1,110,8),(1,1,1,111,9),(1,1,1,112,8),(1,1,1,113,18),(1,1,1,114,6),(1,1,1,115,8),(1,1,1,116,9),(1,1,1,117,4),(1,1,1,118,6),(1,1,1,119,18),(1,1,1,120,20),(1,1,1,121,8),(1,1,1,122,8),(1,1,1,123,7),(1,1,1,124,9),(1,1,1,125,7),(1,1,1,126,1),(1,1,1,127,1),(2,1,1,4,1),(2,1,1,5,1),(2,1,1,7,3),(2,1,1,8,1),(2,1,1,11,1),(2,1,1,13,4),(2,1,1,14,2),(2,1,1,19,6),(2,1,1,24,6),(2,1,1,25,1),(2,1,1,26,3),(2,1,1,28,3),(2,1,1,30,1),(2,1,1,32,2),(2,1,1,33,1),(2,1,1,34,1),(2,1,1,37,2),(2,1,1,40,1),(2,1,1,42,3),(2,1,1,43,1),(2,1,1,44,2),(2,1,1,45,1),(2,1,1,46,5),(2,1,1,47,1),(2,1,1,48,1),(2,1,1,51,6),(2,1,1,52,2),(2,1,1,53,3),(2,1,1,56,1),(2,1,1,59,1),(2,1,1,61,4),(2,1,1,64,1),(2,1,1,65,6),(2,1,1,67,1),(2,1,1,68,1),(2,1,1,69,4),(2,1,1,70,3),(2,1,1,71,2),(2,1,1,72,12),(2,1,1,73,1),(2,1,1,74,1),(2,1,1,77,1),(2,1,1,79,1),(2,1,1,80,4),(2,1,1,81,1),(2,1,1,82,2),(2,1,1,83,2),(2,1,1,84,5),(2,1,1,86,1),(2,1,1,90,1),(2,1,1,92,3),(2,1,1,93,3),(2,1,1,94,6),(2,1,1,95,1),(2,1,1,96,3),(2,1,1,98,1),(2,1,1,99,1),(2,1,1,100,3),(2,1,1,101,2),(2,1,1,102,10),(2,1,1,106,6),(2,1,1,108,7),(2,1,1,109,3),(2,1,1,110,4),(2,1,1,111,8),(2,1,1,112,8),(2,1,1,113,7),(2,1,1,114,3),(2,1,1,115,3),(2,1,1,119,7),(2,1,1,120,6),(2,1,1,121,5),(2,1,1,122,2),(2,1,1,123,2),(2,1,1,124,2),(2,1,1,126,1),(4,1,1,1,1),(4,1,1,8,1),(4,1,1,28,1),(4,1,1,41,1),(4,1,1,42,5),(4,1,1,43,4),(4,1,1,44,5),(4,1,1,45,3),(4,1,1,46,2),(4,1,1,47,2),(4,1,1,48,2),(4,1,1,49,3),(4,1,1,50,1),(4,1,1,51,4),(4,1,1,52,1),(4,1,1,53,2),(4,1,1,54,3),(4,1,1,55,2),(4,1,1,56,2),(4,1,1,57,4),(4,1,1,58,1),(4,1,1,59,3),(4,1,1,61,3),(4,1,1,62,2),(4,1,1,63,1),(4,1,1,64,4),(4,1,1,65,1),(4,1,1,66,2),(4,1,1,67,1),(4,1,1,68,4),(4,1,1,69,3),(4,1,1,70,2),(4,1,1,71,2),(4,1,1,72,1),(4,1,1,73,4),(4,1,1,74,7),(4,1,1,75,4),(4,1,1,76,4),(4,1,1,77,1),(4,1,1,78,7),(4,1,1,79,5),(4,1,1,80,8),(4,1,1,81,4),(4,1,1,82,4),(4,1,1,83,6),(4,1,1,84,4),(4,1,1,85,3),(4,1,1,86,2),(4,1,1,87,6),(4,1,1,88,2),(4,1,1,89,6),(4,1,1,90,9),(4,1,1,91,7),(4,1,1,92,5),(4,1,1,93,4),(4,1,1,94,4),(4,1,1,95,4),(4,1,1,96,4),(4,1,1,97,6),(4,1,1,98,1),(4,1,1,99,6),(4,1,1,100,4),(4,1,1,101,3),(4,1,1,102,17),(4,1,1,103,10),(4,1,1,104,4),(4,1,1,106,12),(4,1,1,107,7),(4,1,1,108,5),(4,1,1,109,11),(4,1,1,110,6),(4,1,1,111,30),(4,1,1,112,18),(4,1,1,113,9),(4,1,1,114,20),(4,1,1,115,31),(4,1,1,116,15),(4,1,1,117,21),(4,1,1,118,23),(4,1,1,119,16),(4,1,1,120,59),(4,1,1,121,13),(4,1,1,122,8),(4,1,1,123,24),(4,1,1,124,19),(4,1,1,125,25),(4,1,1,126,10),(4,1,1,127,2),(8,1,1,40,3),(8,1,1,44,1),(8,1,1,45,1),(8,1,1,67,1),(8,1,1,68,1),(8,1,1,69,2),(8,1,1,70,2),(8,1,1,71,1),(8,1,1,74,1),(8,1,1,83,1),(8,1,1,94,1),(9,1,1,2,1),(9,1,1,5,1),(9,1,1,12,1),(9,1,1,13,1),(9,1,1,14,1),(9,1,1,24,1),(9,1,1,34,1),(9,1,1,36,1),(9,1,1,42,3),(9,1,1,45,2),(9,1,1,46,3),(9,1,1,50,10),(9,1,1,51,1),(9,1,1,52,1),(9,1,1,61,2),(9,1,1,65,1),(9,1,1,70,1),(9,1,1,77,2),(9,1,1,82,3),(9,1,1,84,2),(9,1,1,85,1),(9,1,1,92,1),(9,1,1,94,1),(9,1,1,96,1),(9,1,1,98,1),(9,1,1,99,1),(9,1,1,102,1),(9,1,1,104,4),(9,1,1,106,3),(9,1,1,109,1),(9,1,1,111,2),(9,1,1,112,2),(9,1,1,113,3),(9,1,1,114,1),(9,1,1,115,1),(9,1,1,117,1),(9,1,1,120,1),(9,1,1,121,1),(9,1,1,122,1),(9,1,1,126,1),(10,1,1,2,1),(10,1,1,7,6),(10,1,1,14,1),(10,1,1,19,1),(10,1,1,24,4),(10,1,1,25,2),(10,1,1,28,1),(10,1,1,34,1),(10,1,1,40,2),(10,1,1,42,1),(10,1,1,44,2),(10,1,1,45,1),(10,1,1,46,3),(10,1,1,51,1),(10,1,1,52,1),(10,1,1,53,1),(10,1,1,59,1),(10,1,1,65,2),(10,1,1,67,1),(10,1,1,69,1),(10,1,1,71,1),(10,1,1,72,4),(10,1,1,73,1),(10,1,1,74,1),(10,1,1,77,2),(10,1,1,80,1),(10,1,1,82,2),(10,1,1,84,1),(10,1,1,90,2),(10,1,1,94,4),(10,1,1,95,1),(10,1,1,96,2),(10,1,1,99,1),(10,1,1,106,2),(10,1,1,109,3),(10,1,1,110,4),(10,1,1,111,3),(10,1,1,112,2),(10,1,1,113,5),(10,1,1,114,1),(10,1,1,116,4),(10,1,1,117,1),(10,1,1,119,2),(10,1,1,120,6),(10,1,1,121,1),(10,1,1,122,1),(10,1,1,125,1),(10,1,1,126,2),(11,1,1,24,1),(11,1,1,25,4),(11,1,1,28,1),(11,1,1,40,1),(11,1,1,42,2),(11,1,1,44,1),(11,1,1,45,1),(11,1,1,57,1),(11,1,1,61,2),(11,1,1,62,1),(11,1,1,67,1),(11,1,1,71,1),(11,1,1,72,2),(11,1,1,74,2),(11,1,1,78,1),(11,1,1,85,3),(11,1,1,86,4),(11,1,1,90,4),(11,1,1,94,1),(11,1,1,96,1),(11,1,1,97,1),(11,1,1,99,1),(11,1,1,107,1),(11,1,1,109,1),(11,1,1,110,2),(11,1,1,111,4),(11,1,1,113,1),(11,1,1,114,3),(11,1,1,115,3),(11,1,1,118,1),(11,1,1,119,1),(11,1,1,120,3),(11,1,1,121,2),(11,1,1,122,1),(11,1,1,123,2),(11,1,1,124,1),(11,1,1,125,2),(11,1,1,126,2),(12,1,1,9,1),(12,1,1,36,1),(12,1,1,40,1),(12,1,1,43,2),(12,1,1,44,1),(12,1,1,46,1),(12,1,1,59,1),(12,1,1,70,1),(12,1,1,72,1),(12,1,1,82,1),(12,1,1,89,1),(12,1,1,93,1),(12,1,1,104,2),(12,1,1,106,2),(12,1,1,108,1),(12,1,1,109,1),(12,1,1,111,1),(12,1,1,112,1),(12,1,1,113,1),(12,1,1,114,3),(12,1,1,118,1),(12,1,1,119,2),(12,1,1,123,2),(12,1,1,125,1),(12,1,1,126,1),(13,1,1,7,3),(13,1,1,24,1),(13,1,1,25,1),(13,1,1,34,1),(13,1,1,43,1),(13,1,1,44,2),(13,1,1,51,1),(13,1,1,54,1),(13,1,1,61,2),(13,1,1,62,1),(13,1,1,67,1),(13,1,1,69,1),(13,1,1,71,1),(13,1,1,72,4),(13,1,1,77,1),(13,1,1,78,1),(13,1,1,80,3),(13,1,1,85,3),(13,1,1,90,3),(13,1,1,91,5),(13,1,1,93,1),(13,1,1,94,1),(13,1,1,96,2),(13,1,1,99,2),(13,1,1,106,1),(13,1,1,108,1),(13,1,1,109,1),(13,1,1,110,1),(13,1,1,111,2),(13,1,1,112,1),(13,1,1,113,3),(13,1,1,114,1),(13,1,1,115,1),(13,1,1,116,1),(13,1,1,119,1),(13,1,1,120,2),(13,1,1,121,1),(13,1,1,123,1),(13,1,1,125,1),(13,1,1,126,1),(13,1,1,127,1),(14,1,1,7,2),(14,1,1,13,1),(14,1,1,19,7),(14,1,1,24,1),(14,1,1,25,2),(14,1,1,26,4),(14,1,1,28,1),(14,1,1,34,2),(14,1,1,40,1),(14,1,1,43,2),(14,1,1,44,3),(14,1,1,46,1),(14,1,1,53,1),(14,1,1,59,2),(14,1,1,61,11),(14,1,1,64,2),(14,1,1,65,2),(14,1,1,67,1),(14,1,1,69,2),(14,1,1,70,2),(14,1,1,72,7),(14,1,1,73,1),(14,1,1,77,1),(14,1,1,80,5),(14,1,1,81,2),(14,1,1,82,2),(14,1,1,83,1),(14,1,1,84,6),(14,1,1,86,1),(14,1,1,92,1),(14,1,1,93,1),(14,1,1,94,4),(14,1,1,100,2),(14,1,1,101,1),(14,1,1,102,6),(14,1,1,106,2),(14,1,1,107,2),(14,1,1,108,4),(14,1,1,109,1),(14,1,1,110,1),(14,1,1,111,1),(14,1,1,112,2),(14,1,1,113,2),(14,1,1,114,3),(14,1,1,115,4),(14,1,1,118,1),(14,1,1,119,1),(14,1,1,120,6),(14,1,1,121,1),(14,1,1,123,1),(14,1,1,124,1),(15,1,1,13,1),(15,1,1,24,1),(15,1,1,25,1),(15,1,1,37,2),(15,1,1,42,3),(15,1,1,44,1),(15,1,1,45,1),(15,1,1,46,5),(15,1,1,48,1),(15,1,1,59,3),(15,1,1,61,3),(15,1,1,65,4),(15,1,1,68,1),(15,1,1,70,2),(15,1,1,73,1),(15,1,1,74,3),(15,1,1,83,1),(15,1,1,84,1),(15,1,1,92,1),(15,1,1,94,3),(15,1,1,96,1),(15,1,1,99,1),(15,1,1,106,2),(15,1,1,108,1),(15,1,1,109,1),(15,1,1,111,3),(15,1,1,112,1),(15,1,1,113,1),(15,1,1,114,1),(15,1,1,115,1),(15,1,1,116,1),(15,1,1,120,3),(15,1,1,121,2),(15,1,1,126,1),(16,1,1,7,1),(16,1,1,8,2),(16,1,1,25,2),(16,1,1,26,2),(16,1,1,34,1),(16,1,1,43,1),(16,1,1,44,2),(16,1,1,45,1),(16,1,1,46,1),(16,1,1,52,1),(16,1,1,56,1),(16,1,1,61,3),(16,1,1,65,1),(16,1,1,67,2),(16,1,1,69,2),(16,1,1,72,3),(16,1,1,76,1),(16,1,1,77,2),(16,1,1,80,1),(16,1,1,81,2),(16,1,1,82,1),(16,1,1,86,2),(16,1,1,87,1),(16,1,1,98,1),(16,1,1,99,2),(16,1,1,102,2),(16,1,1,109,1),(16,1,1,111,26),(16,1,1,112,3),(16,1,1,113,5),(16,1,1,114,2),(16,1,1,115,4),(16,1,1,116,1),(16,1,1,118,1),(16,1,1,120,1),(16,1,1,121,1),(16,1,1,122,3),(16,1,1,123,2),(16,1,1,124,2),(17,1,1,2,2),(17,1,1,7,3),(17,1,1,24,3),(17,1,1,25,1),(17,1,1,42,1),(17,1,1,43,2),(17,1,1,44,1),(17,1,1,45,1),(17,1,1,56,1),(17,1,1,61,6),(17,1,1,67,2),(17,1,1,68,1),(17,1,1,69,1),(17,1,1,70,1),(17,1,1,71,1),(17,1,1,72,2),(17,1,1,77,1),(17,1,1,80,2),(17,1,1,85,3),(17,1,1,89,1),(17,1,1,95,1),(17,1,1,99,1),(17,1,1,102,1),(17,1,1,106,1),(17,1,1,108,1),(17,1,1,109,2),(17,1,1,110,2),(17,1,1,111,1),(17,1,1,112,2),(17,1,1,113,2),(17,1,1,114,1),(17,1,1,115,1),(17,1,1,118,2),(17,1,1,120,3),(17,1,1,121,1),(17,1,1,122,1),(17,1,1,123,2),(17,1,1,124,3),(17,1,1,125,2),(17,1,1,126,2),(18,1,1,1,2),(18,1,1,13,1),(18,1,1,19,1),(18,1,1,24,6),(18,1,1,25,2),(18,1,1,28,1),(18,1,1,36,2),(18,1,1,40,3),(18,1,1,42,2),(18,1,1,44,2),(18,1,1,46,2),(18,1,1,47,3),(18,1,1,51,1),(18,1,1,61,4),(18,1,1,65,4),(18,1,1,69,1),(18,1,1,70,2),(18,1,1,71,1),(18,1,1,72,1),(18,1,1,73,1),(18,1,1,75,1),(18,1,1,77,1),(18,1,1,78,1),(18,1,1,79,1),(18,1,1,80,1),(18,1,1,84,2),(18,1,1,94,1),(18,1,1,95,1),(18,1,1,96,2),(18,1,1,98,1),(18,1,1,99,1),(18,1,1,102,11),(18,1,1,103,1),(18,1,1,106,9),(18,1,1,109,2),(18,1,1,111,1),(18,1,1,112,2),(18,1,1,113,6),(18,1,1,114,1),(18,1,1,117,1),(18,1,1,118,2),(18,1,1,119,7),(18,1,1,121,1),(18,1,1,123,1),(18,1,1,124,2),(18,1,1,125,1),(19,1,1,7,1),(19,1,1,47,1),(19,1,1,65,1),(19,1,1,67,1),(19,1,1,100,1),(19,1,1,106,1),(19,1,1,113,1),(19,1,1,116,1),(19,1,1,119,1),(20,1,1,7,1),(20,1,1,24,2),(20,1,1,25,1),(20,1,1,34,1),(20,1,1,42,1),(20,1,1,44,1),(20,1,1,45,1),(20,1,1,46,1),(20,1,1,52,1),(20,1,1,61,5),(20,1,1,67,1),(20,1,1,70,1),(20,1,1,71,1),(20,1,1,73,1),(20,1,1,75,1),(20,1,1,82,2),(20,1,1,84,1),(20,1,1,85,2),(20,1,1,86,1),(20,1,1,90,1),(20,1,1,92,1),(20,1,1,94,2),(20,1,1,95,1),(20,1,1,99,1),(20,1,1,106,1),(20,1,1,109,4),(20,1,1,110,1),(20,1,1,111,2),(20,1,1,113,2),(20,1,1,114,1),(20,1,1,115,2),(20,1,1,116,6),(20,1,1,119,3),(20,1,1,120,1),(20,1,1,121,1),(20,1,1,124,1),(20,1,1,125,3),(21,1,1,1,2),(21,1,1,7,1),(21,1,1,12,3),(21,1,1,13,2),(21,1,1,14,1),(21,1,1,19,1),(21,1,1,24,4),(21,1,1,25,2),(21,1,1,28,3),(21,1,1,33,1),(21,1,1,40,1),(21,1,1,42,2),(21,1,1,43,1),(21,1,1,44,2),(21,1,1,45,2),(21,1,1,46,2),(21,1,1,47,2),(21,1,1,50,1),(21,1,1,56,1),(21,1,1,61,4),(21,1,1,65,1),(21,1,1,68,1),(21,1,1,69,2),(21,1,1,71,1),(21,1,1,72,10),(21,1,1,73,1),(21,1,1,75,2),(21,1,1,77,1),(21,1,1,79,1),(21,1,1,80,1),(21,1,1,82,1),(21,1,1,84,4),(21,1,1,85,1),(21,1,1,94,2),(21,1,1,96,2),(21,1,1,98,3),(21,1,1,102,5),(21,1,1,103,1),(21,1,1,104,1),(21,1,1,106,8),(21,1,1,107,3),(21,1,1,108,2),(21,1,1,109,1),(21,1,1,110,1),(21,1,1,111,1),(21,1,1,112,3),(21,1,1,113,3),(21,1,1,114,3),(21,1,1,115,5),(21,1,1,116,1),(21,1,1,118,1),(21,1,1,120,4),(21,1,1,121,1),(21,1,1,123,1),(21,1,1,124,2),(22,1,1,7,1),(22,1,1,8,1),(22,1,1,19,2),(22,1,1,24,1),(22,1,1,26,2),(22,1,1,29,4),(22,1,1,33,1),(22,1,1,36,1),(22,1,1,40,1),(22,1,1,42,1),(22,1,1,43,8),(22,1,1,44,2),(22,1,1,45,1),(22,1,1,46,4),(22,1,1,47,2),(22,1,1,57,1),(22,1,1,61,5),(22,1,1,62,5),(22,1,1,64,1),(22,1,1,65,2),(22,1,1,70,3),(22,1,1,71,1),(22,1,1,72,1),(22,1,1,74,2),(22,1,1,75,1),(22,1,1,77,2),(22,1,1,80,3),(22,1,1,81,1),(22,1,1,82,1),(22,1,1,84,1),(22,1,1,85,1),(22,1,1,86,2),(22,1,1,87,2),(22,1,1,90,2),(22,1,1,92,2),(22,1,1,94,2),(22,1,1,96,6),(22,1,1,99,2),(22,1,1,102,1),(22,1,1,104,1),(22,1,1,106,1),(22,1,1,107,1),(22,1,1,108,3),(22,1,1,109,9),(22,1,1,110,3),(22,1,1,111,2),(22,1,1,112,3),(22,1,1,113,9),(22,1,1,114,6),(22,1,1,115,3),(22,1,1,117,1),(22,1,1,118,1),(22,1,1,119,1),(22,1,1,120,12),(22,1,1,121,5),(22,1,1,123,3),(22,1,1,124,2),(22,1,1,125,1),(23,1,1,47,2),(23,1,1,65,8),(23,1,1,67,2),(23,1,1,106,2),(23,1,1,113,1),(23,1,1,116,2),(23,1,1,119,1),(24,1,1,7,1),(24,1,1,28,5),(24,1,1,46,1),(24,1,1,47,5),(24,1,1,61,1),(24,1,1,65,6),(24,1,1,67,5),(24,1,1,94,1),(24,1,1,96,1),(24,1,1,99,1),(24,1,1,100,2),(24,1,1,102,1),(24,1,1,106,4),(24,1,1,109,6),(24,1,1,111,1),(24,1,1,113,10),(24,1,1,114,1),(24,1,1,115,1),(24,1,1,116,7),(24,1,1,117,1),(24,1,1,119,1),(24,1,1,121,1),(25,1,1,4,1),(25,1,1,7,1),(25,1,1,25,5),(25,1,1,28,1),(25,1,1,43,1),(25,1,1,46,1),(25,1,1,47,1),(25,1,1,61,2),(25,1,1,65,6),(25,1,1,67,1),(25,1,1,71,1),(25,1,1,72,4),(25,1,1,74,1),(25,1,1,88,1),(25,1,1,100,3),(25,1,1,102,7),(25,1,1,106,5),(25,1,1,108,1),(25,1,1,109,5),(25,1,1,112,2),(25,1,1,113,12),(25,1,1,114,8),(25,1,1,116,4),(25,1,1,118,1),(25,1,1,119,2),(25,1,1,120,2),(25,1,1,121,9),(25,1,1,123,1),(28,1,1,44,1),(28,1,1,71,2),(28,1,1,81,1),(28,1,1,104,1),(28,1,1,108,1),(28,1,1,116,1),(28,1,1,118,1),(28,1,1,119,1),(28,1,1,121,1),(29,1,1,1,2),(29,1,1,44,1),(29,1,1,72,1),(29,1,1,108,1),(29,1,1,109,1),(29,1,1,111,2),(29,1,1,113,2),(29,1,1,116,1),(29,1,1,118,1),(30,1,1,1,1),(30,1,1,43,1),(30,1,1,71,1),(30,1,1,77,1),(30,1,1,103,1),(30,1,1,104,1),(30,1,1,106,1),(30,1,1,107,1),(30,1,1,109,2),(30,1,1,110,1),(30,1,1,111,1),(30,1,1,113,2),(30,1,1,114,2),(30,1,1,115,1),(30,1,1,119,1),(30,1,1,120,2),(30,1,1,121,1),(30,1,1,123,1),(31,1,1,1,1),(32,1,1,1,1),(32,1,1,9,2),(32,1,1,13,2),(32,1,1,36,3),(32,1,1,40,1),(32,1,1,42,1),(32,1,1,53,3),(32,1,1,65,2),(32,1,1,67,1),(32,1,1,70,2),(32,1,1,72,1),(32,1,1,85,3),(32,1,1,88,2),(32,1,1,90,2),(32,1,1,92,13),(32,1,1,93,6),(32,1,1,96,1),(32,1,1,97,1),(32,1,1,98,1),(32,1,1,102,3),(32,1,1,112,1),(32,1,1,120,2),(32,1,1,121,2),(32,1,1,126,2),(33,1,1,1,1),(33,1,1,24,1),(33,1,1,36,2),(33,1,1,40,1),(33,1,1,43,3),(33,1,1,45,1),(33,1,1,54,2),(33,1,1,64,1),(33,1,1,71,1),(33,1,1,77,3),(33,1,1,89,1),(33,1,1,93,2),(33,1,1,94,1),(33,1,1,98,1),(33,1,1,104,1),(33,1,1,106,1),(33,1,1,109,1),(33,1,1,111,2),(33,1,1,112,1),(33,1,1,113,1),(33,1,1,115,2),(33,1,1,116,1),(33,1,1,118,1),(33,1,1,120,1),(33,1,1,126,1),(34,1,1,4,1),(34,1,1,7,5),(34,1,1,8,5),(34,1,1,24,1),(34,1,1,34,1),(34,1,1,42,1),(34,1,1,44,3),(34,1,1,46,3),(34,1,1,52,5),(34,1,1,58,1),(34,1,1,59,2),(34,1,1,61,2),(34,1,1,65,3),(34,1,1,67,1),(34,1,1,69,1),(34,1,1,70,1),(34,1,1,72,3),(34,1,1,74,1),(34,1,1,75,1),(34,1,1,77,1),(34,1,1,79,1),(34,1,1,80,1),(34,1,1,81,1),(34,1,1,82,1),(34,1,1,85,1),(34,1,1,86,1),(34,1,1,87,1),(34,1,1,90,1),(34,1,1,94,2),(34,1,1,98,1),(34,1,1,102,1),(34,1,1,103,1),(34,1,1,106,4),(34,1,1,107,1),(34,1,1,109,1),(34,1,1,110,2),(34,1,1,111,5),(34,1,1,112,3),(34,1,1,113,2),(34,1,1,114,2),(34,1,1,115,2),(34,1,1,119,1),(34,1,1,120,1),(34,1,1,121,2),(34,1,1,122,1),(34,1,1,123,2),(34,1,1,126,1),(35,1,1,4,1),(35,1,1,7,2),(35,1,1,22,1),(35,1,1,42,1),(35,1,1,44,2),(35,1,1,46,1),(35,1,1,57,1),(35,1,1,58,2),(35,1,1,61,2),(35,1,1,67,1),(35,1,1,74,1),(35,1,1,78,1),(35,1,1,79,1),(35,1,1,81,1),(35,1,1,82,1),(35,1,1,91,1),(35,1,1,92,1),(35,1,1,94,1),(35,1,1,96,1),(35,1,1,99,1),(35,1,1,106,3),(35,1,1,107,1),(35,1,1,109,2),(35,1,1,110,1),(35,1,1,111,1),(35,1,1,112,1),(35,1,1,113,2),(35,1,1,114,1),(35,1,1,115,1),(35,1,1,120,2),(35,1,1,121,1),(35,1,1,123,1),(36,1,1,5,2),(36,1,1,37,1),(36,1,1,42,1),(36,1,1,44,1),(36,1,1,45,1),(36,1,1,57,1),(36,1,1,61,2),(36,1,1,70,1),(36,1,1,71,1),(36,1,1,75,1),(36,1,1,76,1),(36,1,1,77,1),(36,1,1,84,1),(36,1,1,88,1),(36,1,1,90,1),(36,1,1,93,1),(36,1,1,94,1),(36,1,1,96,1),(36,1,1,99,1),(36,1,1,103,1),(36,1,1,106,2),(36,1,1,109,1),(36,1,1,113,2),(36,1,1,114,2),(36,1,1,115,1),(36,1,1,116,1),(36,1,1,120,2),(36,1,1,121,1),(36,1,1,123,2),(36,1,1,126,1),(37,1,1,5,2),(37,1,1,42,1),(37,1,1,44,3),(37,1,1,52,1),(37,1,1,61,1),(37,1,1,72,1),(37,1,1,74,1),(37,1,1,82,2),(37,1,1,84,7),(37,1,1,85,2),(37,1,1,94,1),(37,1,1,95,1),(37,1,1,102,1),(37,1,1,106,1),(37,1,1,107,1),(37,1,1,108,2),(37,1,1,109,1),(37,1,1,110,2),(37,1,1,111,2),(37,1,1,112,1),(37,1,1,113,1),(37,1,1,114,2),(37,1,1,115,1),(37,1,1,119,2),(37,1,1,120,2),(37,1,1,121,2),(37,1,1,122,1),(37,1,1,123,1),(37,1,1,124,1),(37,1,1,125,2),(38,1,1,7,1),(38,1,1,19,1),(38,1,1,28,1),(38,1,1,42,1),(38,1,1,43,1),(38,1,1,46,1),(38,1,1,61,2),(38,1,1,72,1),(38,1,1,73,1),(38,1,1,90,1),(38,1,1,96,2),(38,1,1,97,1),(38,1,1,99,1),(38,1,1,100,1),(38,1,1,106,1),(38,1,1,109,1),(38,1,1,110,1),(38,1,1,115,1),(38,1,1,116,2),(38,1,1,118,1),(38,1,1,120,1),(38,1,1,121,1),(39,1,1,7,2),(39,1,1,13,4),(39,1,1,19,5),(39,1,1,24,1),(39,1,1,25,2),(39,1,1,26,1),(39,1,1,28,2),(39,1,1,34,2),(39,1,1,42,1),(39,1,1,44,3),(39,1,1,51,1),(39,1,1,52,2),(39,1,1,53,2),(39,1,1,61,11),(39,1,1,64,1),(39,1,1,65,3),(39,1,1,66,1),(39,1,1,67,1),(39,1,1,69,1),(39,1,1,72,3),(39,1,1,78,1),(39,1,1,80,1),(39,1,1,82,1),(39,1,1,84,3),(39,1,1,92,1),(39,1,1,94,4),(39,1,1,95,4),(39,1,1,96,1),(39,1,1,99,1),(39,1,1,101,2),(39,1,1,103,1),(39,1,1,106,3),(39,1,1,109,1),(39,1,1,111,3),(39,1,1,112,6),(39,1,1,113,4),(39,1,1,114,3),(39,1,1,115,6),(39,1,1,118,2),(39,1,1,120,3),(39,1,1,121,1),(39,1,1,123,3),(39,1,1,124,2),(39,1,1,126,1),(40,1,1,7,1),(40,1,1,43,1),(40,1,1,65,1),(40,1,1,73,1),(40,1,1,85,1),(40,1,1,93,1),(40,1,1,106,1),(40,1,1,109,1),(40,1,1,112,1),(40,1,1,113,1),(40,1,1,116,1),(40,1,1,118,1),(40,1,1,122,1),(40,1,1,123,1),(41,1,1,7,3),(41,1,1,19,3),(41,1,1,44,1),(41,1,1,72,2),(41,1,1,78,1),(41,1,1,83,1),(41,1,1,101,1),(41,1,1,108,1),(41,1,1,109,1),(41,1,1,113,2),(41,1,1,116,1),(41,1,1,118,1),(41,1,1,123,1),(42,1,1,7,4),(42,1,1,8,1),(42,1,1,11,1),(42,1,1,13,2),(42,1,1,14,1),(42,1,1,15,2),(42,1,1,18,1),(42,1,1,19,1),(42,1,1,24,1),(42,1,1,25,2),(42,1,1,26,3),(42,1,1,28,2),(42,1,1,33,2),(42,1,1,40,4),(42,1,1,43,1),(42,1,1,44,3),(42,1,1,46,2),(42,1,1,47,1),(42,1,1,48,1),(42,1,1,52,2),(42,1,1,53,1),(42,1,1,61,16),(42,1,1,68,3),(42,1,1,71,2),(42,1,1,72,8),(42,1,1,76,1),(42,1,1,80,1),(42,1,1,84,8),(42,1,1,90,1),(42,1,1,94,8),(42,1,1,95,1),(42,1,1,96,1),(42,1,1,98,1),(42,1,1,99,1),(42,1,1,100,1),(42,1,1,102,5),(42,1,1,106,1),(42,1,1,108,3),(42,1,1,109,1),(42,1,1,110,4),(42,1,1,111,8),(42,1,1,112,4),(42,1,1,113,4),(42,1,1,114,2),(42,1,1,115,4),(42,1,1,118,1),(42,1,1,119,1),(42,1,1,121,3),(42,1,1,122,2),(42,1,1,123,3),(42,1,1,124,1),(43,1,1,7,1),(43,1,1,43,1),(43,1,1,72,1),(43,1,1,75,1),(43,1,1,106,1),(43,1,1,108,1),(43,1,1,109,2),(43,1,1,111,2),(43,1,1,118,1),(43,1,1,123,1),(44,1,1,7,1),(44,1,1,43,1),(44,1,1,46,1),(44,1,1,72,1),(44,1,1,83,1),(44,1,1,84,3),(44,1,1,96,1),(44,1,1,98,1),(44,1,1,100,1),(44,1,1,109,2),(44,1,1,111,1),(44,1,1,112,1),(44,1,1,113,1),(44,1,1,115,3),(44,1,1,118,2),(44,1,1,119,1),(44,1,1,120,1),(44,1,1,123,1),(44,1,1,126,1),(45,1,1,7,1),(45,1,1,43,1),(45,1,1,72,1),(45,1,1,73,1),(45,1,1,90,1),(45,1,1,114,1),(45,1,1,115,2),(45,1,1,116,1),(45,1,1,118,1),(45,1,1,119,1),(45,1,1,120,1),(45,1,1,121,1),(45,1,1,123,1),(45,1,1,125,1),(46,1,1,7,1),(46,1,1,8,1),(46,1,1,13,1),(46,1,1,44,1),(46,1,1,79,1),(46,1,1,84,1),(46,1,1,116,1),(46,1,1,118,1),(46,1,1,125,1),(47,1,1,7,1),(47,1,1,43,1),(47,1,1,78,1),(47,1,1,84,1),(47,1,1,88,1),(47,1,1,114,1),(47,1,1,115,2),(47,1,1,118,1),(47,1,1,123,1),(47,1,1,124,2),(48,1,1,7,2),(48,1,1,42,1),(48,1,1,44,1),(48,1,1,55,1),(48,1,1,57,1),(48,1,1,64,1),(48,1,1,70,1),(48,1,1,78,1),(48,1,1,79,1),(48,1,1,80,1),(48,1,1,86,1),(48,1,1,87,1),(48,1,1,91,1),(48,1,1,92,1),(48,1,1,99,1),(48,1,1,101,1),(48,1,1,109,1),(48,1,1,113,1),(48,1,1,116,1),(48,1,1,118,2),(48,1,1,119,1),(48,1,1,123,1),(48,1,1,125,1),(48,1,1,126,1),(49,1,1,7,1),(49,1,1,43,1),(49,1,1,70,2),(49,1,1,71,1),(49,1,1,72,3),(49,1,1,94,1),(49,1,1,114,1),(49,1,1,115,3),(49,1,1,117,1),(49,1,1,123,2),(49,1,1,124,1),(49,1,1,125,1),(50,1,1,7,1),(50,1,1,28,1),(50,1,1,47,2),(50,1,1,65,6),(50,1,1,67,3),(50,1,1,100,1),(50,1,1,106,1),(50,1,1,113,2),(50,1,1,116,2),(50,1,1,119,1),(51,1,1,7,1),(51,1,1,28,1),(51,1,1,47,1),(51,1,1,65,1),(51,1,1,67,1),(51,1,1,100,1),(51,1,1,106,1),(51,1,1,113,2),(51,1,1,116,1),(51,1,1,119,1),(52,1,1,7,1),(52,1,1,28,1),(52,1,1,47,1),(52,1,1,65,1),(52,1,1,67,1),(52,1,1,100,1),(52,1,1,106,1),(52,1,1,113,2),(52,1,1,116,1),(52,1,1,119,1),(53,1,1,8,1),(53,1,1,44,1),(53,1,1,75,1),(53,1,1,84,1),(53,1,1,110,1),(53,1,1,111,1),(53,1,1,112,1),(53,1,1,118,1),(54,1,1,8,1),(54,1,1,25,1),(54,1,1,43,2),(54,1,1,44,1),(54,1,1,48,1),(54,1,1,52,3),(54,1,1,53,1),(54,1,1,59,2),(54,1,1,61,1),(54,1,1,65,1),(54,1,1,67,3),(54,1,1,69,1),(54,1,1,71,1),(54,1,1,74,1),(54,1,1,78,1),(54,1,1,81,2),(54,1,1,86,7),(54,1,1,88,1),(54,1,1,89,2),(54,1,1,94,1),(54,1,1,99,1),(54,1,1,100,1),(54,1,1,102,1),(54,1,1,103,1),(54,1,1,106,1),(54,1,1,110,1),(54,1,1,111,3),(54,1,1,112,5),(54,1,1,113,2),(54,1,1,114,1),(54,1,1,115,1),(54,1,1,120,2),(54,1,1,121,1),(54,1,1,123,1),(54,1,1,124,1),(55,1,1,8,1),(55,1,1,44,1),(55,1,1,74,1),(55,1,1,82,1),(55,1,1,84,1),(55,1,1,110,1),(55,1,1,111,1),(55,1,1,112,1),(55,1,1,118,1),(56,1,1,9,1),(56,1,1,13,1),(56,1,1,24,2),(56,1,1,25,1),(56,1,1,30,1),(56,1,1,34,1),(56,1,1,42,2),(56,1,1,44,2),(56,1,1,45,1),(56,1,1,52,1),(56,1,1,53,2),(56,1,1,57,1),(56,1,1,59,1),(56,1,1,61,4),(56,1,1,64,1),(56,1,1,65,3),(56,1,1,69,1),(56,1,1,72,1),(56,1,1,73,2),(56,1,1,75,1),(56,1,1,80,3),(56,1,1,82,1),(56,1,1,84,3),(56,1,1,85,2),(56,1,1,93,1),(56,1,1,94,1),(56,1,1,106,2),(56,1,1,107,1),(56,1,1,108,1),(56,1,1,109,1),(56,1,1,110,1),(56,1,1,111,2),(56,1,1,112,1),(56,1,1,113,1),(56,1,1,114,1),(56,1,1,117,2),(56,1,1,119,1),(56,1,1,120,3),(56,1,1,121,2),(56,1,1,123,1),(56,1,1,126,1),(57,1,1,12,1),(57,1,1,14,1),(57,1,1,43,1),(57,1,1,71,1),(57,1,1,72,1),(57,1,1,83,1),(57,1,1,84,1),(57,1,1,99,1),(57,1,1,109,2),(57,1,1,111,1),(57,1,1,112,1),(57,1,1,115,2),(57,1,1,117,1),(57,1,1,118,4),(58,1,1,12,1),(58,1,1,14,2),(58,1,1,33,1),(58,1,1,43,1),(58,1,1,71,1),(58,1,1,84,1),(58,1,1,102,1),(58,1,1,109,3),(58,1,1,110,1),(58,1,1,112,1),(58,1,1,115,1),(58,1,1,118,2),(58,1,1,120,1),(58,1,1,122,1),(58,1,1,124,1),(59,1,1,12,1),(59,1,1,43,1),(59,1,1,72,2),(59,1,1,74,1),(59,1,1,77,1),(59,1,1,99,1),(59,1,1,109,3),(59,1,1,111,1),(59,1,1,112,1),(59,1,1,113,1),(59,1,1,114,2),(59,1,1,115,1),(59,1,1,116,1),(59,1,1,118,2),(59,1,1,123,1),(59,1,1,126,1),(60,1,1,12,2),(60,1,1,43,1),(60,1,1,78,1),(60,1,1,84,1),(60,1,1,107,1),(60,1,1,109,2),(60,1,1,112,2),(60,1,1,115,1),(60,1,1,118,2),(60,1,1,119,1),(60,1,1,122,2),(60,1,1,126,1),(61,1,1,13,1),(61,1,1,44,1),(61,1,1,79,1),(61,1,1,114,1),(61,1,1,115,2),(61,1,1,118,1),(61,1,1,123,1),(61,1,1,124,2),(62,1,1,13,1),(62,1,1,44,1),(62,1,1,71,1),(62,1,1,108,1),(62,1,1,109,1),(62,1,1,113,2),(62,1,1,116,1),(62,1,1,118,1),(62,1,1,123,1),(63,1,1,13,2),(63,1,1,43,1),(63,1,1,71,1),(63,1,1,73,1),(63,1,1,78,1),(63,1,1,112,1),(63,1,1,114,1),(63,1,1,115,3),(63,1,1,117,1),(63,1,1,118,1),(63,1,1,123,1),(63,1,1,124,1),(64,1,1,14,1),(64,1,1,19,2),(64,1,1,24,1),(64,1,1,25,1),(64,1,1,37,1),(64,1,1,42,2),(64,1,1,44,2),(64,1,1,45,2),(64,1,1,46,2),(64,1,1,48,2),(64,1,1,49,1),(64,1,1,50,1),(64,1,1,53,1),(64,1,1,58,1),(64,1,1,61,5),(64,1,1,62,3),(64,1,1,63,2),(64,1,1,65,4),(64,1,1,66,5),(64,1,1,67,8),(64,1,1,71,2),(64,1,1,73,1),(64,1,1,77,2),(64,1,1,80,1),(64,1,1,85,1),(64,1,1,94,1),(64,1,1,98,1),(64,1,1,99,1),(64,1,1,106,1),(64,1,1,109,1),(64,1,1,110,1),(64,1,1,113,2),(64,1,1,114,1),(64,1,1,115,1),(64,1,1,120,4),(64,1,1,121,1),(64,1,1,122,1),(64,1,1,123,1),(64,1,1,125,1),(65,1,1,19,1),(65,1,1,44,1),(65,1,1,71,1),(65,1,1,108,1),(65,1,1,109,1),(65,1,1,111,2),(65,1,1,112,1),(65,1,1,118,1),(65,1,1,123,1),(65,1,1,126,1),(66,1,1,19,2),(66,1,1,24,2),(66,1,1,44,1),(66,1,1,74,2),(66,1,1,78,1),(66,1,1,84,1),(66,1,1,108,1),(66,1,1,109,1),(66,1,1,112,3),(66,1,1,113,2),(66,1,1,116,1),(66,1,1,118,1),(66,1,1,123,1),(67,1,1,19,2),(67,1,1,44,1),(67,1,1,71,1),(67,1,1,72,1),(67,1,1,108,1),(67,1,1,109,1),(67,1,1,113,2),(67,1,1,116,1),(67,1,1,118,1),(67,1,1,123,1),(68,1,1,19,1),(68,1,1,24,1),(68,1,1,36,1),(68,1,1,42,2),(68,1,1,43,1),(68,1,1,44,2),(68,1,1,46,1),(68,1,1,53,1),(68,1,1,64,1),(68,1,1,65,1),(68,1,1,78,1),(68,1,1,89,1),(68,1,1,94,2),(68,1,1,103,1),(68,1,1,106,3),(68,1,1,107,1),(68,1,1,109,1),(68,1,1,110,3),(68,1,1,111,1),(68,1,1,112,1),(68,1,1,113,1),(68,1,1,114,1),(68,1,1,115,2),(68,1,1,116,1),(68,1,1,118,7),(68,1,1,120,1),(68,1,1,121,1),(68,1,1,122,2),(69,1,1,26,1),(69,1,1,44,1),(69,1,1,74,1),(69,1,1,108,1),(69,1,1,109,1),(69,1,1,113,2),(69,1,1,116,1),(69,1,1,118,1),(69,1,1,123,1),(69,1,1,124,1),(70,1,1,28,1),(70,1,1,43,1),(70,1,1,76,1),(70,1,1,83,1),(70,1,1,109,2),(70,1,1,112,1),(70,1,1,115,4),(70,1,1,118,2),(70,1,1,119,1),(70,1,1,120,1),(70,1,1,124,1),(71,1,1,33,1),(71,1,1,36,2),(71,1,1,40,3),(71,1,1,44,1),(71,1,1,52,2),(71,1,1,67,1),(71,1,1,72,2),(71,1,1,73,1),(71,1,1,94,1),(71,1,1,96,1),(71,1,1,99,1),(71,1,1,108,1),(71,1,1,109,1),(71,1,1,111,10),(71,1,1,112,2),(71,1,1,113,2),(71,1,1,116,1),(71,1,1,118,1),(71,1,1,119,1),(71,1,1,121,1),(71,1,1,123,1),(71,1,1,125,2),(71,1,1,126,1),(72,1,1,36,1),(72,1,1,40,1),(72,1,1,42,1),(72,1,1,45,1),(72,1,1,55,1),(72,1,1,61,1),(72,1,1,74,1),(72,1,1,77,2),(72,1,1,78,1),(72,1,1,80,1),(72,1,1,95,2),(72,1,1,102,1),(72,1,1,107,1),(72,1,1,110,1),(72,1,1,112,2),(72,1,1,114,1),(72,1,1,116,1),(72,1,1,118,1),(72,1,1,120,1),(72,1,1,121,2),(72,1,1,122,1),(72,1,1,123,1),(72,1,1,125,1),(73,1,1,36,4),(73,1,1,40,1),(73,1,1,43,1),(73,1,1,46,1),(73,1,1,69,1),(73,1,1,75,2),(73,1,1,93,1),(73,1,1,103,1),(73,1,1,104,1),(73,1,1,109,2),(73,1,1,110,1),(73,1,1,112,1),(73,1,1,113,2),(73,1,1,114,2),(73,1,1,115,1),(73,1,1,117,1),(73,1,1,121,1),(73,1,1,123,1),(74,1,1,37,4),(74,1,1,42,1),(74,1,1,43,1),(74,1,1,46,7),(74,1,1,47,1),(74,1,1,48,2),(74,1,1,65,1),(74,1,1,72,1),(74,1,1,78,1),(74,1,1,93,1),(74,1,1,106,2),(74,1,1,107,1),(74,1,1,109,1),(74,1,1,111,2),(74,1,1,112,1),(74,1,1,116,1),(74,1,1,118,1),(74,1,1,120,1),(74,1,1,123,1),(75,1,1,40,1),(75,1,1,42,1),(75,1,1,79,2),(75,1,1,106,1),(75,1,1,109,1),(75,1,1,111,1),(75,1,1,113,1),(75,1,1,116,1),(75,1,1,117,1),(75,1,1,119,1),(76,1,1,40,3),(76,1,1,44,1),(76,1,1,62,1),(76,1,1,71,2),(76,1,1,75,1),(76,1,1,78,1),(76,1,1,80,1),(76,1,1,96,1),(76,1,1,111,1),(76,1,1,114,2),(76,1,1,115,2),(76,1,1,118,1),(76,1,1,121,1),(76,1,1,124,1),(77,1,1,40,1),(77,1,1,44,1),(77,1,1,73,1),(77,1,1,75,1),(77,1,1,95,1),(77,1,1,114,1),(77,1,1,115,2),(77,1,1,117,1),(77,1,1,119,1),(77,1,1,122,1),(78,1,1,40,1),(78,1,1,44,1),(78,1,1,78,1),(78,1,1,79,2),(78,1,1,81,1),(78,1,1,83,2),(78,1,1,84,1),(79,1,1,40,1),(79,1,1,44,1),(79,1,1,78,1),(79,1,1,114,1),(79,1,1,115,2),(79,1,1,118,1),(79,1,1,123,1),(79,1,1,124,2),(80,1,1,42,1),(80,1,1,72,1),(80,1,1,80,1),(80,1,1,114,1),(80,1,1,115,2),(80,1,1,118,1),(80,1,1,120,1),(80,1,1,123,1),(80,1,1,124,2),(80,1,1,126,1),(81,1,1,42,1),(81,1,1,71,1),(81,1,1,74,2),(81,1,1,77,1),(81,1,1,104,1),(81,1,1,108,1),(81,1,1,109,1),(81,1,1,110,1),(81,1,1,113,1),(81,1,1,116,1),(81,1,1,118,1),(81,1,1,120,1),(81,1,1,121,1),(82,1,1,42,8),(82,1,1,43,24),(82,1,1,44,67),(82,1,1,45,6),(82,1,1,106,13),(82,1,1,107,2),(82,1,1,108,38),(82,1,1,109,79),(82,1,1,110,31),(82,1,1,111,31),(82,1,1,112,48),(82,1,1,113,80),(82,1,1,114,12),(82,1,1,115,22),(82,1,1,116,116),(82,1,1,117,4),(82,1,1,118,144),(82,1,1,119,32),(82,1,1,120,29),(82,1,1,121,36),(82,1,1,122,8),(82,1,1,123,23),(82,1,1,124,3),(82,1,1,125,57),(82,1,1,126,1),(83,1,1,42,1),(83,1,1,49,1),(83,1,1,61,1),(83,1,1,64,1),(83,1,1,68,1),(83,1,1,71,1),(83,1,1,72,1),(83,1,1,78,1),(83,1,1,80,1),(83,1,1,83,1),(83,1,1,97,1),(83,1,1,113,1),(83,1,1,116,1),(83,1,1,118,1),(83,1,1,119,1),(83,1,1,120,2),(83,1,1,121,1),(84,1,1,42,1),(84,1,1,71,1),(84,1,1,78,1),(84,1,1,114,2),(84,1,1,115,2),(84,1,1,117,1),(84,1,1,118,1),(84,1,1,119,1),(84,1,1,121,1),(85,1,1,42,1),(85,1,1,76,1),(85,1,1,90,1),(85,1,1,109,1),(85,1,1,113,1),(85,1,1,114,2),(85,1,1,115,2),(85,1,1,116,3),(85,1,1,117,1),(85,1,1,118,1),(85,1,1,120,1),(85,1,1,123,1),(85,1,1,124,2),(86,1,1,42,1),(86,1,1,43,1),(86,1,1,45,1),(86,1,1,61,2),(86,1,1,62,1),(86,1,1,74,2),(86,1,1,77,1),(86,1,1,87,1),(86,1,1,94,1),(86,1,1,98,1),(86,1,1,99,1),(86,1,1,106,1),(86,1,1,109,1),(86,1,1,110,1),(86,1,1,113,1),(86,1,1,114,1),(86,1,1,115,2),(86,1,1,120,2),(86,1,1,121,1),(86,1,1,127,1),(87,1,1,42,1),(87,1,1,51,1),(87,1,1,72,1),(87,1,1,78,1),(87,1,1,79,1),(87,1,1,99,1),(87,1,1,114,1),(87,1,1,115,2),(87,1,1,118,1),(87,1,1,123,1),(87,1,1,124,2),(88,1,1,42,1),(88,1,1,78,1),(88,1,1,83,1),(88,1,1,108,1),(88,1,1,109,1),(88,1,1,113,2),(88,1,1,114,1),(88,1,1,121,1),(88,1,1,123,1),(89,1,1,42,1),(89,1,1,43,1),(89,1,1,72,1),(89,1,1,78,1),(89,1,1,107,1),(89,1,1,111,2),(89,1,1,114,1),(89,1,1,115,2),(89,1,1,118,1),(89,1,1,123,1),(89,1,1,124,1),(90,1,1,43,1),(90,1,1,74,1),(90,1,1,75,1),(90,1,1,114,1),(90,1,1,115,3),(90,1,1,117,1),(90,1,1,122,1),(90,1,1,123,1),(90,1,1,124,2),(91,1,1,43,1),(91,1,1,73,1),(91,1,1,74,1),(91,1,1,114,2),(91,1,1,115,2),(91,1,1,116,1),(91,1,1,118,2),(91,1,1,123,1),(91,1,1,124,1),(92,1,1,43,1),(92,1,1,74,1),(92,1,1,78,1),(92,1,1,114,1),(92,1,1,115,2),(92,1,1,118,1),(92,1,1,120,1),(92,1,1,123,1),(92,1,1,124,2),(92,1,1,126,1),(93,1,1,43,1),(93,1,1,77,1),(93,1,1,79,1),(93,1,1,114,1),(93,1,1,115,2),(93,1,1,118,1),(93,1,1,123,1),(93,1,1,124,1),(94,1,1,43,1),(94,1,1,45,1),(94,1,1,75,1),(94,1,1,77,1),(94,1,1,114,1),(94,1,1,115,2),(94,1,1,118,1),(94,1,1,123,1),(94,1,1,124,1),(95,1,1,43,1),(95,1,1,75,1),(95,1,1,80,1),(95,1,1,114,1),(95,1,1,115,2),(95,1,1,116,1),(95,1,1,118,1),(95,1,1,119,1),(95,1,1,123,1),(95,1,1,124,1),(96,1,1,43,1),(96,1,1,45,1),(96,1,1,72,1),(96,1,1,78,1),(96,1,1,108,1),(96,1,1,109,1),(96,1,1,113,2),(96,1,1,115,1),(96,1,1,116,1),(96,1,1,117,1),(96,1,1,118,1),(96,1,1,120,1),(96,1,1,123,1),(96,1,1,124,1),(97,1,1,43,1),(97,1,1,74,1),(97,1,1,84,1),(97,1,1,110,1),(97,1,1,111,1),(97,1,1,112,1),(97,1,1,118,1),(98,1,1,43,1),(98,1,1,78,1),(98,1,1,84,1),(98,1,1,114,1),(98,1,1,115,2),(98,1,1,118,1),(98,1,1,123,1),(98,1,1,124,2),(99,1,1,43,1),(99,1,1,47,1),(99,1,1,73,2),(99,1,1,74,1),(99,1,1,75,1),(99,1,1,98,1),(99,1,1,110,1),(99,1,1,111,1),(99,1,1,112,1),(99,1,1,118,1),(99,1,1,126,7),(100,1,1,43,1),(100,1,1,78,1),(100,1,1,83,1),(100,1,1,85,1),(100,1,1,114,1),(100,1,1,115,2),(100,1,1,118,1),(100,1,1,123,1),(100,1,1,124,2),(100,1,1,125,1),(100,1,1,126,1),(101,1,1,43,1),(101,1,1,68,1),(101,1,1,72,1),(101,1,1,109,1),(101,1,1,111,1),(101,1,1,114,2),(101,1,1,115,2),(101,1,1,116,1),(101,1,1,118,1),(101,1,1,123,1),(101,1,1,124,2),(102,1,1,43,1),(102,1,1,71,1),(102,1,1,73,1),(102,1,1,114,1),(102,1,1,115,2),(102,1,1,118,1),(102,1,1,120,1),(102,1,1,123,1),(102,1,1,124,2),(103,1,1,43,1),(103,1,1,72,1),(103,1,1,74,1),(103,1,1,78,1),(103,1,1,85,2),(103,1,1,96,2),(103,1,1,99,1),(103,1,1,101,1),(103,1,1,102,1),(103,1,1,118,1),(104,1,1,43,1),(104,1,1,74,1),(104,1,1,75,1),(104,1,1,103,1),(104,1,1,108,1),(104,1,1,109,3),(104,1,1,111,1),(104,1,1,113,3),(104,1,1,114,2),(104,1,1,120,2),(104,1,1,121,1),(104,1,1,123,1),(105,1,1,43,1),(105,1,1,46,1),(105,1,1,71,1),(105,1,1,73,1),(105,1,1,74,2),(105,1,1,92,1),(105,1,1,114,1),(105,1,1,115,2),(105,1,1,118,1),(105,1,1,123,1),(105,1,1,124,1),(106,1,1,43,1),(106,1,1,64,1),(106,1,1,74,1),(106,1,1,83,1),(106,1,1,92,1),(106,1,1,98,1),(106,1,1,103,1),(106,1,1,106,1),(106,1,1,113,1),(106,1,1,114,1),(106,1,1,115,2),(106,1,1,118,1),(106,1,1,123,1),(106,1,1,124,1),(106,1,1,125,1),(106,1,1,126,1),(107,1,1,43,1),(107,1,1,71,1),(107,1,1,72,2),(107,1,1,93,1),(107,1,1,109,2),(107,1,1,112,1),(107,1,1,115,2),(107,1,1,118,3),(107,1,1,120,1),(107,1,1,124,1),(108,1,1,43,1),(108,1,1,71,1),(108,1,1,75,1),(108,1,1,107,1),(108,1,1,114,1),(108,1,1,115,2),(108,1,1,118,1),(108,1,1,123,1),(108,1,1,124,1),(109,1,1,43,1),(109,1,1,46,1),(109,1,1,47,1),(109,1,1,70,1),(109,1,1,73,1),(109,1,1,102,2),(109,1,1,104,1),(109,1,1,109,3),(109,1,1,111,1),(109,1,1,113,3),(109,1,1,114,1),(109,1,1,115,1),(109,1,1,116,1),(109,1,1,121,1),(109,1,1,123,1),(110,1,1,43,1),(110,1,1,80,1),(110,1,1,82,2),(110,1,1,84,1),(110,1,1,88,1),(110,1,1,91,1),(110,1,1,102,1),(110,1,1,103,1),(110,1,1,111,1),(110,1,1,127,1),(111,1,1,43,1),(111,1,1,53,1),(111,1,1,71,1),(111,1,1,72,1),(111,1,1,96,1),(111,1,1,110,1),(111,1,1,114,1),(111,1,1,115,3),(111,1,1,118,1),(111,1,1,123,1),(111,1,1,124,1),(112,1,1,43,1),(112,1,1,72,1),(112,1,1,88,1),(112,1,1,110,1),(112,1,1,111,1),(112,1,1,112,1),(112,1,1,118,1),(113,1,1,43,1),(113,1,1,78,1),(113,1,1,84,1),(113,1,1,110,1),(113,1,1,111,1),(113,1,1,112,1),(113,1,1,118,1),(114,1,1,43,1),(114,1,1,74,1),(114,1,1,86,1),(114,1,1,110,1),(114,1,1,111,1),(114,1,1,112,1),(114,1,1,118,1),(115,1,1,43,1),(115,1,1,68,1),(115,1,1,72,1),(115,1,1,78,1),(115,1,1,106,1),(115,1,1,108,1),(115,1,1,109,2),(115,1,1,111,1),(115,1,1,113,2),(115,1,1,114,1),(115,1,1,121,1),(115,1,1,123,1),(116,1,1,43,1),(116,1,1,71,1),(116,1,1,87,1),(116,1,1,108,1),(116,1,1,109,1),(116,1,1,113,2),(116,1,1,114,1),(116,1,1,121,1),(116,1,1,123,1),(117,1,1,43,1),(117,1,1,72,1),(117,1,1,74,1),(117,1,1,78,1),(117,1,1,84,1),(117,1,1,108,1),(117,1,1,109,1),(117,1,1,113,2),(117,1,1,116,1),(117,1,1,118,1),(118,1,1,43,1),(118,1,1,72,1),(118,1,1,73,1),(118,1,1,78,1),(118,1,1,79,1),(118,1,1,104,1),(118,1,1,107,1),(118,1,1,108,1),(118,1,1,109,1),(118,1,1,110,1),(118,1,1,112,2),(118,1,1,113,2),(118,1,1,114,1),(118,1,1,116,1),(118,1,1,117,1),(118,1,1,118,1),(118,1,1,123,1),(119,1,1,43,1),(119,1,1,73,1),(119,1,1,77,2),(119,1,1,108,1),(119,1,1,109,1),(119,1,1,113,2),(119,1,1,114,1),(119,1,1,121,1),(119,1,1,123,1),(120,1,1,43,1),(120,1,1,74,1),(120,1,1,84,1),(120,1,1,85,1),(120,1,1,88,1),(120,1,1,114,1),(120,1,1,115,2),(120,1,1,117,1),(120,1,1,123,1),(120,1,1,124,1),(120,1,1,125,1),(120,1,1,126,1),(121,1,1,43,1),(121,1,1,71,1),(121,1,1,92,1),(121,1,1,116,1),(121,1,1,118,1),(121,1,1,119,1),(121,1,1,121,1),(122,1,1,43,1),(122,1,1,82,1),(123,1,1,43,1),(123,1,1,78,1),(123,1,1,84,1),(123,1,1,110,1),(123,1,1,111,1),(123,1,1,112,1),(123,1,1,117,1),(123,1,1,118,1),(123,1,1,119,1),(124,1,1,43,1),(124,1,1,79,1),(124,1,1,80,1),(124,1,1,108,1),(124,1,1,109,1),(124,1,1,113,2),(124,1,1,116,1),(124,1,1,118,1),(124,1,1,119,1),(124,1,1,123,1),(125,1,1,43,1),(125,1,1,71,1),(125,1,1,73,1),(125,1,1,98,1),(125,1,1,101,1),(125,1,1,108,1),(125,1,1,109,1),(125,1,1,111,1),(125,1,1,118,1),(125,1,1,122,1),(125,1,1,123,1),(126,1,1,44,1),(126,1,1,71,2),(126,1,1,93,1),(126,1,1,116,1),(126,1,1,118,1),(126,1,1,119,1),(126,1,1,121,1),(127,1,1,44,1),(127,1,1,68,1),(127,1,1,70,1),(127,1,1,83,1),(127,1,1,108,2),(127,1,1,109,2),(127,1,1,110,1),(127,1,1,113,3),(127,1,1,116,1),(127,1,1,118,1),(127,1,1,123,1),(128,1,1,44,1),(128,1,1,71,1),(128,1,1,84,1),(128,1,1,114,1),(128,1,1,115,2),(128,1,1,118,1),(128,1,1,121,1),(129,1,1,44,1),(129,1,1,45,1),(129,1,1,70,1),(129,1,1,71,1),(129,1,1,72,1),(129,1,1,75,1),(129,1,1,104,1),(129,1,1,116,1),(129,1,1,118,1),(129,1,1,119,1),(129,1,1,121,1),(130,1,1,44,1),(130,1,1,45,1),(130,1,1,70,1),(130,1,1,75,1),(130,1,1,113,1),(130,1,1,115,1),(130,1,1,116,1),(130,1,1,118,1),(130,1,1,119,1),(130,1,1,121,1),(131,1,1,44,1),(131,1,1,72,1),(131,1,1,114,1),(131,1,1,115,2),(131,1,1,118,1),(131,1,1,121,1),(132,1,1,44,1),(132,1,1,74,1),(132,1,1,108,1),(132,1,1,109,1),(132,1,1,113,2),(132,1,1,116,1),(132,1,1,118,1),(133,1,1,44,1),(133,1,1,71,1),(133,1,1,108,1),(133,1,1,109,1),(133,1,1,113,2),(133,1,1,116,1),(133,1,1,118,1),(133,1,1,123,1),(134,1,1,44,1),(134,1,1,78,1),(134,1,1,110,1),(134,1,1,111,1),(134,1,1,112,1),(134,1,1,118,1),(135,1,1,44,1),(135,1,1,70,1),(135,1,1,74,1),(135,1,1,84,1),(135,1,1,90,1),(135,1,1,95,1),(135,1,1,98,1),(135,1,1,102,1),(135,1,1,114,1),(135,1,1,115,2),(135,1,1,118,1),(135,1,1,121,1),(136,1,1,44,1),(136,1,1,74,1),(136,1,1,114,1),(136,1,1,115,2),(136,1,1,118,1),(136,1,1,123,1),(136,1,1,124,2),(137,1,1,44,1),(137,1,1,71,1),(137,1,1,108,1),(137,1,1,109,1),(137,1,1,113,2),(137,1,1,116,1),(137,1,1,118,1),(137,1,1,123,1),(138,1,1,44,1),(138,1,1,72,1),(138,1,1,110,1),(138,1,1,111,1),(138,1,1,112,1),(138,1,1,118,1),(139,1,1,44,1),(139,1,1,72,1),(139,1,1,78,1),(139,1,1,114,1),(139,1,1,115,2),(139,1,1,118,1),(139,1,1,123,1),(139,1,1,124,2),(140,1,1,44,1),(140,1,1,72,1),(140,1,1,110,1),(140,1,1,111,3),(140,1,1,112,1),(140,1,1,118,1),(141,1,1,44,1),(141,1,1,72,2),(141,1,1,114,1),(141,1,1,115,2),(141,1,1,118,1),(141,1,1,121,1),(142,1,1,44,1),(142,1,1,74,1),(142,1,1,84,4),(142,1,1,102,3),(142,1,1,108,1),(142,1,1,109,1),(142,1,1,113,4),(142,1,1,116,1),(142,1,1,118,1),(142,1,1,123,1),(143,1,1,44,1),(143,1,1,75,1),(143,1,1,110,1),(143,1,1,111,1),(143,1,1,112,1),(143,1,1,118,1),(144,1,1,44,1),(144,1,1,78,1),(144,1,1,90,1),(144,1,1,114,1),(144,1,1,115,2),(144,1,1,118,1),(144,1,1,123,1),(145,1,1,44,1),(145,1,1,75,1),(145,1,1,108,1),(145,1,1,109,1),(145,1,1,113,2),(145,1,1,116,1),(145,1,1,118,1),(145,1,1,123,1),(146,1,1,44,1),(146,1,1,46,1),(146,1,1,75,1),(146,1,1,110,1),(146,1,1,111,1),(146,1,1,112,1),(146,1,1,118,1),(147,1,1,44,1),(147,1,1,79,1),(147,1,1,114,1),(147,1,1,115,2),(147,1,1,118,1),(147,1,1,123,1),(147,1,1,124,2),(148,1,1,44,1),(148,1,1,79,1),(149,1,1,44,1),(149,1,1,75,1),(149,1,1,114,1),(149,1,1,115,2),(149,1,1,118,1),(149,1,1,123,1),(149,1,1,124,2),(150,1,1,44,1),(150,1,1,72,1),(150,1,1,87,1),(150,1,1,108,1),(150,1,1,109,1),(150,1,1,113,2),(150,1,1,116,1),(150,1,1,118,1),(150,1,1,126,1),(151,1,1,44,1),(151,1,1,72,1),(151,1,1,85,1),(151,1,1,114,1),(151,1,1,115,2),(151,1,1,118,1),(151,1,1,123,1),(151,1,1,124,2),(151,1,1,127,1),(152,1,1,44,1),(152,1,1,72,1),(152,1,1,85,1),(152,1,1,108,1),(152,1,1,109,1),(152,1,1,111,1),(152,1,1,118,1),(152,1,1,123,1),(153,1,1,44,1),(153,1,1,71,1),(153,1,1,72,1),(153,1,1,73,1),(153,1,1,76,1),(153,1,1,112,1),(153,1,1,114,1),(153,1,1,116,1),(153,1,1,118,1),(153,1,1,119,1),(153,1,1,121,1),(154,1,1,44,1),(154,1,1,114,1),(154,1,1,115,2),(154,1,1,118,1),(154,1,1,123,1),(154,1,1,124,2),(155,1,1,44,1),(155,1,1,73,1),(155,1,1,74,1),(155,1,1,114,1),(155,1,1,115,2),(155,1,1,118,1),(155,1,1,123,1),(155,1,1,124,2),(155,1,1,125,1),(156,1,1,44,1),(156,1,1,72,1),(156,1,1,73,1),(156,1,1,74,1),(156,1,1,78,1),(156,1,1,102,1),(156,1,1,106,1),(156,1,1,108,1),(156,1,1,110,1),(156,1,1,111,1),(156,1,1,112,1),(156,1,1,116,1),(156,1,1,118,1),(156,1,1,119,1),(157,1,1,44,1),(157,1,1,73,1),(157,1,1,75,1),(157,1,1,110,1),(157,1,1,111,1),(157,1,1,112,1),(157,1,1,118,1),(157,1,1,119,1),(158,1,1,44,1),(158,1,1,72,1),(158,1,1,85,1),(158,1,1,110,1),(158,1,1,111,3),(158,1,1,112,1),(158,1,1,118,1),(159,1,1,44,1),(159,1,1,73,1),(159,1,1,74,1),(159,1,1,96,1),(159,1,1,110,1),(159,1,1,111,5),(159,1,1,112,3),(159,1,1,118,1),(160,1,1,44,1),(160,1,1,75,1),(160,1,1,94,1),(160,1,1,110,1),(160,1,1,111,1),(160,1,1,112,1),(160,1,1,118,1),(161,1,1,44,1),(161,1,1,72,1),(161,1,1,76,1),(161,1,1,96,1),(161,1,1,108,1),(161,1,1,109,2),(161,1,1,111,1),(161,1,1,113,2),(161,1,1,116,1),(161,1,1,118,1),(161,1,1,122,1),(161,1,1,123,2),(161,1,1,124,1),(161,1,1,126,1),(162,1,1,45,1),(162,1,1,72,1),(162,1,1,74,2),(162,1,1,76,1),(162,1,1,78,1),(162,1,1,80,1),(162,1,1,88,1),(162,1,1,99,1),(162,1,1,109,1),(162,1,1,123,1),(162,1,1,124,1),(163,1,1,45,1),(163,1,1,72,1),(163,1,1,110,1),(163,1,1,111,1),(163,1,1,112,1),(163,1,1,115,1),(163,1,1,117,1),(163,1,1,118,1),(164,1,1,45,1),(164,1,1,72,3),(164,1,1,73,1),(164,1,1,89,1),(164,1,1,90,1),(164,1,1,91,1),(164,1,1,104,1),(164,1,1,106,2),(164,1,1,109,1),(164,1,1,113,2),(164,1,1,115,1),(164,1,1,116,1),(164,1,1,117,1),(164,1,1,118,1),(164,1,1,126,1),(165,1,1,47,1),(165,1,1,65,2),(165,1,1,106,2),(166,1,1,53,4),(166,1,1,61,1),(166,1,1,64,1),(166,1,1,72,3),(166,1,1,108,1),(166,1,1,109,1),(166,1,1,113,2),(166,1,1,116,1),(166,1,1,118,1),(166,1,1,121,1),(166,1,1,123,2),(167,1,1,53,1),(167,1,1,71,1),(167,1,1,114,1),(167,1,1,115,2),(167,1,1,118,1),(167,1,1,121,1),(168,1,1,53,1),(168,1,1,65,2),(168,1,1,72,1),(168,1,1,79,1),(168,1,1,84,1),(168,1,1,108,1),(168,1,1,109,1),(168,1,1,113,2),(168,1,1,116,1),(168,1,1,118,1),(168,1,1,123,2),(169,1,1,53,1),(169,1,1,61,6),(169,1,1,72,2),(169,1,1,114,1),(169,1,1,115,2),(169,1,1,118,1),(169,1,1,123,1),(169,1,1,124,1),(170,1,1,65,7),(170,1,1,67,1),(170,1,1,72,1),(170,1,1,74,1),(170,1,1,106,2),(170,1,1,116,1),(170,1,1,119,2),(171,1,1,65,3),(172,1,1,69,1),(172,1,1,70,1),(172,1,1,85,1),(172,1,1,99,1),(172,1,1,103,1),(172,1,1,106,1),(172,1,1,109,3),(172,1,1,111,1),(172,1,1,112,1),(172,1,1,115,3),(172,1,1,118,2),(173,1,1,70,2),(173,1,1,96,1),(173,1,1,99,1),(173,1,1,109,2),(173,1,1,112,1),(173,1,1,115,1),(173,1,1,118,2),(173,1,1,119,1),(173,1,1,120,2),(174,1,1,70,2),(174,1,1,99,2),(174,1,1,103,1),(174,1,1,106,1),(174,1,1,109,2),(174,1,1,112,1),(174,1,1,115,2),(174,1,1,117,1),(174,1,1,118,2),(174,1,1,120,1),(174,1,1,123,1),(174,1,1,126,1),(175,1,1,70,2),(175,1,1,78,1),(175,1,1,101,1),(175,1,1,102,2),(175,1,1,109,2),(175,1,1,112,1),(175,1,1,115,1),(175,1,1,118,3),(175,1,1,120,1),(176,1,1,72,3),(176,1,1,100,4),(176,1,1,106,1),(176,1,1,111,1),(176,1,1,112,1),(176,1,1,118,1),(177,1,1,73,1),(177,1,1,74,1),(177,1,1,108,1),(177,1,1,110,1),(177,1,1,111,2),(177,1,1,112,1),(177,1,1,113,1),(177,1,1,118,1),(178,1,1,73,1),(178,1,1,74,1),(178,1,1,110,1),(178,1,1,111,1),(178,1,1,112,1),(178,1,1,118,1),(179,1,1,73,1),(179,1,1,74,1),(179,1,1,102,1),(179,1,1,106,1),(179,1,1,110,1),(179,1,1,111,1),(179,1,1,112,1),(179,1,1,118,1),(180,1,1,73,1),(180,1,1,74,1),(180,1,1,108,1),(180,1,1,110,1),(180,1,1,111,2),(180,1,1,112,1),(180,1,1,113,1),(180,1,1,118,1),(181,1,1,73,1),(181,1,1,74,1),(181,1,1,108,1),(181,1,1,109,2),(181,1,1,111,1),(181,1,1,113,3),(181,1,1,116,1),(181,1,1,118,1),(181,1,1,120,2),(181,1,1,123,1),(182,1,1,73,1),(182,1,1,74,1),(182,1,1,75,1),(182,1,1,106,1),(182,1,1,109,1),(182,1,1,111,1),(182,1,1,113,1),(182,1,1,114,1),(182,1,1,115,2),(182,1,1,118,1),(182,1,1,123,1),(182,1,1,124,1),(183,1,1,73,1),(183,1,1,74,1),(183,1,1,110,1),(183,1,1,111,1),(183,1,1,112,1),(183,1,1,118,1),(184,1,1,73,1),(184,1,1,74,1),(184,1,1,109,1),(184,1,1,110,1),(184,1,1,111,2),(184,1,1,112,1),(184,1,1,114,1),(184,1,1,118,1),(185,1,1,76,1),(185,1,1,78,1),(185,1,1,106,1),(185,1,1,108,1),(185,1,1,111,1),(185,1,1,113,1),(185,1,1,114,1),(185,1,1,115,2),(185,1,1,118,1),(185,1,1,120,1),(185,1,1,123,1),(185,1,1,124,1),(186,1,1,77,1),(186,1,1,78,1),(186,1,1,83,1),(186,1,1,98,1),(186,1,1,100,1),(186,1,1,108,1),(186,1,1,109,1),(186,1,1,113,2),(186,1,1,114,1),(186,1,1,117,1),(186,1,1,119,1),(186,1,1,121,1),(186,1,1,123,1),(186,1,1,126,1),(187,1,1,77,1),(187,1,1,78,1),(187,1,1,80,1),(187,1,1,93,1),(187,1,1,95,2),(187,1,1,100,1),(187,1,1,112,1),(187,1,1,114,1),(187,1,1,115,2),(187,1,1,118,1),(187,1,1,121,1),(187,1,1,123,1),(187,1,1,124,2),(188,1,1,77,2),(188,1,1,78,1),(188,1,1,86,2),(188,1,1,95,1),(188,1,1,96,1),(188,1,1,102,1),(188,1,1,111,1),(188,1,1,116,1),(188,1,1,117,1),(188,1,1,118,1),(188,1,1,119,1),(188,1,1,121,1),(188,1,1,124,1),(189,1,1,77,1),(189,1,1,79,1),(189,1,1,84,1),(189,1,1,114,1),(189,1,1,115,2),(189,1,1,118,1),(189,1,1,123,1),(189,1,1,124,1),(190,1,1,78,1),(190,1,1,79,1),(191,1,1,78,1),(191,1,1,79,1),(191,1,1,114,1),(191,1,1,115,2),(191,1,1,118,1),(191,1,1,121,1),(192,1,1,78,1),(192,1,1,79,1),(192,1,1,114,1),(192,1,1,115,2),(192,1,1,118,1),(192,1,1,121,1),(193,1,1,78,1),(193,1,1,79,1),(193,1,1,114,1),(193,1,1,115,2),(193,1,1,118,1),(193,1,1,121,1),(194,1,1,78,1),(194,1,1,80,1),(195,1,1,78,1),(195,1,1,79,1),(195,1,1,84,1),(195,1,1,111,1),(195,1,1,112,1),(196,1,1,78,1),(196,1,1,79,1),(196,1,1,115,1),(197,1,1,78,1),(197,1,1,80,1),(197,1,1,101,3),(197,1,1,104,1),(197,1,1,108,1),(197,1,1,110,1),(197,1,1,114,1),(197,1,1,115,2),(197,1,1,118,1),(197,1,1,123,1),(197,1,1,124,1),(198,1,1,78,1),(198,1,1,80,1),(198,1,1,114,1),(198,1,1,115,2),(198,1,1,118,1),(198,1,1,123,1),(198,1,1,124,1),(198,1,1,126,1),(199,1,1,78,1),(199,1,1,79,1),(199,1,1,88,1),(199,1,1,113,1),(199,1,1,114,1),(199,1,1,115,2),(199,1,1,118,1),(199,1,1,123,1),(199,1,1,124,1),(199,1,1,126,1),(200,1,1,79,1),(200,1,1,84,1),(200,1,1,114,1),(200,1,1,115,2),(200,1,1,118,1),(200,1,1,123,1),(200,1,1,124,2),(201,1,1,79,1),(201,1,1,84,1),(201,1,1,115,1),(201,1,1,116,1),(201,1,1,118,1),(201,1,1,123,1),(201,1,1,124,2),(201,1,1,125,1),(201,1,1,126,1),(202,1,1,79,1),(202,1,1,84,1),(202,1,1,116,1),(202,1,1,118,1),(202,1,1,123,1),(202,1,1,124,2),(202,1,1,125,1),(203,1,1,79,1),(203,1,1,84,1),(203,1,1,114,1),(203,1,1,115,2),(203,1,1,118,1),(203,1,1,123,1),(203,1,1,124,2),(204,1,1,79,1),(204,1,1,84,1),(204,1,1,114,1),(204,1,1,115,2),(204,1,1,118,1),(204,1,1,123,1),(204,1,1,124,2),(205,1,1,79,1),(205,1,1,84,1),(205,1,1,92,1),(205,1,1,114,1),(205,1,1,115,2),(205,1,1,118,1),(205,1,1,123,1),(205,1,1,124,2),(206,1,1,79,1),(206,1,1,84,1),(206,1,1,114,1),(206,1,1,115,2),(206,1,1,118,1),(206,1,1,123,1),(206,1,1,124,2),(207,1,1,79,1),(207,1,1,84,1),(207,1,1,114,1),(207,1,1,115,2),(207,1,1,118,1),(207,1,1,123,1),(207,1,1,124,2),(208,1,1,80,1),(208,1,1,84,1),(208,1,1,116,1),(208,1,1,118,1),(208,1,1,125,1),(209,1,1,80,1),(209,1,1,81,1),(209,1,1,83,1),(209,1,1,84,1),(209,1,1,114,3),(209,1,1,115,2),(209,1,1,118,1),(209,1,1,123,1),(209,1,1,124,1),(210,1,1,82,1),(210,1,1,84,1),(210,1,1,114,1),(210,1,1,115,2),(210,1,1,118,1),(210,1,1,123,1),(210,1,1,124,2),(210,1,1,126,1),(211,1,1,82,1),(211,1,1,84,1),(211,1,1,85,1),(211,1,1,114,1),(211,1,1,115,3),(211,1,1,118,1),(211,1,1,120,1),(211,1,1,123,1),(211,1,1,124,2),(212,1,1,83,1),(212,1,1,84,1),(212,1,1,90,1),(212,1,1,91,1),(212,1,1,93,1),(212,1,1,94,1),(212,1,1,102,1),(212,1,1,106,2),(212,1,1,113,1),(212,1,1,116,1),(212,1,1,118,1),(212,1,1,121,1),(212,1,1,124,1),(212,1,1,126,1),(213,1,1,84,2),(213,1,1,98,1),(213,1,1,106,1),(213,1,1,113,1),(213,1,1,114,1),(213,1,1,119,1),(213,1,1,121,1),(213,1,1,123,1),(214,1,1,84,2),(214,1,1,92,1),(214,1,1,102,1),(214,1,1,106,1),(214,1,1,113,1),(214,1,1,114,1),(214,1,1,115,1),(214,1,1,121,1),(214,1,1,123,1),(215,1,1,84,2),(215,1,1,94,2),(215,1,1,96,1),(215,1,1,113,1),(215,1,1,114,1),(215,1,1,115,2),(215,1,1,118,1),(215,1,1,120,1),(215,1,1,122,2),(215,1,1,123,1),(215,1,1,124,1),(215,1,1,126,1),(216,1,1,84,2),(216,1,1,114,1),(216,1,1,115,2),(216,1,1,118,1),(216,1,1,120,1),(216,1,1,123,1),(216,1,1,124,1),(216,1,1,126,1),(217,1,1,84,1),(217,1,1,85,1),(217,1,1,114,1),(217,1,1,115,2),(217,1,1,118,2),(217,1,1,120,1),(217,1,1,123,1),(217,1,1,124,2),(218,1,1,84,1),(218,1,1,85,1),(218,1,1,108,1),(218,1,1,109,1),(218,1,1,113,2),(218,1,1,116,1),(218,1,1,118,1),(218,1,1,124,1),(219,1,1,84,1),(219,1,1,85,1),(219,1,1,90,8),(219,1,1,114,1),(219,1,1,115,2),(219,1,1,118,1),(219,1,1,120,1),(219,1,1,123,1),(219,1,1,124,2),(219,1,1,125,1),(220,1,1,84,1),(220,1,1,85,1),(220,1,1,92,2),(220,1,1,114,1),(220,1,1,115,2),(220,1,1,118,2),(220,1,1,120,2),(220,1,1,123,2),(220,1,1,124,1),(221,1,1,84,1),(221,1,1,85,1),(221,1,1,114,1),(221,1,1,115,2),(221,1,1,118,1),(221,1,1,120,1),(221,1,1,123,1),(221,1,1,124,1),(222,1,1,84,1),(222,1,1,85,1),(222,1,1,93,1),(222,1,1,104,1),(222,1,1,114,1),(222,1,1,115,2),(222,1,1,117,1),(222,1,1,118,1),(222,1,1,123,1),(222,1,1,124,1),(223,1,1,85,1),(223,1,1,86,1),(224,1,1,85,1),(224,1,1,86,1),(225,1,1,97,1),(225,1,1,99,1),(225,1,1,106,7),(225,1,1,110,1),(225,1,1,111,3),(225,1,1,112,2),(225,1,1,113,6),(225,1,1,114,1),(225,1,1,120,1),(225,1,1,121,1),(225,1,1,123,1),(225,1,1,125,1),(225,1,1,126,1),(226,1,1,104,1),(226,1,1,106,4),(226,1,1,109,1),(226,1,1,111,1),(226,1,1,112,1),(226,1,1,113,5),(226,1,1,115,1),(226,1,1,117,1),(226,1,1,118,1),(226,1,1,120,1),(227,1,1,106,1),(227,1,1,116,2),(227,1,1,119,2),(228,1,1,106,1),(228,1,1,113,3),(228,1,1,116,2),(228,1,1,119,1),(229,1,1,119,1),(229,1,1,123,2),(229,1,1,124,1),(229,1,1,125,1),(230,1,1,119,1),(230,1,1,120,1),(230,1,1,123,2),(230,1,1,124,2),(231,1,1,120,1),(231,1,1,122,1),(231,1,1,123,1),(231,1,1,124,2),(231,1,1,126,1),(232,1,1,122,1),(232,1,1,125,1),(233,1,1,122,1),(233,1,1,125,1);

--
-- Table structure for table `ps_pagenotfound`
--

CREATE TABLE `ps_pagenotfound` (
  `id_pagenotfound` int(10) unsigned NOT NULL AUTO_INCREMENT,
  `id_shop` int(10) unsigned NOT NULL DEFAULT '1',
  `id_shop_group` int(10) unsigned NOT NULL DEFAULT '1',
  `request_uri` varchar(256) NOT NULL,
  `http_referer` varchar(256) NOT NULL,
  `date_add` datetime NOT NULL,
  PRIMARY KEY (`id_pagenotfound`),
  KEY `date_add` (`date_add`)
) ENGINE=InnoDB AUTO_INCREMENT=1389 DEFAULT CHARSET=utf8;

--
-- Dumping data for table `ps_pagenotfound`
--

INSERT INTO `ps_pagenotfound` (`id_pagenotfound`, `id_shop`, `id_shop_group`, `request_uri`, `http_referer`, `date_add`) VALUES (1,1,1,'/admin358vagsvu/index.php?tab=AdminModules&configure=themeconfigurator&token=d0ea6a0d68c56548a7ede8cb9424a89d&tab_module=other&module_name=themeconfigurator','http://www.doudoumalaysia.com.my/admin358vagsvu/index.php?tab=AdminModules&configure=themeconfigurator&token=d0ea6a0d68c56548a7ede8cb9424a89d&tab_module=other&module_name=themeconfigurator','2015-08-18 11:59:03'),(2,1,1,'/admin358vagsvu/index.php?tab=AdminModules&configure=themeconfigurator&token=d0ea6a0d68c56548a7ede8cb9424a89d&tab_module=other&module_name=themeconfigurator','http://www.doudoumalaysia.com.my/admin358vagsvu/index.php?controller=AdminModules&token=d0ea6a0d68c56548a7ede8cb9424a89d&configure=themeconfigurator','2015-08-18 12:00:26'),(3,1,1,'/admin358vagsvu/index.php?tab=AdminModules&configure=themeconfigurator&token=d0ea6a0d68c56548a7ede8cb9424a89d&tab_module=other&module_name=themeconfigurator','http://www.doudoumalaysia.com.my/admin358vagsvu/index.php?tab=AdminModules&configure=themeconfigurator&conf=6&token=d0ea6a0d68c56548a7ede8cb9424a89d','2015-08-18 12:01:51'),(4,1,1,'/admin358vagsvu/index.php?tab=AdminModules&configure=themeconfigurator&token=d0ea6a0d68c56548a7ede8cb9424a89d&tab_module=other&module_name=themeconfigurator','http://www.doudoumalaysia.com.my/admin358vagsvu/index.php?controller=AdminModules&token=d0ea6a0d68c56548a7ede8cb9424a89d&configure=themeconfigurator','2015-08-18 12:11:26'),(5,1,1,'/admin358vagsvu/index.php?tab=AdminModules&configure=themeconfigurator&token=d0ea6a0d68c56548a7ede8cb9424a89d&tab_module=other&module_name=themeconfigurator','http://www.doudoumalaysia.com.my/admin358vagsvu/index.php?controller=AdminModules&token=d0ea6a0d68c56548a7ede8cb9424a89d&configure=themeconfigurator','2015-08-18 12:15:15'),(6,1,1,'/admin358vagsvu/index.php?controller=AdminCategories&token=583678e6526203f0df2fcf2523a14801','http://www.doudoumalaysia.com.my/admin358vagsvu/index.php?controller=AdminCategories&addcategory&token=583678e6526203f0df2fcf2523a14801','2015-08-18 13:41:28'),(7,1,1,'/admin358vagsvu/themes/default/css/admin-theme.css.map','','2015-08-18 15:37:36'),(8,1,1,'/admin358vagsvu/themes/default/css/admin-theme.css.map','','2015-08-18 15:37:36'),(9,1,1,'/admin358vagsvu/themes/default/css/admin-theme.css.map','','2015-08-18 15:37:36'),(10,1,1,'/admin358vagsvu/themes/default/css/admin-theme.css.map','','2015-08-18 15:37:36'),(11,1,1,'/admin358vagsvu/themes/default/css/admin-theme.css.map','','2015-08-18 15:48:35'),(12,1,1,'/admin358vagsvu/themes/default/css/admin-theme.css.map','','2015-08-18 15:48:35'),(13,1,1,'/admin358vagsvu/themes/default/css/admin-theme.css.map','','2015-08-18 15:48:35'),(14,1,1,'/admin358vagsvu/themes/default/css/admin-theme.css.map','','2015-08-18 15:48:35'),(15,1,1,'/admin358vagsvu/themes/default/css/admin-theme.css.map','','2015-08-19 12:58:35'),(16,1,1,'/admin358vagsvu/themes/default/css/admin-theme.css.map','','2015-08-19 12:58:35'),(17,1,1,'/admin358vagsvu/themes/default/css/admin-theme.css.map','','2015-08-19 12:58:35'),(18,1,1,'/rabbit-bonbon','','2015-08-19 13:14:49'),(19,1,1,'/rabbit-bonbon','','2015-08-19 13:15:50'),(20,1,1,'/admin358vagsvu/index.php?controller=AdminModules&configure=homeslider&tab_module=front_office_features&module_name=homeslider&token=d0ea6a0d68c56548a7ede8cb9424a89d','http://www.doudoumalaysia.com.my/admin358vagsvu/index.php?controller=AdminModules&token=d0ea6a0d68c56548a7ede8cb9424a89d&configure=homeslider&id_slide=2','2015-08-21 00:08:40'),(21,1,1,'/admin358vagsvu/index.php?controller=AdminModules&configure=homeslider&tab_module=front_office_features&module_name=homeslider&token=d0ea6a0d68c56548a7ede8cb9424a89d','http://www.doudoumalaysia.com.my/admin358vagsvu/index.php?controller=AdminModules&token=d0ea6a0d68c56548a7ede8cb9424a89d&configure=homeslider&id_slide=2','2015-08-21 00:11:57'),(22,1,1,'/admin358vagsvu/index.php?tab=AdminModules&configure=themeconfigurator&token=d0ea6a0d68c56548a7ede8cb9424a89d&tab_module=other&module_name=themeconfigurator','http://www.doudoumalaysia.com.my/admin358vagsvu/index.php?controller=AdminModules&configure=themeconfigurator&tab_module=front_office_features&module_name=themeconfigurator&token=d0ea6a0d68c56548a7ede8cb9424a89d','2015-08-23 16:48:15'),(23,1,1,'/admin358vagsvu/index.php?controller=AdminModules&configure=homeslider&tab_module=front_office_features&module_name=homeslider&token=d0ea6a0d68c56548a7ede8cb9424a89d','http://www.doudoumalaysia.com.my/admin358vagsvu/index.php?controller=AdminModules&token=d0ea6a0d68c56548a7ede8cb9424a89d&configure=homeslider&id_slide=2','2015-08-23 22:10:00'),(24,1,1,'/themes/default-bootstrap/css/global.css.map','','2015-08-24 11:27:29'),(25,1,1,'/themes/default-bootstrap/css/category.css.map','','2015-08-24 11:27:29'),(26,1,1,'/themes/default-bootstrap/css/global.css.map','','2015-08-24 11:27:29'),(27,1,1,'/themes/default-bootstrap/css/global.css.map','','2015-08-24 11:27:29'),(28,1,1,'/themes/default-bootstrap/css/global.css.map','','2015-08-24 11:27:29'),(29,1,1,'/themes/default-bootstrap/css/global.css.map','','2015-08-24 11:27:29'),(30,1,1,'/themes/default-bootstrap/css/global.css.map','','2015-08-24 11:27:31'),(31,1,1,'/themes/default-bootstrap/css/category.css.map','','2015-08-24 11:27:31'),(32,1,1,'/themes/default-bootstrap/css/global.css.map','','2015-08-24 11:27:32'),(33,1,1,'/themes/default-bootstrap/css/global.css.map','','2015-08-24 11:27:33'),(34,1,1,'/themes/default-bootstrap/css/global.css.map','','2015-08-24 11:27:33'),(35,1,1,'/themes/default-bootstrap/css/global.css.map','','2015-08-24 11:27:33'),(36,1,1,'/themes/default-bootstrap/css/global.css.map','','2015-08-24 11:27:33'),(37,1,1,'/themes/default-bootstrap/css/global.css.map','','2015-08-24 11:27:34'),(38,1,1,'/admin358vagsvu/themes/default/css/admin-theme.css.map','','2015-08-24 14:22:34'),(39,1,1,'/admin358vagsvu/themes/default/css/admin-theme.css.map','','2015-08-24 14:22:34'),(40,1,1,'/admin358vagsvu/themes/default/css/admin-theme.css.map','','2015-08-24 14:22:34'),(41,1,1,'/admin358vagsvu/themes/default/css/admin-theme.css.map','','2015-08-24 14:22:34'),(42,1,1,'/admin358vagsvu/themes/default/css/admin-theme.css.map','','2015-08-24 14:22:34'),(43,1,1,'/admin358vagsvu/themes/default/css/admin-theme.css.map','','2015-08-24 14:22:34'),(44,1,1,'/admin358vagsvu/themes/default/css/admin-theme.css.map','','2015-08-24 14:22:35'),(45,1,1,'/admin358vagsvu/index.php?controller=AdminProducts&token=6d0fd185644d59dc7b48abfdc994dca6&id_product=62&action=Shipping&updateproduct&ajax=1&page=NaN&rand=1440588803083&_=1440588796931','http://www.doudoumalaysia.com.my/admin358vagsvu/index.php?controller=AdminProducts&id_product=62&updateproduct&conf=4&key_tab=Prices&token=6d0fd185644d59dc7b48abfdc994dca6','2015-08-26 19:33:24'),(46,1,1,'/the-farm/','','2015-08-28 11:41:45'),(47,1,1,'/themes/default-bootstrap/css/global.css.map','','2015-08-29 13:40:53'),(48,1,1,'/themes/default-bootstrap/css/global.css.map','','2015-08-29 13:40:53'),(49,1,1,'/themes/default-bootstrap/css/category.css.map','','2015-08-29 13:40:53'),(50,1,1,'/themes/default-bootstrap/css/global.css.map','','2015-08-29 13:40:53'),(51,1,1,'/themes/default-bootstrap/css/global.css.map','','2015-08-29 13:40:53'),(52,1,1,'/themes/default-bootstrap/css/category.css.map','','2015-08-29 13:40:53'),(53,1,1,'/themes/default-bootstrap/css/global.css.map','','2015-08-29 13:40:54'),(54,1,1,'/themes/default-bootstrap/css/global.css.map','','2015-08-29 13:40:54'),(55,1,1,'/themes/default-bootstrap/css/global.css.map','','2015-08-29 13:40:54'),(56,1,1,'/themes/default-bootstrap/css/global.css.map','','2015-08-29 13:46:44'),(57,1,1,'/themes/default-bootstrap/css/global.css.map','','2015-08-29 13:46:45'),(58,1,1,'/themes/default-bootstrap/css/global.css.map','','2015-08-29 13:46:45'),(59,1,1,'/themes/default-bootstrap/css/global.css.map','','2015-08-29 13:46:46'),(60,1,1,'/themes/default-bootstrap/css/global.css.map','','2015-08-29 13:46:46'),(61,1,1,'/themes/default-bootstrap/css/global.css.map','','2015-08-29 13:46:46'),(62,1,1,'/themes/default-bootstrap/css/global.css.map','','2015-08-29 13:46:46'),(63,1,1,'/themes/default-bootstrap/css/global.css.map','','2015-08-29 13:46:46'),(64,1,1,'/themes/default-bootstrap/css/global.css.map','','2015-08-29 13:46:51'),(65,1,1,'/themes/default-bootstrap/css/global.css.map','','2015-08-29 13:46:51'),(66,1,1,'/themes/default-bootstrap/css/global.css.map','','2015-08-29 13:46:51'),(67,1,1,'/themes/default-bootstrap/css/global.css.map','','2015-08-29 13:46:51'),(68,1,1,'/themes/default-bootstrap/css/global.css.map','','2015-08-29 13:46:51'),(69,1,1,'/themes/default-bootstrap/css/global.css.map','','2015-08-29 13:46:52'),(70,1,1,'/themes/default-bootstrap/css/global.css.map','','2015-08-29 13:46:52'),(71,1,1,'/themes/default-bootstrap/css/global.css.map','','2015-08-29 13:46:52'),(72,1,1,'/themes/default-bootstrap/css/global.css.map','','2015-08-29 13:47:03'),(73,1,1,'/themes/default-bootstrap/css/global.css.map','','2015-08-29 13:47:03'),(74,1,1,'/themes/default-bootstrap/css/global.css.map','','2015-08-29 13:47:03'),(75,1,1,'/themes/default-bootstrap/css/category.css.map','','2015-08-29 13:47:03'),(76,1,1,'/themes/default-bootstrap/css/category.css.map','','2015-08-29 13:47:03'),(77,1,1,'/themes/default-bootstrap/css/global.css.map','','2015-08-29 13:47:03'),(78,1,1,'/themes/default-bootstrap/css/global.css.map','','2015-08-29 13:47:05'),(79,1,1,'/themes/default-bootstrap/css/global.css.map','','2015-08-29 13:47:05'),(80,1,1,'/themes/default-bootstrap/css/global.css.map','','2015-08-29 13:47:05'),(81,1,1,'/themes/default-bootstrap/css/global.css.map','','2015-08-29 13:47:05'),(82,1,1,'/themes/default-bootstrap/css/global.css.map','','2015-08-29 13:47:05'),(83,1,1,'/themes/default-bootstrap/css/global.css.map','','2015-08-29 13:48:40'),(84,1,1,'/themes/default-bootstrap/css/global.css.map','','2015-08-29 13:48:40'),(85,1,1,'/themes/default-bootstrap/css/global.css.map','','2015-08-29 13:48:40'),(86,1,1,'/themes/default-bootstrap/css/global.css.map','','2015-08-29 13:48:40'),(87,1,1,'/themes/default-bootstrap/css/global.css.map','','2015-08-29 13:48:40'),(88,1,1,'/themes/default-bootstrap/css/global.css.map','','2015-08-29 13:48:40'),(89,1,1,'/themes/default-bootstrap/css/global.css.map','','2015-08-29 13:48:41'),(90,1,1,'/themes/default-bootstrap/css/global.css.map','','2015-08-29 13:48:41'),(91,1,1,'/themes/default-bootstrap/css/global.css.map','','2015-08-29 13:49:01'),(92,1,1,'/themes/default-bootstrap/css/global.css.map','','2015-08-29 13:49:01'),(93,1,1,'/themes/default-bootstrap/css/global.css.map','','2015-08-29 13:49:01'),(94,1,1,'/themes/default-bootstrap/css/global.css.map','','2015-08-29 13:49:01'),(95,1,1,'/themes/default-bootstrap/css/global.css.map','','2015-08-29 13:49:01'),(96,1,1,'/themes/default-bootstrap/css/global.css.map','','2015-08-29 13:49:02'),(97,1,1,'/themes/default-bootstrap/css/global.css.map','','2015-08-29 13:49:02'),(98,1,1,'/themes/default-bootstrap/css/global.css.map','','2015-08-29 13:49:03'),(99,1,1,'/themes/default-bootstrap/css/category.css.map','','2015-08-29 13:49:03'),(100,1,1,'/themes/default-bootstrap/css/global.css.map','','2015-08-29 13:49:43'),(101,1,1,'/themes/default-bootstrap/css/global.css.map','','2015-08-29 13:49:43'),(102,1,1,'/themes/default-bootstrap/css/global.css.map','','2015-08-29 13:49:43'),(103,1,1,'/themes/default-bootstrap/css/global.css.map','','2015-08-29 13:49:43'),(104,1,1,'/themes/default-bootstrap/css/global.css.map','','2015-08-29 13:49:43'),(105,1,1,'/themes/default-bootstrap/css/global.css.map','','2015-08-29 13:49:43'),(106,1,1,'/themes/default-bootstrap/css/global.css.map','','2015-08-29 13:49:44'),(107,1,1,'/themes/default-bootstrap/css/global.css.map','','2015-08-29 13:49:44'),(108,1,1,'/themes/default-bootstrap/css/category.css.map','','2015-08-29 13:50:32'),(109,1,1,'/themes/default-bootstrap/css/category.css.map','','2015-08-29 13:50:32'),(110,1,1,'/themes/default-bootstrap/css/category.css.map','','2015-08-29 13:51:14'),(111,1,1,'/themes/default-bootstrap/css/category.css.map','','2015-08-29 13:51:14'),(112,1,1,'/themes/default-bootstrap/css/global.css.map','','2015-08-29 13:51:14'),(113,1,1,'/themes/default-bootstrap/css/global.css.map','','2015-08-29 13:51:15'),(114,1,1,'/themes/default-bootstrap/css/global.css.map','','2015-08-29 13:51:15'),(115,1,1,'/themes/default-bootstrap/css/global.css.map','','2015-08-29 13:51:15'),(116,1,1,'/themes/default-bootstrap/css/global.css.map','','2015-08-29 13:51:16'),(117,1,1,'/themes/default-bootstrap/css/global.css.map','','2015-08-29 13:51:16'),(118,1,1,'/themes/default-bootstrap/css/global.css.map','','2015-08-29 13:51:16'),(119,1,1,'/themes/default-bootstrap/css/global.css.map','','2015-08-29 13:51:16'),(120,1,1,'/themes/default-bootstrap/css/global.css.map','','2015-08-29 13:51:16'),(121,1,1,'/themes/default-bootstrap/css/global.css.map','','2015-08-29 13:51:16'),(122,1,1,'/themes/default-bootstrap/css/global.css.map','','2015-08-29 13:51:17'),(123,1,1,'/themes/default-bootstrap/css/global.css.map','','2015-08-29 13:51:17'),(124,1,1,'/themes/default-bootstrap/css/global.css.map','','2015-08-29 13:51:17'),(125,1,1,'/admin358vagsvu/index.php?controller=AdminCategories&token=583678e6526203f0df2fcf2523a14801','http://www.doudoumalaysia.com.my/admin358vagsvu/index.php?controller=AdminCategories&id_category=12&updatecategory&token=583678e6526203f0df2fcf2523a14801','2015-08-30 01:43:11'),(126,1,1,'/themes/default-bootstrap/css/global.css.map','','2015-08-30 18:26:06'),(127,1,1,'/themes/default-bootstrap/css/global.css.map','','2015-08-30 18:26:06'),(128,1,1,'/themes/default-bootstrap/css/category.css.map','','2015-08-30 18:26:06'),(129,1,1,'/themes/default-bootstrap/css/global.css.map','','2015-08-30 18:26:06'),(130,1,1,'/themes/default-bootstrap/css/category.css.map','','2015-08-30 18:26:06'),(131,1,1,'/themes/default-bootstrap/css/global.css.map','','2015-08-30 18:26:06'),(132,1,1,'/themes/default-bootstrap/css/global.css.map','','2015-08-30 18:26:09'),(133,1,1,'/themes/default-bootstrap/css/global.css.map','','2015-08-30 18:26:09'),(134,1,1,'/themes/default-bootstrap/css/global.css.map','','2015-08-30 18:26:09'),(135,1,1,'/themes/default-bootstrap/css/global.css.map','','2015-08-30 18:26:09'),(136,1,1,'/themes/default-bootstrap/css/global.css.map','','2015-08-30 18:26:09'),(137,1,1,'/themes/default-bootstrap/css/global.css.map','','2015-08-30 18:26:09'),(138,1,1,'/themes/default-bootstrap/css/global.css.map','','2015-08-30 18:26:10'),(139,1,1,'/themes/default-bootstrap/css/global.css.map','','2015-08-30 18:26:11'),(140,1,1,'/themes/default-bootstrap/css/global.css.map','','2015-08-30 18:26:46'),(141,1,1,'/themes/default-bootstrap/css/global.css.map','','2015-08-30 18:26:46'),(142,1,1,'/themes/default-bootstrap/css/global.css.map','','2015-08-30 18:26:46'),(143,1,1,'/themes/default-bootstrap/css/global.css.map','','2015-08-30 18:26:46'),(144,1,1,'/themes/default-bootstrap/css/global.css.map','','2015-08-30 18:26:46'),(145,1,1,'/themes/default-bootstrap/css/category.css.map','','2015-08-30 18:26:46'),(146,1,1,'/themes/default-bootstrap/css/global.css.map','','2015-08-30 18:26:48'),(147,1,1,'/themes/default-bootstrap/css/global.css.map','','2015-08-30 18:26:48'),(148,1,1,'/themes/default-bootstrap/css/global.css.map','','2015-08-30 18:34:25'),(149,1,1,'/themes/default-bootstrap/css/global.css.map','','2015-08-30 18:34:25'),(150,1,1,'/themes/default-bootstrap/css/global.css.map','','2015-08-30 18:34:25'),(151,1,1,'/themes/default-bootstrap/css/global.css.map','','2015-08-30 18:34:25'),(152,1,1,'/themes/default-bootstrap/css/global.css.map','','2015-08-30 18:34:26'),(153,1,1,'/themes/default-bootstrap/css/category.css.map','','2015-08-30 18:34:26'),(154,1,1,'/themes/default-bootstrap/css/global.css.map','','2015-08-30 18:34:27'),(155,1,1,'/themes/default-bootstrap/css/global.css.map','','2015-08-30 18:34:27'),(156,1,1,'/themes/default-bootstrap/css/global.css.map','','2015-08-30 18:34:41'),(157,1,1,'/themes/default-bootstrap/css/global.css.map','','2015-08-30 18:34:41'),(158,1,1,'/themes/default-bootstrap/css/global.css.map','','2015-08-30 18:34:41'),(159,1,1,'/themes/default-bootstrap/css/global.css.map','','2015-08-30 18:34:41'),(160,1,1,'/themes/default-bootstrap/css/global.css.map','','2015-08-30 18:34:41'),(161,1,1,'/themes/default-bootstrap/css/global.css.map','','2015-08-30 18:34:41'),(162,1,1,'/themes/default-bootstrap/css/global.css.map','','2015-08-30 18:34:42'),(163,1,1,'/themes/default-bootstrap/css/global.css.map','','2015-08-30 18:34:42'),(164,1,1,'/themes/default-bootstrap/css/category.css.map','','2015-08-30 18:35:17'),(165,1,1,'/themes/default-bootstrap/css/category.css.map','','2015-08-30 18:35:17'),(166,1,1,'/admin358vagsvu/themes/default/css/admin-theme.css.map','','2015-08-30 18:39:44'),(167,1,1,'/admin358vagsvu/themes/default/css/admin-theme.css.map','','2015-08-30 18:39:44'),(168,1,1,'/admin358vagsvu/themes/default/css/admin-theme.css.map','','2015-08-30 18:39:44'),(169,1,1,'/admin358vagsvu/themes/default/css/admin-theme.css.map','','2015-08-30 18:39:44'),(170,1,1,'/admin358vagsvu/themes/default/css/admin-theme.css.map','','2015-08-30 18:39:44'),(171,1,1,'/admin358vagsvu/themes/default/css/admin-theme.css.map','','2015-08-30 18:39:44'),(172,1,1,'/admin358vagsvu/themes/default/css/admin-theme.css.map','','2015-08-30 18:39:49'),(173,1,1,'/admin358vagsvu/themes/default/css/admin-theme.css.map','','2015-08-30 18:42:11'),(174,1,1,'/admin358vagsvu/themes/default/css/admin-theme.css.map','','2015-08-30 18:42:11'),(175,1,1,'/admin358vagsvu/themes/default/css/admin-theme.css.map','','2015-08-30 18:42:11'),(176,1,1,'/admin358vagsvu/themes/default/css/admin-theme.css.map','','2015-08-30 18:42:11'),(177,1,1,'/admin358vagsvu/themes/default/css/admin-theme.css.map','','2015-08-30 18:42:11'),(178,1,1,'/admin358vagsvu/themes/default/css/admin-theme.css.map','','2015-08-30 18:42:11'),(179,1,1,'/admin358vagsvu/themes/default/css/admin-theme.css.map','','2015-08-30 18:42:11'),(180,1,1,'/admin358vagsvu/themes/default/css/admin-theme.css.map','','2015-08-30 18:52:48'),(181,1,1,'/admin358vagsvu/themes/default/css/admin-theme.css.map','','2015-08-30 18:52:48'),(182,1,1,'/admin358vagsvu/themes/default/css/admin-theme.css.map','','2015-08-30 18:52:48'),(183,1,1,'/admin358vagsvu/themes/default/css/admin-theme.css.map','','2015-08-30 18:52:48'),(184,1,1,'/admin358vagsvu/themes/default/css/admin-theme.css.map','','2015-08-30 18:52:59'),(185,1,1,'/admin358vagsvu/themes/default/css/admin-theme.css.map','','2015-08-30 18:52:59'),(186,1,1,'/admin358vagsvu/themes/default/css/admin-theme.css.map','','2015-08-30 18:52:59'),(187,1,1,'/admin358vagsvu/themes/default/css/admin-theme.css.map','','2015-08-30 18:53:00'),(188,1,1,'/admin358vagsvu/themes/default/css/admin-theme.css.map','','2015-08-30 18:53:22'),(189,1,1,'/admin358vagsvu/themes/default/css/admin-theme.css.map','','2015-08-30 18:53:22'),(190,1,1,'/admin358vagsvu/themes/default/css/admin-theme.css.map','','2015-08-30 18:53:22'),(191,1,1,'/admin358vagsvu/themes/default/css/admin-theme.css.map','','2015-08-30 18:53:22'),(192,1,1,'/admin358vagsvu/themes/default/css/admin-theme.css.map','','2015-08-30 18:53:38'),(193,1,1,'/admin358vagsvu/themes/default/css/admin-theme.css.map','','2015-08-30 18:53:38'),(194,1,1,'/admin358vagsvu/themes/default/css/admin-theme.css.map','','2015-08-30 18:53:38'),(195,1,1,'/admin358vagsvu/themes/default/css/admin-theme.css.map','','2015-08-30 18:53:38'),(196,1,1,'/admin358vagsvu/themes/default/css/admin-theme.css.map','','2015-08-30 18:54:18'),(197,1,1,'/admin358vagsvu/themes/default/css/admin-theme.css.map','','2015-08-30 18:54:18'),(198,1,1,'/admin358vagsvu/themes/default/css/admin-theme.css.map','','2015-08-30 18:54:18'),(199,1,1,'/admin358vagsvu/themes/default/css/admin-theme.css.map','','2015-08-30 18:54:18'),(200,1,1,'/themes/default-bootstrap/css/global.css.map','','2015-08-30 18:55:38'),(201,1,1,'/themes/default-bootstrap/css/global.css.map','','2015-08-30 18:55:38'),(202,1,1,'/themes/default-bootstrap/css/global.css.map','','2015-08-30 18:55:38'),(203,1,1,'/themes/default-bootstrap/css/global.css.map','','2015-08-30 18:55:38'),(204,1,1,'/themes/default-bootstrap/css/global.css.map','','2015-08-30 18:55:38'),(205,1,1,'/themes/default-bootstrap/css/global.css.map','','2015-08-30 18:55:38'),(206,1,1,'/themes/default-bootstrap/css/global.css.map','','2015-08-30 18:55:39'),(207,1,1,'/themes/default-bootstrap/css/global.css.map','','2015-08-30 18:55:40'),(208,1,1,'/themes/default-bootstrap/css/category.css.map','','2015-08-30 18:55:45'),(209,1,1,'/themes/default-bootstrap/css/category.css.map','','2015-08-30 18:55:45'),(210,1,1,'/admin358vagsvu/themes/default/css/admin-theme.css.map','','2015-08-30 18:58:23'),(211,1,1,'/admin358vagsvu/themes/default/css/admin-theme.css.map','','2015-08-30 18:58:23'),(212,1,1,'/admin358vagsvu/themes/default/css/admin-theme.css.map','','2015-08-30 18:58:23'),(213,1,1,'/admin358vagsvu/themes/default/css/admin-theme.css.map','','2015-08-30 18:58:23'),(214,1,1,'/admin358vagsvu/themes/default/css/admin-theme.css.map','','2015-08-30 18:58:23'),(215,1,1,'/admin358vagsvu/themes/default/css/admin-theme.css.map','','2015-08-30 18:58:23'),(216,1,1,'/admin358vagsvu/themes/default/css/admin-theme.css.map','','2015-08-30 18:58:24'),(217,1,1,'/admin358vagsvu/themes/default/css/admin-theme.css.map','','2015-08-30 18:58:39'),(218,1,1,'/admin358vagsvu/themes/default/css/admin-theme.css.map','','2015-08-30 18:58:39'),(219,1,1,'/admin358vagsvu/themes/default/css/admin-theme.css.map','','2015-08-30 18:58:39'),(220,1,1,'/admin358vagsvu/themes/default/css/admin-theme.css.map','','2015-08-30 18:58:39'),(221,1,1,'/admin358vagsvu/themes/default/css/admin-theme.css.map','','2015-08-30 18:58:39'),(222,1,1,'/admin358vagsvu/themes/default/css/admin-theme.css.map','','2015-08-30 18:58:39'),(223,1,1,'/admin358vagsvu/themes/default/css/admin-theme.css.map','','2015-08-30 18:58:40'),(224,1,1,'/admin358vagsvu/themes/default/css/admin-theme.css.map','','2015-08-30 18:59:21'),(225,1,1,'/admin358vagsvu/themes/default/css/admin-theme.css.map','','2015-08-30 18:59:21'),(226,1,1,'/admin358vagsvu/themes/default/css/admin-theme.css.map','','2015-08-30 18:59:21'),(227,1,1,'/admin358vagsvu/themes/default/css/admin-theme.css.map','','2015-08-30 18:59:21'),(228,1,1,'/themes/default-bootstrap/css/category.css.map','','2015-08-30 22:05:33'),(229,1,1,'/themes/default-bootstrap/css/global.css.map','','2015-08-30 22:05:33'),(230,1,1,'/themes/default-bootstrap/css/global.css.map','','2015-08-30 22:05:33'),(231,1,1,'/themes/default-bootstrap/css/global.css.map','','2015-08-30 22:05:33'),(232,1,1,'/themes/default-bootstrap/css/category.css.map','','2015-08-30 22:05:33'),(233,1,1,'/themes/default-bootstrap/css/global.css.map','','2015-08-30 22:05:33'),(234,1,1,'/themes/default-bootstrap/css/global.css.map','','2015-08-30 22:05:34'),(235,1,1,'/themes/default-bootstrap/css/global.css.map','','2015-08-30 22:05:34'),(236,1,1,'/themes/default-bootstrap/css/global.css.map','','2015-08-30 22:05:35'),(237,1,1,'/themes/default-bootstrap/css/global.css.map','','2015-08-30 22:07:25'),(238,1,1,'/themes/default-bootstrap/css/global.css.map','','2015-08-30 22:07:25'),(239,1,1,'/themes/default-bootstrap/css/global.css.map','','2015-08-30 22:07:26'),(240,1,1,'/themes/default-bootstrap/css/global.css.map','','2015-08-30 22:07:26'),(241,1,1,'/themes/default-bootstrap/css/global.css.map','','2015-08-30 22:07:26'),(242,1,1,'/themes/default-bootstrap/css/global.css.map','','2015-08-30 22:07:26'),(243,1,1,'/themes/default-bootstrap/css/global.css.map','','2015-08-30 22:34:08'),(244,1,1,'/themes/default-bootstrap/css/global.css.map','','2015-08-30 22:34:08'),(245,1,1,'/themes/default-bootstrap/css/global.css.map','','2015-08-30 22:34:08'),(246,1,1,'/themes/default-bootstrap/css/global.css.map','','2015-08-30 22:34:08'),(247,1,1,'/themes/default-bootstrap/css/global.css.map','','2015-08-30 22:34:08'),(248,1,1,'/themes/default-bootstrap/css/global.css.map','','2015-08-30 22:34:08'),(249,1,1,'/themes/default-bootstrap/css/global.css.map','','2015-08-30 22:34:10'),(250,1,1,'/themes/default-bootstrap/css/global.css.map','','2015-08-30 22:34:10'),(251,1,1,'/themes/default-bootstrap/css/modules/blocktopmenu/css/superfish-modified.css.map','','2015-08-30 22:34:14'),(252,1,1,'/themes/default-bootstrap/css/modules/blocktopmenu/css/superfish-modified.css.map','','2015-08-30 22:34:14'),(253,1,1,'/themes/default-bootstrap/css/global.css.map','','2015-09-02 00:11:17'),(254,1,1,'/themes/default-bootstrap/css/global.css.map','','2015-09-02 00:11:19'),(255,1,1,'/themes/default-bootstrap/css/global.css.map','','2015-09-02 00:11:19'),(256,1,1,'/themes/default-bootstrap/css/global.css.map','','2015-09-02 00:11:19'),(257,1,1,'/themes/default-bootstrap/css/global.css.map','','2015-09-02 00:11:19'),(258,1,1,'/themes/default-bootstrap/css/global.css.map','','2015-09-02 00:11:19'),(259,1,1,'/themes/default-bootstrap/css/global.css.map','','2015-09-02 00:11:20'),(260,1,1,'/themes/default-bootstrap/css/global.css.map','','2015-09-02 00:14:37'),(261,1,1,'/themes/default-bootstrap/css/global.css.map','','2015-09-02 00:14:37'),(262,1,1,'/themes/default-bootstrap/css/global.css.map','','2015-09-02 00:14:37'),(263,1,1,'/themes/default-bootstrap/css/global.css.map','','2015-09-02 00:14:37'),(264,1,1,'/themes/default-bootstrap/css/global.css.map','','2015-09-02 00:14:37'),(265,1,1,'/themes/default-bootstrap/css/global.css.map','','2015-09-02 00:14:37'),(266,1,1,'/themes/default-bootstrap/css/global.css.map','','2015-09-02 00:14:38'),(267,1,1,'/themes/default-bootstrap/css/global.css.map','','2015-09-02 00:14:38'),(268,1,1,'/themes/default-bootstrap/css/global.css.map','','2015-09-02 00:14:39'),(269,1,1,'/themes/default-bootstrap/css/global.css.map','','2015-09-02 00:14:39'),(270,1,1,'/themes/default-bootstrap/css/global.css.map','','2015-09-02 00:14:39'),(271,1,1,'/themes/default-bootstrap/css/global.css.map','','2015-09-02 00:14:40'),(272,1,1,'/themes/default-bootstrap/css/global.css.map','','2015-09-02 12:17:42'),(273,1,1,'/themes/default-bootstrap/css/global.css.map','','2015-09-02 12:17:42'),(274,1,1,'/themes/default-bootstrap/css/global.css.map','','2015-09-02 12:17:42'),(275,1,1,'/themes/default-bootstrap/css/global.css.map','','2015-09-02 12:17:42'),(276,1,1,'/themes/default-bootstrap/css/global.css.map','','2015-09-02 12:17:42'),(277,1,1,'/themes/default-bootstrap/css/global.css.map','','2015-09-02 12:17:43'),(278,1,1,'/themes/default-bootstrap/css/global.css.map','','2015-09-02 12:17:44'),(279,1,1,'/themes/default-bootstrap/css/global.css.map','','2015-09-02 12:17:44'),(280,1,1,'/themes/default-bootstrap/css/global.css.map','','2015-09-02 12:17:44'),(281,1,1,'/themes/default-bootstrap/css/global.css.map','','2015-09-02 12:17:45'),(282,1,1,'/themes/default-bootstrap/css/global.css.map','','2015-09-02 12:17:45'),(283,1,1,'/themes/default-bootstrap/css/global.css.map','','2015-09-02 12:17:45'),(284,1,1,'/admin358vagsvu/Array','http://www.doudoumalaysia.com.my/admin358vagsvu/index.php?controller=AdminModules&token=d0ea6a0d68c56548a7ede8cb9424a89d','2015-09-02 20:40:10'),(285,1,1,'/themes/default-bootstrap/css/global.css.map','','2015-09-02 22:51:46'),(286,1,1,'/themes/default-bootstrap/css/global.css.map','','2015-09-02 22:51:46'),(287,1,1,'/themes/default-bootstrap/css/global.css.map','','2015-09-02 22:51:46'),(288,1,1,'/themes/default-bootstrap/css/global.css.map','','2015-09-02 22:51:46'),(289,1,1,'/themes/default-bootstrap/css/global.css.map','','2015-09-02 22:51:46'),(290,1,1,'/themes/default-bootstrap/css/global.css.map','','2015-09-02 22:51:46'),(291,1,1,'/themes/default-bootstrap/css/global.css.map','','2015-09-02 22:51:48'),(292,1,1,'/themes/default-bootstrap/css/global.css.map','','2015-09-02 22:51:48'),(293,1,1,'/themes/default-bootstrap/css/global.css.map','','2015-09-02 22:51:48'),(294,1,1,'/themes/default-bootstrap/css/global.css.map','','2015-09-02 22:51:49'),(295,1,1,'/themes/default-bootstrap/css/global.css.map','','2015-09-02 22:51:49'),(296,1,1,'/themes/default-bootstrap/css/global.css.map','','2015-09-02 22:51:49'),(297,1,1,'/themes/default-bootstrap/css/global.css.map','','2015-09-02 22:57:30'),(298,1,1,'/themes/default-bootstrap/css/global.css.map','','2015-09-02 22:57:30'),(299,1,1,'/themes/default-bootstrap/css/global.css.map','','2015-09-02 22:57:30'),(300,1,1,'/themes/default-bootstrap/css/global.css.map','','2015-09-02 22:57:30'),(301,1,1,'/themes/default-bootstrap/css/global.css.map','','2015-09-02 22:57:30'),(302,1,1,'/themes/default-bootstrap/css/global.css.map','','2015-09-02 22:57:31'),(303,1,1,'/themes/default-bootstrap/css/global.css.map','','2015-09-02 22:57:31'),(304,1,1,'/themes/default-bootstrap/css/global.css.map','','2015-09-02 22:57:32'),(305,1,1,'/admin358vagsvu/themes/default/css/admin-theme.css.map','','2015-09-03 10:45:56'),(306,1,1,'/admin358vagsvu/themes/default/css/admin-theme.css.map','','2015-09-03 10:45:56'),(307,1,1,'/admin358vagsvu/themes/default/css/admin-theme.css.map','','2015-09-03 10:45:56'),(308,1,1,'/admin358vagsvu/themes/default/css/admin-theme.css.map','','2015-09-03 10:45:56'),(309,1,1,'/admin358vagsvu/themes/default/css/admin-theme.css.map','','2015-09-03 10:45:56'),(310,1,1,'/admin358vagsvu/themes/default/css/admin-theme.css.map','','2015-09-03 10:45:56'),(311,1,1,'/admin358vagsvu/themes/default/css/admin-theme.css.map','','2015-09-03 10:45:58'),(312,1,1,'/admin358vagsvu/themes/default/css/admin-theme.css.map','','2015-09-03 10:45:58'),(313,1,1,'/admin358vagsvu/themes/default/css/admin-theme.css.map','','2015-09-03 10:55:02'),(314,1,1,'/admin358vagsvu/themes/default/css/admin-theme.css.map','','2015-09-03 10:55:02'),(315,1,1,'/admin358vagsvu/themes/default/css/admin-theme.css.map','','2015-09-03 10:55:02'),(316,1,1,'/admin358vagsvu/themes/default/css/admin-theme.css.map','','2015-09-03 10:55:02'),(317,1,1,'/admin358vagsvu/themes/default/css/admin-theme.css.map','','2015-09-03 10:55:02'),(318,1,1,'/admin358vagsvu/themes/default/css/admin-theme.css.map','','2015-09-03 10:55:02'),(319,1,1,'/admin358vagsvu/themes/default/css/admin-theme.css.map','','2015-09-03 10:55:05'),(320,1,1,'/admin358vagsvu/themes/default/css/admin-theme.css.map','','2015-09-03 10:55:06'),(321,1,1,'/admin358vagsvu/index.php?controller=AdminProducts&token=6d0fd185644d59dc7b48abfdc994dca6&id_product=62&action=Shipping&updateproduct&ajax=1&page=2&rand=1441337875550&_=1441337860134','http://www.doudoumalaysia.com.my/admin358vagsvu/index.php?controller=AdminProducts&id_product=62&updateproduct&conf=4&key_tab=Quantities&page=2&token=6d0fd185644d59dc7b48abfdc994dca6','2015-09-04 11:38:01'),(322,1,1,'/themes/default-bootstrap/css/modules/homeslider/homeslider.css.map','','2015-09-04 21:26:45'),(323,1,1,'/themes/default-bootstrap/css/modules/homeslider/homeslider.css.map','','2015-09-04 21:26:46'),(324,1,1,'/themes/default-bootstrap/css/global.css.map','','2015-09-04 21:26:47'),(325,1,1,'/themes/default-bootstrap/css/global.css.map','','2015-09-04 21:26:47'),(326,1,1,'/themes/default-bootstrap/css/global.css.map','','2015-09-04 21:26:47'),(327,1,1,'/themes/default-bootstrap/css/global.css.map','','2015-09-04 21:26:47'),(328,1,1,'/themes/default-bootstrap/css/global.css.map','','2015-09-04 21:26:47'),(329,1,1,'/themes/default-bootstrap/css/global.css.map','','2015-09-04 21:26:47'),(330,1,1,'/themes/default-bootstrap/css/modules/homeslider/homeslider.css.map','','2015-09-04 21:26:49'),(331,1,1,'/themes/default-bootstrap/css/global.css.map','','2015-09-04 21:26:50'),(332,1,1,'/themes/default-bootstrap/css/global.css.map','','2015-09-04 21:26:50'),(333,1,1,'/themes/default-bootstrap/css/global.css.map','','2015-09-04 21:26:50'),(334,1,1,'/themes/default-bootstrap/css/global.css.map','','2015-09-04 21:26:50'),(335,1,1,'/themes/default-bootstrap/css/global.css.map','','2015-09-04 21:26:50'),(336,1,1,'/themes/default-bootstrap/css/global.css.map','','2015-09-04 23:17:56'),(337,1,1,'/themes/default-bootstrap/css/global.css.map','','2015-09-04 23:17:56'),(338,1,1,'/themes/default-bootstrap/css/global.css.map','','2015-09-04 23:17:57'),(339,1,1,'/themes/default-bootstrap/css/global.css.map','','2015-09-04 23:17:57'),(340,1,1,'/themes/default-bootstrap/css/global.css.map','','2015-09-04 23:17:57'),(341,1,1,'/themes/default-bootstrap/css/global.css.map','','2015-09-04 23:17:57'),(342,1,1,'/themes/default-bootstrap/css/global.css.map','','2015-09-04 23:17:58'),(343,1,1,'/themes/default-bootstrap/css/global.css.map','','2015-09-04 23:18:24'),(344,1,1,'/themes/default-bootstrap/css/global.css.map','','2015-09-04 23:18:24'),(345,1,1,'/themes/default-bootstrap/css/global.css.map','','2015-09-04 23:18:24'),(346,1,1,'/themes/default-bootstrap/css/global.css.map','','2015-09-04 23:18:24'),(347,1,1,'/themes/default-bootstrap/css/global.css.map','','2015-09-04 23:18:24'),(348,1,1,'/themes/default-bootstrap/css/global.css.map','','2015-09-04 23:18:24'),(349,1,1,'/themes/default-bootstrap/css/global.css.map','','2015-09-04 23:18:27'),(350,1,1,'/themes/default-bootstrap/css/global.css.map','','2015-09-04 23:18:27'),(351,1,1,'/themes/default-bootstrap/css/global.css.map','','2015-09-05 00:17:55'),(352,1,1,'/themes/default-bootstrap/css/global.css.map','','2015-09-05 00:17:55'),(353,1,1,'/themes/default-bootstrap/css/global.css.map','','2015-09-05 00:17:55'),(354,1,1,'/themes/default-bootstrap/css/global.css.map','','2015-09-05 00:17:55'),(355,1,1,'/themes/default-bootstrap/css/global.css.map','','2015-09-05 00:17:55'),(356,1,1,'/themes/default-bootstrap/css/global.css.map','','2015-09-05 00:17:55'),(357,1,1,'/themes/default-bootstrap/css/global.css.map','','2015-09-05 00:17:58'),(358,1,1,'/themes/default-bootstrap/css/global.css.map','','2015-09-05 00:17:58'),(359,1,1,'/themes/default-bootstrap/css/global.css.map','','2015-09-05 00:17:58'),(360,1,1,'/themes/default-bootstrap/css/global.css.map','','2015-09-05 00:59:43'),(361,1,1,'/themes/default-bootstrap/css/global.css.map','','2015-09-05 00:59:43'),(362,1,1,'/themes/default-bootstrap/css/global.css.map','','2015-09-05 00:59:43'),(363,1,1,'/themes/default-bootstrap/css/global.css.map','','2015-09-05 00:59:43'),(364,1,1,'/themes/default-bootstrap/css/global.css.map','','2015-09-05 00:59:43'),(365,1,1,'/themes/default-bootstrap/css/global.css.map','','2015-09-05 00:59:43'),(366,1,1,'/themes/default-bootstrap/css/global.css.map','','2015-09-05 00:59:44'),(367,1,1,'/themes/default-bootstrap/css/global.css.map','','2015-09-05 01:10:42'),(368,1,1,'/themes/default-bootstrap/css/global.css.map','','2015-09-05 01:10:42'),(369,1,1,'/themes/default-bootstrap/css/modules/blockcart/blockcart.css.map','','2015-09-05 01:10:42'),(370,1,1,'/themes/default-bootstrap/css/global.css.map','','2015-09-05 01:10:42'),(371,1,1,'/themes/default-bootstrap/css/global.css.map','','2015-09-05 01:10:42'),(372,1,1,'/themes/default-bootstrap/css/global.css.map','','2015-09-05 01:10:42'),(373,1,1,'/themes/default-bootstrap/css/global.css.map','','2015-09-05 01:10:44'),(374,1,1,'/themes/default-bootstrap/css/global.css.map','','2015-09-05 01:10:44'),(375,1,1,'/themes/default-bootstrap/css/global.css.map','','2015-09-05 01:10:45'),(376,1,1,'/themes/default-bootstrap/css/global.css.map','','2015-09-05 01:10:45'),(377,1,1,'/themes/default-bootstrap/css/global.css.map','','2015-09-05 01:10:46'),(378,1,1,'/themes/default-bootstrap/css/global.css.map','','2015-09-05 01:10:46'),(379,1,1,'/themes/default-bootstrap/css/global.css.map','','2015-09-05 01:13:10'),(380,1,1,'/themes/default-bootstrap/css/global.css.map','','2015-09-05 01:13:10'),(381,1,1,'/themes/default-bootstrap/css/global.css.map','','2015-09-05 01:13:10'),(382,1,1,'/themes/default-bootstrap/css/global.css.map','','2015-09-05 01:13:10'),(383,1,1,'/themes/default-bootstrap/css/global.css.map','','2015-09-05 01:13:10'),(384,1,1,'/themes/default-bootstrap/css/global.css.map','','2015-09-05 01:13:10'),(385,1,1,'/themes/default-bootstrap/css/global.css.map','','2015-09-05 01:13:11'),(386,1,1,'/themes/default-bootstrap/css/global.css.map','','2015-09-05 01:13:11'),(387,1,1,'/themes/default-bootstrap/css/global.css.map','','2015-09-05 01:13:11'),(388,1,1,'/themes/default-bootstrap/css/global.css.map','','2015-09-05 01:13:11'),(389,1,1,'/themes/default-bootstrap/css/global.css.map','','2015-09-05 01:13:12'),(390,1,1,'/themes/default-bootstrap/css/global.css.map','','2015-09-05 01:13:13'),(391,1,1,'/themes/default-bootstrap/css/order-opc.css.map','','2015-09-05 01:13:13'),(392,1,1,'/themes/default-bootstrap/css/global.css.map','','2015-09-05 01:13:13'),(393,1,1,'/themes/default-bootstrap/css/global.css.map','','2015-09-05 01:13:13'),(394,1,1,'/themes/default-bootstrap/css/global.css.map','','2015-09-05 01:37:24'),(395,1,1,'/themes/default-bootstrap/css/global.css.map','','2015-09-05 01:37:24'),(396,1,1,'/themes/default-bootstrap/css/global.css.map','','2015-09-05 01:37:24'),(397,1,1,'/themes/default-bootstrap/css/global.css.map','','2015-09-05 01:37:24'),(398,1,1,'/themes/default-bootstrap/css/global.css.map','','2015-09-05 01:37:24'),(399,1,1,'/themes/default-bootstrap/css/global.css.map','','2015-09-05 01:37:24'),(400,1,1,'/themes/default-bootstrap/css/global.css.map','','2015-09-05 01:37:26'),(401,1,1,'/themes/default-bootstrap/css/global.css.map','','2015-09-05 01:37:26'),(402,1,1,'/themes/default-bootstrap/css/global.css.map','','2015-09-05 01:37:26'),(403,1,1,'/themes/default-bootstrap/css/global.css.map','','2015-09-05 01:37:26'),(404,1,1,'/themes/default-bootstrap/css/global.css.map','','2015-09-05 01:37:26'),(405,1,1,'/themes/default-bootstrap/css/order-opc.css.map','','2015-09-05 01:37:27'),(406,1,1,'/themes/default-bootstrap/css/global.css.map','','2015-09-05 01:37:27'),(407,1,1,'/themes/default-bootstrap/css/global.css.map','','2015-09-05 01:37:27'),(408,1,1,'/themes/default-bootstrap/css/global.css.map','','2015-09-05 01:37:28'),(409,1,1,'/themes/default-bootstrap/css/global.css.map','','2015-09-05 01:50:16'),(410,1,1,'/themes/default-bootstrap/css/global.css.map','','2015-09-05 01:50:16'),(411,1,1,'/themes/default-bootstrap/css/global.css.map','','2015-09-05 01:50:16'),(412,1,1,'/themes/default-bootstrap/css/global.css.map','','2015-09-05 01:50:16'),(413,1,1,'/themes/default-bootstrap/css/global.css.map','','2015-09-05 01:50:16'),(414,1,1,'/themes/default-bootstrap/css/global.css.map','','2015-09-05 01:50:16'),(415,1,1,'/themes/default-bootstrap/css/global.css.map','','2015-09-05 01:50:18'),(416,1,1,'/themes/default-bootstrap/css/global.css.map','','2015-09-05 01:50:18'),(417,1,1,'/themes/default-bootstrap/css/global.css.map','','2015-09-05 01:50:18'),(418,1,1,'/themes/default-bootstrap/css/global.css.map','','2015-09-05 01:50:18'),(419,1,1,'/themes/default-bootstrap/css/order-opc.css.map','','2015-09-05 01:50:19'),(420,1,1,'/themes/default-bootstrap/css/global.css.map','','2015-09-05 01:50:19'),(421,1,1,'/themes/default-bootstrap/css/global.css.map','','2015-09-05 01:50:20'),(422,1,1,'/themes/default-bootstrap/css/global.css.map','','2015-09-05 01:50:20'),(423,1,1,'/themes/default-bootstrap/css/global.css.map','','2015-09-05 01:50:20'),(424,1,1,'/themes/default-bootstrap/css/global.css.map','','2015-09-05 01:54:26'),(425,1,1,'/themes/default-bootstrap/css/global.css.map','','2015-09-05 01:54:26'),(426,1,1,'/themes/default-bootstrap/css/global.css.map','','2015-09-05 01:54:26'),(427,1,1,'/themes/default-bootstrap/css/global.css.map','','2015-09-05 01:54:26'),(428,1,1,'/themes/default-bootstrap/css/global.css.map','','2015-09-05 01:54:26'),(429,1,1,'/themes/default-bootstrap/css/global.css.map','','2015-09-05 01:54:27'),(430,1,1,'/themes/default-bootstrap/css/global.css.map','','2015-09-05 01:54:28'),(431,1,1,'/themes/default-bootstrap/css/global.css.map','','2015-09-05 01:54:28'),(432,1,1,'/themes/default-bootstrap/css/global.css.map','','2015-09-05 01:54:28'),(433,1,1,'/themes/default-bootstrap/css/global.css.map','','2015-09-05 01:54:28'),(434,1,1,'/themes/default-bootstrap/css/global.css.map','','2015-09-05 01:54:28'),(435,1,1,'/themes/default-bootstrap/css/global.css.map','','2015-09-05 01:54:29'),(436,1,1,'/themes/default-bootstrap/css/global.css.map','','2015-09-05 01:54:29'),(437,1,1,'/themes/default-bootstrap/css/global.css.map','','2015-09-05 01:54:30'),(438,1,1,'/themes/default-bootstrap/css/order-opc.css.map','','2015-09-05 01:54:30'),(439,1,1,'/themes/default-bootstrap/css/global.css.map','','2015-09-05 01:54:58'),(440,1,1,'/themes/default-bootstrap/css/global.css.map','','2015-09-05 01:54:58'),(441,1,1,'/themes/default-bootstrap/css/global.css.map','','2015-09-05 01:54:58'),(442,1,1,'/themes/default-bootstrap/css/global.css.map','','2015-09-05 01:54:58'),(443,1,1,'/themes/default-bootstrap/css/global.css.map','','2015-09-05 01:54:58'),(444,1,1,'/themes/default-bootstrap/css/global.css.map','','2015-09-05 01:54:58'),(445,1,1,'/themes/default-bootstrap/css/global.css.map','','2015-09-05 01:54:59'),(446,1,1,'/themes/default-bootstrap/css/global.css.map','','2015-09-05 01:55:00'),(447,1,1,'/themes/default-bootstrap/css/global.css.map','','2015-09-05 01:55:00'),(448,1,1,'/themes/default-bootstrap/css/global.css.map','','2015-09-05 01:55:00'),(449,1,1,'/themes/default-bootstrap/css/global.css.map','','2015-09-05 01:55:00'),(450,1,1,'/themes/default-bootstrap/css/global.css.map','','2015-09-05 01:55:00'),(451,1,1,'/themes/default-bootstrap/css/order-opc.css.map','','2015-09-05 01:55:01'),(452,1,1,'/themes/default-bootstrap/css/global.css.map','','2015-09-05 01:55:02'),(453,1,1,'/themes/default-bootstrap/css/global.css.map','','2015-09-05 01:55:02'),(454,1,1,'/themes/default-bootstrap/css/global.css.map','','2015-09-05 02:10:17'),(455,1,1,'/themes/default-bootstrap/css/global.css.map','','2015-09-05 02:10:17'),(456,1,1,'/themes/default-bootstrap/css/global.css.map','','2015-09-05 02:10:18'),(457,1,1,'/themes/default-bootstrap/css/global.css.map','','2015-09-05 02:10:18'),(458,1,1,'/themes/default-bootstrap/css/global.css.map','','2015-09-05 02:10:18'),(459,1,1,'/themes/default-bootstrap/css/global.css.map','','2015-09-05 02:10:18'),(460,1,1,'/themes/default-bootstrap/css/global.css.map','','2015-09-05 02:10:22'),(461,1,1,'/themes/default-bootstrap/css/global.css.map','','2015-09-05 02:10:22'),(462,1,1,'/themes/default-bootstrap/css/global.css.map','','2015-09-05 02:10:22'),(463,1,1,'/themes/default-bootstrap/css/global.css.map','','2015-09-05 02:10:22'),(464,1,1,'/themes/default-bootstrap/css/global.css.map','','2015-09-05 02:10:22'),(465,1,1,'/themes/default-bootstrap/css/global.css.map','','2015-09-05 02:10:22'),(466,1,1,'/themes/default-bootstrap/css/order-opc.css.map','','2015-09-05 02:10:24'),(467,1,1,'/themes/default-bootstrap/css/global.css.map','','2015-09-05 02:10:24'),(468,1,1,'/themes/default-bootstrap/css/global.css.map','','2015-09-05 02:10:24'),(469,1,1,'/themes/default-bootstrap/css/global.css.map','','2015-09-05 02:18:46'),(470,1,1,'/themes/default-bootstrap/css/global.css.map','','2015-09-05 02:18:46'),(471,1,1,'/themes/default-bootstrap/css/global.css.map','','2015-09-05 02:18:46'),(472,1,1,'/themes/default-bootstrap/css/global.css.map','','2015-09-05 02:18:46'),(473,1,1,'/themes/default-bootstrap/css/global.css.map','','2015-09-05 02:18:46'),(474,1,1,'/themes/default-bootstrap/css/global.css.map','','2015-09-05 02:18:46'),(475,1,1,'/themes/default-bootstrap/css/global.css.map','','2015-09-05 02:18:49'),(476,1,1,'/themes/default-bootstrap/css/global.css.map','','2015-09-05 02:18:49'),(477,1,1,'/themes/default-bootstrap/css/global.css.map','','2015-09-05 02:18:49'),(478,1,1,'/themes/default-bootstrap/css/global.css.map','','2015-09-05 02:18:49'),(479,1,1,'/themes/default-bootstrap/css/global.css.map','','2015-09-05 02:18:49'),(480,1,1,'/themes/default-bootstrap/css/global.css.map','','2015-09-05 02:18:49'),(481,1,1,'/themes/default-bootstrap/css/global.css.map','','2015-09-05 02:18:51'),(482,1,1,'/themes/default-bootstrap/css/order-opc.css.map','','2015-09-05 02:18:51'),(483,1,1,'/themes/default-bootstrap/css/global.css.map','','2015-09-05 02:18:51'),(484,1,1,'/themes/default-bootstrap/css/global.css.map','','2015-09-05 11:31:17'),(485,1,1,'/themes/default-bootstrap/css/global.css.map','','2015-09-05 11:31:17'),(486,1,1,'/themes/default-bootstrap/css/global.css.map','','2015-09-05 11:31:17'),(487,1,1,'/themes/default-bootstrap/css/global.css.map','','2015-09-05 11:31:17'),(488,1,1,'/themes/default-bootstrap/css/global.css.map','','2015-09-05 11:31:17'),(489,1,1,'/themes/default-bootstrap/css/global.css.map','','2015-09-05 11:31:17'),(490,1,1,'/themes/default-bootstrap/css/global.css.map','','2015-09-05 11:31:19'),(491,1,1,'/themes/default-bootstrap/css/global.css.map','','2015-09-05 11:31:19'),(492,1,1,'/themes/default-bootstrap/css/global.css.map','','2015-09-05 11:31:19'),(493,1,1,'/themes/default-bootstrap/css/global.css.map','','2015-09-05 11:31:19'),(494,1,1,'/themes/default-bootstrap/css/global.css.map','','2015-09-05 11:31:20'),(495,1,1,'/themes/default-bootstrap/css/global.css.map','','2015-09-05 11:31:20'),(496,1,1,'/themes/default-bootstrap/css/global.css.map','','2015-09-05 11:31:21'),(497,1,1,'/themes/default-bootstrap/css/global.css.map','','2015-09-05 11:31:21'),(498,1,1,'/themes/default-bootstrap/css/order-opc.css.map','','2015-09-05 11:31:21'),(499,1,1,'/themes/default-bootstrap/css/global.css.map','','2015-09-05 11:31:22'),(500,1,1,'/themes/default-bootstrap/css/global.css.map','','2015-09-05 11:31:22'),(501,1,1,'/themes/default-bootstrap/css/global.css.map','','2015-09-05 11:31:22'),(502,1,1,'/en/contact-us','http://www.doudoumalaysia.com.my/en/contact-us','2015-09-06 16:54:05'),(503,1,1,'/themes/default-bootstrap/css/global.css.map','','2015-09-06 16:57:28'),(504,1,1,'/themes/default-bootstrap/css/modules/blockcontact/blockcontact.css.map','','2015-09-06 16:57:28'),(505,1,1,'/themes/default-bootstrap/css/global.css.map','','2015-09-06 16:57:28'),(506,1,1,'/themes/default-bootstrap/css/global.css.map','','2015-09-06 16:57:28'),(507,1,1,'/themes/default-bootstrap/css/global.css.map','','2015-09-06 16:57:28'),(508,1,1,'/themes/default-bootstrap/css/global.css.map','','2015-09-06 16:57:28'),(509,1,1,'/themes/default-bootstrap/css/global.css.map','','2015-09-06 16:57:29'),(510,1,1,'/themes/default-bootstrap/css/global.css.map','','2015-09-06 16:57:29'),(511,1,1,'/themes/default-bootstrap/css/global.css.map','','2015-09-06 16:57:29'),(512,1,1,'/en/','','2015-09-06 17:05:36'),(513,1,1,'/themes/default-bootstrap/css/modules/blockcontact/blockcontact.css.map','','2015-09-06 17:05:41'),(514,1,1,'/themes/default-bootstrap/css/global.css.map','','2015-09-06 17:05:41'),(515,1,1,'/themes/default-bootstrap/css/global.css.map','','2015-09-06 17:05:41'),(516,1,1,'/themes/default-bootstrap/css/global.css.map','','2015-09-06 17:05:41'),(517,1,1,'/themes/default-bootstrap/css/global.css.map','','2015-09-06 17:05:41'),(518,1,1,'/themes/default-bootstrap/css/global.css.map','','2015-09-06 17:05:42'),(519,1,1,'/themes/default-bootstrap/css/global.css.map','','2015-09-06 17:05:43'),(520,1,1,'/themes/default-bootstrap/css/global.css.map','','2015-09-06 17:05:43'),(521,1,1,'/themes/default-bootstrap/css/global.css.map','','2015-09-06 17:05:43'),(522,1,1,'/ms/','','2015-09-06 17:16:05'),(523,1,1,'/admin358vagsvu/i','','2015-09-06 19:14:16'),(524,1,1,'/en/3-doudou-et-compagnie','http://www.doudoumalaysia.com.my/','2015-09-06 20:07:38'),(525,1,1,'/en/doudou-pop/114-animals-graffitis-purple-mouse-3700335225549.html','http://www.doudoumalaysia.com.my/en/doudou-pop/114-animals-graffitis-purple-mouse-3700335225549.html?content_only=1','2015-09-06 20:22:02'),(526,1,1,'/themes/default-bootstrap/css/category.css.map','','2015-09-06 21:34:18'),(527,1,1,'/themes/default-bootstrap/css/global.css.map','','2015-09-06 21:34:18'),(528,1,1,'/themes/default-bootstrap/css/global.css.map','','2015-09-06 21:34:18'),(529,1,1,'/themes/default-bootstrap/css/global.css.map','','2015-09-06 21:34:18'),(530,1,1,'/themes/default-bootstrap/css/global.css.map','','2015-09-06 21:34:18'),(531,1,1,'/themes/default-bootstrap/css/global.css.map','','2015-09-06 21:34:18'),(532,1,1,'/themes/default-bootstrap/css/global.css.map','','2015-09-06 21:34:20'),(533,1,1,'/themes/default-bootstrap/css/global.css.map','','2015-09-06 21:34:21'),(534,1,1,'/themes/default-bootstrap/css/global.css.map','','2015-09-06 21:34:22'),(535,1,1,'/themes/default-bootstrap/css/category.css.map','','2015-09-06 21:34:22'),(536,1,1,'/themes/default-bootstrap/css/global.css.map','','2015-09-06 21:34:22'),(537,1,1,'/themes/default-bootstrap/css/global.css.map','','2015-09-06 21:34:22'),(538,1,1,'/themes/default-bootstrap/css/global.css.map','','2015-09-06 21:34:22'),(539,1,1,'/themes/default-bootstrap/css/global.css.map','','2015-09-06 21:34:23'),(540,1,1,'/themes/default-bootstrap/css/global.css.map','','2015-09-06 21:34:23'),(541,1,1,'/themes/default-bootstrap/css/category.css.map','','2015-09-06 21:40:38'),(542,1,1,'/themes/default-bootstrap/css/category.css.map','','2015-09-06 21:40:38'),(543,1,1,'/themes/default-bootstrap/css/global.css.map','','2015-09-06 21:40:38'),(544,1,1,'/themes/default-bootstrap/css/global.css.map','','2015-09-06 21:40:38'),(545,1,1,'/themes/default-bootstrap/css/global.css.map','','2015-09-06 21:40:38'),(546,1,1,'/themes/default-bootstrap/css/global.css.map','','2015-09-06 21:40:38'),(547,1,1,'/themes/default-bootstrap/css/global.css.map','','2015-09-06 21:40:39'),(548,1,1,'/themes/default-bootstrap/css/global.css.map','','2015-09-06 21:40:39'),(549,1,1,'/themes/default-bootstrap/css/global.css.map','','2015-09-06 21:40:39'),(550,1,1,'/themes/default-bootstrap/css/global.css.map','','2015-09-06 21:40:40'),(551,1,1,'/themes/default-bootstrap/css/global.css.map','','2015-09-06 21:40:40'),(552,1,1,'/themes/default-bootstrap/css/global.css.map','','2015-09-06 21:40:41'),(553,1,1,'/themes/default-bootstrap/css/global.css.map','','2015-09-06 21:40:42'),(554,1,1,'/themes/default-bootstrap/css/global.css.map','','2015-09-06 21:40:42'),(555,1,1,'/themes/default-bootstrap/css/category.css.map','','2015-09-06 21:57:25'),(556,1,1,'/themes/default-bootstrap/css/global.css.map','','2015-09-06 21:57:25'),(557,1,1,'/themes/default-bootstrap/css/global.css.map','','2015-09-06 21:57:25'),(558,1,1,'/themes/default-bootstrap/css/global.css.map','','2015-09-06 21:57:25'),(559,1,1,'/themes/default-bootstrap/css/global.css.map','','2015-09-06 21:57:25'),(560,1,1,'/themes/default-bootstrap/css/category.css.map','','2015-09-06 21:57:25'),(561,1,1,'/themes/default-bootstrap/css/global.css.map','','2015-09-06 21:57:28'),(562,1,1,'/themes/default-bootstrap/css/global.css.map','','2015-09-06 21:57:28'),(563,1,1,'/themes/default-bootstrap/css/global.css.map','','2015-09-06 21:57:28'),(564,1,1,'/themes/default-bootstrap/css/global.css.map','','2015-09-06 21:57:28'),(565,1,1,'/themes/default-bootstrap/css/global.css.map','','2015-09-06 21:57:28'),(566,1,1,'/themes/default-bootstrap/css/global.css.map','','2015-09-06 21:57:28'),(567,1,1,'/themes/default-bootstrap/css/global.css.map','','2015-09-06 21:57:29'),(568,1,1,'/themes/default-bootstrap/css/global.css.map','','2015-09-06 21:57:29'),(569,1,1,'/themes/default-bootstrap/css/global.css.map','','2015-09-06 21:58:37'),(570,1,1,'/themes/default-bootstrap/css/global.css.map','','2015-09-06 21:58:37'),(571,1,1,'/themes/default-bootstrap/css/global.css.map','','2015-09-06 21:58:37'),(572,1,1,'/themes/default-bootstrap/css/global.css.map','','2015-09-06 21:58:37'),(573,1,1,'/themes/default-bootstrap/css/global.css.map','','2015-09-06 21:58:37'),(574,1,1,'/themes/default-bootstrap/css/global.css.map','','2015-09-06 21:58:37'),(575,1,1,'/themes/default-bootstrap/css/global.css.map','','2015-09-06 21:58:38'),(576,1,1,'/themes/default-bootstrap/css/global.css.map','','2015-09-06 21:58:38'),(577,1,1,'/themes/default-bootstrap/css/global.css.map','','2015-09-06 22:40:02'),(578,1,1,'/themes/default-bootstrap/css/category.css.map','','2015-09-06 22:40:02'),(579,1,1,'/themes/default-bootstrap/css/global.css.map','','2015-09-06 22:40:02'),(580,1,1,'/themes/default-bootstrap/css/global.css.map','','2015-09-06 22:40:02'),(581,1,1,'/themes/default-bootstrap/css/global.css.map','','2015-09-06 22:40:02'),(582,1,1,'/themes/default-bootstrap/css/category.css.map','','2015-09-06 22:40:02'),(583,1,1,'/themes/default-bootstrap/css/global.css.map','','2015-09-06 22:40:05'),(584,1,1,'/themes/default-bootstrap/css/global.css.map','','2015-09-06 22:40:06'),(585,1,1,'/themes/default-bootstrap/css/global.css.map','','2015-09-06 22:40:06'),(586,1,1,'/themes/default-bootstrap/css/global.css.map','','2015-09-06 22:40:06'),(587,1,1,'/themes/default-bootstrap/css/global.css.map','','2015-09-06 22:40:06'),(588,1,1,'/themes/default-bootstrap/css/global.css.map','','2015-09-06 22:40:08'),(589,1,1,'/themes/default-bootstrap/css/global.css.map','','2015-09-06 22:40:08'),(590,1,1,'/themes/default-bootstrap/css/global.css.map','','2015-09-06 22:40:08'),(591,1,1,'/themes/default-bootstrap/css/category.css.map','','2015-09-06 22:41:52'),(592,1,1,'/themes/default-bootstrap/css/global.css.map','','2015-09-06 22:41:52'),(593,1,1,'/themes/default-bootstrap/css/global.css.map','','2015-09-06 22:41:52'),(594,1,1,'/themes/default-bootstrap/css/global.css.map','','2015-09-06 22:41:52'),(595,1,1,'/themes/default-bootstrap/css/category.css.map','','2015-09-06 22:41:52'),(596,1,1,'/themes/default-bootstrap/css/global.css.map','','2015-09-06 22:41:52'),(597,1,1,'/themes/default-bootstrap/css/global.css.map','','2015-09-06 22:41:53'),(598,1,1,'/themes/default-bootstrap/css/global.css.map','','2015-09-06 22:41:53'),(599,1,1,'/themes/default-bootstrap/css/global.css.map','','2015-09-06 22:41:53'),(600,1,1,'/themes/default-bootstrap/css/global.css.map','','2015-09-06 22:41:54'),(601,1,1,'/themes/default-bootstrap/css/global.css.map','','2015-09-06 22:41:55'),(602,1,1,'/themes/default-bootstrap/css/global.css.map','','2015-09-06 22:41:55'),(603,1,1,'/themes/default-bootstrap/css/global.css.map','','2015-09-06 22:41:55'),(604,1,1,'/themes/default-bootstrap/css/global.css.map','','2015-09-06 22:41:55'),(605,1,1,'/themes/default-bootstrap/css/category.css.map','','2015-09-06 23:00:42'),(606,1,1,'/themes/default-bootstrap/css/global.css.map','','2015-09-06 23:00:42'),(607,1,1,'/themes/default-bootstrap/css/global.css.map','','2015-09-06 23:00:42'),(608,1,1,'/themes/default-bootstrap/css/global.css.map','','2015-09-06 23:00:42'),(609,1,1,'/themes/default-bootstrap/css/global.css.map','','2015-09-06 23:00:42'),(610,1,1,'/themes/default-bootstrap/css/global.css.map','','2015-09-06 23:00:42'),(611,1,1,'/themes/default-bootstrap/css/category.css.map','','2015-09-06 23:00:43'),(612,1,1,'/themes/default-bootstrap/css/global.css.map','','2015-09-06 23:00:43'),(613,1,1,'/themes/default-bootstrap/css/global.css.map','','2015-09-06 23:00:44'),(614,1,1,'/themes/default-bootstrap/css/global.css.map','','2015-09-06 23:00:44'),(615,1,1,'/themes/default-bootstrap/css/global.css.map','','2015-09-06 23:00:44'),(616,1,1,'/themes/default-bootstrap/css/global.css.map','','2015-09-06 23:00:44'),(617,1,1,'/themes/default-bootstrap/css/global.css.map','','2015-09-06 23:00:44'),(618,1,1,'/themes/default-bootstrap/css/global.css.map','','2015-09-06 23:00:44'),(619,1,1,'/themes/default-bootstrap/css/category.css.map','','2015-09-06 23:43:21'),(620,1,1,'/themes/default-bootstrap/css/global.css.map','','2015-09-06 23:43:21'),(621,1,1,'/themes/default-bootstrap/css/global.css.map','','2015-09-06 23:43:21'),(622,1,1,'/themes/default-bootstrap/css/category.css.map','','2015-09-06 23:43:21'),(623,1,1,'/themes/default-bootstrap/css/global.css.map','','2015-09-06 23:43:21'),(624,1,1,'/themes/default-bootstrap/css/global.css.map','','2015-09-06 23:43:21'),(625,1,1,'/themes/default-bootstrap/css/global.css.map','','2015-09-06 23:43:22'),(626,1,1,'/themes/default-bootstrap/css/global.css.map','','2015-09-06 23:43:22'),(627,1,1,'/themes/default-bootstrap/css/global.css.map','','2015-09-06 23:43:22'),(628,1,1,'/themes/default-bootstrap/css/global.css.map','','2015-09-06 23:43:23'),(629,1,1,'/themes/default-bootstrap/css/global.css.map','','2015-09-06 23:43:23'),(630,1,1,'/themes/default-bootstrap/css/global.css.map','','2015-09-06 23:43:23'),(631,1,1,'/themes/default-bootstrap/css/global.css.map','','2015-09-06 23:43:23'),(632,1,1,'/themes/default-bootstrap/css/global.css.map','','2015-09-06 23:43:24'),(633,1,1,'/themes/default-bootstrap/css/global.css.map','','2015-09-06 23:43:40'),(634,1,1,'/themes/default-bootstrap/css/global.css.map','','2015-09-06 23:43:40'),(635,1,1,'/themes/default-bootstrap/css/global.css.map','','2015-09-06 23:43:40'),(636,1,1,'/themes/default-bootstrap/css/global.css.map','','2015-09-06 23:43:40'),(637,1,1,'/themes/default-bootstrap/css/global.css.map','','2015-09-06 23:43:40'),(638,1,1,'/themes/default-bootstrap/css/global.css.map','','2015-09-06 23:43:41'),(639,1,1,'/themes/default-bootstrap/css/global.css.map','','2015-09-06 23:43:42'),(640,1,1,'/themes/default-bootstrap/css/global.css.map','','2015-09-06 23:43:42'),(641,1,1,'/themes/default-bootstrap/css/global.css.map','','2015-09-06 23:43:44'),(642,1,1,'/themes/default-bootstrap/css/global.css.map','','2015-09-06 23:43:44'),(643,1,1,'/themes/default-bootstrap/css/global.css.map','','2015-09-06 23:43:44'),(644,1,1,'/themes/default-bootstrap/css/global.css.map','','2015-09-06 23:43:44'),(645,1,1,'/themes/default-bootstrap/css/global.css.map','','2015-09-06 23:43:44'),(646,1,1,'/themes/default-bootstrap/css/global.css.map','','2015-09-06 23:43:44'),(647,1,1,'/themes/default-bootstrap/css/global.css.map','','2015-09-06 23:43:45'),(648,1,1,'/themes/default-bootstrap/css/global.css.map','','2015-09-06 23:43:45'),(649,1,1,'/themes/default-bootstrap/css/category.css.map','','2015-09-06 23:44:10'),(650,1,1,'/themes/default-bootstrap/css/category.css.map','','2015-09-06 23:44:10'),(651,1,1,'/en/','','2015-09-07 09:32:39'),(652,1,1,'/themes/default-bootstrap/css/global.css.map','','2015-09-08 00:41:17'),(653,1,1,'/themes/default-bootstrap/css/global.css.map','','2015-09-08 00:41:17'),(654,1,1,'/themes/default-bootstrap/css/global.css.map','','2015-09-08 00:41:17'),(655,1,1,'/themes/default-bootstrap/css/global.css.map','','2015-09-08 00:41:17'),(656,1,1,'/themes/default-bootstrap/css/global.css.map','','2015-09-08 00:41:17'),(657,1,1,'/themes/default-bootstrap/css/global.css.map','','2015-09-08 00:41:21'),(658,1,1,'/themes/default-bootstrap/css/global.css.map','','2015-09-08 00:41:21'),(659,1,1,'/themes/default-bootstrap/css/global.css.map','','2015-09-08 00:41:21'),(660,1,1,'/themes/default-bootstrap/css/category.css.map','','2015-09-08 00:41:21'),(661,1,1,'/themes/default-bootstrap/css/category.css.map','','2015-09-08 00:41:22'),(662,1,1,'/themes/default-bootstrap/css/global.css.map','','2015-09-08 00:41:56'),(663,1,1,'/themes/default-bootstrap/css/global.css.map','','2015-09-08 00:41:56'),(664,1,1,'/themes/default-bootstrap/css/category.css.map','','2015-09-08 00:41:56'),(665,1,1,'/themes/default-bootstrap/css/global.css.map','','2015-09-08 00:41:56'),(666,1,1,'/themes/default-bootstrap/css/global.css.map','','2015-09-08 00:41:56'),(667,1,1,'/themes/default-bootstrap/css/global.css.map','','2015-09-08 00:41:56'),(668,1,1,'/themes/default-bootstrap/css/global.css.map','','2015-09-08 00:41:56'),(669,1,1,'/themes/default-bootstrap/css/category.css.map','','2015-09-08 00:41:59'),(670,1,1,'/themes/default-bootstrap/css/global.css.map','','2015-09-08 00:42:00'),(671,1,1,'/themes/default-bootstrap/css/global.css.map','','2015-09-08 00:42:01'),(672,1,1,'/themes/default-bootstrap/css/global.css.map','','2015-09-08 00:42:01'),(673,1,1,'/themes/default-bootstrap/css/global.css.map','','2015-09-08 00:42:02'),(674,1,1,'/themes/default-bootstrap/css/global.css.map','','2015-09-08 00:42:03'),(675,1,1,'/themes/default-bootstrap/css/global.css.map','','2015-09-08 00:42:05'),(676,1,1,'/themes/default-bootstrap/css/global.css.map','','2015-09-08 00:48:30'),(677,1,1,'/themes/default-bootstrap/css/global.css.map','','2015-09-08 00:48:30'),(678,1,1,'/themes/default-bootstrap/css/global.css.map','','2015-09-08 00:48:30'),(679,1,1,'/themes/default-bootstrap/css/global.css.map','','2015-09-08 00:48:30'),(680,1,1,'/themes/default-bootstrap/css/global.css.map','','2015-09-08 00:48:30'),(681,1,1,'/themes/default-bootstrap/css/global.css.map','','2015-09-08 00:48:30'),(682,1,1,'/themes/default-bootstrap/css/global.css.map','','2015-09-08 00:48:33'),(683,1,1,'/themes/default-bootstrap/css/global.css.map','','2015-09-08 00:48:33'),(684,1,1,'/themes/default-bootstrap/css/category.css.map','','2015-09-08 00:48:39'),(685,1,1,'/themes/default-bootstrap/css/category.css.map','','2015-09-08 00:48:39'),(686,1,1,'/themes/default-bootstrap/css/global.css.map','','2015-09-08 00:51:42'),(687,1,1,'/themes/default-bootstrap/css/category.css.map','','2015-09-08 00:51:42'),(688,1,1,'/themes/default-bootstrap/css/global.css.map','','2015-09-08 00:51:42'),(689,1,1,'/themes/default-bootstrap/css/global.css.map','','2015-09-08 00:51:42'),(690,1,1,'/themes/default-bootstrap/css/global.css.map','','2015-09-08 00:51:42'),(691,1,1,'/themes/default-bootstrap/css/global.css.map','','2015-09-08 00:51:42'),(692,1,1,'/themes/default-bootstrap/css/global.css.map','','2015-09-08 00:51:43'),(693,1,1,'/themes/default-bootstrap/css/category.css.map','','2015-09-08 00:51:43'),(694,1,1,'/themes/default-bootstrap/css/global.css.map','','2015-09-08 00:51:46'),(695,1,1,'/themes/default-bootstrap/css/global.css.map','','2015-09-08 00:51:47'),(696,1,1,'/themes/default-bootstrap/css/global.css.map','','2015-09-08 00:51:49'),(697,1,1,'/themes/default-bootstrap/css/global.css.map','','2015-09-08 00:51:51'),(698,1,1,'/themes/default-bootstrap/css/global.css.map','','2015-09-08 00:51:51'),(699,1,1,'/themes/default-bootstrap/css/global.css.map','','2015-09-08 00:51:51'),(700,1,1,'/themes/default-bootstrap/css/global.css.map','','2015-09-08 00:54:20'),(701,1,1,'/themes/default-bootstrap/css/global.css.map','','2015-09-08 00:54:20'),(702,1,1,'/themes/default-bootstrap/css/global.css.map','','2015-09-08 00:54:20'),(703,1,1,'/themes/default-bootstrap/css/global.css.map','','2015-09-08 00:54:20'),(704,1,1,'/themes/default-bootstrap/css/global.css.map','','2015-09-08 00:54:20'),(705,1,1,'/themes/default-bootstrap/css/global.css.map','','2015-09-08 00:54:40'),(706,1,1,'/themes/default-bootstrap/css/global.css.map','','2015-09-08 00:54:40'),(707,1,1,'/themes/default-bootstrap/css/global.css.map','','2015-09-08 00:54:40'),(708,1,1,'/themes/default-bootstrap/css/global.css.map','','2015-09-08 00:54:40'),(709,1,1,'/themes/default-bootstrap/css/global.css.map','','2015-09-08 00:54:40'),(710,1,1,'/themes/default-bootstrap/css/category.css.map','','2015-09-08 10:32:51'),(711,1,1,'/themes/default-bootstrap/css/global.css.map','','2015-09-08 10:32:51'),(712,1,1,'/themes/default-bootstrap/css/global.css.map','','2015-09-08 10:32:51'),(713,1,1,'/themes/default-bootstrap/css/global.css.map','','2015-09-08 10:32:51'),(714,1,1,'/themes/default-bootstrap/css/global.css.map','','2015-09-08 10:32:51'),(715,1,1,'/themes/default-bootstrap/css/global.css.map','','2015-09-08 10:32:52'),(716,1,1,'/themes/default-bootstrap/css/global.css.map','','2015-09-08 10:32:53'),(717,1,1,'/themes/default-bootstrap/css/category.css.map','','2015-09-08 10:32:53'),(718,1,1,'/themes/default-bootstrap/css/global.css.map','','2015-09-08 10:32:53'),(719,1,1,'/themes/default-bootstrap/css/global.css.map','','2015-09-08 10:32:54'),(720,1,1,'/themes/default-bootstrap/css/global.css.map','','2015-09-08 10:32:54'),(721,1,1,'/themes/default-bootstrap/css/global.css.map','','2015-09-08 10:32:54'),(722,1,1,'/themes/default-bootstrap/css/global.css.map','','2015-09-08 10:32:54'),(723,1,1,'/themes/default-bootstrap/css/global.css.map','','2015-09-08 10:32:54'),(724,1,1,'/themes/default-bootstrap/css/global.css.map','','2015-09-08 10:33:39'),(725,1,1,'/themes/default-bootstrap/css/category.css.map','','2015-09-08 10:33:39'),(726,1,1,'/themes/default-bootstrap/css/category.css.map','','2015-09-08 10:33:39'),(727,1,1,'/themes/default-bootstrap/css/global.css.map','','2015-09-08 10:33:40'),(728,1,1,'/themes/default-bootstrap/css/global.css.map','','2015-09-08 10:33:40'),(729,1,1,'/themes/default-bootstrap/css/global.css.map','','2015-09-08 10:33:40'),(730,1,1,'/themes/default-bootstrap/css/global.css.map','','2015-09-08 10:33:40'),(731,1,1,'/themes/default-bootstrap/css/global.css.map','','2015-09-08 10:33:41'),(732,1,1,'/themes/default-bootstrap/css/global.css.map','','2015-09-08 10:33:41'),(733,1,1,'/themes/default-bootstrap/css/global.css.map','','2015-09-08 10:35:29'),(734,1,1,'/themes/default-bootstrap/css/global.css.map','','2015-09-08 10:35:29'),(735,1,1,'/themes/default-bootstrap/css/category.css.map','','2015-09-08 10:35:29'),(736,1,1,'/themes/default-bootstrap/css/global.css.map','','2015-09-08 10:35:29'),(737,1,1,'/themes/default-bootstrap/css/global.css.map','','2015-09-08 10:35:29'),(738,1,1,'/themes/default-bootstrap/css/global.css.map','','2015-09-08 10:35:29'),(739,1,1,'/themes/default-bootstrap/css/global.css.map','','2015-09-08 10:35:31'),(740,1,1,'/themes/default-bootstrap/css/category.css.map','','2015-09-08 10:35:31'),(741,1,1,'/themes/default-bootstrap/css/global.css.map','','2015-09-08 10:35:32'),(742,1,1,'/themes/default-bootstrap/css/global.css.map','','2015-09-08 10:35:32'),(743,1,1,'/themes/default-bootstrap/css/global.css.map','','2015-09-08 10:35:32'),(744,1,1,'/themes/default-bootstrap/css/global.css.map','','2015-09-08 10:35:32'),(745,1,1,'/themes/default-bootstrap/css/global.css.map','','2015-09-08 10:35:33'),(746,1,1,'/themes/default-bootstrap/css/global.css.map','','2015-09-08 10:35:33'),(747,1,1,'/en/','','2015-09-08 12:43:23'),(748,1,1,'/themes/default-bootstrap/css/global.css.map','','2015-09-08 15:38:13'),(749,1,1,'/themes/default-bootstrap/css/global.css.map','','2015-09-08 15:38:13'),(750,1,1,'/themes/default-bootstrap/css/global.css.map','','2015-09-08 15:38:13'),(751,1,1,'/themes/default-bootstrap/css/global.css.map','','2015-09-08 15:38:13'),(752,1,1,'/themes/default-bootstrap/css/global.css.map','','2015-09-08 15:38:13'),(753,1,1,'/themes/default-bootstrap/css/global.css.map','','2015-09-08 15:38:13'),(754,1,1,'/themes/default-bootstrap/css/global.css.map','','2015-09-08 15:38:16'),(755,1,1,'/themes/default-bootstrap/css/global.css.map','','2015-09-08 15:38:16'),(756,1,1,'/themes/default-bootstrap/css/global.css.map','','2015-09-08 15:38:16'),(757,1,1,'/themes/default-bootstrap/css/global.css.map','','2015-09-08 15:38:16'),(758,1,1,'/themes/default-bootstrap/css/global.css.map','','2015-09-08 15:38:16'),(759,1,1,'/themes/default-bootstrap/css/global.css.map','','2015-09-08 15:38:16'),(760,1,1,'/themes/default-bootstrap/css/global.css.map','','2015-09-08 15:38:18'),(761,1,1,'/themes/default-bootstrap/css/global.css.map','','2015-09-08 15:38:18'),(762,1,1,'/themes/default-bootstrap/css/global.css.map','','2015-09-08 15:38:18'),(763,1,1,'/themes/default-bootstrap/css/order-opc.css.map','','2015-09-08 15:38:19'),(764,1,1,'/themes/default-bootstrap/css/global.css.map','','2015-09-08 15:38:19'),(765,1,1,'/themes/default-bootstrap/css/global.css.map','','2015-09-08 15:38:19'),(766,1,1,'/en/','','2015-09-08 16:47:18'),(767,1,1,'/themes/default-bootstrap/css/global.css.map','','2015-09-08 20:14:45'),(768,1,1,'/themes/default-bootstrap/css/global.css.map','','2015-09-08 20:14:45'),(769,1,1,'/themes/default-bootstrap/css/global.css.map','','2015-09-08 20:14:45'),(770,1,1,'/themes/default-bootstrap/css/global.css.map','','2015-09-08 20:14:45'),(771,1,1,'/themes/default-bootstrap/css/global.css.map','','2015-09-08 20:14:45'),(772,1,1,'/themes/default-bootstrap/css/global.css.map','','2015-09-08 20:14:45'),(773,1,1,'/themes/default-bootstrap/css/global.css.map','','2015-09-08 20:14:47'),(774,1,1,'/admin358vagsvu/index.php?controller=AdminGamification&token=8f7010fb27b2fc94aad3bfb8243ea08f','http://www.doudoumalaysia.com.my/admin358vagsvu/index.php?controller=AdminDashboard&token=ee20325cea272e80e9e2826b56612226','2015-09-16 19:14:34'),(775,1,1,'/robots.txt','','2015-10-04 22:09:57'),(776,1,1,'/robots.txt','','2015-10-14 14:00:15'),(777,1,1,'/robots.txt','','2015-10-15 04:43:53'),(778,1,1,'/mobile/','','2015-10-15 04:44:01'),(779,1,1,'/m/','','2015-10-15 04:46:16'),(780,1,1,'/robots.txt','','2015-10-15 17:33:43'),(781,1,1,'/m/','','2015-10-16 01:22:10'),(782,1,1,'/robots.txt','','2015-10-16 05:37:09'),(783,1,1,'/robots.txt','','2015-10-16 17:43:25'),(784,1,1,'/m/','','2015-10-16 23:37:43'),(785,1,1,'/index.php?controller=404','','2015-10-17 04:25:39'),(786,1,1,'/robots.txt','','2015-10-17 05:43:48'),(787,1,1,'/m/','','2015-10-17 10:47:40'),(788,1,1,'/robots.txt','','2015-10-17 17:46:01'),(789,1,1,'/robots.txt','','2015-10-18 07:42:33'),(790,1,1,'/robots.txt','','2015-10-18 18:33:00'),(791,1,1,'/robots.txt','','2015-10-18 19:43:12'),(792,1,1,'/robots.txt','','2015-10-19 09:06:10'),(793,1,1,'/robots.txt','','2015-10-19 19:08:25'),(794,1,1,'/robots.txt','','2015-10-20 00:33:42'),(795,1,1,'/robots.txt','','2015-10-20 15:06:34'),(796,1,1,'/robots.txt','','2015-10-21 03:13:25'),(797,1,1,'/robots.txt','','2015-10-21 21:52:14'),(798,1,1,'/robots.txt','','2015-10-22 10:04:55'),(799,1,1,'/robots.txt','','2015-10-22 22:57:57'),(800,1,1,'/robots.txt','','2015-10-22 23:33:12'),(801,1,1,'/robots.txt','','2015-10-23 16:22:36'),(802,1,1,'/robots.txt','','2015-10-24 04:28:23'),(803,1,1,'/robots.txt','','2015-10-24 04:44:14'),(804,1,1,'/robots.txt','','2015-10-24 18:19:32'),(805,1,1,'/robots.txt','','2015-10-24 20:08:24'),(806,1,1,'/robots.txt','','2015-10-25 10:06:38'),(807,1,1,'/robots.txt','','2015-10-26 00:07:03'),(808,1,1,'/robots.txt','','2015-10-26 12:38:16'),(809,1,1,'/robots.txt','','2015-10-27 02:15:57'),(810,1,1,'/robots.txt','','2015-10-27 07:47:30'),(811,1,1,'/robots.txt','','2015-10-27 21:26:19'),(812,1,1,'/robots.txt','','2015-10-28 10:33:19'),(813,1,1,'/robots.txt','','2015-10-29 00:35:42'),(814,1,1,'/robots.txt','','2015-10-29 13:01:36'),(815,1,1,'/robots.txt','','2015-10-30 05:34:15'),(816,1,1,'/robots.txt','','2015-10-30 19:09:31'),(817,1,1,'/robots.txt','','2015-10-30 19:14:56'),(818,1,1,'/robots.txt','','2015-10-30 23:49:15'),(819,1,1,'/robots.txt','','2015-10-31 14:50:20'),(820,1,1,'/robots.txt','','2015-11-01 07:28:25'),(821,1,1,'/robots.txt','','2015-11-01 08:29:35'),(822,1,1,'/robots.txt','','2015-11-01 21:10:28'),(823,1,1,'/robots.txt','','2015-11-02 06:19:48'),(824,1,1,'/robots.txt','','2015-11-02 10:49:10'),(825,1,1,'/robots.txt','','2015-11-02 23:54:04'),(826,1,1,'/robots.txt','','2015-11-03 13:20:44'),(827,1,1,'/robots.txt','','2015-11-03 20:57:48'),(828,1,1,'/robots.txt','','2015-11-04 21:08:19'),(829,1,1,'/robots.txt','','2015-11-05 06:57:43'),(830,1,1,'/robots.txt','','2015-11-05 07:25:10'),(831,1,1,'/robots.txt','','2015-11-05 11:35:01'),(832,1,1,'/robots.txt','','2015-11-05 20:20:06'),(833,1,1,'/robots.txt','','2015-11-06 12:03:57'),(834,1,1,'/robots.txt','','2015-11-07 09:48:16'),(835,1,1,'/robots.txt','','2015-11-07 14:18:58'),(836,1,1,'/robots.txt','','2015-11-08 05:23:12'),(837,1,1,'/robots.txt','','2015-11-09 00:24:39'),(838,1,1,'/robots.txt','','2015-11-09 06:21:21'),(839,1,1,'/robots.txt','','2015-11-09 12:53:52'),(840,1,1,'/robots.txt','','2015-11-10 04:06:16'),(841,1,1,'/robots.txt','','2015-11-10 15:35:14'),(842,1,1,'/robots.txt','','2015-11-10 18:14:55'),(843,1,1,'/robots.txt','','2015-11-11 07:25:13'),(844,1,1,'/robots.txt','','2015-11-11 19:30:57'),(845,1,1,'/robots.txt','','2015-11-12 07:41:28'),(846,1,1,'/robots.txt','','2015-11-12 22:39:19'),(847,1,1,'/robots.txt','','2015-11-13 13:47:44'),(848,1,1,'/robots.txt','','2015-11-14 03:48:27'),(849,1,1,'/robots.txt','','2015-11-14 03:55:12'),(850,1,1,'/robots.txt','','2015-11-14 11:27:01'),(851,1,1,'/robots.txt','','2015-11-14 16:12:23'),(852,1,1,'/robots.txt','','2015-11-15 04:15:17'),(853,1,1,'/robots.txt','','2015-11-15 05:57:05'),(854,1,1,'/robots.txt','','2015-11-15 07:33:23'),(855,1,1,'/robots.txt','','2015-11-15 07:38:38'),(856,1,1,'/robots.txt','','2015-11-15 12:45:56'),(857,1,1,'/robots.txt','','2015-11-15 17:20:25'),(858,1,1,'/robots.txt','','2015-11-15 20:23:58'),(859,1,1,'/robots.txt','','2015-11-16 05:48:35'),(860,1,1,'/robots.txt','','2015-11-16 14:12:21'),(861,1,1,'/robots.txt','','2015-11-16 17:57:05'),(862,1,1,'/robots.txt','','2015-11-16 18:02:03'),(863,1,1,'/robots.txt','','2015-11-17 03:32:37'),(864,1,1,'/robots.txt','','2015-11-17 07:07:34'),(865,1,1,'/robots.txt','','2015-11-17 09:32:27'),(866,1,1,'/robots.txt','','2015-11-17 23:16:14'),(867,1,1,'/robots.txt','','2015-11-18 12:26:10'),(868,1,1,'/robots.txt','','2015-11-19 02:06:21'),(869,1,1,'/robots.txt','','2015-11-19 02:29:49'),(870,1,1,'/robots.txt','','2015-11-19 09:02:59'),(871,1,1,'/robots.txt','','2015-11-19 09:34:46'),(872,1,1,'/robots.txt','','2015-11-19 09:38:34'),(873,1,1,'/robots.txt','','2015-11-19 15:15:20'),(874,1,1,'/robots.txt','','2015-11-19 22:38:21'),(875,1,1,'/robots.txt','','2015-11-20 03:36:10'),(876,1,1,'/robots.txt','','2015-11-20 08:38:02'),(877,1,1,'/robots.txt','','2015-11-20 15:38:53'),(878,1,1,'/robots.txt','','2015-11-20 21:02:38'),(879,1,1,'/robots.txt','','2015-11-20 21:08:14'),(880,1,1,'/robots.txt','','2015-11-21 04:17:10'),(881,1,1,'/robots.txt','','2015-11-21 09:42:16'),(882,1,1,'/robots.txt','','2015-11-21 18:01:33'),(883,1,1,'/magmi/web/magmi.php','','2015-11-21 19:13:17'),(884,1,1,'/the-farm/magmi/web/magmi.php','','2015-11-21 19:13:18'),(885,1,1,'/magmi/web/magmi.php','','2015-11-21 22:08:37'),(886,1,1,'/the-puppets-histoire-d-ours/magmi/web/magmi.php','','2015-11-21 22:08:38'),(887,1,1,'/the-puppets-doudou-et-compagnie/magmi/web/magmi.php','','2015-11-21 22:09:29'),(888,1,1,'/robots.txt','','2015-11-22 02:43:24'),(889,1,1,'/robots.txt','','2015-11-22 02:50:05'),(890,1,1,'/robots.txt','','2015-11-22 06:04:39'),(891,1,1,'/robots.txt','','2015-11-22 18:22:25'),(892,1,1,'/robots.txt','','2015-11-23 09:44:13'),(893,1,1,'/admin358vagsvu/index.php?controller=AdminSupplyOrders&id_supply_order=2&update_receipt=1&submitBulkUpdatesupply_order_detail&token=d1c6e42b4c9eec818b47195e8416d1ae','http://www.doudoumalaysia.com.my/admin358vagsvu/index.php?controller=AdminSupplyOrders&id_supply_order=2&update_receipt&token=d1c6e42b4c9eec818b47195e8416d1ae','2015-11-23 20:26:22'),(894,1,1,'/robots.txt','','2015-11-23 23:51:21'),(895,1,1,'/robots.txt','','2015-11-23 23:59:21'),(896,1,1,'/robots.txt','','2015-11-24 12:17:14'),(897,1,1,'/magmi/web/magmi.php','','2015-11-24 20:55:52'),(898,1,1,'/les-demoiselles-the-ladies/magmi/web/magmi.php','','2015-11-24 20:55:53'),(899,1,1,'/magmi/web/magmi.php','','2015-11-24 21:19:40'),(900,1,1,'/the-puppets-doudou-et-compagnie/magmi/web/magmi.php','','2015-11-24 21:19:42'),(901,1,1,'/robots.txt','','2015-11-24 21:26:42'),(902,1,1,'/robots.txt','','2015-11-25 00:35:56'),(903,1,1,'/robots.txt','','2015-11-25 10:49:22'),(904,1,1,'/robots.txt','','2015-11-25 12:24:58'),(905,1,1,'/robots.txt','','2015-11-25 12:41:13'),(906,1,1,'/robots.txt','','2015-11-26 01:02:01'),(907,1,1,'/robots.txt','','2015-11-26 06:46:05'),(908,1,1,'/robots.txt','','2015-11-26 13:03:09'),(909,1,1,'/robots.txt','','2015-11-27 01:18:34'),(910,1,1,'/robots.txt','','2015-11-27 16:35:08'),(911,1,1,'/robots.txt','','2015-11-28 07:20:19'),(912,1,1,'/index.php?controller=404','','2015-11-28 13:25:35'),(913,1,1,'/robots.txt','','2015-11-28 14:24:09'),(914,1,1,'/robots.txt','','2015-11-28 14:29:29'),(915,1,1,'/robots.txt','','2015-11-28 23:11:07'),(916,1,1,'/robots.txt','','2015-11-29 11:05:45'),(917,1,1,'/robots.txt','','2015-11-29 12:31:17'),(918,1,1,'/robots.txt','','2015-11-30 06:13:27'),(919,1,1,'/robots.txt','','2015-11-30 11:37:13'),(920,1,1,'/robots.txt','','2015-11-30 11:43:21'),(921,1,1,'/robots.txt','','2015-11-30 18:14:16'),(922,1,1,'/xmlrpc.php','','2015-11-30 21:06:01'),(923,1,1,'/robots.txt','','2015-11-30 22:10:39'),(924,1,1,'/robots.txt','','2015-12-01 07:00:54'),(925,1,1,'/robots.txt','','2015-12-01 09:11:06'),(926,1,1,'/robots.txt','','2015-12-01 09:11:06'),(927,1,1,'/robots.txt','','2015-12-01 14:43:51'),(928,1,1,'/robots.txt','','2015-12-01 14:50:08'),(929,1,1,'/robots.txt','','2015-12-01 18:37:37'),(930,1,1,'/robots.txt','','2015-12-01 19:25:38'),(931,1,1,'/robots.txt','','2015-12-01 22:26:12'),(932,1,1,'/robots.txt','','2015-12-02 07:16:26'),(933,1,1,'/robots.txt','','2015-12-02 07:54:54'),(934,1,1,'/robots.txt','','2015-12-02 11:19:44'),(935,1,1,'/robots.txt','','2015-12-02 12:43:59'),(936,1,1,'/robots.txt','','2015-12-02 12:49:38'),(937,1,1,'/robots.txt','','2015-12-02 13:05:01'),(938,1,1,'/robots.txt','','2015-12-02 14:11:42'),(939,1,1,'/robots.txt','','2015-12-03 00:39:51'),(940,1,1,'/robots.txt','','2015-12-03 10:13:47'),(941,1,1,'/robots.txt','','2015-12-03 10:20:19'),(942,1,1,'/robots.txt','','2015-12-03 14:42:37'),(943,1,1,'/robots.txt','','2015-12-04 01:48:13'),(944,1,1,'/robots.txt','','2015-12-04 02:48:10'),(945,1,1,'/robots.txt','','2015-12-04 10:54:26'),(946,1,1,'/robots.txt','','2015-12-04 19:36:47'),(947,1,1,'/robots.txt','','2015-12-05 12:25:10'),(948,1,1,'/robots.txt','','2015-12-05 12:41:21'),(949,1,1,'/robots.txt','','2015-12-05 17:03:13'),(950,1,1,'/robots.txt','','2015-12-05 17:23:47'),(951,1,1,'/robots.txt','','2015-12-06 03:42:43'),(952,1,1,'/robots.txt','','2015-12-06 16:33:20'),(953,1,1,'/robots.txt','','2015-12-06 18:10:55'),(954,1,1,'/robots.txt','','2015-12-06 23:58:46'),(955,1,1,'/robots.txt','','2015-12-07 00:04:40'),(956,1,1,'/robots.txt','','2015-12-07 05:27:06'),(957,1,1,'/robots.txt','','2015-12-07 16:39:47'),(958,1,1,'/robots.txt','','2015-12-07 20:41:29'),(959,1,1,'/robots.txt','','2015-12-08 07:47:29'),(960,1,1,'/robots.txt','','2015-12-08 10:04:16'),(961,1,1,'/robots.txt','','2015-12-08 17:33:56'),(962,1,1,'/robots.txt','','2015-12-08 17:47:44'),(963,1,1,'/robots.txt','','2015-12-08 21:52:56'),(964,1,1,'/robots.txt','','2015-12-08 22:33:54'),(965,1,1,'/robots.txt','','2015-12-09 11:11:34'),(966,1,1,'/robots.txt','','2015-12-10 01:49:52'),(967,1,1,'/robots.txt','','2015-12-10 15:26:39'),(968,1,1,'/robots.txt','','2015-12-10 15:43:16'),(969,1,1,'/robots.txt','','2015-12-10 19:19:19'),(970,1,1,'/robots.txt','','2015-12-10 19:23:16'),(971,1,1,'/robots.txt','','2015-12-10 19:29:08'),(972,1,1,'/robots.txt','','2015-12-11 03:55:10'),(973,1,1,'/rabbit-pompon/187-doudou-rabbit-pompon-strawberry-3700335227383.htmltrackback/','','2015-12-11 07:26:57'),(974,1,1,'/robots.txt','','2015-12-11 16:53:58'),(975,1,1,'/robots.txt','','2015-12-11 19:42:13'),(976,1,1,'/robots.txt','','2015-12-12 05:12:23'),(977,1,1,'/robots.txt','','2015-12-12 05:27:36'),(978,1,1,'/robots.txt','','2015-12-12 21:25:08'),(979,1,1,'/robots.txt','','2015-12-13 08:58:16'),(980,1,1,'/robots.txt','','2015-12-13 10:16:45'),(981,1,1,'/robots.txt','','2015-12-13 10:22:49'),(982,1,1,'/robots.txt','','2015-12-13 10:39:21'),(983,1,1,'/robots.txt','','2015-12-13 11:09:37'),(984,1,1,'/robots.txt','','2015-12-13 11:42:53'),(985,1,1,'/robots.txt','','2015-12-13 12:25:26'),(986,1,1,'/robots.txt','','2015-12-13 12:29:42'),(987,1,1,'/robots.txt','','2015-12-13 13:15:18'),(988,1,1,'/robots.txt','','2015-12-13 13:35:32'),(989,1,1,'/robots.txt','','2015-12-13 14:01:18'),(990,1,1,'/robots.txt','','2015-12-13 15:08:13'),(991,1,1,'/robots.txt','','2015-12-13 15:33:50'),(992,1,1,'/robots.txt','','2015-12-13 21:35:13'),(993,1,1,'/robots.txt','','2015-12-13 21:35:13'),(994,1,1,'//img/favicon.ico%3F1445596589','','2015-12-13 23:21:32'),(995,1,1,'/robots.txt','','2015-12-13 23:55:37'),(996,1,1,'/robots.txt','','2015-12-14 02:54:09'),(997,1,1,'/robots.txt','','2015-12-14 04:27:24'),(998,1,1,'/robots.txt','','2015-12-14 08:19:33'),(999,1,1,'/robots.txt','','2015-12-14 09:16:09'),(1000,1,1,'/robots.txt','','2015-12-14 12:08:45'),(1001,1,1,'/robots.txt','','2015-12-14 12:27:18'),(1002,1,1,'/robots.txt','','2015-12-14 12:45:15'),(1003,1,1,'/robots.txt','','2015-12-14 13:09:59'),(1004,1,1,'/robots.txt','','2015-12-14 13:31:24'),(1005,1,1,'/robots.txt','','2015-12-14 17:15:04'),(1006,1,1,'/robots.txt','','2015-12-15 02:41:18'),(1007,1,1,'/robots.txt','','2015-12-15 07:34:13'),(1008,1,1,'/robots.txt','','2015-12-15 11:48:42'),(1009,1,1,'/robots.txt','','2015-12-15 19:35:34'),(1010,1,1,'/wp-login.php','','2015-12-16 03:32:48'),(1011,1,1,'/robots.txt','','2015-12-16 08:07:02'),(1012,1,1,'/robots.txt','','2015-12-16 08:47:21'),(1013,1,1,'/robots.txt','','2015-12-16 09:16:37'),(1014,1,1,'/robots.txt','','2015-12-16 12:50:35'),(1015,1,1,'/robots.txt','','2015-12-16 13:32:44'),(1016,1,1,'/robots.txt','','2015-12-16 21:44:14'),(1017,1,1,'/robots.txt','','2015-12-16 22:08:26'),(1018,1,1,'/robots.txt','','2015-12-16 22:13:05'),(1019,1,1,'/..//img/favicon.ico%3F1450188470','','2015-12-16 22:22:59'),(1020,1,1,'/robots.txt','','2015-12-16 22:23:42'),(1021,1,1,'/robots.txt','','2015-12-16 23:49:14'),(1022,1,1,'/robots.txt','','2015-12-17 00:44:27'),(1023,1,1,'/robots.txt','','2015-12-17 03:05:21'),(1024,1,1,'/robots.txt','','2015-12-17 09:30:24'),(1025,1,1,'/robots.txt','','2015-12-17 09:45:13'),(1026,1,1,'/robots.txt','','2015-12-17 14:05:11'),(1027,1,1,'/robots.txt','','2015-12-17 17:45:11'),(1028,1,1,'/robots.txt','','2015-12-17 23:43:45'),(1029,1,1,'/robots.txt','','2015-12-18 01:33:31'),(1030,1,1,'/robots.txt','','2015-12-18 05:43:49'),(1031,1,1,'/robots.txt','','2015-12-18 10:09:17'),(1032,1,1,'/robots.txt','','2015-12-18 15:10:24'),(1033,1,1,'/robots.txt','','2015-12-18 20:27:01'),(1034,1,1,'/robots.txt','','2015-12-19 01:13:31'),(1035,1,1,'/robots.txt','','2015-12-19 01:53:30'),(1036,1,1,'/robots.txt','','2015-12-19 04:46:40'),(1037,1,1,'/robots.txt','','2015-12-19 06:13:04'),(1038,1,1,'/robots.txt','','2015-12-19 09:11:23'),(1039,1,1,'/robots.txt','','2015-12-19 12:52:45'),(1040,1,1,'/img/favicon.ico%253F1450188470','','2015-12-19 12:57:05'),(1041,1,1,'/robots.txt','','2015-12-19 14:55:17'),(1042,1,1,'/robots.txt','','2015-12-19 19:17:52'),(1043,1,1,'/robots.txt','','2015-12-19 22:45:09'),(1044,1,1,'/robots.txt','','2015-12-20 01:45:25'),(1045,1,1,'/robots.txt','','2015-12-20 12:25:18'),(1046,1,1,'/robots.txt','','2015-12-20 14:47:25'),(1047,1,1,'/robots.txt','','2015-12-20 14:55:57'),(1048,1,1,'/robots.txt','','2015-12-20 15:32:23'),(1049,1,1,'/robots.txt','','2015-12-20 21:26:04'),(1050,1,1,'/robots.txt','','2015-12-21 00:28:24'),(1051,1,1,'/robots.txt','','2015-12-21 00:33:28'),(1052,1,1,'/robots.txt','','2015-12-21 00:36:35'),(1053,1,1,'/robots.txt','','2015-12-21 00:49:41'),(1054,1,1,'/robots.txt','http://www.doudoumalaysia.com.my/robots.txt','2015-12-21 01:46:45'),(1055,1,1,'/robots.txt','','2015-12-21 01:56:21'),(1056,1,1,'/robots.txt','','2015-12-21 06:58:53'),(1057,1,1,'/robots.txt','','2015-12-21 08:59:56'),(1058,1,1,'/robots.txt','','2015-12-21 09:01:48'),(1059,1,1,'/robots.txt','','2015-12-21 09:01:50'),(1060,1,1,'/robots.txt','','2015-12-21 09:05:41'),(1061,1,1,'/robots.txt','','2015-12-21 09:05:56'),(1062,1,1,'/robots.txt','','2015-12-21 09:10:18'),(1063,1,1,'/robots.txt','','2015-12-21 09:10:43'),(1064,1,1,'/robots.txt','','2015-12-21 09:14:06'),(1065,1,1,'/robots.txt','','2015-12-21 09:28:19'),(1066,1,1,'/robots.txt','','2015-12-21 14:46:45'),(1067,1,1,'/robots.txt','','2015-12-21 15:24:50'),(1068,1,1,'/robots.txt','','2015-12-21 15:29:14'),(1069,1,1,'/robots.txt','','2015-12-21 15:32:36'),(1070,1,1,'/robots.txt','','2015-12-21 17:52:10'),(1071,1,1,'/robots.txt','','2015-12-21 18:40:13'),(1072,1,1,'/robots.txt','','2015-12-21 18:51:51'),(1073,1,1,'/robots.txt','','2015-12-21 19:06:37'),(1074,1,1,'/robots.txt','','2015-12-21 19:37:05'),(1075,1,1,'/robots.txt','','2015-12-21 20:52:35'),(1076,1,1,'/robots.txt','','2015-12-21 21:25:19'),(1077,1,1,'/admin358vagsvu/index.php?controller=AdminGamification&token=8f7010fb27b2fc94aad3bfb8243ea08f','http://www.doudoumalaysia.com.my/admin358vagsvu/index.php?controller=AdminDashboard&token=ee20325cea272e80e9e2826b56612226','2015-12-21 22:03:25'),(1078,1,1,'/robots.txt','','2015-12-21 22:41:47'),(1079,1,1,'/robots.txt','','2015-12-21 23:05:19'),(1080,1,1,'/robots.txt','','2015-12-22 03:40:08'),(1081,1,1,'/robots.txt','','2015-12-22 03:46:43'),(1082,1,1,'/robots.txt','','2015-12-22 03:54:42'),(1083,1,1,'/robots.txt','','2015-12-22 04:09:26'),(1084,1,1,'/robots.txt','','2015-12-22 04:22:45'),(1085,1,1,'/robots.txt','','2015-12-22 04:42:10'),(1086,1,1,'/robots.txt','','2015-12-22 04:55:26'),(1087,1,1,'/robots.txt','','2015-12-22 09:07:46'),(1088,1,1,'/robots.txt','','2015-12-22 09:21:12'),(1089,1,1,'/robots.txt','','2015-12-22 09:28:48'),(1090,1,1,'/robots.txt','','2015-12-22 12:05:17'),(1091,1,1,'/robots.txt','','2015-12-22 15:12:28'),(1092,1,1,'/robots.txt','','2015-12-22 15:56:43'),(1093,1,1,'/robots.txt','','2015-12-22 16:19:50'),(1094,1,1,'/robots.txt','','2015-12-22 18:55:15'),(1095,1,1,'/robots.txt','','2015-12-22 21:26:39'),(1096,1,1,'/robots.txt','','2015-12-22 22:35:49'),(1097,1,1,'/robots.txt','','2015-12-22 23:49:31'),(1098,1,1,'/robots.txt','','2015-12-23 00:56:02'),(1099,1,1,'/robots.txt','','2015-12-23 02:02:59'),(1100,1,1,'/robots.txt','','2015-12-23 04:36:35'),(1101,1,1,'/robots.txt','','2015-12-23 10:00:18'),(1102,1,1,'/robots.txt','','2015-12-23 16:44:28'),(1103,1,1,'/robots.txt','','2015-12-23 19:20:54'),(1104,1,1,'/robots.txt','','2015-12-23 20:14:47'),(1105,1,1,'/robots.txt','','2015-12-23 20:30:09'),(1106,1,1,'/robots.txt','','2015-12-23 20:52:10'),(1107,1,1,'/robots.txt','','2015-12-24 04:50:34'),(1108,1,1,'/robots.txt','','2015-12-24 05:56:37'),(1109,1,1,'/robots.txt','','2015-12-24 09:57:47'),(1110,1,1,'/robots.txt','','2015-12-24 10:59:25'),(1111,1,1,'/robots.txt','','2015-12-24 11:02:20'),(1112,1,1,'/robots.txt','','2015-12-24 12:45:50'),(1113,1,1,'/robots.txt','','2015-12-24 14:06:06'),(1114,1,1,'/robots.txt','','2015-12-24 14:08:53'),(1115,1,1,'/robots.txt','','2015-12-24 17:13:19'),(1116,1,1,'/robots.txt','','2015-12-24 19:20:05'),(1117,1,1,'/robots.txt','','2015-12-24 20:55:03'),(1118,1,1,'/robots.txt','','2015-12-24 23:06:53'),(1119,1,1,'/robots.txt','','2015-12-24 23:07:07'),(1120,1,1,'/robots.txt','','2015-12-24 23:07:13'),(1121,1,1,'/robots.txt','','2015-12-24 23:07:18'),(1122,1,1,'/robots.txt','','2015-12-24 23:07:38'),(1123,1,1,'/robots.txt','','2015-12-24 23:09:14'),(1124,1,1,'/index.php?controller=404','','2015-12-24 23:10:01'),(1125,1,1,'/robots.txt','','2015-12-24 23:10:33'),(1126,1,1,'/robots.txt','','2015-12-24 23:11:10'),(1127,1,1,'/robots.txt','','2015-12-25 00:15:01'),(1128,1,1,'/robots.txt','','2015-12-25 00:15:13'),(1129,1,1,'/robots.txt','','2015-12-25 00:15:26'),(1130,1,1,'/robots.txt','','2015-12-25 00:15:53'),(1131,1,1,'/robots.txt','','2015-12-25 00:16:04'),(1132,1,1,'/robots.txt','','2015-12-25 00:16:20'),(1133,1,1,'/robots.txt','','2015-12-25 00:16:38'),(1134,1,1,'/robots.txt','','2015-12-25 00:16:57'),(1135,1,1,'/robots.txt','','2015-12-25 00:17:11'),(1136,1,1,'/robots.txt','','2015-12-25 00:17:45'),(1137,1,1,'/robots.txt','','2015-12-25 00:18:11'),(1138,1,1,'/robots.txt','','2015-12-25 00:18:22'),(1139,1,1,'/robots.txt','','2015-12-25 00:18:35'),(1140,1,1,'/index.php?controller=404','','2015-12-25 00:19:06'),(1141,1,1,'/robots.txt','','2015-12-25 00:20:07'),(1142,1,1,'/robots.txt','','2015-12-25 00:20:27'),(1143,1,1,'/robots.txt','','2015-12-25 00:20:43'),(1144,1,1,'/robots.txt','','2015-12-25 00:36:22'),(1145,1,1,'/robots.txt','','2015-12-25 05:05:50'),(1146,1,1,'/robots.txt','','2015-12-25 05:20:06'),(1147,1,1,'/robots.txt','','2015-12-25 08:52:55'),(1148,1,1,'/robots.txt','','2015-12-25 10:41:13'),(1149,1,1,'/wp-login.php','','2015-12-25 11:21:41'),(1150,1,1,'/robots.txt','','2015-12-25 13:42:03'),(1151,1,1,'/robots.txt','','2015-12-25 13:48:12'),(1152,1,1,'/robots.txt','','2015-12-25 13:54:25'),(1153,1,1,'/robots.txt','','2015-12-25 17:20:18'),(1154,1,1,'/robots.txt','','2015-12-25 19:25:42'),(1155,1,1,'/index.php?controller=404','','2015-12-25 19:32:39'),(1156,1,1,'/robots.txt','','2015-12-25 21:28:04'),(1157,1,1,'/robots.txt','','2015-12-25 22:57:35'),(1158,1,1,'/robots.txt','','2015-12-26 01:14:48'),(1159,1,1,'/robots.txt','','2015-12-26 05:04:32'),(1160,1,1,'/robots.txt','','2015-12-26 06:29:44'),(1161,1,1,'/robots.txt','','2015-12-26 06:37:42'),(1162,1,1,'/robots.txt','','2015-12-26 07:10:08'),(1163,1,1,'/robots.txt','','2015-12-26 07:11:20'),(1164,1,1,'/robots.txt','','2015-12-26 07:12:34'),(1165,1,1,'/robots.txt','','2015-12-26 13:23:09'),(1166,1,1,'/robots.txt','','2015-12-26 13:29:49'),(1167,1,1,'/robots.txt','','2015-12-26 13:33:00'),(1168,1,1,'/robots.txt','','2015-12-26 14:18:27'),(1169,1,1,'/robots.txt','','2015-12-26 14:34:43'),(1170,1,1,'/robots.txt','','2015-12-26 15:47:50'),(1171,1,1,'/robots.txt','','2015-12-26 19:37:30'),(1172,1,1,'/robots.txt','','2015-12-27 00:18:58'),(1173,1,1,'/robots.txt','','2015-12-27 03:19:40'),(1174,1,1,'/robots.txt','','2015-12-27 03:41:10'),(1175,1,1,'/robots.txt','','2015-12-27 03:48:40'),(1176,1,1,'/robots.txt','','2015-12-27 03:57:34'),(1177,1,1,'/robots.txt','','2015-12-27 04:01:25'),(1178,1,1,'/robots.txt','','2015-12-27 04:58:48'),(1179,1,1,'/robots.txt','','2015-12-27 04:59:04'),(1180,1,1,'/robots.txt','','2015-12-27 06:59:32'),(1181,1,1,'/robots.txt','','2015-12-27 07:56:41'),(1182,1,1,'/robots.txt','','2015-12-27 11:58:17'),(1183,1,1,'/robots.txt','','2015-12-27 12:05:41'),(1184,1,1,'/robots.txt','','2015-12-27 12:33:26'),(1185,1,1,'/robots.txt','','2015-12-27 12:44:03'),(1186,1,1,'/robots.txt','','2015-12-27 13:00:38'),(1187,1,1,'/robots.txt','','2015-12-27 16:57:41'),(1188,1,1,'/robots.txt','','2015-12-27 17:40:30'),(1189,1,1,'/robots.txt','','2015-12-27 17:52:21'),(1190,1,1,'/robots.txt','','2015-12-27 20:11:04'),(1191,1,1,'/robots.txt','','2015-12-27 23:12:54'),(1192,1,1,'/robots.txt','','2015-12-27 23:31:20'),(1193,1,1,'/robots.txt','','2015-12-28 01:19:31'),(1194,1,1,'/robots.txt','','2015-12-28 02:27:06'),(1195,1,1,'/robots.txt','','2015-12-28 03:28:16'),(1196,1,1,'/robots.txt','','2015-12-28 05:34:08'),(1197,1,1,'/robots.txt','','2015-12-28 06:18:48'),(1198,1,1,'/robots.txt','','2015-12-28 07:54:28'),(1199,1,1,'/robots.txt','','2015-12-28 10:44:17'),(1200,1,1,'/robots.txt','','2015-12-28 11:16:57'),(1201,1,1,'/robots.txt','','2015-12-28 11:17:06'),(1202,1,1,'/robots.txt','','2015-12-28 11:17:36'),(1203,1,1,'/robots.txt','','2015-12-28 11:34:04'),(1204,1,1,'/robots.txt','','2015-12-28 11:40:12'),(1205,1,1,'/robots.txt','','2015-12-28 11:55:15'),(1206,1,1,'/robots.txt','','2015-12-28 12:00:56'),(1207,1,1,'/robots.txt','','2015-12-28 12:04:59'),(1208,1,1,'/robots.txt','','2015-12-28 12:06:46'),(1209,1,1,'/robots.txt','','2015-12-28 12:20:35'),(1210,1,1,'/index.php?controller=404','','2015-12-28 12:32:12'),(1211,1,1,'/robots.txt','','2015-12-28 15:07:38'),(1212,1,1,'/robots.txt','','2015-12-28 21:50:23'),(1213,1,1,'/robots.txt','','2015-12-28 22:47:13'),(1214,1,1,'/robots.txt','','2015-12-28 23:18:57'),(1215,1,1,'/robots.txt','','2015-12-29 03:59:30'),(1216,1,1,'/robots.txt','','2015-12-29 04:53:11'),(1217,1,1,'/robots.txt','','2015-12-29 04:56:26'),(1218,1,1,'/robots.txt','','2015-12-29 07:42:36'),(1219,1,1,'/robots.txt','','2015-12-29 07:54:14'),(1220,1,1,'/robots.txt','','2015-12-29 10:57:14'),(1221,1,1,'/robots.txt','','2015-12-29 10:57:56'),(1222,1,1,'/robots.txt','','2015-12-29 11:22:25'),(1223,1,1,'/robots.txt','','2015-12-29 12:58:53'),(1224,1,1,'/robots.txt','','2015-12-29 15:59:19'),(1225,1,1,'/robots.txt','','2015-12-29 17:10:06'),(1226,1,1,'/robots.txt','','2015-12-29 17:16:02'),(1227,1,1,'/..//img/favicon.ico%3F1450188470','','2015-12-29 17:44:29'),(1228,1,1,'/robots.txt','','2015-12-29 17:58:29'),(1229,1,1,'/robots.txt','','2015-12-29 18:45:44'),(1230,1,1,'/robots.txt','','2015-12-29 23:41:51'),(1231,1,1,'/robots.txt','','2015-12-30 01:52:36'),(1232,1,1,'/robots.txt','','2015-12-30 02:13:28'),(1233,1,1,'/robots.txt','','2015-12-30 02:16:33'),(1234,1,1,'/robots.txt','','2015-12-30 02:58:35'),(1235,1,1,'/robots.txt','','2015-12-30 03:00:28'),(1236,1,1,'/robots.txt','','2015-12-30 05:38:54'),(1237,1,1,'/robots.txt','','2015-12-30 10:16:56'),(1238,1,1,'/robots.txt','','2015-12-30 11:17:10'),(1239,1,1,'/robots.txt','','2015-12-30 11:18:37'),(1240,1,1,'/robots.txt','','2015-12-30 11:32:19'),(1241,1,1,'/robots.txt','','2015-12-30 11:38:29'),(1242,1,1,'/robots.txt','','2015-12-30 11:38:29'),(1243,1,1,'/robots.txt','','2015-12-30 11:38:50'),(1244,1,1,'/robots.txt','','2015-12-30 11:40:51'),(1245,1,1,'/robots.txt','','2015-12-30 11:41:32'),(1246,1,1,'/robots.txt','','2015-12-30 11:43:15'),(1247,1,1,'/robots.txt','','2015-12-30 11:58:08'),(1248,1,1,'/robots.txt','','2015-12-30 12:00:01'),(1249,1,1,'/robots.txt','','2015-12-30 12:00:58'),(1250,1,1,'/robots.txt','','2015-12-30 12:02:39'),(1251,1,1,'/robots.txt','','2015-12-30 12:14:17'),(1252,1,1,'/robots.txt','','2015-12-30 12:15:47'),(1253,1,1,'/robots.txt','','2015-12-30 12:44:28'),(1254,1,1,'/robots.txt','','2015-12-30 12:52:32'),(1255,1,1,'/robots.txt','','2015-12-30 13:10:54'),(1256,1,1,'/robots.txt','','2015-12-30 13:18:36'),(1257,1,1,'/robots.txt','','2015-12-30 13:31:59'),(1258,1,1,'/robots.txt','','2015-12-30 13:58:57'),(1259,1,1,'/robots.txt','','2015-12-30 14:04:25'),(1260,1,1,'/robots.txt','','2015-12-30 14:11:28'),(1261,1,1,'/robots.txt','','2015-12-30 15:13:08'),(1262,1,1,'/robots.txt','','2015-12-30 15:18:02'),(1263,1,1,'/admin358vagsvu/index.php?controller=AdminProducts&token=6d0fd185644d59dc7b48abfdc994dca6','http://www.doudoumalaysia.com.my/admin358vagsvu/index.php?controller=AdminProducts&conf=4&token=6d0fd185644d59dc7b48abfdc994dca6','2015-12-30 17:03:57'),(1264,1,1,'/admin358vagsvu/index.php?controller=AdminStats&token=6a4e904473c6557927d929d40f647670&ajax=1&action=getKpi&kpi=percent_product_out_of_stock&rand=1451465586516&_=1451465586126','http://www.doudoumalaysia.com.my/admin358vagsvu/index.php?controller=AdminProducts&conf=4&token=6d0fd185644d59dc7b48abfdc994dca6','2015-12-30 17:03:57'),(1265,1,1,'/admin358vagsvu/index.php?controller=AdminStockManagement&token=3d5d7f9d1749032660247610f7982950','http://www.doudoumalaysia.com.my/admin358vagsvu/index.php?controller=AdminStockManagement&token=3d5d7f9d1749032660247610f7982950','2015-12-30 17:03:57'),(1266,1,1,'/admin358vagsvu/index.php?controller=AdminProducts&conf=4&token=6d0fd185644d59dc7b48abfdc994dca6','','2015-12-30 17:03:57'),(1267,1,1,'/admin358vagsvu/index.php?controller=AdminStats&token=6a4e904473c6557927d929d40f647670&ajax=1&action=getKpi&kpi=disabled_products&rand=1451465586542&_=1451465586129','http://www.doudoumalaysia.com.my/admin358vagsvu/index.php?controller=AdminProducts&conf=4&token=6d0fd185644d59dc7b48abfdc994dca6','2015-12-30 17:03:57'),(1268,1,1,'/admin358vagsvu/index.php?controller=AdminStockManagement&token=3d5d7f9d1749032660247610f7982950','http://www.doudoumalaysia.com.my/admin358vagsvu/index.php?controller=AdminStockManagement&id_product=10&removestock&token=3d5d7f9d1749032660247610f7982950','2015-12-30 17:03:57'),(1269,1,1,'/admin358vagsvu/index.php?controller=AdminStats&token=6a4e904473c6557927d929d40f647670&ajax=1&action=getKpi&kpi=8020_sales_catalog&rand=1451465586535&_=1451465586128','http://www.doudoumalaysia.com.my/admin358vagsvu/index.php?controller=AdminProducts&conf=4&token=6d0fd185644d59dc7b48abfdc994dca6','2015-12-30 17:03:57'),(1270,1,1,'/admin358vagsvu/index.php?controller=AdminProducts&conf=4&token=6d0fd185644d59dc7b48abfdc994dca6','','2015-12-30 17:03:57'),(1271,1,1,'/admin358vagsvu/index.php?controller=AdminProducts&token=6d0fd185644d59dc7b48abfdc994dca6','http://www.doudoumalaysia.com.my/admin358vagsvu/index.php?controller=AdminProducts&conf=4&token=6d0fd185644d59dc7b48abfdc994dca6','2015-12-30 17:03:57'),(1272,1,1,'/admin358vagsvu/index.php?controller=AdminProducts&token=6d0fd185644d59dc7b48abfdc994dca6','http://www.doudoumalaysia.com.my/admin358vagsvu/index.php?controller=AdminProducts&conf=4&token=6d0fd185644d59dc7b48abfdc994dca6','2015-12-30 17:03:57'),(1273,1,1,'/admin358vagsvu/index.php?controller=AdminProducts&token=6d0fd185644d59dc7b48abfdc994dca6','http://www.doudoumalaysia.com.my/admin358vagsvu/index.php?controller=AdminProducts&conf=4&token=6d0fd185644d59dc7b48abfdc994dca6','2015-12-30 17:03:57'),(1274,1,1,'/admin358vagsvu/index.php?controller=AdminProducts&token=6d0fd185644d59dc7b48abfdc994dca6','http://www.doudoumalaysia.com.my/admin358vagsvu/index.php?controller=AdminProducts&conf=4&token=6d0fd185644d59dc7b48abfdc994dca6','2015-12-30 17:03:57'),(1275,1,1,'/admin358vagsvu/index.php?controller=AdminProducts&token=6d0fd185644d59dc7b48abfdc994dca6','http://www.doudoumalaysia.com.my/admin358vagsvu/index.php?controller=AdminProducts&conf=4&token=6d0fd185644d59dc7b48abfdc994dca6','2015-12-30 17:03:57'),(1276,1,1,'/admin358vagsvu/ajax.php?rand=1451465639050','http://www.doudoumalaysia.com.my/admin358vagsvu/index.php?controller=AdminStockInstantState&token=5316e8aac83c71aa09874a941d8f9c0b&id_warehouse=1','2015-12-30 17:03:57'),(1277,1,1,'/admin358vagsvu/index.php?controller=AdminProducts&token=6d0fd185644d59dc7b48abfdc994dca6','http://www.doudoumalaysia.com.my/admin358vagsvu/index.php?controller=AdminProducts&conf=4&token=6d0fd185644d59dc7b48abfdc994dca6','2015-12-30 17:03:57'),(1278,1,1,'/admin358vagsvu/index.php?controller=AdminProducts&token=6d0fd185644d59dc7b48abfdc994dca6','http://www.doudoumalaysia.com.my/admin358vagsvu/index.php?controller=AdminProducts&conf=4&token=6d0fd185644d59dc7b48abfdc994dca6','2015-12-30 17:03:57'),(1279,1,1,'/components/com_content/metadata.xml','','2015-12-30 17:37:25'),(1280,1,1,'/xmlrpc.php','','2015-12-30 17:37:26'),(1281,1,1,'/components/com_content/metadata.xml','','2015-12-30 17:40:17'),(1282,1,1,'/xmlrpc.php','','2015-12-30 17:40:19'),(1283,1,1,'/robots.txt','','2015-12-30 17:48:56'),(1284,1,1,'/robots.txt','','2015-12-30 19:06:53'),(1285,1,1,'/robots.txt','','2015-12-30 19:39:20'),(1286,1,1,'/robots.txt','','2015-12-30 20:30:44'),(1287,1,1,'/robots.txt','','2015-12-30 21:43:15'),(1288,1,1,'/robots.txt','','2015-12-30 23:25:13'),(1289,1,1,'/robots.txt','','2015-12-31 01:15:11'),(1290,1,1,'/robots.txt','','2015-12-31 01:18:22'),(1291,1,1,'/robots.txt','','2015-12-31 03:19:21'),(1292,1,1,'/robots.txt','','2015-12-31 05:43:03'),(1293,1,1,'/robots.txt','','2015-12-31 05:48:05'),(1294,1,1,'/robots.txt','','2015-12-31 06:55:38'),(1295,1,1,'/robots.txt','','2015-12-31 10:11:33'),(1296,1,1,'/robots.txt','','2015-12-31 11:30:47'),(1297,1,1,'/robots.txt','','2015-12-31 11:32:09'),(1298,1,1,'/robots.txt','','2015-12-31 11:42:14'),(1299,1,1,'/robots.txt','','2015-12-31 13:49:25'),(1300,1,1,'/robots.txt','','2015-12-31 14:54:32'),(1301,1,1,'/robots.txt','','2015-12-31 16:37:41'),(1302,1,1,'/robots.txt','','2016-01-01 00:51:16'),(1303,1,1,'/robots.txt','','2016-01-01 02:37:47'),(1304,1,1,'/robots.txt','','2016-01-01 04:47:14'),(1305,1,1,'/robots.txt','','2016-01-01 08:23:08'),(1306,1,1,'/robots.txt','','2016-01-01 11:01:10'),(1307,1,1,'/robots.txt','','2016-01-01 19:13:21'),(1308,1,1,'/robots.txt','','2016-01-01 19:14:24'),(1309,1,1,'/robots.txt','','2016-01-01 22:53:16'),(1310,1,1,'/robots.txt','','2016-01-02 00:15:44'),(1311,1,1,'/robots.txt','','2016-01-02 01:02:42'),(1312,1,1,'/robots.txt','','2016-01-02 02:57:41'),(1313,1,1,'/robots.txt','','2016-01-02 04:40:04'),(1314,1,1,'/robots.txt','','2016-01-02 07:10:10'),(1315,1,1,'/robots.txt','','2016-01-02 07:44:46'),(1316,1,1,'/robots.txt','','2016-01-02 09:18:25'),(1317,1,1,'/robots.txt','','2016-01-02 10:08:24'),(1318,1,1,'/robots.txt','','2016-01-02 10:50:06'),(1319,1,1,'/robots.txt','','2016-01-02 13:36:34'),(1320,1,1,'/robots.txt','','2016-01-02 13:43:55'),(1321,1,1,'/robots.txt','','2016-01-02 14:24:23'),(1322,1,1,'/robots.txt','','2016-01-02 14:38:43'),(1323,1,1,'/wp-login.php','','2016-01-02 14:51:44'),(1324,1,1,'/index.php?controller=404','','2016-01-02 14:56:12'),(1325,1,1,'/robots.txt','','2016-01-02 15:56:09'),(1326,1,1,'/robots.txt','','2016-01-02 17:46:32'),(1327,1,1,'/robots.txt','','2016-01-02 17:49:29'),(1328,1,1,'/robots.txt','','2016-01-02 17:51:22'),(1329,1,1,'/robots.txt','','2016-01-02 18:01:24'),(1330,1,1,'/robots.txt','','2016-01-02 18:46:59'),(1331,1,1,'/robots.txt','','2016-01-02 18:46:59'),(1332,1,1,'/robots.txt','','2016-01-02 21:04:44'),(1333,1,1,'/robots.txt','','2016-01-02 23:36:21'),(1334,1,1,'/robots.txt','','2016-01-03 01:34:49'),(1335,1,1,'/robots.txt','','2016-01-03 01:55:56'),(1336,1,1,'/robots.txt','','2016-01-03 06:35:31'),(1337,1,1,'/index.php?controller=404','','2016-01-03 06:38:28'),(1338,1,1,'/index.php?controller=404','','2016-01-03 06:38:53'),(1339,1,1,'/robots.txt','','2016-01-03 09:17:59'),(1340,1,1,'/xmlrpc.php','','2016-01-03 09:19:48'),(1341,1,1,'/robots.txt','','2016-01-03 09:57:07'),(1342,1,1,'/robots.txt','','2016-01-03 11:01:28'),(1343,1,1,'/robots.txt','','2016-01-03 11:51:27'),(1344,1,1,'/robots.txt','','2016-01-03 12:16:27'),(1345,1,1,'/robots.txt','','2016-01-03 12:19:56'),(1346,1,1,'/robots.txt','','2016-01-03 12:37:53'),(1347,1,1,'/robots.txt','','2016-01-03 12:39:28'),(1348,1,1,'/robots.txt','','2016-01-03 12:48:28'),(1349,1,1,'/robots.txt','','2016-01-03 12:55:33'),(1350,1,1,'/robots.txt','','2016-01-03 13:20:01'),(1351,1,1,'/robots.txt','','2016-01-03 18:49:58'),(1352,1,1,'/robots.txt','','2016-01-03 23:38:44'),(1353,1,1,'/robots.txt','','2016-01-04 00:01:18'),(1354,1,1,'/robots.txt','','2016-01-04 06:20:41'),(1355,1,1,'/robots.txt','','2016-01-04 08:36:31'),(1356,1,1,'/robots.txt','','2016-01-04 09:22:58'),(1357,1,1,'/robots.txt','','2016-01-04 09:39:58'),(1358,1,1,'/robots.txt','','2016-01-04 10:27:19'),(1359,1,1,'/robots.txt','','2016-01-04 12:38:56'),(1360,1,1,'/robots.txt','','2016-01-04 12:41:37'),(1361,1,1,'/robots.txt','','2016-01-04 12:54:39'),(1362,1,1,'/robots.txt','','2016-01-04 13:09:29'),(1363,1,1,'/robots.txt','','2016-01-04 13:11:45'),(1364,1,1,'/robots.txt','','2016-01-04 13:57:26'),(1365,1,1,'/robots.txt','','2016-01-04 18:46:56'),(1366,1,1,'/robots.txt','','2016-01-04 19:04:06'),(1367,1,1,'/robots.txt','','2016-01-04 22:14:51'),(1368,1,1,'/robots.txt','','2016-01-04 22:15:02'),(1369,1,1,'/robots.txt','','2016-01-04 22:15:12'),(1370,1,1,'/robots.txt','','2016-01-04 22:15:35'),(1371,1,1,'/robots.txt','','2016-01-04 22:15:50'),(1372,1,1,'/robots.txt','','2016-01-04 22:15:56'),(1373,1,1,'/robots.txt','','2016-01-04 22:16:17'),(1374,1,1,'/robots.txt','','2016-01-04 22:16:42'),(1375,1,1,'/robots.txt','','2016-01-04 22:17:05'),(1376,1,1,'/robots.txt','','2016-01-04 22:17:32'),(1377,1,1,'/robots.txt','','2016-01-04 22:18:18'),(1378,1,1,'/robots.txt','','2016-01-05 01:50:20'),(1379,1,1,'/robots.txt','','2016-01-05 09:35:07'),(1380,1,1,'/robots.txt','','2016-01-05 09:36:22'),(1381,1,1,'/robots.txt','','2016-01-05 09:45:16'),(1382,1,1,'/robots.txt','','2016-01-05 09:52:27'),(1383,1,1,'/robots.txt','','2016-01-05 09:58:15'),(1384,1,1,'/robots.txt','','2016-01-05 10:33:08'),(1385,1,1,'/robots.txt','','2016-01-05 15:07:23'),(1386,1,1,'/robots.txt','','2016-01-05 16:19:14'),(1387,1,1,'/robots.txt','','2016-01-05 19:32:42'),(1388,1,1,'/robots.txt','','2016-01-06 03:18:42');

--
-- Table structure for table `ps_product`
--

CREATE TABLE `ps_product` (
  `id_product` int(10) unsigned NOT NULL AUTO_INCREMENT,
  `id_supplier` int(10) unsigned DEFAULT NULL,
  `id_manufacturer` int(10) unsigned DEFAULT NULL,
  `id_category_default` int(10) unsigned DEFAULT NULL,
  `id_shop_default` int(10) unsigned NOT NULL DEFAULT '1',
  `id_tax_rules_group` int(11) unsigned NOT NULL,
  `on_sale` tinyint(1) unsigned NOT NULL DEFAULT '0',
  `online_only` tinyint(1) unsigned NOT NULL DEFAULT '0',
  `ean13` varchar(13) DEFAULT NULL,
  `upc` varchar(12) DEFAULT NULL,
  `ecotax` decimal(17,6) NOT NULL DEFAULT '0.000000',
  `quantity` int(10) NOT NULL DEFAULT '0',
  `minimal_quantity` int(10) unsigned NOT NULL DEFAULT '1',
  `price` decimal(20,6) NOT NULL DEFAULT '0.000000',
  `wholesale_price` decimal(20,6) NOT NULL DEFAULT '0.000000',
  `unity` varchar(255) DEFAULT NULL,
  `unit_price_ratio` decimal(20,6) NOT NULL DEFAULT '0.000000',
  `additional_shipping_cost` decimal(20,2) NOT NULL DEFAULT '0.00',
  `reference` varchar(32) DEFAULT NULL,
  `supplier_reference` varchar(32) DEFAULT NULL,
  `location` varchar(64) DEFAULT NULL,
  `width` decimal(20,6) NOT NULL DEFAULT '0.000000',
  `height` decimal(20,6) NOT NULL DEFAULT '0.000000',
  `depth` decimal(20,6) NOT NULL DEFAULT '0.000000',
  `weight` decimal(20,6) NOT NULL DEFAULT '0.000000',
  `out_of_stock` int(10) unsigned NOT NULL DEFAULT '2',
  `quantity_discount` tinyint(1) DEFAULT '0',
  `customizable` tinyint(2) NOT NULL DEFAULT '0',
  `uploadable_files` tinyint(4) NOT NULL DEFAULT '0',
  `text_fields` tinyint(4) NOT NULL DEFAULT '0',
  `active` tinyint(1) unsigned NOT NULL DEFAULT '0',
  `redirect_type` enum('','404','301','302') NOT NULL DEFAULT '',
  `id_product_redirected` int(10) unsigned NOT NULL DEFAULT '0',
  `available_for_order` tinyint(1) NOT NULL DEFAULT '1',
  `available_date` date NOT NULL DEFAULT '0000-00-00',
  `condition` enum('new','used','refurbished') NOT NULL DEFAULT 'new',
  `show_price` tinyint(1) NOT NULL DEFAULT '1',
  `indexed` tinyint(1) NOT NULL DEFAULT '0',
  `visibility` enum('both','catalog','search','none') NOT NULL DEFAULT 'both',
  `cache_is_pack` tinyint(1) NOT NULL DEFAULT '0',
  `cache_has_attachments` tinyint(1) NOT NULL DEFAULT '0',
  `is_virtual` tinyint(1) NOT NULL DEFAULT '0',
  `cache_default_attribute` int(10) unsigned DEFAULT NULL,
  `date_add` datetime NOT NULL,
  `date_upd` datetime NOT NULL,
  `advanced_stock_management` tinyint(1) NOT NULL DEFAULT '0',
  `pack_stock_type` int(11) unsigned NOT NULL DEFAULT '3',
  PRIMARY KEY (`id_product`),
  KEY `product_supplier` (`id_supplier`),
  KEY `product_manufacturer` (`id_manufacturer`,`id_product`),
  KEY `id_category_default` (`id_category_default`),
  KEY `indexed` (`indexed`),
  KEY `date_add` (`date_add`)
) ENGINE=InnoDB AUTO_INCREMENT=194 DEFAULT CHARSET=utf8;

--
-- Dumping data for table `ps_product`
--

INSERT INTO `ps_product` (`id_product`, `id_supplier`, `id_manufacturer`, `id_category_default`, `id_shop_default`, `id_tax_rules_group`, `on_sale`, `online_only`, `ean13`, `upc`, `ecotax`, `quantity`, `minimal_quantity`, `price`, `wholesale_price`, `unity`, `unit_price_ratio`, `additional_shipping_cost`, `reference`, `supplier_reference`, `location`, `width`, `height`, `depth`, `weight`, `out_of_stock`, `quantity_discount`, `customizable`, `uploadable_files`, `text_fields`, `active`, `redirect_type`, `id_product_redirected`, `available_for_order`, `available_date`, `condition`, `show_price`, `indexed`, `visibility`, `cache_is_pack`, `cache_has_attachments`, `is_virtual`, `cache_default_attribute`, `date_add`, `date_upd`, `advanced_stock_management`, `pack_stock_type`) VALUES (8,1,0,13,1,1,0,0,'3700335212389','',0.000000,0,1,102.830189,0.000000,'',0.000000,0.00,'DC1238','','',14.000000,11.000000,14.000000,0.400000,2,0,0,0,0,1,'404',0,0,'0000-00-00','new',1,1,'both',0,0,0,0,'2015-08-18 12:31:32','2015-11-18 21:58:29',1,3),(9,1,0,9,1,1,0,0,'3700335227017','',0.000000,0,1,93.396226,0.000000,'',0.000000,0.00,'DC2701','','',20.000000,7.000000,13.000000,0.300000,2,0,0,0,0,1,'404',0,0,'0000-00-00','new',1,1,'both',0,0,0,0,'2015-08-19 12:48:28','2015-12-30 16:41:58',1,3),(12,1,0,9,1,1,0,0,'3700335227147','',0.000000,0,1,93.396226,0.000000,'',0.000000,0.00,'DC2714','','',20.000000,7.000000,13.000000,0.300000,2,0,0,0,0,1,'404',0,0,'0000-00-00','new',1,1,'both',0,0,0,0,'2015-08-19 16:44:19','2015-12-31 18:30:15',1,3),(13,1,0,9,1,1,0,0,'3700335227161','',0.000000,0,1,140.566038,0.000000,'',0.000000,0.00,'DC2716','','',25.000000,9.000000,19.000000,0.500000,2,0,0,0,0,1,'404',0,0,'0000-00-00','new',1,1,'both',0,0,0,0,'2015-08-19 16:59:33','2015-12-31 18:31:22',1,3),(14,1,0,9,1,1,0,0,'3700335227185','',0.000000,0,1,168.867925,0.000000,'',0.000000,0.00,'DC2718','','',30.000000,12.000000,20.000000,0.700000,2,0,0,0,0,1,'404',0,0,'0000-00-00','new',1,1,'both',0,0,0,0,'2015-08-19 17:06:39','2015-12-31 18:33:28',1,3),(16,0,0,4,1,1,0,0,'3700335227406','',0.000000,0,1,112.264151,0.000000,'',0.000000,0.00,'DC2740','','',22.000000,7.000000,22.000000,0.400000,2,0,0,0,0,1,'404',0,0,'0000-00-00','new',1,1,'both',0,0,0,0,'2015-08-19 17:22:47','2015-12-31 18:35:19',1,3),(17,1,0,13,1,1,0,0,'3700335212426','',0.000000,0,1,177.358491,0.000000,'',0.000000,0.00,'DC1242','','',17.000000,12.000000,17.000000,0.500000,2,0,0,0,0,1,'404',0,0,'0000-00-00','new',1,1,'both',0,0,0,0,'2015-08-19 17:28:19','2015-12-31 18:37:21',1,3),(18,1,0,13,1,1,0,0,'3700335212419','',0.000000,0,1,177.358491,0.000000,'',0.000000,0.00,'DC1241','','',17.000000,12.000000,17.000000,0.500000,2,0,0,0,0,1,'404',0,1,'0000-00-00','new',1,1,'both',0,0,0,0,'2015-08-19 17:34:10','2015-12-31 18:38:31',1,3),(20,1,0,26,1,1,0,0,'3700335227918','',0.000000,0,1,140.566038,0.000000,'',0.000000,0.00,'DC2791','','',22.000000,7.000000,22.000000,0.500000,2,0,0,0,0,1,'404',0,0,'0000-00-00','new',1,1,'both',0,0,0,0,'2015-08-19 17:58:00','2015-12-31 18:40:59',1,3),(24,1,0,14,1,1,0,0,'3700335228045','',0.000000,0,1,121.698113,0.000000,'',0.000000,0.00,'DC2804','','',31.000000,7.000000,21.000000,0.400000,2,0,0,0,0,1,'404',0,0,'0000-00-00','new',1,1,'both',0,0,0,0,'2015-08-19 18:20:57','2015-12-31 18:42:50',1,3),(25,1,0,14,1,1,0,0,'3700335228052','',0.000000,0,1,121.698113,0.000000,'',0.000000,0.00,'DC2805','','',31.000000,7.000000,21.000000,0.400000,2,0,0,0,0,1,'404',0,0,'0000-00-00','new',1,1,'both',0,0,0,0,'2015-08-19 18:28:32','2015-12-31 18:45:22',1,3),(26,1,0,14,1,1,0,0,'3700335228083','',0.000000,0,1,121.698113,0.000000,'',0.000000,0.00,'DC2808','','',24.000000,9.000000,17.000000,0.400000,2,0,0,0,0,1,'404',0,0,'0000-00-00','new',1,1,'both',0,0,0,0,'2015-08-19 18:33:34','2015-12-31 18:46:43',1,3),(29,1,0,15,1,1,0,0,'3700349321459','',0.000000,0,1,112.264151,0.000000,'',0.000000,0.00,'HO2145','','',22.000000,9.000000,15.000000,0.500000,2,0,0,0,0,1,'404',0,0,'0000-00-00','new',1,1,'both',0,0,0,0,'2015-08-19 19:02:34','2015-12-31 18:48:11',1,3),(31,1,0,16,1,1,0,0,'3700349325136','',0.000000,0,1,159.433962,0.000000,'',0.000000,0.00,'HO2513','','',32.000000,11.000000,24.000000,0.700000,2,0,0,0,0,1,'404',0,0,'0000-00-00','new',1,1,'both',0,0,0,0,'2015-08-19 19:22:53','2015-12-31 18:55:37',1,3),(32,1,0,17,1,1,0,0,'3700349324511','',0.000000,0,1,121.698113,0.000000,'',0.000000,0.00,'HO2451','','',26.000000,13.000000,20.000000,0.600000,2,0,0,0,0,1,'404',0,0,'0000-00-00','new',1,1,'both',0,0,0,0,'2015-08-19 19:28:26','2015-12-31 18:56:51',1,3),(33,1,0,17,1,1,0,1,'3700349324528','',0.000000,0,1,234.905660,0.000000,'',0.000000,0.00,'HO2452','','',38.000000,27.000000,16.000000,1.100000,2,0,0,0,0,1,'404',0,1,'0000-00-00','new',1,1,'both',0,0,0,0,'2015-08-24 23:27:08','2015-12-31 18:58:37',1,3),(34,0,0,17,1,1,0,1,'3700349324535','',0.000000,0,1,319.811321,0.000000,'',0.000000,0.00,'HO2453','','',43.000000,38.000000,41.000000,2.000000,2,0,0,0,0,0,'404',0,1,'0000-00-00','new',1,0,'both',0,0,0,0,'2015-08-25 00:18:01','2015-12-31 19:01:43',1,3),(35,1,0,17,1,1,0,0,'3700349310583','',0.000000,0,1,131.132075,0.000000,'',0.000000,0.00,'HO1058','','',22.000000,15.000000,9.000000,0.500000,2,0,0,0,0,1,'404',0,0,'0000-00-00','new',1,1,'both',0,0,0,0,'2015-08-25 00:25:46','2015-12-31 19:03:23',1,3),(36,1,0,17,1,1,0,1,'3700349310576','',0.000000,0,1,234.905660,0.000000,'',0.000000,0.00,'HO1057','','',38.000000,16.000000,27.000000,0.500000,2,0,0,0,0,1,'404',0,1,'0000-00-00','new',1,1,'both',0,0,0,0,'2015-08-25 00:31:46','2015-12-31 19:06:53',1,3),(37,1,0,15,1,1,0,1,'3700349323095','',0.000000,0,1,112.264151,0.000000,'',0.000000,0.00,'HO2309','','',22.000000,9.000000,15.000000,0.500000,2,0,0,0,0,1,'404',0,1,'0000-00-00','new',1,1,'both',0,0,0,0,'2015-08-25 18:40:19','2015-12-31 19:09:57',1,3),(38,1,0,15,1,1,0,1,'3700349324313','',0.000000,0,1,159.433962,0.000000,'',0.000000,0.00,'HO2431','','',31.000000,11.000000,23.000000,0.700000,2,0,0,0,0,1,'404',0,1,'0000-00-00','new',1,1,'both',0,0,0,0,'2015-08-25 18:48:59','2015-12-31 19:13:26',1,3),(39,1,0,15,1,1,0,1,'3700349324320','',0.000000,0,1,234.905660,0.000000,'',0.000000,0.00,'HO2432','','',38.000000,16.000000,27.000000,1.100000,2,0,0,0,0,1,'404',0,1,'0000-00-00','new',1,1,'both',0,0,0,0,'2015-08-25 18:53:45','2015-12-31 19:14:14',1,3),(40,1,0,18,1,1,0,0,'3700349323323','',0.000000,0,1,121.698113,0.000000,'',0.000000,0.00,'HO2332','','',22.000000,15.000000,9.000000,0.400000,2,0,0,0,0,1,'404',0,0,'0000-00-00','new',1,1,'both',0,0,0,49,'2015-08-25 19:02:34','2015-12-31 19:17:06',1,3),(41,1,0,18,1,1,0,1,'3700349323194','',0.000000,0,1,83.018868,0.000000,'',0.000000,0.00,'HO2319','','',24.000000,9.000000,17.000000,0.200000,2,0,0,0,0,1,'404',0,1,'0000-00-00','new',1,1,'both',0,0,0,0,'2015-08-25 19:11:24','2015-12-31 19:20:34',1,3),(42,0,0,18,1,1,0,1,'3700349323200','',0.000000,0,1,112.264151,0.000000,'',0.000000,0.00,'HO2320','','',31.000000,14.000000,24.000000,0.300000,2,0,0,0,0,1,'404',0,1,'0000-00-00','new',1,1,'both',0,0,0,0,'2015-08-25 19:15:28','2015-12-31 19:22:02',1,3),(43,1,0,16,1,1,0,0,'3700349325143','',0.000000,0,1,234.905660,0.000000,'',0.000000,0.00,'HO2514','','',38.000000,16.000000,27.000000,1.100000,2,0,0,0,0,1,'404',0,0,'0000-00-00','new',1,1,'both',0,0,0,0,'2015-08-26 10:51:40','2015-12-31 19:23:21',1,3),(44,1,0,18,1,1,0,0,'3700349322975','',0.000000,0,1,282.075472,0.000000,'',0.000000,0.00,'HO2297','','',30.000000,20.000000,30.000000,0.700000,2,0,0,0,0,1,'404',0,0,'0000-00-00','new',1,1,'both',0,0,0,0,'2015-08-26 11:02:40','2015-12-31 19:26:24',1,3),(45,1,0,18,1,1,0,1,'3700349320612','',0.000000,0,1,225.471698,0.000000,'',0.000000,0.00,'HO2061','','',24.000000,13.000000,24.000000,0.600000,2,0,0,0,0,1,'404',0,1,'0000-00-00','new',1,1,'both',0,0,0,0,'2015-08-26 11:10:41','2015-12-31 19:27:36',1,3),(46,1,0,16,1,1,0,1,'3700349322906','',0.000000,0,1,187.735849,0.000000,'',0.000000,0.00,'HO2290','','',27.000000,14.000000,20.000000,0.300000,2,0,0,0,0,1,'404',0,1,'0000-00-00','new',1,1,'both',0,0,0,0,'2015-08-26 11:41:25','2015-12-31 19:30:15',1,3),(47,1,0,16,1,1,0,1,'3700349322944','',0.000000,0,1,187.735849,0.000000,'',0.000000,0.00,'HO2294','','',27.000000,14.000000,20.000000,0.300000,2,0,0,0,0,1,'404',0,1,'0000-00-00','new',1,1,'both',0,0,0,0,'2015-08-26 11:49:09','2015-12-31 19:31:27',1,3),(48,1,0,20,1,1,0,1,'3700349323750','',0.000000,0,1,102.830189,0.000000,'',0.000000,0.00,'HO2375','','',31.000000,8.000000,24.000000,0.200000,2,0,0,0,0,1,'404',0,1,'0000-00-00','new',1,1,'both',0,0,0,0,'2015-08-26 12:05:59','2015-12-31 19:33:33',1,3),(49,1,0,20,1,1,0,1,'3700349323736','',0.000000,0,1,102.830189,0.000000,'',0.000000,0.00,'HO2373','','',26.000000,23.000000,10.000000,0.200000,2,0,0,0,0,0,'404',0,1,'0000-00-00','new',1,1,'both',0,0,0,0,'2015-08-26 12:25:24','2015-12-31 19:36:40',1,3),(50,1,0,20,1,1,0,1,'3700349321367','',0.000000,0,1,102.830189,0.000000,'',0.000000,0.00,'HO2136','','',31.000000,8.000000,24.000000,0.200000,2,0,0,0,0,1,'404',0,1,'0000-00-00','new',1,1,'both',0,0,0,0,'2015-08-26 12:40:14','2015-12-31 19:39:08',1,3),(51,1,0,20,1,1,0,1,'3700349312600','',0.000000,0,1,102.830189,0.000000,'',0.000000,0.00,'HO1260','','',31.000000,8.000000,24.000000,0.200000,2,0,0,0,0,1,'404',0,1,'0000-00-00','new',1,1,'both',0,0,0,0,'2015-08-26 12:48:28','2015-12-31 19:41:46',1,3),(52,1,0,20,1,1,0,1,'3700349312587','',0.000000,0,1,102.830189,0.000000,'',0.000000,0.00,'HO1258','','',31.000000,8.000000,24.000000,0.200000,2,0,0,0,0,0,'404',0,1,'0000-00-00','new',1,0,'both',0,0,0,0,'2015-08-26 12:58:56','2015-12-31 19:42:41',1,3),(53,1,0,22,1,1,0,0,'3700349322104','',0.000000,0,1,187.735849,0.000000,'',0.000000,0.00,'HO2210','','',26.000000,13.000000,20.000000,0.600000,2,0,0,0,0,1,'404',0,0,'0000-00-00','new',1,1,'both',0,0,0,0,'2015-08-26 13:09:38','2015-12-31 19:44:57',1,3),(54,1,0,22,1,1,0,0,'3700349322166','',0.000000,0,1,187.735849,0.000000,'',0.000000,0.00,'HO2216','','',26.000000,13.000000,20.000000,0.600000,2,0,0,0,0,1,'404',0,0,'0000-00-00','new',1,1,'both',0,0,0,0,'2015-08-26 13:15:28','2015-12-31 19:45:52',1,3),(55,1,0,22,1,1,0,0,'3700349322173','',0.000000,0,1,187.735849,0.000000,'',0.000000,0.00,'HO2217','','',0.000000,0.000000,0.000000,0.000000,2,0,0,0,0,1,'404',0,0,'0000-00-00','new',1,1,'both',0,0,0,0,'2015-08-26 13:22:34','2015-12-31 19:46:56',1,3),(56,1,0,22,1,1,0,0,'3700349322180','',0.000000,0,1,187.735849,0.000000,'',0.000000,0.00,'HO2218','','',26.000000,13.000000,20.000000,0.600000,2,0,0,0,0,1,'404',0,0,'0000-00-00','new',1,1,'both',0,0,0,0,'2015-08-26 13:30:39','2015-12-31 19:47:44',1,3),(57,1,0,13,1,1,0,1,'3700335212433','',0.000000,0,1,177.358491,0.000000,'',0.000000,0.00,'DC1243','','',17.000000,12.000000,17.000000,0.500000,2,0,0,0,0,1,'404',0,1,'0000-00-00','new',1,1,'both',0,0,0,0,'2015-08-26 17:59:20','2015-12-31 19:49:19',1,3),(58,1,0,21,1,1,0,1,'3700335210606','',0.000000,0,1,102.830189,0.000000,'',0.000000,0.00,'DC1060','','',31.000000,8.000000,24.000000,0.200000,2,0,0,0,0,1,'404',0,1,'0000-00-00','new',1,1,'both',0,0,0,0,'2015-08-26 18:16:24','2015-12-31 19:50:20',1,3),(59,1,0,21,1,1,0,1,'3700335210620','',0.000000,0,1,102.830189,0.000000,'',0.000000,0.00,'DC1062','','',31.000000,8.000000,24.000000,0.200000,2,0,0,0,0,1,'404',0,1,'0000-00-00','new',1,1,'both',0,0,0,0,'2015-08-26 18:28:30','2015-12-31 19:51:32',1,3),(60,1,0,26,1,1,0,0,'3700335214451','',0.000000,0,1,140.566038,0.000000,'',0.000000,0.00,'DC1445','','',20.000000,9.000000,20.000000,0.500000,2,0,0,0,0,1,'404',0,1,'0000-00-00','new',1,1,'both',0,0,0,0,'2015-08-26 19:17:47','2015-12-31 19:52:25',1,3),(61,1,0,26,1,1,0,0,'3700335222166','',0.000000,0,1,140.566038,0.000000,'',0.000000,0.00,'DC2216','','',19.000000,9.000000,19.000000,0.400000,2,0,0,0,0,1,'404',0,0,'0000-00-00','new',1,1,'both',0,0,0,0,'2015-08-26 19:23:54','2015-12-31 19:53:22',1,3),(62,1,0,9,1,1,0,0,'3700335223989','',0.000000,0,1,140.566038,0.000000,'',0.000000,0.00,'DC2398','','',23.000000,9.000000,23.000000,0.400000,2,0,0,0,0,1,'404',0,0,'0000-00-00','new',1,1,'both',0,0,0,0,'2015-08-26 19:32:50','2015-12-31 19:54:22',1,3),(63,1,0,9,1,1,0,1,'3700335224009','',0.000000,0,1,140.566038,0.000000,'',0.000000,0.00,'DC2400','','',23.000000,9.000000,23.000000,0.500000,2,0,0,0,0,1,'404',0,1,'0000-00-00','new',1,1,'both',0,0,0,0,'2015-08-26 19:38:40','2015-12-31 19:55:40',1,3),(64,1,0,9,1,1,0,1,'3700335224023','',0.000000,0,1,282.075472,0.000000,'',0.000000,0.00,'DC2402','','',25.000000,18.000000,25.000000,0.900000,2,0,0,0,0,1,'404',0,1,'0000-00-00','new',1,1,'both',0,0,0,0,'2015-08-26 20:01:23','2015-12-31 19:57:03',1,3),(65,1,0,13,1,1,0,0,'3700335225839','',0.000000,0,1,159.433962,0.000000,'',0.000000,0.00,'DC2583','','',25.000000,10.000000,18.000000,0.500000,2,0,0,0,0,1,'404',0,0,'0000-00-00','new',1,1,'both',0,0,0,0,'2015-08-26 20:17:05','2015-12-31 19:59:08',1,3),(66,1,0,4,1,1,0,1,'3700335226829','',0.000000,0,1,131.132075,0.000000,'',0.000000,0.00,'DC2682','','',16.000000,10.000000,16.000000,0.400000,2,0,0,0,0,1,'404',0,1,'0000-00-00','new',1,1,'both',0,0,0,0,'2015-08-26 20:22:30','2015-12-31 20:00:19',1,3),(68,1,0,4,1,1,0,0,'3700335226867','',0.000000,0,1,187.735849,0.000000,'',0.000000,0.00,'DC2686','','',19.000000,13.000000,19.000000,0.500000,2,0,0,0,0,1,'404',0,0,'0000-00-00','new',1,1,'both',0,0,0,0,'2015-08-26 20:37:49','2015-12-31 20:06:26',1,3),(69,1,0,4,1,1,0,0,'3700335226850','',0.000000,0,1,186.792453,0.000000,'',0.000000,0.00,'DC2685','','',19.000000,13.000000,19.000000,0.500000,2,0,0,0,0,1,'404',0,0,'0000-00-00','new',1,1,'both',0,0,0,0,'2015-08-26 20:44:02','2015-12-29 17:52:36',1,3),(70,1,0,4,1,1,0,1,'3700335226874','',0.000000,0,1,186.792453,0.000000,'',0.000000,0.00,'DC2687','','',19.000000,13.000000,19.000000,0.500000,2,0,0,0,0,1,'404',0,1,'0000-00-00','new',1,1,'both',0,0,0,0,'2015-08-26 20:47:46','2015-11-18 21:42:04',1,3),(71,1,0,9,1,1,0,1,'3700335227062','',0.000000,0,1,244.339623,0.000000,'',0.000000,0.00,'DC2706','','',37.000000,17.000000,26.000000,1.200000,2,0,0,0,0,1,'404',0,1,'0000-00-00','new',1,1,'both',0,0,0,0,'2015-08-26 20:50:46','2015-11-18 21:43:33',1,3),(72,0,0,9,1,1,0,1,'3700335227130','',0.000000,0,1,82.075472,0.000000,'',0.000000,0.00,'DC2713','','',20.000000,7.000000,13.000000,0.300000,2,0,0,0,0,1,'404',0,1,'0000-00-00','new',1,1,'both',0,0,0,0,'2015-08-26 20:58:51','2015-11-10 17:25:45',1,3),(73,1,0,9,1,1,0,0,'3700335227178','',0.000000,0,1,152.830189,0.000000,'',0.000000,0.00,'DC2717','','',22.000000,9.000000,18.000000,0.500000,2,0,0,0,0,1,'404',0,0,'0000-00-00','new',1,1,'both',0,0,0,0,'2015-08-26 21:06:18','2015-11-18 21:44:24',1,3),(74,1,0,26,1,1,0,0,'3700335227956','',0.000000,0,1,121.698113,0.000000,'',0.000000,0.00,'DC2795','','',22.000000,8.000000,14.000000,0.400000,2,0,0,0,0,1,'404',0,0,'0000-00-00','new',1,1,'both',0,0,0,0,'2015-08-26 23:38:30','2015-11-18 21:45:36',1,3),(75,1,0,26,1,1,0,0,'3700335227963','',0.000000,0,1,121.698113,0.000000,'',0.000000,0.00,'DC2796','','',22.000000,8.000000,14.000000,0.000000,2,0,0,0,0,1,'404',0,0,'0000-00-00','new',1,1,'both',0,0,0,0,'2015-08-26 23:46:48','2015-11-18 21:46:15',1,3),(76,1,0,26,1,1,0,1,'3700335227970','',0.000000,0,1,121.698113,0.000000,'',0.000000,0.00,'DC2797','','',22.000000,8.000000,14.000000,0.400000,2,0,0,0,0,1,'404',0,1,'0000-00-00','new',1,1,'both',0,0,0,0,'2015-08-26 23:54:06','2015-11-18 21:46:57',1,3),(77,1,0,26,1,1,0,1,'3700335228007','',0.000000,0,1,186.792453,0.000000,'',0.000000,0.00,'DC2800','','',25.000000,18.000000,25.000000,0.950000,2,0,0,0,0,1,'404',0,1,'0000-00-00','new',1,1,'both',0,0,0,0,'2015-08-26 23:57:40','2015-11-18 21:48:19',1,3),(78,1,0,26,1,1,0,0,'3700335228014','',0.000000,0,1,186.792453,0.000000,'',0.000000,0.00,'DC2801','','',28.000000,18.000000,28.000000,0.950000,2,0,0,0,0,1,'404',0,0,'0000-00-00','new',1,1,'both',0,0,0,0,'2015-08-27 00:04:52','2015-11-18 21:49:08',1,3),(79,1,0,26,1,1,0,1,'3700335228021','',0.000000,0,1,186.792453,0.000000,'',0.000000,0.00,'DC2802','','',25.000000,18.000000,25.000000,0.950000,2,0,0,0,0,1,'404',0,1,'0000-00-00','new',1,1,'both',0,0,0,0,'2015-08-27 00:08:10','2015-11-18 21:49:42',1,3),(80,1,0,26,1,1,0,1,'3700335228038','',0.000000,0,1,186.792453,0.000000,'',0.000000,0.00,'DC2803','','',25.000000,18.000000,25.000000,0.950000,2,0,0,0,0,1,'404',0,1,'0000-00-00','new',1,1,'both',0,0,0,0,'2015-08-27 00:12:39','2015-11-18 21:50:11',1,3),(81,1,0,23,1,1,0,0,'3700335224917','',0.000000,0,1,111.320755,0.000000,'',0.000000,0.00,'DC2491','','',25.000000,7.000000,5.000000,0.200000,2,0,0,0,0,1,'404',0,0,'0000-00-00','new',1,1,'both',0,0,0,0,'2015-08-28 11:00:16','2015-11-18 21:50:50',1,3),(82,1,0,23,1,1,0,0,'3700335224900','',0.000000,0,1,111.320755,0.000000,'',0.000000,0.00,'DC2490','','',25.000000,7.000000,5.000000,0.200000,2,0,0,0,0,1,'404',0,0,'0000-00-00','new',1,1,'both',0,0,0,0,'2015-08-28 11:09:40','2015-11-18 21:51:32',1,3),(83,0,0,23,1,1,0,1,'3700335227253','',0.000000,0,1,24.433962,0.000000,'',0.000000,0.00,'DC2725','','',15.000000,7.000000,15.000000,0.200000,2,0,0,0,0,1,'404',0,1,'0000-00-00','new',1,1,'both',0,0,0,51,'2015-08-28 11:17:42','2015-09-05 04:58:41',1,3),(84,0,0,23,1,1,0,1,'3700335227277','',0.000000,0,1,24.433962,0.000000,'',0.000000,0.00,'DC2727','','',15.000000,15.000000,7.000000,0.200000,2,0,0,0,0,1,'404',0,1,'0000-00-00','new',1,1,'both',0,0,0,59,'2015-08-28 13:37:59','2015-09-05 05:00:27',1,3),(85,0,0,23,1,1,0,1,'3700335227260','',0.000000,0,1,24.433962,0.000000,'',0.000000,0.00,'DC2726','','',14.000000,6.000000,14.000000,0.200000,2,0,0,0,0,1,'404',0,1,'0000-00-00','new',1,1,'both',0,0,0,67,'2015-08-28 13:50:37','2015-09-05 05:00:52',1,3),(86,0,0,4,1,1,0,1,'3700335227307','',0.000000,0,1,101.886792,0.000000,'',0.000000,0.00,'DC2730','','',14.000000,6.000000,14.000000,0.200000,2,0,0,0,0,1,'404',0,1,'0000-00-00','new',1,1,'both',0,0,0,0,'2015-08-28 14:01:42','2015-09-05 05:02:29',1,3),(87,0,0,4,1,1,0,1,'3700335227321','',0.000000,0,1,101.886792,0.000000,'',0.000000,0.00,'DC2732','','',14.000000,6.000000,14.000000,0.200000,2,0,0,0,0,1,'404',0,1,'0000-00-00','new',1,1,'both',0,0,0,0,'2015-08-28 14:06:03','2015-09-05 05:02:40',1,3),(88,1,0,23,1,1,0,0,'3700335227550','',0.000000,0,1,111.320755,0.000000,'',0.000000,0.00,'DC2755','','',24.000000,15.000000,15.000000,0.400000,2,0,0,0,0,1,'404',0,0,'0000-00-00','new',1,1,'both',0,0,0,71,'2015-08-28 14:13:20','2015-11-18 21:52:41',1,3),(89,1,0,23,1,1,0,0,'3700335227529','',0.000000,0,1,111.320755,0.000000,'',0.000000,0.00,'DC2752','','',16.000000,12.000000,14.000000,0.300000,2,0,0,0,0,1,'404',0,0,'0000-00-00','new',1,1,'both',0,0,0,75,'2015-08-28 14:25:56','2015-11-18 21:53:33',1,3),(90,0,0,24,1,1,0,1,'3700335227710','',0.000000,0,1,83.962264,0.000000,'',0.000000,0.00,'DC2771','','',16.000000,16.000000,8.000000,0.300000,2,0,0,0,0,1,'404',0,1,'0000-00-00','new',1,1,'both',0,0,0,79,'2015-08-28 15:07:44','2015-09-05 05:07:06',1,3),(91,0,0,24,1,1,0,1,'3700335227734','',0.000000,0,1,131.132075,0.000000,'',0.000000,0.00,'DC2773','','',29.000000,7.000000,20.000000,0.500000,2,0,0,0,0,1,'404',0,1,'0000-00-00','new',1,1,'both',0,0,0,0,'2015-08-28 15:30:59','2015-09-05 05:06:33',1,3),(92,0,0,24,1,1,0,1,'3700335227741','',0.000000,0,1,131.132075,0.000000,'',0.000000,0.00,'DC2774','','',29.000000,7.000000,20.000000,0.500000,2,0,0,0,0,1,'404',0,1,'0000-00-00','new',1,1,'both',0,0,0,0,'2015-08-28 15:35:13','2015-09-05 05:07:26',1,3),(93,0,0,24,1,1,0,1,'3700335227758','',0.000000,0,1,131.132075,0.000000,'',0.000000,0.00,'DC2775','','',29.000000,7.000000,20.000000,0.500000,2,0,0,0,0,1,'404',0,1,'0000-00-00','new',1,1,'both',0,0,0,0,'2015-08-28 15:37:51','2015-09-05 05:08:27',1,3),(94,0,0,24,1,1,0,1,'3700335227765','',0.000000,0,1,131.132075,0.000000,'',0.000000,0.00,'DC2776','','',29.000000,7.000000,20.000000,0.500000,2,0,0,0,0,1,'404',0,1,'0000-00-00','new',1,1,'both',0,0,0,0,'2015-08-28 15:40:08','2015-09-05 05:08:54',1,3),(95,0,0,26,1,1,0,1,'3700335221466','',0.000000,0,1,131.132075,0.000000,'',0.000000,0.00,'DC2146','','',18.000000,7.000000,18.000000,0.300000,2,0,0,0,0,1,'404',0,1,'0000-00-00','new',1,1,'both',0,0,0,0,'2015-08-28 15:50:23','2015-09-08 12:47:51',1,3),(96,1,0,21,1,1,0,0,'3700335213218','',0.000000,0,1,93.396226,0.000000,'',0.000000,0.00,'DC1321','','',31.000000,8.000000,24.000000,0.000000,2,0,0,0,0,1,'404',0,0,'0000-00-00','new',1,1,'both',0,0,0,0,'2015-08-28 16:40:13','2015-11-18 21:54:48',1,3),(97,1,0,21,1,1,0,0,'3700335214925','',0.000000,0,1,93.396226,0.000000,'',0.000000,0.00,'DC1492','','',31.000000,8.000000,24.000000,0.200000,2,0,0,0,0,1,'404',0,0,'0000-00-00','new',1,1,'both',0,0,0,0,'2015-08-28 19:39:40','2015-11-18 21:55:20',1,3),(98,0,0,21,1,1,0,1,'3700335214932','',0.000000,0,1,93.396226,0.000000,'',0.000000,0.00,'DC1493','','',31.000000,8.000000,24.000000,0.200000,2,0,0,0,0,1,'404',0,1,'0000-00-00','new',1,1,'both',0,0,0,0,'2015-08-28 21:39:17','2015-09-05 05:13:06',1,3),(99,1,0,21,1,1,0,1,'3700335215632','',0.000000,0,1,93.396226,0.000000,'',0.000000,0.00,'DC1563','','',31.000000,8.000000,24.000000,0.200000,2,0,0,0,0,1,'404',0,1,'0000-00-00','new',1,1,'both',0,0,0,0,'2015-08-28 21:42:46','2015-11-18 21:56:16',1,3),(100,1,0,21,1,1,0,1,'3700335215649','',0.000000,0,1,93.396226,0.000000,'',0.000000,0.00,'DC1564','','',31.000000,8.000000,24.000000,0.200000,2,0,0,0,0,1,'404',0,1,'0000-00-00','new',1,1,'both',0,0,0,0,'2015-08-28 21:45:16','2015-11-18 21:56:57',1,3),(101,0,0,21,1,1,0,0,'3561860016237','',0.000000,0,1,93.396226,0.000000,'',0.000000,0.00,'DC1623','','',31.000000,8.000000,24.000000,0.200000,2,0,0,0,0,1,'404',0,0,'0000-00-00','new',1,1,'both',0,0,0,0,'2015-08-28 21:48:10','2015-10-24 19:18:01',1,3),(102,0,0,21,1,1,0,0,'3700335227840','',0.000000,0,1,93.396226,0.000000,'',0.000000,0.00,'DC2784','','',31.000000,8.000000,24.000000,0.200000,2,0,0,0,0,1,'404',0,0,'0000-00-00','new',1,1,'both',0,0,0,87,'2015-08-28 21:51:13','2015-10-24 19:18:54',1,3),(103,0,0,14,1,1,0,0,'3700335228069','',0.000000,0,1,111.320755,0.000000,'',0.000000,0.00,'DC2806','','',31.000000,7.000000,21.000000,0.400000,2,0,0,0,0,1,'404',0,0,'0000-00-00','new',1,1,'both',0,0,0,0,'2015-08-28 22:09:46','2015-09-06 17:22:26',1,3),(105,0,0,21,1,1,0,1,'3700335223507','',0.000000,0,1,93.396226,0.000000,'',0.000000,0.00,'DC2350','','',31.000000,8.000000,24.000000,0.200000,2,0,0,0,0,1,'404',0,1,'0000-00-00','new',1,1,'both',0,0,0,0,'2015-08-28 22:44:00','2015-09-05 05:17:53',1,3),(106,0,0,21,1,1,0,1,'3700335225624','',0.000000,0,1,93.396226,0.000000,'',0.000000,0.00,'DC2562','','',31.000000,8.000000,24.000000,0.200000,2,0,0,0,0,1,'404',0,1,'0000-00-00','new',1,1,'both',0,0,0,0,'2015-08-28 22:54:10','2015-09-05 05:19:03',1,3),(107,0,0,21,1,1,0,1,'3700335225648','',0.000000,0,1,93.396226,0.000000,'',0.000000,0.00,'DC2564','','',31.000000,24.000000,8.000000,0.200000,2,0,0,0,0,1,'404',0,1,'0000-00-00','new',1,1,'both',0,0,0,0,'2015-08-28 22:57:58','2015-09-05 05:19:24',1,3),(108,0,0,21,1,1,0,1,'3700335225679','',0.000000,0,1,93.396226,0.000000,'',0.000000,0.00,'DC2567','','',31.000000,8.000000,24.000000,0.200000,2,0,0,0,0,1,'404',0,1,'0000-00-00','new',1,1,'both',0,0,0,0,'2015-08-28 23:00:31','2015-09-05 04:32:53',1,3),(109,0,0,21,1,1,0,1,'3700335225709','',0.000000,0,1,93.396226,0.000000,'',0.000000,0.00,'DC2570','','',31.000000,8.000000,24.000000,0.200000,2,0,0,0,0,1,'404',0,1,'0000-00-00','new',1,1,'both',0,0,0,0,'2015-08-28 23:02:22','2015-09-05 04:34:31',1,3),(110,0,0,24,1,1,0,1,'3700335225501','',0.000000,0,1,102.830189,0.000000,'',0.000000,0.00,'DC2550','','',17.000000,10.000000,17.000000,0.300000,2,0,0,0,0,1,'404',0,1,'0000-00-00','new',1,1,'both',0,0,0,0,'2015-08-28 23:05:10','2015-09-05 04:35:43',1,3),(111,0,0,24,1,1,0,1,'3700335225518','',0.000000,0,1,102.830189,0.000000,'',0.000000,0.00,'DC2551','','',17.000000,10.000000,17.000000,0.300000,2,0,0,0,0,1,'404',0,1,'0000-00-00','new',1,1,'both',0,0,0,0,'2015-08-28 23:09:29','2015-09-05 04:38:22',1,3),(112,0,0,24,1,1,0,1,'3700335225525','',0.000000,0,1,102.830189,0.000000,'',0.000000,0.00,'DC2552','','',17.000000,10.000000,17.000000,0.300000,2,0,0,0,0,1,'404',0,1,'0000-00-00','new',1,1,'both',0,0,0,0,'2015-08-28 23:11:23','2015-09-05 04:40:27',1,3),(113,0,0,24,1,1,0,1,'3700335225532','',0.000000,0,1,102.830189,0.000000,'',0.000000,0.00,'DC2553','','',17.000000,10.000000,17.000000,0.300000,2,0,0,0,0,1,'404',0,1,'0000-00-00','new',1,1,'both',0,0,0,0,'2015-08-28 23:13:07','2015-09-05 04:42:04',1,3),(114,0,0,14,1,1,0,1,'3700335225549','',0.000000,0,1,102.830189,0.000000,'',0.000000,0.00,'DC2554','','',17.000000,10.000000,17.000000,0.300000,2,0,0,0,0,1,'404',0,1,'0000-00-00','new',1,1,'both',0,0,0,0,'2015-08-28 23:14:51','2015-09-05 04:43:33',1,3),(115,0,0,14,1,1,0,0,'3700335225563','',0.000000,0,1,102.830189,0.000000,'',0.000000,0.00,'DC2556','','',17.000000,10.000000,17.000000,0.300000,2,0,0,0,0,1,'404',0,0,'0000-00-00','new',1,1,'both',0,0,0,0,'2015-08-28 23:17:28','2015-10-24 19:20:55',1,3),(116,0,0,14,1,1,0,0,'3700335225570','',0.000000,0,1,102.830189,0.000000,'',0.000000,0.00,'DC2557','','',17.000000,10.000000,17.000000,0.300000,2,0,0,0,0,1,'404',0,0,'0000-00-00','new',1,1,'both',0,0,0,0,'2015-08-28 23:19:25','2015-10-24 19:21:43',1,3),(117,0,0,14,1,1,0,1,'3700335225587','',0.000000,0,1,102.830189,0.000000,'',0.000000,0.00,'DC2558','','',17.000000,10.000000,17.000000,0.300000,2,0,0,0,0,1,'404',0,1,'0000-00-00','new',1,1,'both',0,0,0,0,'2015-08-28 23:21:59','2015-09-05 04:47:57',1,3),(118,1,0,9,1,1,0,1,'3700335226317','',0.000000,0,1,83.018868,0.000000,'',0.000000,0.00,'DC2631','','',15.000000,7.000000,12.000000,0.250000,2,0,0,0,0,1,'404',0,1,'0000-00-00','new',1,1,'both',0,0,0,0,'2015-09-06 18:09:41','2015-09-06 18:39:49',1,3),(119,0,0,9,1,1,0,1,'3700335226300','',0.000000,0,1,83.018868,0.000000,'',0.000000,0.00,'DC2630','','',20.000000,7.000000,13.000000,0.300000,2,0,0,0,0,1,'404',0,1,'0000-00-00','new',1,1,'both',0,0,0,0,'2015-09-06 18:11:26','2015-09-06 18:23:44',1,3),(120,0,0,9,1,1,0,1,'3700335226331','',0.000000,0,1,131.132075,0.000000,'',0.000000,0.00,'DC2633','','',25.000000,10.000000,18.000000,0.750000,2,0,0,0,0,1,'404',0,1,'0000-00-00','new',1,1,'both',0,0,0,0,'2015-09-06 18:48:15','2015-10-24 19:22:18',1,3),(121,1,0,9,1,1,0,1,'3700335226430','',0.000000,0,1,83.018868,0.000000,'',0.000000,0.00,'DC2643','','',15.000000,7.000000,12.000000,0.250000,2,0,0,0,0,1,'404',0,1,'0000-00-00','new',1,1,'both',0,0,0,0,'2015-09-06 18:59:55','2015-09-06 19:09:12',1,3),(122,1,0,26,1,1,0,1,'3700335221473','',0.000000,0,1,131.132075,0.000000,'',0.000000,0.00,'DC2147','','',18.000000,7.000000,18.000000,0.400000,2,0,0,0,0,1,'404',0,1,'0000-00-00','new',1,1,'both',0,0,0,0,'2015-09-09 20:47:26','2015-09-09 21:19:42',1,3),(123,1,0,14,1,1,0,1,'3700335228076','',0.000000,0,1,111.320755,0.000000,'',0.000000,0.00,'DC2807','','',24.000000,9.000000,17.000000,0.650000,2,0,0,0,0,1,'404',0,1,'0000-00-00','new',1,1,'both',0,0,0,0,'2015-09-09 21:02:02','2015-09-09 21:21:03',1,3),(124,1,0,14,1,1,0,0,'3700335225556','',0.000000,0,1,102.830189,0.000000,'',0.000000,0.00,'DC2555','','',17.000000,10.000000,17.000000,0.480000,2,0,0,0,0,1,'404',0,0,'0000-00-00','new',1,1,'both',0,0,0,0,'2015-09-11 17:08:34','2015-10-24 19:23:03',1,3),(125,1,0,26,1,1,0,1,'3700335223729','',0.000000,0,1,83.962264,0.000000,'',0.000000,0.00,'DC2372','','',19.000000,7.000000,15.000000,0.350000,2,0,0,0,0,1,'404',0,1,'0000-00-00','new',1,1,'both',0,0,0,93,'2015-09-11 17:54:27','2015-09-11 18:32:05',1,3),(126,1,0,14,1,1,0,0,'3700335228090','',0.000000,0,1,111.320755,0.000000,'',0.000000,0.00,'DC2809','','',24.000000,9.000000,17.000000,0.650000,2,0,0,0,0,1,'404',0,0,'0000-00-00','new',1,1,'both',0,0,0,0,'2015-09-11 18:38:46','2015-11-18 17:40:49',1,3),(127,1,0,9,1,1,0,1,'3700335223972','',0.000000,0,1,101.886792,0.000000,'',0.000000,0.00,'DC2397','','',19.000000,8.000000,19.000000,0.480000,2,0,0,0,0,1,'404',0,1,'0000-00-00','new',1,1,'both',0,0,0,0,'2015-09-11 19:05:32','2015-09-11 19:15:50',1,3),(128,1,0,18,1,1,0,1,'3700349323217','',0.000000,0,1,197.169811,0.000000,'',0.000000,0.00,'HO2321','','',39.000000,17.000000,25.000000,2.800000,2,0,0,0,0,0,'404',0,1,'0000-00-00','new',1,1,'both',0,0,0,0,'2015-09-11 19:26:16','2015-12-29 18:45:44',1,3),(129,1,0,17,1,1,0,0,'3700349323590','',0.000000,0,1,99.056604,0.000000,'',0.000000,0.00,'HO2359','','',27.000000,21.000000,21.000000,2.000000,2,0,0,0,0,1,'404',0,1,'0000-00-00','new',1,1,'both',0,0,0,0,'2015-09-11 19:42:45','2015-10-24 20:29:16',1,3),(130,1,0,9,1,1,0,0,'3700335227055','',0.000000,0,1,158.490566,0.000000,'',0.000000,0.00,'DC2705','','',30.000000,12.000000,20.000000,0.700000,2,0,0,0,0,1,'404',0,0,'0000-00-00','new',1,1,'both',0,0,0,0,'2015-10-24 21:07:23','2015-11-18 17:42:00',1,3),(131,1,0,15,1,1,0,0,'3700349323156','',0.000000,0,1,93.396226,0.000000,'',0.000000,0.00,'HO2315','','',16.000000,7.000000,11.000000,0.300000,2,0,0,0,0,1,'404',0,0,'0000-00-00','new',1,1,'both',0,0,0,99,'2015-10-24 21:21:40','2015-11-18 17:37:09',1,3),(132,1,0,26,1,1,0,0,'3700335227925','',0.000000,0,1,121.698113,0.000000,'',0.000000,0.00,'DC2792','','',22.000000,7.000000,22.000000,0.500000,2,0,0,0,0,1,'404',0,0,'0000-00-00','new',1,1,'both',0,0,0,0,'2015-10-24 21:50:49','2015-12-29 17:57:41',1,3),(133,1,0,26,1,1,0,0,'3700335227932','',0.000000,0,1,121.698113,0.000000,'',0.000000,0.00,'DC2793','','',22.000000,7.000000,22.000000,0.500000,2,0,0,0,0,1,'404',0,0,'0000-00-00','new',1,1,'both',0,0,0,0,'2015-10-24 21:55:04','2015-12-29 17:57:29',1,3),(134,1,0,4,1,1,0,1,'3700335227437','',0.000000,0,1,131.132075,0.000000,'',0.000000,0.00,'DC2743','','',14.000000,24.000000,8.000000,1.000000,2,0,0,0,0,1,'404',0,1,'0000-00-00','new',1,1,'both',0,0,0,0,'2015-11-09 17:01:13','2015-12-29 17:53:15',1,3),(135,1,0,4,1,1,0,1,'3700335227444','',0.000000,0,1,131.132075,0.000000,'',0.000000,0.00,'DC2744','','',24.000000,8.000000,14.000000,1.000000,2,0,0,0,0,1,'404',0,1,'0000-00-00','new',1,1,'both',0,0,0,0,'2015-11-09 17:17:40','2015-12-29 17:53:52',1,3),(136,1,0,4,1,1,0,1,'3700335227451','',0.000000,0,1,131.132075,0.000000,'',0.000000,0.00,'DC2745','','',24.000000,8.000000,14.000000,1.000000,2,0,0,0,0,1,'404',0,1,'0000-00-00','new',1,1,'both',0,0,0,0,'2015-11-09 17:18:19','2015-12-29 17:54:29',1,3),(137,1,0,4,1,1,0,1,'3700335227468','',0.000000,0,1,131.132075,0.000000,'',0.000000,0.00,'DC2746','','',24.000000,8.000000,14.000000,1.000000,2,0,0,0,0,1,'404',0,1,'0000-00-00','new',1,1,'both',0,0,0,0,'2015-11-09 17:18:48','2015-12-29 17:55:34',1,3),(138,1,0,21,1,1,0,1,'3700335215618','',0.000000,0,1,93.396226,0.000000,'',0.000000,0.00,'DC1561','','',31.000000,8.000000,24.000000,0.200000,2,0,0,0,0,1,'404',0,1,'0000-00-00','new',1,1,'both',0,0,0,0,'2015-11-13 17:46:59','2015-11-18 17:47:19',1,3),(139,1,0,21,1,1,0,1,'3700335215687','',0.000000,0,1,93.396226,0.000000,'',0.000000,0.00,'DC1568','','',31.000000,8.000000,24.000000,0.200000,2,0,0,0,0,1,'404',0,1,'0000-00-00','new',1,1,'both',0,0,0,0,'2015-11-13 17:52:43','2015-11-18 17:47:51',1,3),(140,1,0,21,1,1,0,1,'3700335216080','',0.000000,0,1,93.396226,0.000000,'',0.000000,0.00,'DC1608','','',31.000000,8.000000,24.000000,0.200000,2,0,0,0,0,1,'404',0,1,'0000-00-00','new',1,1,'both',0,0,0,0,'2015-11-13 18:00:46','2015-11-18 17:48:29',1,3),(141,1,0,21,1,1,0,1,'3561860016183','',0.000000,0,1,93.396226,0.000000,'',0.000000,0.00,'DC1618','','',31.000000,8.000000,24.000000,0.200000,2,0,0,0,0,1,'404',0,1,'0000-00-00','new',1,1,'both',0,0,0,0,'2015-11-13 18:07:18','2015-11-18 17:48:59',1,3),(142,1,0,21,1,1,0,1,'3700335223521','',0.000000,0,1,93.396226,0.000000,'',0.000000,0.00,'DC2352','','',31.000000,8.000000,24.000000,0.200000,2,0,0,0,0,1,'404',0,1,'0000-00-00','new',1,1,'both',0,0,0,0,'2015-11-13 18:48:11','2015-11-18 17:49:32',1,3),(143,1,0,21,1,1,0,1,'3700335223538','',0.000000,0,1,93.396226,0.000000,'',0.000000,0.00,'DC2353','','',31.000000,8.000000,24.000000,0.200000,2,0,0,0,0,1,'404',0,1,'0000-00-00','new',1,1,'both',0,0,0,0,'2015-11-13 18:48:33','2015-11-18 17:50:21',1,3),(144,1,0,23,1,1,0,1,'3700335223569','',0.000000,0,1,111.320755,0.000000,'',0.000000,0.00,'DC2356','','',15.000000,18.000000,8.000000,0.400000,2,0,0,0,0,1,'404',0,1,'0000-00-00','new',1,1,'both',0,0,0,102,'2015-11-13 19:07:04','2015-11-20 19:24:20',1,3),(145,1,0,14,1,1,0,1,'3700335225761','',0.000000,0,1,111.320755,0.000000,'',0.000000,0.00,'DC2576','','',12.000000,17.000000,8.000000,0.300000,2,0,0,0,0,1,'404',0,1,'0000-00-00','new',1,1,'both',0,0,0,106,'2015-11-14 14:39:19','2015-12-29 17:55:24',1,3),(146,1,0,9,1,1,0,1,'3700335226140','',0.000000,0,1,131.132075,0.000000,'',0.000000,0.00,'DC2614','','',18.000000,10.000000,25.000000,0.800000,2,0,0,0,0,1,'404',0,1,'0000-00-00','new',1,1,'both',0,0,0,0,'2015-11-16 18:50:56','2015-11-20 19:26:42',1,3),(147,1,0,9,1,1,0,1,'3700335226157','',0.000000,0,1,186.792453,0.000000,'',0.000000,0.00,'DC2615','','',28.000000,12.000000,22.000000,1.230000,2,0,0,0,0,1,'404',0,1,'0000-00-00','new',1,1,'both',0,0,0,0,'2015-11-16 19:08:11','2015-11-20 19:27:37',1,3),(148,1,0,9,1,1,0,1,'3700335226164','',0.000000,0,1,139.622642,0.000000,'',0.000000,0.00,'DC2616','','',30.000000,12.000000,20.000000,0.700000,2,0,0,0,0,1,'404',0,1,'0000-00-00','new',1,1,'both',0,0,0,0,'2015-11-16 19:30:33','2015-11-18 17:54:47',1,3),(149,1,0,9,1,1,0,1,'3700335226355','',0.000000,0,1,167.924528,0.000000,'',0.000000,0.00,'DC2635','','',18.000000,25.000000,10.000000,0.800000,2,0,0,0,0,1,'404',0,1,'0000-00-00','new',1,1,'both',0,0,0,0,'2015-11-16 22:04:02','2015-11-20 19:28:58',1,3),(150,1,0,21,1,1,0,1,'3700335223859','',0.000000,0,1,93.396226,0.000000,'',0.000000,0.00,'DC2385','','',31.000000,8.000000,24.000000,0.200000,2,0,0,0,0,1,'404',0,1,'0000-00-00','new',1,1,'both',0,0,0,114,'2015-11-17 17:55:10','2015-11-18 17:56:20',1,3),(151,1,0,23,1,1,0,1,'3700335226980','',0.000000,0,1,140.566038,0.000000,'',0.000000,0.00,'DC2698','','',37.000000,10.000000,10.000000,0.600000,2,0,0,0,0,1,'404',0,1,'0000-00-00','new',1,1,'both',0,0,0,123,'2015-11-17 18:26:06','2015-12-29 17:58:50',1,3),(152,1,0,23,1,1,0,1,'3700335225099','',0.000000,0,1,65.094340,0.000000,'',0.000000,0.00,'DC2509','','',5.000000,20.000000,5.000000,0.200000,2,0,0,0,0,1,'404',0,1,'0000-00-00','new',1,1,'both',0,0,0,140,'2015-11-17 21:11:09','2015-11-20 19:31:30',1,3),(153,1,0,17,1,1,0,1,'3700349312631','',0.000000,0,1,376.415094,0.000000,'',0.000000,0.00,'HO1263','','',30.000000,54.000000,20.000000,5.400000,2,0,0,0,0,1,'404',0,1,'0000-00-00','new',1,1,'both',0,0,0,0,'2015-11-18 13:39:53','2015-11-20 18:43:41',1,3),(154,1,0,17,1,1,0,1,'3700349312846','',0.000000,0,1,215.094340,0.000000,'',0.000000,0.00,'HO1284','','',27.000000,38.000000,16.000000,2.700000,2,0,0,0,0,1,'404',0,1,'0000-00-00','new',1,1,'both',0,0,0,0,'2015-11-18 14:41:26','2015-11-20 18:42:49',1,3),(155,1,0,17,1,1,0,1,'3700349312853','',0.000000,0,1,376.415094,0.000000,'',0.000000,0.00,'HO1285','','',50.000000,67.000000,26.000000,14.450000,2,0,0,0,0,1,'404',0,1,'0000-00-00','new',1,1,'both',0,0,0,0,'2015-11-18 14:50:03','2015-11-20 18:45:33',1,3),(156,1,0,17,1,1,1,1,'3700349314543','',0.000000,0,1,93.396226,0.000000,'',0.000000,0.00,'HO1454','','',22.000000,8.000000,40.000000,1.170000,2,0,0,0,0,1,'404',0,1,'0000-00-00','new',1,1,'both',0,0,0,0,'2015-11-18 14:56:43','2015-12-29 18:50:42',1,3),(157,1,0,16,1,1,0,1,'3700349325136','',0.000000,0,1,262.264151,0.000000,'',0.000000,0.00,'HO2038','','',23.000000,31.000000,11.000000,1.300000,2,0,0,0,0,1,'404',0,1,'0000-00-00','new',1,1,'both',0,0,0,0,'2015-11-18 15:08:41','2015-11-20 18:48:38',1,3),(158,1,0,22,1,1,0,0,'3700349320629','',0.000000,0,1,215.094340,0.000000,'',0.000000,0.00,'HO2062','','',16.000000,22.000000,9.000000,0.500000,2,0,0,0,0,1,'404',0,0,'0000-00-00','new',1,1,'both',0,0,0,0,'2015-11-18 15:18:06','2015-11-25 12:23:07',1,3),(159,1,0,16,1,1,0,1,'3700349321886','',0.000000,0,1,233.962264,0.000000,'',0.000000,0.00,'HO2188','','',24.000000,32.000000,16.000000,2.040000,2,0,0,0,0,1,'404',0,1,'0000-00-00','new',1,1,'both',0,0,0,0,'2015-11-18 15:25:32','2015-11-20 18:51:13',1,3),(160,1,0,22,1,1,0,0,'3700349322142','',0.000000,0,1,177.358491,0.000000,'',0.000000,0.00,'HO2214','','',20.000000,26.000000,13.000000,1.120000,2,0,0,0,0,1,'404',0,0,'0000-00-00','new',1,1,'both',0,0,0,0,'2015-11-18 15:33:22','2015-11-25 12:17:49',1,3),(161,1,0,22,1,1,0,0,'3700349323002','',0.000000,0,1,177.358491,0.000000,'',0.000000,0.00,'HO2300','','',20.000000,26.000000,15.000000,1.290000,2,0,0,0,0,1,'404',0,0,'0000-00-00','new',1,1,'both',0,0,0,0,'2015-11-18 15:39:32','2015-11-25 12:17:16',1,3),(162,1,0,17,1,1,0,1,'3700349323057','',0.000000,0,1,187.735849,0.000000,'',0.000000,0.00,'HO2305','','',22.000000,14.000000,34.000000,1.740000,2,0,0,0,0,1,'404',0,1,'0000-00-00','new',1,1,'both',0,0,0,0,'2015-11-18 15:46:45','2015-11-20 18:54:23',1,3),(163,1,0,17,1,1,0,0,'3700349323163','',0.000000,0,1,111.320755,0.000000,'',0.000000,0.00,'HO2316','','',22.000000,15.000000,9.000000,0.500000,2,0,0,0,0,1,'404',0,0,'0000-00-00','new',1,1,'both',0,0,0,0,'2015-11-18 15:53:22','2015-11-25 12:26:40',1,3),(164,1,0,17,1,1,0,1,'3700349323613','',0.000000,0,1,376.415094,0.000000,'',0.000000,0.00,'HO2361','','',44.000000,47.000000,37.000000,12.700000,2,0,0,0,0,1,'404',0,1,'0000-00-00','new',1,1,'both',0,0,0,0,'2015-11-18 16:01:11','2015-11-20 18:56:35',1,3),(165,1,0,18,1,1,0,1,'3700349324092','',0.000000,0,1,271.698113,0.000000,'',0.000000,0.00,'HO2409','','',24.000000,25.000000,25.000000,2.490000,2,0,0,0,0,1,'404',0,1,'0000-00-00','new',1,1,'both',0,0,0,0,'2015-11-18 16:11:44','2015-12-29 17:50:15',1,3),(167,1,0,15,1,1,0,1,'3700349324306','',0.000000,0,1,111.320755,0.000000,'',0.000000,0.00,'HO2430','','',9.000000,15.000000,8.000000,0.200000,2,0,0,0,0,1,'404',0,1,'0000-00-00','new',1,1,'both',0,0,0,0,'2015-11-18 16:25:31','2015-11-20 18:59:21',1,3),(168,1,0,15,1,1,0,1,'3700349324344','',0.000000,0,1,111.320755,0.000000,'',0.000000,0.00,'HO2434','','',15.000000,22.000000,9.000000,0.500000,2,0,0,0,0,1,'404',0,1,'0000-00-00','new',1,1,'both',0,0,0,0,'2015-11-18 16:37:06','2015-11-20 19:01:11',1,3),(169,1,0,15,1,1,0,1,'3700349324368','',0.000000,0,1,224.528302,0.000000,'',0.000000,0.00,'HO2436','','',27.000000,38.000000,16.000000,2.720000,2,0,0,0,0,1,'404',0,1,'0000-00-00','new',1,1,'both',0,0,0,0,'2015-11-18 16:58:44','2015-12-29 17:49:37',1,3),(170,1,0,15,1,1,0,1,'3700349324443','',0.000000,0,1,111.320755,0.000000,'',0.000000,0.00,'HO2444','','',23.000000,31.000000,11.000000,1.270000,2,0,0,0,0,1,'404',0,1,'0000-00-00','new',1,1,'both',0,0,0,0,'2015-11-18 17:11:55','2015-11-20 19:03:10',1,3),(171,1,0,17,1,1,0,1,'3700349325051','',0.000000,0,1,234.905660,0.000000,'',0.000000,0.00,'HO2505','','',27.000000,33.000000,21.000000,3.100000,2,0,0,0,0,1,'404',0,1,'0000-00-00','new',1,1,'both',0,0,0,0,'2015-11-18 17:17:03','2015-11-20 19:04:09',1,3),(172,1,0,16,1,1,0,1,'3700349325150','',0.000000,0,1,347.169811,0.000000,'',0.000000,0.00,'HO2515','','',36.000000,46.000000,25.000000,6.500000,2,0,0,0,0,1,'404',0,1,'0000-00-00','new',1,1,'both',0,0,0,0,'2015-11-18 17:27:59','2015-11-20 19:05:12',1,3),(173,1,0,27,1,1,0,1,'3700335227635','',0.000000,0,1,102.830189,0.000000,'',0.000000,0.00,'DC2763','','',17.000000,24.000000,9.000000,0.600000,2,0,0,0,0,1,'404',0,1,'0000-00-00','new',1,1,'both',0,0,0,0,'2015-11-18 20:10:59','2015-11-20 19:12:25',1,3),(174,1,0,27,1,1,0,1,'3700335227642','',0.000000,0,1,102.830189,0.000000,'',0.000000,0.00,'DC2764','','',17.000000,24.000000,9.000000,0.650000,2,0,0,0,0,1,'404',0,1,'0000-00-00','new',1,1,'both',0,0,0,0,'2015-11-18 20:26:36','2015-11-20 19:13:34',1,3),(175,1,0,27,1,1,0,1,'3700335227659','',0.000000,0,1,102.830189,0.000000,'',0.000000,0.00,'DC2765','','',14.000000,11.000000,14.000000,0.400000,2,0,0,0,0,1,'404',0,1,'0000-00-00','new',1,1,'both',0,0,0,0,'2015-11-18 20:32:04','2015-11-18 20:36:47',1,3),(176,1,0,27,1,1,0,1,'3700335227666','',0.000000,0,1,131.132075,0.000000,'',0.000000,0.00,'DC2766','','',20.000000,21.000000,7.000000,0.500000,2,0,0,0,0,1,'404',0,1,'0000-00-00','new',1,1,'both',0,0,0,0,'2015-11-18 20:37:05','2015-11-20 19:15:39',1,3),(177,1,0,27,1,1,0,1,'3700335227673','',0.000000,0,1,131.132075,0.000000,'',0.000000,0.00,'DC2767','','',20.000000,21.000000,7.000000,0.500000,2,0,0,0,0,1,'404',0,1,'0000-00-00','new',1,1,'both',0,0,0,0,'2015-11-18 20:44:45','2015-11-20 19:16:23',1,3),(178,1,0,27,1,1,0,1,'3700335227680','',0.000000,0,1,131.132075,0.000000,'',0.000000,0.00,'DC2768','','',20.000000,21.000000,7.000000,0.500000,2,0,0,0,0,1,'404',0,1,'0000-00-00','new',1,1,'both',0,0,0,0,'2015-11-18 20:48:54','2015-11-20 19:17:03',1,3),(179,1,0,16,1,1,0,1,'3700349323996','',0.000000,0,1,328.301887,0.000000,'',0.000000,0.00,'HO2399','','',28.000000,70.000000,25.000000,8.200000,2,0,0,0,0,1,'404',0,1,'0000-00-00','new',1,1,'both',0,0,0,0,'2015-11-23 17:52:23','2015-12-29 17:40:58',1,3),(180,1,0,18,1,1,0,1,'3700349324160','',0.000000,0,1,177.358491,0.000000,'',0.000000,0.00,'HO2416','','',25.000000,14.000000,17.000000,1.000000,2,0,0,0,0,1,'404',0,1,'0000-00-00','new',1,1,'both',0,0,0,0,'2015-11-23 18:05:10','2015-11-23 18:12:37',1,3),(181,1,0,18,1,1,0,1,'3700349324177','',0.000000,0,1,271.698113,0.000000,'',0.000000,0.00,'HO2417','','',23.000000,30.000000,22.000000,2.500000,2,0,0,0,0,1,'404',0,1,'0000-00-00','new',1,1,'both',0,0,0,0,'2015-11-23 18:12:50','2015-11-23 18:19:44',1,3),(182,1,0,26,1,1,0,1,'3700335225921','',0.000000,0,1,120.754717,0.000000,'',0.000000,0.00,'DC2592','','',18.000000,18.000000,13.000000,0.700000,2,0,0,0,0,1,'404',0,1,'0000-00-00','new',1,1,'both',0,0,0,0,'2015-11-23 18:20:08','2015-11-23 18:51:38',1,3),(183,1,0,15,1,1,0,1,'3700349324450','',0.000000,0,1,158.490566,0.000000,'',0.000000,0.00,'HO2445','','',23.000000,31.000000,11.000000,1.270000,2,0,0,0,0,1,'404',0,1,'0000-00-00','new',1,1,'both',0,0,0,0,'2015-11-23 18:20:42','2015-11-23 18:25:44',1,3),(184,1,0,4,1,1,0,1,'3700335226805','',0.000000,0,1,121.698113,0.000000,'',0.000000,0.00,'DC2680','','',16.000000,10.000000,16.000000,0.400000,2,0,0,0,0,1,'404',0,1,'0000-00-00','new',1,1,'both',0,0,0,0,'2015-11-23 18:30:46','2015-11-23 18:56:33',1,3),(185,1,0,4,1,1,0,1,'3700335226836','',0.000000,0,1,121.698113,0.000000,'',0.000000,0.00,'DC2683','','',16.000000,10.000000,16.000000,0.400000,2,0,0,0,0,1,'404',0,1,'0000-00-00','new',1,1,'both',0,0,0,0,'2015-11-23 18:56:47','2015-11-23 19:00:12',1,3),(186,1,0,14,1,1,0,1,'3700335228106','',0.000000,0,1,111.320755,0.000000,'',0.000000,0.00,'DC2810','','',11.000000,11.000000,11.000000,0.250000,2,0,0,0,0,1,'404',0,1,'0000-00-00','new',1,1,'both',0,0,0,147,'2015-11-23 19:04:58','2015-11-23 19:32:38',1,3),(187,1,0,4,1,1,0,0,'3700335227383','',0.000000,0,1,102.830189,0.000000,'',0.000000,0.00,'DC2738','','',22.000000,7.000000,22.000000,0.400000,2,0,0,0,0,1,'404',0,1,'0000-00-00','new',1,1,'both',0,0,0,0,'2015-12-07 22:16:10','2015-12-07 22:18:49',1,3),(188,1,0,13,1,1,0,0,'3700335225846','',0.000000,0,1,158.490566,0.000000,'',0.000000,0.00,'DC2584','','',25.000000,10.000000,18.000000,0.500000,2,0,0,0,0,1,'404',0,1,'0000-00-00','new',1,1,'both',0,0,0,0,'2015-12-14 13:26:04','2015-12-14 13:28:05',1,3),(189,1,0,26,1,1,0,0,'3700335227949','',0.000000,0,1,121.698113,0.000000,'',0.000000,0.00,'DC2794','','',22.000000,7.000000,22.000000,0.500000,2,0,0,0,0,1,'404',0,1,'0000-00-00','new',1,1,'both',0,0,0,0,'2015-12-29 18:20:42','2015-12-29 18:24:46',1,3),(190,1,0,13,1,1,0,0,'3700335212396','',0.000000,0,1,102.830189,0.000000,'',0.000000,0.00,'DC1239','','',14.000000,11.000000,14.000000,0.400000,2,0,0,0,0,1,'404',0,1,'0000-00-00','new',1,1,'both',0,0,0,0,'2015-12-29 19:36:31','2015-12-29 19:42:46',1,3),(191,1,0,9,1,1,0,0,'3700335227031','',0.000000,0,1,140.566038,0.000000,'',0.000000,0.00,'DC2703','','',25.000000,9.000000,19.000000,0.500000,2,0,0,0,0,1,'404',0,0,'0000-00-00','new',1,1,'both',0,0,0,0,'2015-12-30 16:48:54','2015-12-30 16:52:58',1,3),(192,1,0,15,1,1,0,0,'3700349321466','',0.000000,0,1,112.264151,0.000000,'',0.000000,0.00,'HO2146','','',22.000000,9.000000,15.000000,0.500000,2,0,0,0,0,1,'404',0,0,'0000-00-00','new',1,1,'both',0,0,0,0,'2015-12-31 18:51:27','2015-12-31 18:53:15',1,3),(193,1,0,4,1,1,0,0,'3700335226843','',0.000000,0,1,187.735849,0.000000,'',0.000000,0.00,'DC2684','','',19.000000,13.000000,19.000000,0.500000,2,0,0,0,0,1,'404',0,0,'0000-00-00','new',1,1,'both',0,0,0,0,'2015-12-31 20:03:26','2015-12-31 20:04:51',1,3);

--
