-- Table structure for table `ps_connections_source`
--

CREATE TABLE `ps_connections_source` (
  `id_connections_source` int(10) unsigned NOT NULL AUTO_INCREMENT,
  `id_connections` int(10) unsigned NOT NULL,
  `http_referer` varchar(255) DEFAULT NULL,
  `request_uri` varchar(255) DEFAULT NULL,
  `keywords` varchar(255) DEFAULT NULL,
  `date_add` datetime NOT NULL,
  PRIMARY KEY (`id_connections_source`),
  KEY `connections` (`id_connections`),
  KEY `orderby` (`date_add`),
  KEY `http_referer` (`http_referer`),
  KEY `request_uri` (`request_uri`)
) ENGINE=InnoDB AUTO_INCREMENT=175 DEFAULT CHARSET=utf8;

--
-- Dumping data for table `ps_connections_source`
--

INSERT INTO `ps_connections_source` (`id_connections_source`, `id_connections`, `http_referer`, `request_uri`, `keywords`, `date_add`) VALUES (1,160,'https://www.facebook.com/','www.doudoumalaysia.com.my/en/','','2015-09-05 23:07:31'),(2,169,'https://www.facebook.com/','www.doudoumalaysia.com.my/en/','','2015-09-06 16:31:19'),(3,173,'http://m.facebook.com/','www.doudoumalaysia.com.my/','','2015-09-06 17:04:54'),(4,174,'https://m.facebook.com/','www.doudoumalaysia.com.my/','','2015-09-06 17:22:23'),(5,204,'http://lm.facebook.com/l.php?u=http%3A%2F%2Fwww.doudoumalaysia.com.my%2F&h=4AQFYeqcn&s=1','www.doudoumalaysia.com.my/','','2015-09-07 20:29:10'),(6,208,'https://www.facebook.com/','www.doudoumalaysia.com.my/','','2015-09-07 22:15:10'),(7,231,'https://www.facebook.com/','www.doudoumalaysia.com.my/','','2015-09-08 12:55:40'),(8,232,'https://www.facebook.com/','www.doudoumalaysia.com.my/','','2015-09-08 13:06:48'),(9,236,'http://m.facebook.com/','www.doudoumalaysia.com.my/','','2015-09-08 14:23:02'),(10,254,'https://www.facebook.com/','www.doudoumalaysia.com.my/','','2015-09-09 03:55:45'),(11,262,'http://l.facebook.com/l.php?u=http%3A%2F%2Fwww.doudoumalaysia.com.my%2F&h=mAQHX_sX6AQFBFkeMRCcQrjF5WUVUoBoUs32TxDoLbw5uYg&enc=AZO7SO6Fg0d45fnKQyGcXgbDNkwjHtHR2r8203yW4ORNwGs2GU-MJqXkiy5yJfO3oNQX0-ZJoKCba0EInb2d2e7WreETZ9USrjgQsOExvi0avYd5TAXKhSQ1QwC1k28Q3','www.doudoumalaysia.com.my/','','2015-09-09 12:57:02'),(12,266,'http://lm.facebook.com/lsr.php?u=http%3A%2F%2Fwww.doudoumalaysia.com.my%2F&ext=1441782727&hash=Acn-_CZ273KD-BQroA61us-DvgQ1UvnuWae4m8jnz6Zscw&_rdr','www.doudoumalaysia.com.my/','','2015-09-09 15:11:10'),(13,268,'http://www.google.com/search','www.doudoumalaysia.com.my/','','2015-09-09 15:49:35'),(14,277,'https://www.facebook.com/','www.doudoumalaysia.com.my/','','2015-09-10 08:52:47'),(15,279,'https://www.facebook.com/','www.doudoumalaysia.com.my/','','2015-09-10 10:58:53'),(16,317,'https://www.facebook.com/','www.doudoumalaysia.com.my/','','2015-09-13 21:56:26'),(17,322,'http://m.facebook.com/','www.doudoumalaysia.com.my/','','2015-09-14 20:19:44'),(18,322,'http://m.facebook.com/','www.doudoumalaysia.com.my/','','2015-09-14 20:29:18'),(19,323,'http://m.facebook.com/','www.doudoumalaysia.com.my/','','2015-09-14 20:58:11'),(20,334,'http://m.facebook.com/','www.doudoumalaysia.com.my/','','2015-09-16 14:08:40'),(21,334,'http://m.facebook.com/','www.doudoumalaysia.com.my/','','2015-09-16 14:10:27'),(22,336,'http://m.facebook.com/','www.doudoumalaysia.com.my/','','2015-09-16 19:47:00'),(23,342,'https://www.facebook.com/','www.doudoumalaysia.com.my/','','2015-09-17 17:43:19'),(24,348,'http://m.facebook.com/','www.doudoumalaysia.com.my/','','2015-09-19 14:33:19'),(25,353,'http://m.facebook.com/','www.doudoumalaysia.com.my/','','2015-09-20 19:47:03'),(26,353,'http://m.facebook.com/','www.doudoumalaysia.com.my/','','2015-09-20 19:49:29'),(27,395,'https://www.facebook.com/','www.doudoumalaysia.com.my/','','2015-10-01 23:35:17'),(28,424,'http://whois.domaintools.com/doudoumalaysia.com.my','www.doudoumalaysia.com.my/','','2015-10-04 22:09:58'),(29,456,'https://www.facebook.com/','www.doudoumalaysia.com.my/','','2015-10-11 10:59:44'),(30,459,'https://www.facebook.com/','www.doudoumalaysia.com.my/','','2015-10-11 21:51:47'),(31,460,'https://www.facebook.com/','www.doudoumalaysia.com.my/','','2015-10-11 22:37:55'),(32,477,'http://l.facebook.com/l.php?u=http%3A%2F%2Fwww.doudoumalaysia.com.my%2F&h=gAQFafPwR&s=1','www.doudoumalaysia.com.my/','','2015-10-13 23:17:41'),(33,690,'http://www.google.fr/url?sa=t&rct=j&q=&esrc=s&source=web&cd=2&ved=0CCYQFjABahUKEwiJrd_F08vIAhUC0BoKHXQABXU&url=http%3A%2F%2Fwww.doudoumalaysia.com.my%2Frabbit-pompon%2F66-doudou-rabbit-pompon-small-coral-3700335226829.html&usg=AFQjCNHRDvI1Kkoe6cBjddRazYfV','www.doudoumalaysia.com.my/rabbit-pompon/66-doudou-rabbit-pompon-small-coral-3700335226829.html','&esrc=s','2015-10-18 16:58:01'),(34,701,'https://www.google.com/','www.doudoumalaysia.com.my/','','2015-10-19 15:54:05'),(35,704,'http://whois.domaintools.com/doudoumalaysia.com.my','www.doudoumalaysia.com.my/','','2015-10-19 19:08:26'),(36,709,'https://www.google.com/','www.doudoumalaysia.com.my/rabbit-bonbon/1-doudou-rabbit-bonbon-small-pink-3700335212396.html','','2015-10-19 22:19:50'),(37,714,'https://www.facebook.com/','www.doudoumalaysia.com.my/','','2015-10-20 17:05:10'),(38,715,'https://www.facebook.com/','www.doudoumalaysia.com.my/','','2015-10-20 17:25:12'),(39,716,'https://www.google.it/','www.doudoumalaysia.com.my/les-demoiselles-the-ladies/90-les-demoiselles-small-3700335227710.html','','2015-10-20 22:05:45'),(40,728,'https://www.google.it/','www.doudoumalaysia.com.my/generation-doudou/12-doudou-petit-chou-with-dummy-holder-3700335227147.html','','2015-10-22 00:49:40'),(41,748,'http://m.facebook.com/','www.doudoumalaysia.com.my/','','2015-10-24 16:22:28'),(42,749,'http://m.facebook.com/','www.doudoumalaysia.com.my/','','2015-10-24 16:22:28'),(43,762,'http://m.facebook.com/','www.doudoumalaysia.com.my/','','2015-10-26 00:16:26'),(44,792,'https://www.google.fr/','www.doudoumalaysia.com.my/les-ours-the-bears/43-douillet-bear-champagne-medium-3700349325143.html','','2015-10-28 20:38:09'),(45,810,'https://www.google.lt/','www.doudoumalaysia.com.my/rabbit-pompon/66-doudou-rabbit-pompon-small-coral-3700335226829.html','','2015-10-30 16:22:18'),(46,813,'http://l.facebook.com/l.php?u=http%3A%2F%2Fwww.doudoumalaysia.com.my%2F&h=BAQHFFHIw&s=1','www.doudoumalaysia.com.my/','','2015-10-30 20:54:08'),(47,870,'https://www.google.com.my/','www.doudoumalaysia.com.my/3-doudou-et-compagnie','','2015-11-02 22:35:48'),(48,870,'https://www.google.com.my/','www.doudoumalaysia.com.my/15-copains-et-compagnie-friends-and-company','','2015-11-02 22:35:56'),(49,884,'https://www.facebook.com/','www.doudoumalaysia.com.my/','','2015-11-02 23:23:41'),(50,903,'https://www.google.nl/','www.doudoumalaysia.com.my/','','2015-11-03 19:04:57'),(51,903,'http://www.google.nl/imgres?imgurl=http://www.doudoumalaysia.com.my/modules/themeconfigurator/img/8f5e13314c0bcc6003b4ba6aaf6b70723966a3ba_what-is-a-doudou.jpg&imgrefurl=http://www.doudoumalaysia.com.my/&h=142&w=383&tbnid=R3HzsNKnoQ7GaM&tbnh=113&tbnw=306&','www.doudoumalaysia.com.my/','','2015-11-03 19:05:07'),(52,904,'http://www.google.com/url?sa=t&rct=j&q=&esrc=s&source=web&cd=4&ved=0CDUQFjADahUKEwiv8cbfpPTIAhVMVxoKHZ6pDCY&url=http%3A%2F%2Fwww.doudoumalaysia.com.my%2Fgeneration-doudou%2F9-doudou-cerise-with-dummy-holder-3700335227017.html&usg=AFQjCNGGHs09IRunjloNZVbLp','www.doudoumalaysia.com.my/generation-doudou/9-doudou-cerise-with-dummy-holder-3700335227017.html','&esrc=s','2015-11-03 20:47:50'),(53,907,'http://whois.domaintools.com/doudoumalaysia.com.my','www.doudoumalaysia.com.my/','','2015-11-03 20:57:49'),(54,909,'http://www.google.fr/imgres?imgurl=http%3A%2F%2Fwww.doudoumalaysia.com.my%2Fmodules%2Fhomeslider%2Fimages%2F93143bff247b10729206c7c585a981c16eb57d64_What%252520is%252520a%252520doudou%2525202.jpg&imgrefurl=http%3A%2F%2Fwww.doudoumalaysia.com.my%2F&h=445&w','www.doudoumalaysia.com.my/','','2015-11-04 01:47:19'),(55,918,'http://www.google.de/imgres?imgurl=http://www.doudoumalaysia.com.my/237-home_default/doudou-lila-with-handkerchief.jpg&imgrefurl=http://www.doudoumalaysia.com.my/9-generation-doudou&h=250&w=250&tbnid=mcR0KtZIuDyCmM:&docid=TukKpMCuDT-I3M&hl=de-de&ei=wIM6Vr','www.doudoumalaysia.com.my/9-generation-doudou','','2015-11-05 06:17:49'),(56,939,'https://www.facebook.com/','www.doudoumalaysia.com.my/','','2015-11-06 12:43:06'),(57,976,'https://www.google.de/','www.doudoumalaysia.com.my/les-demoiselles-the-ladies/110-les-demoiselles-graffitis-purple-3700335225501.html','','2015-11-09 00:13:46'),(58,992,'https://www.facebook.com/','www.doudoumalaysia.com.my/','','2015-11-10 01:06:46'),(59,998,'http://www.google.com/m/search?=client=ms-nokia-wp&q=%64%6F%75%64%6F%75+%65%74+%63%6F%6D%70%61%67%6E%69%65+%6D%61%6C%61%79%73%69%61','www.doudoumalaysia.com.my/3-doudou-et-compagnie','doudou et compagnie malaysia','2015-11-10 14:00:10'),(60,1012,'https://www.google.com.au/','www.doudoumalaysia.com.my/copains-et-compagnie-friends-and-company/30-sweety-bear-3700349321466.html','','2015-11-11 12:19:30'),(61,1012,'https://www.google.com.au/','www.doudoumalaysia.com.my/15-copains-et-compagnie-friends-and-company','','2015-11-11 12:32:25'),(62,1014,'https://www.google.com.au/','www.doudoumalaysia.com.my/rabbit-bonbon/1-doudou-rabbit-bonbon-small-pink-3700335212396.html','','2015-11-11 13:11:43'),(63,1077,'https://www.google.com/','www.doudoumalaysia.com.my/','','2015-11-13 12:14:18'),(64,1171,'http://l.facebook.com/l.php?u=http%3A%2F%2Fwww.doudoumalaysia.com.my%2F&h=HAQENgy1y&s=1','www.doudoumalaysia.com.my/','','2015-11-15 16:50:31'),(65,1175,'https://www.google.com/','www.doudoumalaysia.com.my/','','2015-11-15 17:58:45'),(66,1180,'https://www.google.com.au/','www.doudoumalaysia.com.my/generation-doudou/71-pyjama-bag-cerise-3700335227062.html','','2015-11-15 18:39:30'),(67,1187,'https://www.google.com/','www.doudoumalaysia.com.my/12-histoire-d-ours','','2015-11-15 20:23:20'),(68,1231,'https://www.google.com/','www.doudoumalaysia.com.my/','','2015-11-17 13:21:49'),(69,1250,'https://www.google.co.in/','www.doudoumalaysia.com.my/les-demoiselles-the-ladies/111-les-demoiselles-graffitis-turquoise-3700335225518.html','','2015-11-18 18:25:42'),(70,1253,'https://www.facebook.com/','www.doudoumalaysia.com.my/','','2015-11-18 19:13:03'),(71,1255,'https://www.google.com/','www.doudoumalaysia.com.my/stores','','2015-11-18 20:55:29'),(72,1261,'http://whois.domaintools.com/doudoumalaysia.com.my','www.doudoumalaysia.com.my/','','2015-11-19 02:29:59'),(73,1332,'https://www.google.fr/','www.doudoumalaysia.com.my/accessories/151-awakening-spirals-3700335226980.html','','2015-11-21 00:11:19'),(74,1346,'https://www.google.com/','www.doudoumalaysia.com.my/','','2015-11-21 15:33:50'),(75,1365,'https://www.google.com/','www.doudoumalaysia.com.my/content/4-about-us','','2015-11-22 06:19:35'),(76,1366,'https://www.google.com/','www.doudoumalaysia.com.my/','','2015-11-22 06:19:45'),(77,1379,'http://www.google.com/url?sa=t&rct=j&q=&esrc=s&source=web&cd=6&ved=0ahUKEwi9uLGQ3aXJAhUlG6YKHQY5CL4QFghEMAU&url=http%3A%2F%2Fwww.doudoumalaysia.com.my%2Fthe-puppets-doudou-et-compagnie%2F59-ladybird-the-puppet-3700335210620.html&usg=AFQjCNF2BmFh5WrleTTqEw','www.doudoumalaysia.com.my/the-puppets-doudou-et-compagnie/59-ladybird-the-puppet-3700335210620.html','&esrc=s','2015-11-23 12:40:57'),(78,1401,'https://www.google.com.au/','www.doudoumalaysia.com.my/doudou-pop/114-animals-graffitis-purple-mouse-3700335225549.html','','2015-11-24 14:50:22'),(79,1408,'https://www.google.de/','www.doudoumalaysia.com.my/the-puppets-doudou-et-compagnie/150-doudou-collector-the-puppet-3700335223859.html','','2015-11-24 20:34:23'),(80,1415,'https://www.facebook.com/','www.doudoumalaysia.com.my/','','2015-11-24 22:16:49'),(81,1448,'http://www.google.com/imgres?imgurl=http://www.doudoumalaysia.com.my/44-home_default/doudou-collector-bear-pink.jpg&imgrefurl=http://www.doudoumalaysia.com.my/culture-doudou/21-doudou-collector-rabbit-brown-3700335227925.html&h=250&w=250&tbnid=Pp5zRo4_vWt','www.doudoumalaysia.com.my/culture-doudou/21-doudou-collector-rabbit-brown-3700335227925.html','','2015-11-25 17:17:56'),(82,1463,'https://www.google.com.my/','www.doudoumalaysia.com.my/3-doudou-et-compagnie','','2015-11-25 23:43:00'),(83,1481,'https://www.google.es/','www.doudoumalaysia.com.my/rabbit-pompon/15-doudou-rabbit-pompon-strawberry-3700335227383.html','','2015-11-26 20:44:44'),(84,1481,'https://www.google.es/','www.doudoumalaysia.com.my/rabbit-pompon/15-doudou-rabbit-pompon-strawberry-3700335227383.html','','2015-11-26 20:45:32'),(85,1481,'https://www.google.es/','www.doudoumalaysia.com.my/4-rabbit-pompon','','2015-11-26 21:03:08'),(86,1487,'https://www.facebook.com/','www.doudoumalaysia.com.my/','','2015-11-27 01:25:15'),(87,1492,'https://www.google.ru/','www.doudoumalaysia.com.my/generation-doudou/149-lila-rabbit-musical-box-3700335226355.html','','2015-11-27 15:08:01'),(88,1492,'https://www.google.ru/','www.doudoumalaysia.com.my/generation-doudou/149-lila-rabbit-musical-box-3700335226355.html','','2015-11-27 15:12:07'),(89,1528,'https://www.google.nl/','www.doudoumalaysia.com.my/les-ours-the-bears/47-layette-bear-pink-3700349322944.html','','2015-11-29 22:12:59'),(90,1536,'http://www.google.mu/url?sa=t&rct=j&q=&esrc=s&source=web&cd=13&ved=0ahUKEwiC7Z6w2LfJAhXJtBQKHZawDxA4ChAWCCAwAg&url=http%3A%2F%2Fwww.doudoumalaysia.com.my%2Fculture-doudou%2F23-doudou-collector-dog-mint-3700335227949.html&usg=AFQjCNGFfyhqfVCUj6xxndPQg7P3N2','www.doudoumalaysia.com.my/culture-doudou/23-doudou-collector-dog-mint-3700335227949.html','&esrc=s','2015-11-30 16:07:39'),(91,1545,'https://www.google.co.uk/','www.doudoumalaysia.com.my/the-farm/180-dandy-hedgehog-medium-3700349324160.html','','2015-12-01 04:40:29'),(92,1546,'https://www.google.co.uk/','www.doudoumalaysia.com.my/the-farm/180-dandy-hedgehog-medium-3700349324160.html','','2015-12-01 04:40:29'),(93,1547,'https://www.google.co.uk/','www.doudoumalaysia.com.my/the-farm/180-dandy-hedgehog-medium-3700349324160.html','','2015-12-01 04:54:23'),(94,1548,'https://www.google.co.uk/','www.doudoumalaysia.com.my/the-farm/180-dandy-hedgehog-medium-3700349324160.html','','2015-12-01 04:54:24'),(95,1549,'https://www.google.co.uk/','www.doudoumalaysia.com.my/the-farm/180-dandy-hedgehog-medium-3700349324160.html','','2015-12-01 04:54:24'),(96,1550,'https://www.google.co.uk/','www.doudoumalaysia.com.my/the-farm/180-dandy-hedgehog-medium-3700349324160.html','','2015-12-01 05:11:22'),(97,1551,'https://www.google.co.uk/','www.doudoumalaysia.com.my/the-farm/180-dandy-hedgehog-medium-3700349324160.html','','2015-12-01 05:11:22'),(98,1553,'https://www.google.co.uk/','www.doudoumalaysia.com.my/the-farm/180-dandy-hedgehog-medium-3700349324160.html','','2015-12-01 05:11:22'),(99,1552,'https://www.google.co.uk/','www.doudoumalaysia.com.my/the-farm/180-dandy-hedgehog-medium-3700349324160.html','','2015-12-01 05:11:22'),(100,1563,'http://m.facebook.com/','www.doudoumalaysia.com.my/','','2015-12-01 15:41:28'),(101,1573,'https://www.google.lt/','www.doudoumalaysia.com.my/rabbit-pompon/66-doudou-rabbit-pompon-small-coral-3700335226829.html','','2015-12-01 22:52:00'),(102,1590,'https://www.facebook.com/','www.doudoumalaysia.com.my/','','2015-12-02 14:25:19'),(103,1593,'https://www.google.it/','www.doudoumalaysia.com.my/doudou-pop/186-vol-au-vent-musical-box-doudou-3700335228106.html','','2015-12-02 17:24:01'),(104,1594,'https://www.google.it/','www.doudoumalaysia.com.my/doudou-pop/186-vol-au-vent-musical-box-doudou-3700335228106.html','','2015-12-02 17:24:01'),(105,1610,'https://www.facebook.com/','www.doudoumalaysia.com.my/','','2015-12-03 16:32:44'),(106,1612,'https://www.google.co.uk/','www.doudoumalaysia.com.my/3-doudou-et-compagnie','','2015-12-03 19:23:47'),(107,1612,'https://www.google.co.uk/','www.doudoumalaysia.com.my/the-savannah/154-elephant-medium-size-3700349312846.html','','2015-12-03 19:25:30'),(108,1613,'http://l.facebook.com/l.php?u=http%3A%2F%2Fwww.doudoumalaysia.com.my%2F&h=SAQGgnkO0AQHdU2UihxLKNo9Zax0WOghgwGaBVO2zGDGpqg&enc=AZMymRQWOZdgWq7YeaYNQntSXVcIDUPI-U4hHQCDVRlk2PcXmP-dClGhGWM15l13JthAX1nla0UXgkXGsbHEPQNkZj3-_7JBA5rlFzgopdF8GS5NHXZf6SvYK1G_kEnHh','www.doudoumalaysia.com.my/','','2015-12-03 20:54:26'),(109,1618,'http://whois.domaintools.com/doudoumalaysia.com.my','www.doudoumalaysia.com.my/','','2015-12-04 01:48:16'),(110,1627,'https://www.google.com.au/','www.doudoumalaysia.com.my/3-doudou-et-compagnie','','2015-12-04 12:40:45'),(111,1629,'https://www.google.be/','www.doudoumalaysia.com.my/copains-et-compagnie-friends-and-company/167-copain-calin-beige-rabbit-small-3700349324306.html','','2015-12-04 16:42:27'),(112,1628,'https://www.google.be/','www.doudoumalaysia.com.my/copains-et-compagnie-friends-and-company/167-copain-calin-beige-rabbit-small-3700349324306.html','','2015-12-04 16:42:27'),(113,1631,'https://www.google.be/','www.doudoumalaysia.com.my/doudou-pop/186-vol-au-vent-musical-box-doudou-3700335228106.html','','2015-12-04 17:17:36'),(114,1634,'https://www.google.fr/','www.doudoumalaysia.com.my/accessories/151-awakening-spirals-3700335226980.html','','2015-12-04 19:24:33'),(115,1633,'https://www.google.fr/','www.doudoumalaysia.com.my/accessories/151-awakening-spirals-3700335226980.html','','2015-12-04 19:24:33'),(116,1645,'https://www.google.com/','www.doudoumalaysia.com.my/3-doudou-et-compagnie','','2015-12-05 00:27:38'),(117,1645,'https://www.google.com/','www.doudoumalaysia.com.my/','','2015-12-05 00:29:36'),(118,1675,'https://www.facebook.com/','www.doudoumalaysia.com.my/','','2015-12-05 12:56:14'),(119,1716,'http://www.expatriatelifestyle.com/fromthemagazine/article/Competition/EL-24-days-of-Christmas-Day-7-Doudou-Histoire-dOurs-Products-and-Vouchers-from-La-Bodega','www.doudoumalaysia.com.my/','','2015-12-07 11:36:35'),(120,1718,'https://www.google.it/','www.doudoumalaysia.com.my/3-doudou-et-compagnie','','2015-12-07 12:58:00'),(121,1720,'https://www.google.com/','www.doudoumalaysia.com.my/culture-doudou/60-doudou-classical-celestine-3700335214451.html','','2015-12-07 13:40:24'),(122,1721,'https://m.facebook.com/','www.doudoumalaysia.com.my/','','2015-12-07 13:54:39'),(123,1724,'http://www.google.com/url?sa=t&rct=j&q=&esrc=s&source=web&cd=6&ved=0ahUKEwiOssiJpMnJAhVCuhQKHfDFAtEQFgg2MAU&url=http%3A%2F%2Fwww.doudoumalaysia.com.my%2Fgeneration-doudou%2F127-doudou-celeste-with-dummy-holder-3700335223972.html&usg=AFQjCNGb-fSRxGGBikAEkt','www.doudoumalaysia.com.my/generation-doudou/127-doudou-celeste-with-dummy-holder-3700335223972.html','&esrc=s','2015-12-07 16:00:57'),(124,1728,'http://www.expatriatelifestyle.com/fromthemagazine/article/Competition/EL-24-days-of-Christmas-Day-7-Doudou-Histoire-dOurs-Products-and-Vouchers-from-La-Bodega','www.doudoumalaysia.com.my/','','2015-12-07 19:06:50'),(125,1729,'http://www.expatriatelifestyle.com/fromthemagazine/article/Competition/EL-24-days-of-Christmas-Day-7-Doudou-Histoire-dOurs-Products-and-Vouchers-from-La-Bodega','www.doudoumalaysia.com.my/','','2015-12-07 20:04:15'),(126,1730,'http://www.google.com/search','www.doudoumalaysia.com.my/12-histoire-d-ours','','2015-12-07 20:31:18'),(127,1731,'http://www.google.com/search','www.doudoumalaysia.com.my/content/4-about-us','','2015-12-07 20:34:21'),(128,1732,'http://www.google.com/search','www.doudoumalaysia.com.my/16-les-ours-the-bears','','2015-12-07 20:34:22'),(129,1784,'https://www.google.com/','www.doudoumalaysia.com.my/','','2015-12-10 10:10:29'),(130,1785,'https://www.google.com/','www.doudoumalaysia.com.my/','','2015-12-10 10:10:31'),(131,1798,'http://l.facebook.com/lsr.php?u=http%3A%2F%2Fwww.doudoumalaysia.com.my%2F&ext=1449745001&hash=Acm81o9BVWkahcqfrF6ITKth5dQoYL_jEDE4oBfyJ4nMUA','www.doudoumalaysia.com.my/','','2015-12-10 18:51:43'),(132,1857,'http://images.google.de/imgres?imgurl=http://www.doudoumalaysia.com.my/68-thickbox_default/douillet-bear-champagne-medium.jpg&imgrefurl=http://www.doudoumalaysia.com.my/les-ours-the-bears/43-douillet-bear-champagne-medium-3700349325143.html&h=800&w=800&tb','www.doudoumalaysia.com.my/les-ours-the-bears/43-douillet-bear-champagne-medium-3700349325143.html','','2015-12-12 15:52:48'),(133,1858,'http://images.google.de/imgres?imgurl=http://www.doudoumalaysia.com.my/55-home_default/douillet-bear-champagne-small.jpg&imgrefurl=http://www.doudoumalaysia.com.my/les-ours-the-bears/172-douillet-bear-champagne-large-3700349325150.html&h=250&w=250&tbnid=Y','www.doudoumalaysia.com.my/les-ours-the-bears/172-douillet-bear-champagne-large-3700349325150.html','','2015-12-12 15:52:53'),(134,1859,'http://images.google.de/imgres?imgurl=http://www.doudoumalaysia.com.my/55-home_default/douillet-bear-champagne-small.jpg&imgrefurl=http://www.doudoumalaysia.com.my/les-ours-the-bears/172-douillet-bear-champagne-large-3700349325150.html&h=250&w=250&tbnid=Y','www.doudoumalaysia.com.my/les-ours-the-bears/172-douillet-bear-champagne-large-3700349325150.html','','2015-12-12 15:52:56'),(135,1859,'http://images.google.de/imgres?imgurl=http://www.doudoumalaysia.com.my/55-home_default/douillet-bear-champagne-small.jpg&imgrefurl=http://www.doudoumalaysia.com.my/les-ours-the-bears/172-douillet-bear-champagne-large-3700349325150.html&h=250&w=250&tbnid=Y','www.doudoumalaysia.com.my/les-ours-the-bears/172-douillet-bear-champagne-large-3700349325150.html','','2015-12-12 15:53:29'),(136,1864,'https://www.google.be/','www.doudoumalaysia.com.my/14-doudou-pop','','2015-12-12 22:55:29'),(137,1933,'https://www.facebook.com/','www.doudoumalaysia.com.my/','','2015-12-14 18:49:55'),(138,1951,'http://www.google.co.uk/url?sa=t&rct=j&q=&esrc=s&frm=1&source=web&cd=5&ved=0ahUKEwiCtLf3n93JAhUBVhoKHRQ-C1MQFggtMAQ&url=http%3A%2F%2Fwww.doudoumalaysia.com.my%2Fcopains-et-compagnie-friends-and-company%2F167-copain-calin-beige-rabbit-small-3700349324306.h','www.doudoumalaysia.com.my/copains-et-compagnie-friends-and-company/167-copain-calin-beige-rabbit-small-3700349324306.html','&esrc=s','2015-12-15 14:36:01'),(139,1954,'https://www.facebook.com/','www.doudoumalaysia.com.my/','','2015-12-15 18:41:03'),(140,1966,'http://www.google.com/search','www.doudoumalaysia.com.my/13-rabbit-bonbon-candy','','2015-12-16 02:03:36'),(141,1967,'http://www.google.com/search','www.doudoumalaysia.com.my/13-rabbit-bonbon-candy','','2015-12-16 02:03:36'),(142,1996,'https://www.facebook.com/','www.doudoumalaysia.com.my/','','2015-12-16 11:32:47'),(143,2005,'https://www.google.com/','www.doudoumalaysia.com.my/','','2015-12-16 18:45:35'),(144,2006,'https://www.google.com/','www.doudoumalaysia.com.my/','','2015-12-16 18:45:36'),(145,2160,'http://m.facebook.com/','www.doudoumalaysia.com.my/','','2015-12-18 14:08:20'),(146,2162,'http://m.facebook.com/','www.doudoumalaysia.com.my/','','2015-12-18 16:02:54'),(147,2173,'http://whois.domaintools.com/doudoumalaysia.com.my','www.doudoumalaysia.com.my/','','2015-12-19 01:13:38'),(148,2347,'http://www.expatriatelifestyle.com/fromthemagazine/article/Competition/EL-24-days-of-Christmas-Day-7-Doudou-Histoire-dOurs-Products-and-Vouchers-from-La-Bodega','www.doudoumalaysia.com.my/','','2015-12-19 17:54:26'),(149,2466,'https://www.google.co.uk/','www.doudoumalaysia.com.my/rabbit-pompon/187-doudou-rabbit-pompon-strawberry-3700335227383.html','','2015-12-21 01:46:58'),(150,2604,'https://www.facebook.com/','www.doudoumalaysia.com.my/','','2015-12-22 06:33:32'),(151,2631,'https://www.google.com.my/','www.doudoumalaysia.com.my/','','2015-12-22 18:22:31'),(152,2633,'http://www.bing.com/search?q=Doudou+et+Compagnie+malaysia&form=CMDTDF&pc=CMDTDF&src=IE-SearchBox','www.doudoumalaysia.com.my/content/4-about-us','','2015-12-22 18:28:04'),(153,2633,'http://www.bing.com/search?q=Doudou+et+Compagnie+malaysia&form=CMDTDF&pc=CMDTDF&src=IE-SearchBox','www.doudoumalaysia.com.my/copains-et-compagnie-friends-and-company/39-copain-calin-beige-rabbit-large-3700349324320.html','','2015-12-22 18:28:13'),(154,2982,'http://www.google.com/url?sa=t&rct=j&q=&esrc=s&source=web&cd=5&ved=0ahUKEwj_06aF4PLJAhVDto4KHRyqChkQFggxMAQ&url=http%3A%2F%2Fwww.doudoumalaysia.com.my%2F3-doudou-et-compagnie&usg=AFQjCNFqeVWU_8ezYzMysDabAVedNVvVqw&sig2=xbjMCBsIoyHt6jsrEOA-kw&bvm=bv.110151','www.doudoumalaysia.com.my/3-doudou-et-compagnie','&esrc=s','2015-12-24 03:48:52'),(155,3263,'https://www.google.com/','www.doudoumalaysia.com.my/content/4-about-us','','2015-12-25 11:26:34'),(156,3263,'https://www.google.com/','www.doudoumalaysia.com.my/rabbit-pompon/68-doudou-rabbit-pompon-medium-coral-3700335226867.html','','2015-12-25 11:29:16'),(157,3674,'https://www.google.com.tw/','www.doudoumalaysia.com.my/copains-et-compagnie-friends-and-company/167-copain-calin-beige-rabbit-small-3700349324306.html','','2015-12-27 21:04:03'),(158,4126,'http://www.expatriatelifestyle.com/fromthemagazine/article/Competition/EL-24-days-of-Christmas-Day-7-Doudou-Histoire-dOurs-Products-and-Vouchers-from-La-Bodega','www.doudoumalaysia.com.my/','','2015-12-29 14:42:35'),(159,4234,'https://www.google.com/','www.doudoumalaysia.com.my/','','2015-12-30 16:32:32'),(160,4233,'https://www.google.com/','www.doudoumalaysia.com.my/content/4-about-us','','2015-12-30 16:32:32'),(161,4232,'https://www.google.com/','www.doudoumalaysia.com.my/content/4-about-us','','2015-12-30 16:32:32'),(162,4235,'https://www.google.com/','www.doudoumalaysia.com.my/','','2015-12-30 16:32:32'),(163,4236,'https://www.google.com/','www.doudoumalaysia.com.my/content/4-about-us','','2015-12-30 16:32:45'),(164,4237,'https://www.google.com/','www.doudoumalaysia.com.my/content/4-about-us','','2015-12-30 16:32:47'),(165,4237,'https://www.google.com/','www.doudoumalaysia.com.my/content/4-about-us','','2015-12-30 16:34:10'),(166,4237,'https://www.google.com/','www.doudoumalaysia.com.my/rabbit-pompon/66-doudou-rabbit-pompon-small-coral-3700335226829.html','','2015-12-30 16:34:42'),(167,4270,'https://www.google.com.tr/','www.doudoumalaysia.com.my/20-the-puppets-histoire-d-ours','','2015-12-30 18:33:39'),(168,4449,'http://www.expatriatelifestyle.com/fromthemagazine/article/Competition/EL-24-days-of-Christmas-Day-7-Doudou-Histoire-dOurs-Products-and-Vouchers-from-La-Bodega','www.doudoumalaysia.com.my/','','2015-12-31 16:22:29'),(169,4467,'https://www.google.com/','www.doudoumalaysia.com.my/','','2016-01-01 01:35:38'),(170,4682,'https://www.google.com/','www.doudoumalaysia.com.my/3-doudou-et-compagnie','','2016-01-03 00:56:42'),(171,4682,'https://www.google.com/','www.doudoumalaysia.com.my/15-copains-et-compagnie-friends-and-company','','2016-01-03 01:02:24'),(172,4685,'http://whois.domaintools.com/doudoumalaysia.com.my','www.doudoumalaysia.com.my/','','2016-01-03 01:34:51'),(173,4954,'https://www.google.fr/','www.doudoumalaysia.com.my/the-puppets-doudou-et-compagnie/150-doudou-collector-the-puppet-3700335223859.html','','2016-01-05 05:21:16'),(174,4957,'https://www.google.com.sg/','www.doudoumalaysia.com.my/3-doudou-et-compagnie','','2016-01-05 07:11:52');

--
-- Table structure for table `ps_contact`
--

CREATE TABLE `ps_contact` (
  `id_contact` int(10) unsigned NOT NULL AUTO_INCREMENT,
  `email` varchar(128) NOT NULL,
  `customer_service` tinyint(1) NOT NULL DEFAULT '0',
  `position` tinyint(2) unsigned NOT NULL DEFAULT '0',
  PRIMARY KEY (`id_contact`)
) ENGINE=InnoDB AUTO_INCREMENT=3 DEFAULT CHARSET=utf8;

--
-- Dumping data for table `ps_contact`
--

INSERT INTO `ps_contact` (`id_contact`, `email`, `customer_service`, `position`) VALUES (1,'olivier@aodistribution.com.my',1,0),(2,'info@aodistribution.com.my',1,0);

--
-- Table structure for table `ps_contact_lang`
--

CREATE TABLE `ps_contact_lang` (
  `id_contact` int(10) unsigned NOT NULL,
  `id_lang` int(10) unsigned NOT NULL,
  `name` varchar(32) NOT NULL,
  `description` text,
  PRIMARY KEY (`id_contact`,`id_lang`)
) ENGINE=InnoDB DEFAULT CHARSET=utf8;

--
-- Dumping data for table `ps_contact_lang`
--

INSERT INTO `ps_contact_lang` (`id_contact`, `id_lang`, `name`, `description`) VALUES (1,1,'Webmaster','If a technical problem occurs on this website'),(1,2,'Webmaster','If a technical problem occurs on this website'),(2,1,'Customer service','For any question about a product, an order or information you would like to know about Doudou et Compagnie or Histoire d Ours, please do not hesitate to drop us an email or to call us.'),(2,2,'Customer service','For any question about a product, an order or information you would like to know about Doudou et Compagnie or Histoire d Ours, please do not hesitate to drop us an email or to call us.');

--
-- Table structure for table `ps_contact_shop`
--

CREATE TABLE `ps_contact_shop` (
  `id_contact` int(11) unsigned NOT NULL,
  `id_shop` int(11) unsigned NOT NULL,
  PRIMARY KEY (`id_contact`,`id_shop`),
  KEY `id_shop` (`id_shop`)
) ENGINE=InnoDB DEFAULT CHARSET=utf8;

--
-- Dumping data for table `ps_contact_shop`
--

INSERT INTO `ps_contact_shop` (`id_contact`, `id_shop`) VALUES (1,1),(2,1);

--
-- Table structure for table `ps_country`
--

CREATE TABLE `ps_country` (
  `id_country` int(10) unsigned NOT NULL AUTO_INCREMENT,
  `id_zone` int(10) unsigned NOT NULL,
  `id_currency` int(10) unsigned NOT NULL DEFAULT '0',
  `iso_code` varchar(3) NOT NULL,
  `call_prefix` int(10) NOT NULL DEFAULT '0',
  `active` tinyint(1) unsigned NOT NULL DEFAULT '0',
  `contains_states` tinyint(1) NOT NULL DEFAULT '0',
  `need_identification_number` tinyint(1) NOT NULL DEFAULT '0',
  `need_zip_code` tinyint(1) NOT NULL DEFAULT '1',
  `zip_code_format` varchar(12) NOT NULL DEFAULT '',
  `display_tax_label` tinyint(1) NOT NULL,
  PRIMARY KEY (`id_country`),
  KEY `country_iso_code` (`iso_code`),
  KEY `country_` (`id_zone`)
) ENGINE=InnoDB AUTO_INCREMENT=245 DEFAULT CHARSET=utf8;

--
-- Dumping data for table `ps_country`
--

INSERT INTO `ps_country` (`id_country`, `id_zone`, `id_currency`, `iso_code`, `call_prefix`, `active`, `contains_states`, `need_identification_number`, `need_zip_code`, `zip_code_format`, `display_tax_label`) VALUES (1,1,0,'DE',49,0,0,0,1,'NNNNN',1),(2,1,0,'AT',43,0,0,0,1,'NNNN',1),(3,1,0,'BE',32,0,0,0,1,'NNNN',1),(4,2,0,'CA',1,0,1,0,1,'LNL NLN',0),(5,3,0,'CN',86,0,0,0,1,'NNNNNN',1),(6,1,0,'ES',34,0,0,1,1,'NNNNN',1),(7,1,0,'FI',358,0,0,0,1,'NNNNN',1),(8,1,0,'FR',33,0,0,0,1,'NNNNN',1),(9,1,0,'GR',30,0,0,0,1,'NNNNN',1),(10,1,0,'IT',39,0,1,0,1,'NNNNN',1),(11,3,0,'JP',81,0,1,0,1,'NNN-NNNN',1),(12,1,0,'LU',352,0,0,0,1,'NNNN',1),(13,1,0,'NL',31,0,0,0,1,'NNNN LL',1),(14,1,0,'PL',48,0,0,0,1,'NN-NNN',1),(15,1,0,'PT',351,0,0,0,1,'NNNN-NNN',1),(16,1,0,'CZ',420,0,0,0,1,'NNN NN',1),(17,1,0,'GB',44,0,0,0,1,'',1),(18,1,0,'SE',46,0,0,0,1,'NNN NN',1),(19,7,0,'CH',41,0,0,0,1,'NNNN',1),(20,1,0,'DK',45,0,0,0,1,'NNNN',1),(21,2,0,'US',1,0,1,0,1,'NNNNN',0),(22,3,0,'HK',852,0,0,0,0,'',1),(23,7,0,'NO',47,0,0,0,1,'NNNN',1),(24,5,0,'AU',61,0,0,0,1,'NNNN',1),(25,3,0,'SG',65,1,0,0,1,'NNNNNN',1),(26,1,0,'IE',353,0,0,0,0,'',1),(27,5,0,'NZ',64,0,0,0,1,'NNNN',1),(28,3,0,'KR',82,0,0,0,1,'NNN-NNN',1),(29,3,0,'IL',972,0,0,0,1,'NNNNNNN',1),(30,4,0,'ZA',27,0,0,0,1,'NNNN',1),(31,4,0,'NG',234,0,0,0,1,'',1),(32,4,0,'CI',225,0,0,0,1,'',1),(33,4,0,'TG',228,0,0,0,1,'',1),(34,6,0,'BO',591,0,0,0,1,'',1),(35,4,0,'MU',230,0,0,0,1,'',1),(36,1,0,'RO',40,0,0,0,1,'NNNNNN',1),(37,1,0,'SK',421,0,0,0,1,'NNN NN',1),(38,4,0,'DZ',213,0,0,0,1,'NNNNN',1),(39,2,0,'AS',0,0,0,0,1,'',1),(40,7,0,'AD',376,0,0,0,1,'CNNN',1),(41,4,0,'AO',244,0,0,0,0,'',1),(42,8,0,'AI',0,0,0,0,1,'',1),(43,2,0,'AG',0,0,0,0,1,'',1),(44,6,0,'AR',54,0,1,0,1,'LNNNN',1),(45,3,0,'AM',374,0,0,0,1,'NNNN',1),(46,8,0,'AW',297,0,0,0,1,'',1),(47,3,0,'AZ',994,0,0,0,1,'CNNNN',1),(48,2,0,'BS',0,0,0,0,1,'',1),(49,3,0,'BH',973,0,0,0,1,'',1),(50,3,0,'BD',880,0,0,0,1,'NNNN',1),(51,2,0,'BB',0,0,0,0,1,'CNNNNN',1),(52,7,0,'BY',0,0,0,0,1,'NNNNNN',1),(53,8,0,'BZ',501,0,0,0,0,'',1),(54,4,0,'BJ',229,0,0,0,0,'',1),(55,2,0,'BM',0,0,0,0,1,'',1),(56,3,0,'BT',975,0,0,0,1,'',1),(57,4,0,'BW',267,0,0,0,1,'',1),(58,6,0,'BR',55,0,0,0,1,'NNNNN-NNN',1),(59,3,0,'BN',673,0,0,0,1,'LLNNNN',1),(60,4,0,'BF',226,0,0,0,1,'',1),(61,3,0,'MM',95,0,0,0,1,'',1),(62,4,0,'BI',257,0,0,0,1,'',1),(63,3,0,'KH',855,0,0,0,1,'NNNNN',1),(64,4,0,'CM',237,0,0,0,1,'',1),(65,4,0,'CV',238,0,0,0,1,'NNNN',1),(66,4,0,'CF',236,0,0,0,1,'',1),(67,4,0,'TD',235,0,0,0,1,'',1),(68,6,0,'CL',56,0,0,0,1,'NNN-NNNN',1),(69,6,0,'CO',57,0,0,0,1,'NNNNNN',1),(70,4,0,'KM',269,0,0,0,1,'',1),(71,4,0,'CD',242,0,0,0,1,'',1),(72,4,0,'CG',243,0,0,0,1,'',1),(73,8,0,'CR',506,0,0,0,1,'NNNNN',1),(74,7,0,'HR',385,0,0,0,1,'NNNNN',1),(75,8,0,'CU',53,0,0,0,1,'',1),(76,1,0,'CY',357,0,0,0,1,'NNNN',1),(77,4,0,'DJ',253,0,0,0,1,'',1),(78,8,0,'DM',0,0,0,0,1,'',1),(79,8,0,'DO',0,0,0,0,1,'',1),(80,3,0,'TL',670,0,0,0,1,'',1),(81,6,0,'EC',593,0,0,0,1,'CNNNNNN',1),(82,4,0,'EG',20,0,0,0,0,'',1),(83,8,0,'SV',503,0,0,0,1,'',1),(84,4,0,'GQ',240,0,0,0,1,'',1),(85,4,0,'ER',291,0,0,0,1,'',1),(86,1,0,'EE',372,0,0,0,1,'NNNNN',1),(87,4,0,'ET',251,0,0,0,1,'',1),(88,6,0,'FK',0,0,0,0,1,'LLLL NLL',1),(89,7,0,'FO',298,0,0,0,1,'',1),(90,5,0,'FJ',679,0,0,0,1,'',1),(91,4,0,'GA',241,0,0,0,1,'',1),(92,4,0,'GM',220,0,0,0,1,'',1),(93,3,0,'GE',995,0,0,0,1,'NNNN',1),(94,4,0,'GH',233,0,0,0,1,'',1),(95,8,0,'GD',0,0,0,0,1,'',1),(96,7,0,'GL',299,0,0,0,1,'',1),(97,7,0,'GI',350,0,0,0,1,'',1),(98,8,0,'GP',590,0,0,0,1,'',1),(99,5,0,'GU',0,0,0,0,1,'',1),(100,8,0,'GT',502,0,0,0,1,'',1),(101,7,0,'GG',0,0,0,0,1,'LLN NLL',1),(102,4,0,'GN',224,0,0,0,1,'',1),(103,4,0,'GW',245,0,0,0,1,'',1),(104,6,0,'GY',592,0,0,0,1,'',1),(105,8,0,'HT',509,0,0,0,1,'',1),(106,5,0,'HM',0,0,0,0,1,'',1),(107,7,0,'VA',379,0,0,0,1,'NNNNN',1),(108,8,0,'HN',504,0,0,0,1,'',1),(109,7,0,'IS',354,0,0,0,1,'NNN',1),(110,3,0,'IN',91,0,0,0,1,'NNN NNN',1),(111,3,0,'ID',62,0,1,0,1,'NNNNN',1),(112,3,0,'IR',98,0,0,0,1,'NNNNN-NNNNN',1),(113,3,0,'IQ',964,0,0,0,1,'NNNNN',1),(114,7,0,'IM',0,0,0,0,1,'CN NLL',1),(115,8,0,'JM',0,0,0,0,1,'',1),(116,7,0,'JE',0,0,0,0,1,'CN NLL',1),(117,3,0,'JO',962,0,0,0,1,'',1),(118,3,0,'KZ',7,0,0,0,1,'NNNNNN',1),(119,4,0,'KE',254,0,0,0,1,'',1),(120,5,0,'KI',686,0,0,0,1,'',1),(121,3,0,'KP',850,0,0,0,1,'',1),(122,3,0,'KW',965,0,0,0,1,'',1),(123,3,0,'KG',996,0,0,0,1,'',1),(124,3,0,'LA',856,0,0,0,1,'',1),(125,1,0,'LV',371,0,0,0,1,'C-NNNN',1),(126,3,0,'LB',961,0,0,0,1,'',1),(127,4,0,'LS',266,0,0,0,1,'',1),(128,4,0,'LR',231,0,0,0,1,'',1),(129,4,0,'LY',218,0,0,0,1,'',1),(130,1,0,'LI',423,0,0,0,1,'NNNN',1),(131,1,0,'LT',370,0,0,0,1,'NNNNN',1),(132,3,0,'MO',853,0,0,0,0,'',1),(133,7,0,'MK',389,0,0,0,1,'',1),(134,4,0,'MG',261,0,0,0,1,'',1),(135,4,0,'MW',265,0,0,0,1,'',1),(136,10,0,'MY',60,1,1,0,1,'NNNNN',1),(137,3,0,'MV',960,0,0,0,1,'',1),(138,4,0,'ML',223,0,0,0,1,'',1),(139,1,0,'MT',356,0,0,0,1,'LLL NNNN',1),(140,5,0,'MH',692,0,0,0,1,'',1),(141,8,0,'MQ',596,0,0,0,1,'',1),(142,4,0,'MR',222,0,0,0,1,'',1),(143,1,0,'HU',36,0,0,0,1,'NNNN',1),(144,4,0,'YT',262,0,0,0,1,'',1),(145,2,0,'MX',52,0,1,1,1,'NNNNN',1),(146,5,0,'FM',691,0,0,0,1,'',1),(147,7,0,'MD',373,0,0,0,1,'C-NNNN',1),(148,7,0,'MC',377,0,0,0,1,'980NN',1),(149,3,0,'MN',976,0,0,0,1,'',1),(150,7,0,'ME',382,0,0,0,1,'NNNNN',1),(151,8,0,'MS',0,0,0,0,1,'',1),(152,4,0,'MA',212,0,0,0,1,'NNNNN',1),(153,4,0,'MZ',258,0,0,0,1,'',1),(154,4,0,'NA',264,0,0,0,1,'',1),(155,5,0,'NR',674,0,0,0,1,'',1),(156,3,0,'NP',977,0,0,0,1,'',1),(157,8,0,'AN',599,0,0,0,1,'',1),(158,5,0,'NC',687,0,0,0,1,'',1),(159,8,0,'NI',505,0,0,0,1,'NNNNNN',1),(160,4,0,'NE',227,0,0,0,1,'',1),(161,5,0,'NU',683,0,0,0,1,'',1),(162,5,0,'NF',0,0,0,0,1,'',1),(163,5,0,'MP',0,0,0,0,1,'',1),(164,3,0,'OM',968,0,0,0,1,'',1),(165,3,0,'PK',92,0,0,0,1,'',1),(166,5,0,'PW',680,0,0,0,1,'',1),(167,3,0,'PS',0,0,0,0,1,'',1),(168,8,0,'PA',507,0,0,0,1,'NNNNNN',1),(169,5,0,'PG',675,0,0,0,1,'',1),(170,6,0,'PY',595,0,0,0,1,'',1),(171,6,0,'PE',51,0,0,0,1,'',1),(172,3,0,'PH',63,0,0,0,1,'NNNN',1),(173,5,0,'PN',0,0,0,0,1,'LLLL NLL',1),(174,8,0,'PR',0,0,0,0,1,'NNNNN',1),(175,3,0,'QA',974,0,0,0,1,'',1),(176,4,0,'RE',262,0,0,0,1,'',1),(177,7,0,'RU',7,0,0,0,1,'NNNNNN',1),(178,4,0,'RW',250,0,0,0,1,'',1),(179,8,0,'BL',0,0,0,0,1,'',1),(180,8,0,'KN',0,0,0,0,1,'',1),(181,8,0,'LC',0,0,0,0,1,'',1),(182,8,0,'MF',0,0,0,0,1,'',1),(183,8,0,'PM',508,0,0,0,1,'',1),(184,8,0,'VC',0,0,0,0,1,'',1),(185,5,0,'WS',685,0,0,0,1,'',1),(186,7,0,'SM',378,0,0,0,1,'NNNNN',1),(187,4,0,'ST',239,0,0,0,1,'',1),(188,3,0,'SA',966,0,0,0,1,'',1),(189,4,0,'SN',221,0,0,0,1,'',1),(190,7,0,'RS',381,0,0,0,1,'NNNNN',1),(191,4,0,'SC',248,0,0,0,1,'',1),(192,4,0,'SL',232,0,0,0,1,'',1),(193,1,0,'SI',386,0,0,0,1,'C-NNNN',1),(194,5,0,'SB',677,0,0,0,1,'',1),(195,4,0,'SO',252,0,0,0,1,'',1),(196,8,0,'GS',0,0,0,0,1,'LLLL NLL',1),(197,3,0,'LK',94,0,0,0,1,'NNNNN',1),(198,4,0,'SD',249,0,0,0,1,'',1),(199,8,0,'SR',597,0,0,0,1,'',1),(200,7,0,'SJ',0,0,0,0,1,'',1),(201,4,0,'SZ',268,0,0,0,1,'',1),(202,3,0,'SY',963,0,0,0,1,'',1),(203,3,0,'TW',886,0,0,0,1,'NNNNN',1),(204,3,0,'TJ',992,0,0,0,1,'',1),(205,4,0,'TZ',255,0,0,0,1,'',1),(206,3,0,'TH',66,0,0,0,1,'NNNNN',1),(207,5,0,'TK',690,0,0,0,1,'',1),(208,5,0,'TO',676,0,0,0,1,'',1),(209,6,0,'TT',0,0,0,0,1,'',1),(210,4,0,'TN',216,0,0,0,1,'',1),(211,7,0,'TR',90,0,0,0,1,'NNNNN',1),(212,3,0,'TM',993,0,0,0,1,'',1),(213,8,0,'TC',0,0,0,0,1,'LLLL NLL',1),(214,5,0,'TV',688,0,0,0,1,'',1),(215,4,0,'UG',256,0,0,0,1,'',1),(216,1,0,'UA',380,0,0,0,1,'NNNNN',1),(217,3,0,'AE',971,0,0,0,1,'',1),(218,6,0,'UY',598,0,0,0,1,'',1),(219,3,0,'UZ',998,0,0,0,1,'',1),(220,5,0,'VU',678,0,0,0,1,'',1),(221,6,0,'VE',58,0,0,0,1,'',1),(222,3,0,'VN',84,0,0,0,1,'NNNNNN',1),(223,2,0,'VG',0,0,0,0,1,'CNNNN',1),(224,2,0,'VI',0,0,0,0,1,'',1),(225,5,0,'WF',681,0,0,0,1,'',1),(226,4,0,'EH',0,0,0,0,1,'',1),(227,3,0,'YE',967,0,0,0,1,'',1),(228,4,0,'ZM',260,0,0,0,1,'',1),(229,4,0,'ZW',263,0,0,0,1,'',1),(230,7,0,'AL',355,0,0,0,1,'NNNN',1),(231,3,0,'AF',93,0,0,0,0,'',1),(232,5,0,'AQ',0,0,0,0,1,'',1),(233,1,0,'BA',387,0,0,0,1,'',1),(234,5,0,'BV',0,0,0,0,1,'',1),(235,5,0,'IO',0,0,0,0,1,'LLLL NLL',1),(236,1,0,'BG',359,0,0,0,1,'NNNN',1),(237,8,0,'KY',0,0,0,0,1,'',1),(238,3,0,'CX',0,0,0,0,1,'',1),(239,3,0,'CC',0,0,0,0,1,'',1),(240,5,0,'CK',682,0,0,0,1,'',1),(241,6,0,'GF',594,0,0,0,1,'',1),(242,5,0,'PF',689,0,0,0,1,'',1),(243,5,0,'TF',0,0,0,0,1,'',1),(244,7,0,'AX',0,0,0,0,1,'NNNNN',1);

--
-- Table structure for table `ps_country_lang`
--

CREATE TABLE `ps_country_lang` (
  `id_country` int(10) unsigned NOT NULL,
  `id_lang` int(10) unsigned NOT NULL,
  `name` varchar(64) NOT NULL,
  PRIMARY KEY (`id_country`,`id_lang`)
) ENGINE=InnoDB DEFAULT CHARSET=utf8;

--
-- Dumping data for table `ps_country_lang`
--

INSERT INTO `ps_country_lang` (`id_country`, `id_lang`, `name`) VALUES (1,1,'Germany'),(1,2,'Germany'),(2,1,'Austria'),(2,2,'Austria'),(3,1,'Belgium'),(3,2,'Belgium'),(4,1,'Canada'),(4,2,'Canada'),(5,1,'China'),(5,2,'China'),(6,1,'Spain'),(6,2,'Spain'),(7,1,'Finland'),(7,2,'Finland'),(8,1,'France'),(8,2,'France'),(9,1,'Greece'),(9,2,'Greece'),(10,1,'Italy'),(10,2,'Italy'),(11,1,'Japan'),(11,2,'Japan'),(12,1,'Luxemburg'),(12,2,'Luxemburg'),(13,1,'Netherlands'),(13,2,'Netherlands'),(14,1,'Poland'),(14,2,'Poland'),(15,1,'Portugal'),(15,2,'Portugal'),(16,1,'Czech Republic'),(16,2,'Czech Republic'),(17,1,'United Kingdom'),(17,2,'United Kingdom'),(18,1,'Sweden'),(18,2,'Sweden'),(19,1,'Switzerland'),(19,2,'Switzerland'),(20,1,'Denmark'),(20,2,'Denmark'),(21,1,'United States'),(21,2,'United States'),(22,1,'HongKong'),(22,2,'HongKong'),(23,1,'Norway'),(23,2,'Norway'),(24,1,'Australia'),(24,2,'Australia'),(25,1,'Singapore'),(25,2,'Singapore'),(26,1,'Ireland'),(26,2,'Ireland'),(27,1,'New Zealand'),(27,2,'New Zealand'),(28,1,'South Korea'),(28,2,'South Korea'),(29,1,'Israel'),(29,2,'Israel'),(30,1,'South Africa'),(30,2,'South Africa'),(31,1,'Nigeria'),(31,2,'Nigeria'),(32,1,'Ivory Coast'),(32,2,'Ivory Coast'),(33,1,'Togo'),(33,2,'Togo'),(34,1,'Bolivia'),(34,2,'Bolivia'),(35,1,'Mauritius'),(35,2,'Mauritius'),(36,1,'Romania'),(36,2,'Romania'),(37,1,'Slovakia'),(37,2,'Slovakia'),(38,1,'Algeria'),(38,2,'Algeria'),(39,1,'American Samoa'),(39,2,'American Samoa'),(40,1,'Andorra'),(40,2,'Andorra'),(41,1,'Angola'),(41,2,'Angola'),(42,1,'Anguilla'),(42,2,'Anguilla'),(43,1,'Antigua and Barbuda'),(43,2,'Antigua and Barbuda'),(44,1,'Argentina'),(44,2,'Argentina'),(45,1,'Armenia'),(45,2,'Armenia'),(46,1,'Aruba'),(46,2,'Aruba'),(47,1,'Azerbaijan'),(47,2,'Azerbaijan'),(48,1,'Bahamas'),(48,2,'Bahamas'),(49,1,'Bahrain'),(49,2,'Bahrain'),(50,1,'Bangladesh'),(50,2,'Bangladesh'),(51,1,'Barbados'),(51,2,'Barbados'),(52,1,'Belarus'),(52,2,'Belarus'),(53,1,'Belize'),(53,2,'Belize'),(54,1,'Benin'),(54,2,'Benin'),(55,1,'Bermuda'),(55,2,'Bermuda'),(56,1,'Bhutan'),(56,2,'Bhutan'),(57,1,'Botswana'),(57,2,'Botswana'),(58,1,'Brazil'),(58,2,'Brazil'),(59,1,'Brunei'),(59,2,'Brunei'),(60,1,'Burkina Faso'),(60,2,'Burkina Faso'),(61,1,'Burma (Myanmar)'),(61,2,'Burma (Myanmar)'),(62,1,'Burundi'),(62,2,'Burundi'),(63,1,'Cambodia'),(63,2,'Cambodia'),(64,1,'Cameroon'),(64,2,'Cameroon'),(65,1,'Cape Verde'),(65,2,'Cape Verde'),(66,1,'Central African Republic'),(66,2,'Central African Republic'),(67,1,'Chad'),(67,2,'Chad'),(68,1,'Chile'),(68,2,'Chile'),(69,1,'Colombia'),(69,2,'Colombia'),(70,1,'Comoros'),(70,2,'Comoros'),(71,1,'Congo, Dem. Republic'),(71,2,'Congo, Dem. Republic'),(72,1,'Congo, Republic'),(72,2,'Congo, Republic'),(73,1,'Costa Rica'),(73,2,'Costa Rica'),(74,1,'Croatia'),(74,2,'Croatia'),(75,1,'Cuba'),(75,2,'Cuba'),(76,1,'Cyprus'),(76,2,'Cyprus'),(77,1,'Djibouti'),(77,2,'Djibouti'),(78,1,'Dominica'),(78,2,'Dominica'),(79,1,'Dominican Republic'),(79,2,'Dominican Republic'),(80,1,'East Timor'),(80,2,'East Timor'),(81,1,'Ecuador'),(81,2,'Ecuador'),(82,1,'Egypt'),(82,2,'Egypt'),(83,1,'El Salvador'),(83,2,'El Salvador'),(84,1,'Equatorial Guinea'),(84,2,'Equatorial Guinea'),(85,1,'Eritrea'),(85,2,'Eritrea'),(86,1,'Estonia'),(86,2,'Estonia'),(87,1,'Ethiopia'),(87,2,'Ethiopia'),(88,1,'Falkland Islands'),(88,2,'Falkland Islands'),(89,1,'Faroe Islands'),(89,2,'Faroe Islands'),(90,1,'Fiji'),(90,2,'Fiji'),(91,1,'Gabon'),(91,2,'Gabon'),(92,1,'Gambia'),(92,2,'Gambia'),(93,1,'Georgia'),(93,2,'Georgia'),(94,1,'Ghana'),(94,2,'Ghana'),(95,1,'Grenada'),(95,2,'Grenada'),(96,1,'Greenland'),(96,2,'Greenland'),(97,1,'Gibraltar'),(97,2,'Gibraltar'),(98,1,'Guadeloupe'),(98,2,'Guadeloupe'),(99,1,'Guam'),(99,2,'Guam'),(100,1,'Guatemala'),(100,2,'Guatemala'),(101,1,'Guernsey'),(101,2,'Guernsey'),(102,1,'Guinea'),(102,2,'Guinea'),(103,1,'Guinea-Bissau'),(103,2,'Guinea-Bissau'),(104,1,'Guyana'),(104,2,'Guyana'),(105,1,'Haiti'),(105,2,'Haiti'),(106,1,'Heard Island and McDonald Islands'),(106,2,'Heard Island and McDonald Islands'),(107,1,'Vatican City State'),(107,2,'Vatican City State'),(108,1,'Honduras'),(108,2,'Honduras'),(109,1,'Iceland'),(109,2,'Iceland'),(110,1,'India'),(110,2,'India'),(111,1,'Indonesia'),(111,2,'Indonesia'),(112,1,'Iran'),(112,2,'Iran'),(113,1,'Iraq'),(113,2,'Iraq'),(114,1,'Man Island'),(114,2,'Man Island'),(115,1,'Jamaica'),(115,2,'Jamaica'),(116,1,'Jersey'),(116,2,'Jersey'),(117,1,'Jordan'),(117,2,'Jordan'),(118,1,'Kazakhstan'),(118,2,'Kazakhstan'),(119,1,'Kenya'),(119,2,'Kenya'),(120,1,'Kiribati'),(120,2,'Kiribati'),(121,1,'Korea, Dem. Republic of'),(121,2,'Korea, Dem. Republic of'),(122,1,'Kuwait'),(122,2,'Kuwait'),(123,1,'Kyrgyzstan'),(123,2,'Kyrgyzstan'),(124,1,'Laos'),(124,2,'Laos'),(125,1,'Latvia'),(125,2,'Latvia'),(126,1,'Lebanon'),(126,2,'Lebanon'),(127,1,'Lesotho'),(127,2,'Lesotho'),(128,1,'Liberia'),(128,2,'Liberia'),(129,1,'Libya'),(129,2,'Libya'),(130,1,'Liechtenstein'),(130,2,'Liechtenstein'),(131,1,'Lithuania'),(131,2,'Lithuania'),(132,1,'Macau'),(132,2,'Macau'),(133,1,'Macedonia'),(133,2,'Macedonia'),(134,1,'Madagascar'),(134,2,'Madagascar'),(135,1,'Malawi'),(135,2,'Malawi'),(136,1,'Malaysia'),(136,2,'Malaysia'),(137,1,'Maldives'),(137,2,'Maldives'),(138,1,'Mali'),(138,2,'Mali'),(139,1,'Malta'),(139,2,'Malta'),(140,1,'Marshall Islands'),(140,2,'Marshall Islands'),(141,1,'Martinique'),(141,2,'Martinique'),(142,1,'Mauritania'),(142,2,'Mauritania'),(143,1,'Hungary'),(143,2,'Hungary'),(144,1,'Mayotte'),(144,2,'Mayotte'),(145,1,'Mexico'),(145,2,'Mexico'),(146,1,'Micronesia'),(146,2,'Micronesia'),(147,1,'Moldova'),(147,2,'Moldova'),(148,1,'Monaco'),(148,2,'Monaco'),(149,1,'Mongolia'),(149,2,'Mongolia'),(150,1,'Montenegro'),(150,2,'Montenegro'),(151,1,'Montserrat'),(151,2,'Montserrat'),(152,1,'Morocco'),(152,2,'Morocco'),(153,1,'Mozambique'),(153,2,'Mozambique'),(154,1,'Namibia'),(154,2,'Namibia'),(155,1,'Nauru'),(155,2,'Nauru'),(156,1,'Nepal'),(156,2,'Nepal'),(157,1,'Netherlands Antilles'),(157,2,'Netherlands Antilles'),(158,1,'New Caledonia'),(158,2,'New Caledonia'),(159,1,'Nicaragua'),(159,2,'Nicaragua'),(160,1,'Niger'),(160,2,'Niger'),(161,1,'Niue'),(161,2,'Niue'),(162,1,'Norfolk Island'),(162,2,'Norfolk Island'),(163,1,'Northern Mariana Islands'),(163,2,'Northern Mariana Islands'),(164,1,'Oman'),(164,2,'Oman'),(165,1,'Pakistan'),(165,2,'Pakistan'),(166,1,'Palau'),(166,2,'Palau'),(167,1,'Palestinian Territories'),(167,2,'Palestinian Territories'),(168,1,'Panama'),(168,2,'Panama'),(169,1,'Papua New Guinea'),(169,2,'Papua New Guinea'),(170,1,'Paraguay'),(170,2,'Paraguay'),(171,1,'Peru'),(171,2,'Peru'),(172,1,'Philippines'),(172,2,'Philippines'),(173,1,'Pitcairn'),(173,2,'Pitcairn'),(174,1,'Puerto Rico'),(174,2,'Puerto Rico'),(175,1,'Qatar'),(175,2,'Qatar'),(176,1,'Reunion Island'),(176,2,'Reunion Island'),(177,1,'Russian Federation'),(177,2,'Russian Federation'),(178,1,'Rwanda'),(178,2,'Rwanda'),(179,1,'Saint Barthelemy'),(179,2,'Saint Barthelemy'),(180,1,'Saint Kitts and Nevis'),(180,2,'Saint Kitts and Nevis'),(181,1,'Saint Lucia'),(181,2,'Saint Lucia'),(182,1,'Saint Martin'),(182,2,'Saint Martin'),(183,1,'Saint Pierre and Miquelon'),(183,2,'Saint Pierre and Miquelon'),(184,1,'Saint Vincent and the Grenadines'),(184,2,'Saint Vincent and the Grenadines'),(185,1,'Samoa'),(185,2,'Samoa'),(186,1,'San Marino'),(186,2,'San Marino'),(187,1,'São Tomé and Príncipe'),(187,2,'São Tomé and Príncipe'),(188,1,'Saudi Arabia'),(188,2,'Saudi Arabia'),(189,1,'Senegal'),(189,2,'Senegal'),(190,1,'Serbia'),(190,2,'Serbia'),(191,1,'Seychelles'),(191,2,'Seychelles'),(192,1,'Sierra Leone'),(192,2,'Sierra Leone'),(193,1,'Slovenia'),(193,2,'Slovenia'),(194,1,'Solomon Islands'),(194,2,'Solomon Islands'),(195,1,'Somalia'),(195,2,'Somalia'),(196,1,'South Georgia and the South Sandwich Islands'),(196,2,'South Georgia and the South Sandwich Islands'),(197,1,'Sri Lanka'),(197,2,'Sri Lanka'),(198,1,'Sudan'),(198,2,'Sudan'),(199,1,'Suriname'),(199,2,'Suriname'),(200,1,'Svalbard and Jan Mayen'),(200,2,'Svalbard and Jan Mayen'),(201,1,'Swaziland'),(201,2,'Swaziland'),(202,1,'Syria'),(202,2,'Syria'),(203,1,'Taiwan'),(203,2,'Taiwan'),(204,1,'Tajikistan'),(204,2,'Tajikistan'),(205,1,'Tanzania'),(205,2,'Tanzania'),(206,1,'Thailand'),(206,2,'Thailand'),(207,1,'Tokelau'),(207,2,'Tokelau'),(208,1,'Tonga'),(208,2,'Tonga'),(209,1,'Trinidad and Tobago'),(209,2,'Trinidad and Tobago'),(210,1,'Tunisia'),(210,2,'Tunisia'),(211,1,'Turkey'),(211,2,'Turkey'),(212,1,'Turkmenistan'),(212,2,'Turkmenistan'),(213,1,'Turks and Caicos Islands'),(213,2,'Turks and Caicos Islands'),(214,1,'Tuvalu'),(214,2,'Tuvalu'),(215,1,'Uganda'),(215,2,'Uganda'),(216,1,'Ukraine'),(216,2,'Ukraine'),(217,1,'United Arab Emirates'),(217,2,'United Arab Emirates'),(218,1,'Uruguay'),(218,2,'Uruguay'),(219,1,'Uzbekistan'),(219,2,'Uzbekistan'),(220,1,'Vanuatu'),(220,2,'Vanuatu'),(221,1,'Venezuela'),(221,2,'Venezuela'),(222,1,'Vietnam'),(222,2,'Vietnam'),(223,1,'Virgin Islands (British)'),(223,2,'Virgin Islands (British)'),(224,1,'Virgin Islands (U.S.)'),(224,2,'Virgin Islands (U.S.)'),(225,1,'Wallis and Futuna'),(225,2,'Wallis and Futuna'),(226,1,'Western Sahara'),(226,2,'Western Sahara'),(227,1,'Yemen'),(227,2,'Yemen'),(228,1,'Zambia'),(228,2,'Zambia'),(229,1,'Zimbabwe'),(229,2,'Zimbabwe'),(230,1,'Albania'),(230,2,'Albania'),(231,1,'Afghanistan'),(231,2,'Afghanistan'),(232,1,'Antarctica'),(232,2,'Antarctica'),(233,1,'Bosnia and Herzegovina'),(233,2,'Bosnia and Herzegovina'),(234,1,'Bouvet Island'),(234,2,'Bouvet Island'),(235,1,'British Indian Ocean Territory'),(235,2,'British Indian Ocean Territory'),(236,1,'Bulgaria'),(236,2,'Bulgaria'),(237,1,'Cayman Islands'),(237,2,'Cayman Islands'),(238,1,'Christmas Island'),(238,2,'Christmas Island'),(239,1,'Cocos (Keeling) Islands'),(239,2,'Cocos (Keeling) Islands'),(240,1,'Cook Islands'),(240,2,'Cook Islands'),(241,1,'French Guiana'),(241,2,'French Guiana'),(242,1,'French Polynesia'),(242,2,'French Polynesia'),(243,1,'French Southern Territories'),(243,2,'French Southern Territories'),(244,1,'Åland Islands'),(244,2,'Åland Islands');

--
-- Table structure for table `ps_country_shop`
--

CREATE TABLE `ps_country_shop` (
  `id_country` int(11) unsigned NOT NULL,
  `id_shop` int(11) unsigned NOT NULL,
  PRIMARY KEY (`id_country`,`id_shop`),
  KEY `id_shop` (`id_shop`)
) ENGINE=InnoDB DEFAULT CHARSET=utf8;

--
-- Dumping data for table `ps_country_shop`
--

INSERT INTO `ps_country_shop` (`id_country`, `id_shop`) VALUES (1,1),(2,1),(3,1),(4,1),(5,1),(6,1),(7,1),(8,1),(9,1),(10,1),(11,1),(12,1),(13,1),(14,1),(15,1),(16,1),(17,1),(18,1),(19,1),(20,1),(21,1),(22,1),(23,1),(24,1),(25,1),(26,1),(27,1),(28,1),(29,1),(30,1),(31,1),(32,1),(33,1),(34,1),(35,1),(36,1),(37,1),(38,1),(39,1),(40,1),(41,1),(42,1),(43,1),(44,1),(45,1),(46,1),(47,1),(48,1),(49,1),(50,1),(51,1),(52,1),(53,1),(54,1),(55,1),(56,1),(57,1),(58,1),(59,1),(60,1),(61,1),(62,1),(63,1),(64,1),(65,1),(66,1),(67,1),(68,1),(69,1),(70,1),(71,1),(72,1),(73,1),(74,1),(75,1),(76,1),(77,1),(78,1),(79,1),(80,1),(81,1),(82,1),(83,1),(84,1),(85,1),(86,1),(87,1),(88,1),(89,1),(90,1),(91,1),(92,1),(93,1),(94,1),(95,1),(96,1),(97,1),(98,1),(99,1),(100,1),(101,1),(102,1),(103,1),(104,1),(105,1),(106,1),(107,1),(108,1),(109,1),(110,1),(111,1),(112,1),(113,1),(114,1),(115,1),(116,1),(117,1),(118,1),(119,1),(120,1),(121,1),(122,1),(123,1),(124,1),(125,1),(126,1),(127,1),(128,1),(129,1),(130,1),(131,1),(132,1),(133,1),(134,1),(135,1),(136,1),(137,1),(138,1),(139,1),(140,1),(141,1),(142,1),(143,1),(144,1),(145,1),(146,1),(147,1),(148,1),(149,1),(150,1),(151,1),(152,1),(153,1),(154,1),(155,1),(156,1),(157,1),(158,1),(159,1),(160,1),(161,1),(162,1),(163,1),(164,1),(165,1),(166,1),(167,1),(168,1),(169,1),(170,1),(171,1),(172,1),(173,1),(174,1),(175,1),(176,1),(177,1),(178,1),(179,1),(180,1),(181,1),(182,1),(183,1),(184,1),(185,1),(186,1),(187,1),(188,1),(189,1),(190,1),(191,1),(192,1),(193,1),(194,1),(195,1),(196,1),(197,1),(198,1),(199,1),(200,1),(201,1),(202,1),(203,1),(204,1),(205,1),(206,1),(207,1),(208,1),(209,1),(210,1),(211,1),(212,1),(213,1),(214,1),(215,1),(216,1),(217,1),(218,1),(219,1),(220,1),(221,1),(222,1),(223,1),(224,1),(225,1),(226,1),(227,1),(228,1),(229,1),(230,1),(231,1),(232,1),(233,1),(234,1),(235,1),(236,1),(237,1),(238,1),(239,1),(240,1),(241,1),(242,1),(243,1),(244,1);

--
-- Table structure for table `ps_cronjobs`
--

CREATE TABLE `ps_cronjobs` (
  `id_cronjob` int(10) NOT NULL AUTO_INCREMENT,
  `id_module` int(10) DEFAULT NULL,
  `description` text,
  `task` text,
  `hour` int(11) DEFAULT '-1',
  `day` int(11) DEFAULT '-1',
  `month` int(11) DEFAULT '-1',
  `day_of_week` int(11) DEFAULT '-1',
  `updated_at` datetime DEFAULT NULL,
  `one_shot` tinyint(1) NOT NULL DEFAULT '0',
  `active` tinyint(1) DEFAULT '0',
  `id_shop` int(11) DEFAULT '0',
  `id_shop_group` int(11) DEFAULT '0',
  PRIMARY KEY (`id_cronjob`),
  KEY `id_module` (`id_module`)
) ENGINE=InnoDB DEFAULT CHARSET=utf8;

--
-- Dumping data for table `ps_cronjobs`
--


--
-- Table structure for table `ps_currency`
--

CREATE TABLE `ps_currency` (
  `id_currency` int(10) unsigned NOT NULL AUTO_INCREMENT,
  `name` varchar(32) NOT NULL,
  `iso_code` varchar(3) NOT NULL DEFAULT '0',
  `iso_code_num` varchar(3) NOT NULL DEFAULT '0',
  `sign` varchar(8) NOT NULL,
  `blank` tinyint(1) unsigned NOT NULL DEFAULT '0',
  `format` tinyint(1) unsigned NOT NULL DEFAULT '0',
  `decimals` tinyint(1) unsigned NOT NULL DEFAULT '1',
  `conversion_rate` decimal(13,6) NOT NULL,
  `deleted` tinyint(1) unsigned NOT NULL DEFAULT '0',
  `active` tinyint(1) unsigned NOT NULL DEFAULT '1',
  PRIMARY KEY (`id_currency`)
) ENGINE=InnoDB AUTO_INCREMENT=3 DEFAULT CHARSET=utf8;

--
-- Dumping data for table `ps_currency`
--

INSERT INTO `ps_currency` (`id_currency`, `name`, `iso_code`, `iso_code_num`, `sign`, `blank`, `format`, `decimals`, `conversion_rate`, `deleted`, `active`) VALUES (1,'Ringgit','MYR','458','RM',0,1,1,1.000000,0,1),(2,'Euro','EUR','978','EUR',1,2,1,0.212100,0,1);

--
-- Table structure for table `ps_currency_shop`
--

CREATE TABLE `ps_currency_shop` (
  `id_currency` int(11) unsigned NOT NULL,
  `id_shop` int(11) unsigned NOT NULL,
  `conversion_rate` decimal(13,6) NOT NULL,
  PRIMARY KEY (`id_currency`,`id_shop`),
  KEY `id_shop` (`id_shop`)
) ENGINE=InnoDB DEFAULT CHARSET=utf8;

--
-- Dumping data for table `ps_currency_shop`
--

INSERT INTO `ps_currency_shop` (`id_currency`, `id_shop`, `conversion_rate`) VALUES (1,1,1.000000),(2,1,0.212100);

--
-- Table structure for table `ps_customer_group`
--

CREATE TABLE `ps_customer_group` (
  `id_customer` int(10) unsigned NOT NULL,
  `id_group` int(10) unsigned NOT NULL,
  PRIMARY KEY (`id_customer`,`id_group`),
  KEY `customer_login` (`id_group`),
  KEY `id_customer` (`id_customer`)
) ENGINE=InnoDB DEFAULT CHARSET=utf8;

--
-- Dumping data for table `ps_customer_group`
--

INSERT INTO `ps_customer_group` (`id_customer`, `id_group`) VALUES (8,1),(13,1),(16,1),(18,1),(3,2),(7,2),(8,2),(9,2),(10,2),(13,2),(16,2),(17,2),(18,2),(1,3),(2,3),(8,3),(11,3),(12,3),(13,3),(14,3),(15,3),(16,3),(18,3),(19,3),(20,3),(21,3),(22,3);

--
-- Table structure for table `ps_customer_message`
--

CREATE TABLE `ps_customer_message` (
  `id_customer_message` int(10) unsigned NOT NULL AUTO_INCREMENT,
  `id_customer_thread` int(11) DEFAULT NULL,
  `id_employee` int(10) unsigned DEFAULT NULL,
  `message` text NOT NULL,
  `file_name` varchar(18) DEFAULT NULL,
  `ip_address` varchar(16) DEFAULT NULL,
  `user_agent` varchar(128) DEFAULT NULL,
  `date_add` datetime NOT NULL,
  `date_upd` datetime NOT NULL,
  `private` tinyint(4) NOT NULL DEFAULT '0',
  `read` tinyint(1) NOT NULL DEFAULT '0',
  PRIMARY KEY (`id_customer_message`),
  KEY `id_customer_thread` (`id_customer_thread`),
  KEY `id_employee` (`id_employee`)
) ENGINE=InnoDB DEFAULT CHARSET=utf8;

--
-- Dumping data for table `ps_customer_message`
--


--
-- Table structure for table `ps_customer_message_sync_imap`
--

CREATE TABLE `ps_customer_message_sync_imap` (
  `md5_header` varbinary(32) NOT NULL,
  KEY `md5_header_index` (`md5_header`(4))
) ENGINE=InnoDB DEFAULT CHARSET=utf8;

--
-- Dumping data for table `ps_customer_message_sync_imap`
--


--
-- Table structure for table `ps_customer_thread`
--

CREATE TABLE `ps_customer_thread` (
  `id_customer_thread` int(11) unsigned NOT NULL AUTO_INCREMENT,
  `id_shop` int(11) unsigned NOT NULL DEFAULT '1',
  `id_lang` int(10) unsigned NOT NULL,
  `id_contact` int(10) unsigned NOT NULL,
  `id_customer` int(10) unsigned DEFAULT NULL,
  `id_order` int(10) unsigned DEFAULT NULL,
  `id_product` int(10) unsigned DEFAULT NULL,
  `status` enum('open','closed','pending1','pending2') NOT NULL DEFAULT 'open',
  `email` varchar(128) NOT NULL,
  `token` varchar(12) DEFAULT NULL,
  `date_add` datetime NOT NULL,
  `date_upd` datetime NOT NULL,
  PRIMARY KEY (`id_customer_thread`),
  KEY `id_shop` (`id_shop`),
  KEY `id_lang` (`id_lang`),
  KEY `id_contact` (`id_contact`),
  KEY `id_customer` (`id_customer`),
  KEY `id_order` (`id_order`),
  KEY `id_product` (`id_product`)
) ENGINE=InnoDB DEFAULT CHARSET=utf8;

--
-- Dumping data for table `ps_customer_thread`
--


--
-- Table structure for table `ps_customization`
--

CREATE TABLE `ps_customization` (
  `id_customization` int(10) unsigned NOT NULL AUTO_INCREMENT,
  `id_product_attribute` int(10) unsigned NOT NULL DEFAULT '0',
  `id_address_delivery` int(10) unsigned NOT NULL DEFAULT '0',
  `id_cart` int(10) unsigned NOT NULL,
  `id_product` int(10) NOT NULL,
  `quantity` int(10) NOT NULL,
  `quantity_refunded` int(11) NOT NULL DEFAULT '0',
  `quantity_returned` int(11) NOT NULL DEFAULT '0',
  `in_cart` tinyint(1) unsigned NOT NULL DEFAULT '0',
  PRIMARY KEY (`id_customization`,`id_cart`,`id_product`,`id_address_delivery`),
  KEY `id_product_attribute` (`id_product_attribute`),
  KEY `id_cart_product` (`id_cart`,`id_product`,`id_product_attribute`)
) ENGINE=InnoDB DEFAULT CHARSET=utf8;

--
-- Dumping data for table `ps_customization`
--


--
-- Table structure for table `ps_customization_field`
--

CREATE TABLE `ps_customization_field` (
  `id_customization_field` int(10) unsigned NOT NULL AUTO_INCREMENT,
  `id_product` int(10) unsigned NOT NULL,
  `type` tinyint(1) NOT NULL,
  `required` tinyint(1) NOT NULL,
  PRIMARY KEY (`id_customization_field`),
  KEY `id_product` (`id_product`)
) ENGINE=InnoDB DEFAULT CHARSET=utf8;

--
-- Dumping data for table `ps_customization_field`
--


--
-- Table structure for table `ps_customization_field_lang`
--

CREATE TABLE `ps_customization_field_lang` (
  `id_customization_field` int(10) unsigned NOT NULL,
  `id_lang` int(10) unsigned NOT NULL,
  `id_shop` int(10) unsigned NOT NULL DEFAULT '1',
  `name` varchar(255) NOT NULL,
  PRIMARY KEY (`id_customization_field`,`id_lang`,`id_shop`)
) ENGINE=InnoDB DEFAULT CHARSET=utf8;

--
-- Dumping data for table `ps_customization_field_lang`
--


--
-- Table structure for table `ps_customized_data`
--

CREATE TABLE `ps_customized_data` (
  `id_customization` int(10) unsigned NOT NULL,
  `type` tinyint(1) NOT NULL,
  `index` int(3) NOT NULL,
  `value` varchar(255) NOT NULL,
  PRIMARY KEY (`id_customization`,`type`,`index`)
) ENGINE=InnoDB DEFAULT CHARSET=utf8;

--
-- Dumping data for table `ps_customized_data`
--


--
-- Table structure for table `ps_date_range`
--

CREATE TABLE `ps_date_range` (
  `id_date_range` int(10) unsigned NOT NULL AUTO_INCREMENT,
  `time_start` datetime NOT NULL,
  `time_end` datetime NOT NULL,
  PRIMARY KEY (`id_date_range`)
) ENGINE=InnoDB AUTO_INCREMENT=128 DEFAULT CHARSET=utf8;

--
-- Dumping data for table `ps_date_range`
--

INSERT INTO `ps_date_range` (`id_date_range`, `time_start`, `time_end`) VALUES (1,'2015-09-11 00:00:00','2015-09-11 23:59:59'),(2,'2015-09-12 00:00:00','2015-09-12 23:59:59'),(3,'2015-09-12 00:00:00','2015-09-12 23:59:59'),(4,'2015-09-13 00:00:00','2015-09-13 23:59:59'),(5,'2015-09-14 00:00:00','2015-09-14 23:59:59'),(6,'2015-09-14 00:00:00','2015-09-14 23:59:59'),(7,'2015-09-15 00:00:00','2015-09-15 23:59:59'),(8,'2015-09-16 00:00:00','2015-09-16 23:59:59'),(9,'2015-09-17 00:00:00','2015-09-17 23:59:59'),(10,'2015-09-18 00:00:00','2015-09-18 23:59:59'),(11,'2015-09-19 00:00:00','2015-09-19 23:59:59'),(12,'2015-09-20 00:00:00','2015-09-20 23:59:59'),(13,'2015-09-21 00:00:00','2015-09-21 23:59:59'),(14,'2015-09-22 00:00:00','2015-09-22 23:59:59'),(15,'2015-09-23 00:00:00','2015-09-23 23:59:59'),(16,'2015-09-24 00:00:00','2015-09-24 23:59:59'),(17,'2015-09-26 00:00:00','2015-09-26 23:59:59'),(18,'2015-09-27 00:00:00','2015-09-27 23:59:59'),(19,'2015-09-28 00:00:00','2015-09-28 23:59:59'),(20,'2015-09-28 00:00:00','2015-09-28 23:59:59'),(21,'2015-09-29 00:00:00','2015-09-29 23:59:59'),(22,'2015-09-30 00:00:00','2015-09-30 23:59:59'),(23,'2015-09-30 00:00:00','2015-09-30 23:59:59'),(24,'2015-10-01 00:00:00','2015-10-01 23:59:59'),(25,'2015-10-02 00:00:00','2015-10-02 23:59:59'),(26,'2015-10-03 00:00:00','2015-10-03 23:59:59'),(27,'2015-10-03 00:00:00','2015-10-03 23:59:59'),(28,'2015-10-04 00:00:00','2015-10-04 23:59:59'),(29,'2015-10-05 00:00:00','2015-10-05 23:59:59'),(30,'2015-10-06 00:00:00','2015-10-06 23:59:59'),(31,'2015-10-06 00:00:00','2015-10-06 23:59:59'),(32,'2015-10-07 00:00:00','2015-10-07 23:59:59'),(33,'2015-10-08 00:00:00','2015-10-08 23:59:59'),(34,'2015-10-09 00:00:00','2015-10-09 23:59:59'),(35,'2015-10-09 00:00:00','2015-10-09 23:59:59'),(36,'2015-10-10 00:00:00','2015-10-10 23:59:59'),(37,'2015-10-11 00:00:00','2015-10-11 23:59:59'),(38,'2015-10-12 00:00:00','2015-10-12 23:59:59'),(39,'2015-10-12 00:00:00','2015-10-12 23:59:59'),(40,'2015-10-13 00:00:00','2015-10-13 23:59:59'),(41,'2015-10-14 00:00:00','2015-10-14 23:59:59'),(42,'2015-10-15 00:00:00','2015-10-15 23:59:59'),(43,'2015-10-16 00:00:00','2015-10-16 23:59:59'),(44,'2015-10-17 00:00:00','2015-10-17 23:59:59'),(45,'2015-10-18 00:00:00','2015-10-18 23:59:59'),(46,'2015-10-19 00:00:00','2015-10-19 23:59:59'),(47,'2015-10-20 00:00:00','2015-10-20 23:59:59'),(48,'2015-10-21 00:00:00','2015-10-21 23:59:59'),(49,'2015-10-22 00:00:00','2015-10-22 23:59:59'),(50,'2015-10-23 00:00:00','2015-10-23 23:59:59'),(51,'2015-10-24 00:00:00','2015-10-24 23:59:59'),(52,'2015-10-25 00:00:00','2015-10-25 23:59:59'),(53,'2015-10-26 00:00:00','2015-10-26 23:59:59'),(54,'2015-10-27 00:00:00','2015-10-27 23:59:59'),(55,'2015-10-28 00:00:00','2015-10-28 23:59:59'),(56,'2015-10-29 00:00:00','2015-10-29 23:59:59'),(57,'2015-10-30 00:00:00','2015-10-30 23:59:59'),(58,'2015-10-31 00:00:00','2015-10-31 23:59:59'),(59,'2015-11-01 00:00:00','2015-11-01 23:59:59'),(60,'2015-11-01 00:00:00','2015-11-01 23:59:59'),(61,'2015-11-02 00:00:00','2015-11-02 23:59:59'),(62,'2015-11-03 00:00:00','2015-11-03 23:59:59'),(63,'2015-11-04 00:00:00','2015-11-04 23:59:59'),(64,'2015-11-05 00:00:00','2015-11-05 23:59:59'),(65,'2015-11-06 00:00:00','2015-11-06 23:59:59'),(66,'2015-11-07 00:00:00','2015-11-07 23:59:59'),(67,'2015-11-08 00:00:00','2015-11-08 23:59:59'),(68,'2015-11-09 00:00:00','2015-11-09 23:59:59'),(69,'2015-11-10 00:00:00','2015-11-10 23:59:59'),(70,'2015-11-11 00:00:00','2015-11-11 23:59:59'),(71,'2015-11-12 00:00:00','2015-11-12 23:59:59'),(72,'2015-11-13 00:00:00','2015-11-13 23:59:59'),(73,'2015-11-14 00:00:00','2015-11-14 23:59:59'),(74,'2015-11-15 00:00:00','2015-11-15 23:59:59'),(75,'2015-11-16 00:00:00','2015-11-16 23:59:59'),(76,'2015-11-17 00:00:00','2015-11-17 23:59:59'),(77,'2015-11-18 00:00:00','2015-11-18 23:59:59'),(78,'2015-11-19 00:00:00','2015-11-19 23:59:59'),(79,'2015-11-20 00:00:00','2015-11-20 23:59:59'),(80,'2015-11-21 00:00:00','2015-11-21 23:59:59'),(81,'2015-11-22 00:00:00','2015-11-22 23:59:59'),(82,'2015-11-23 00:00:00','2015-11-23 23:59:59'),(83,'2015-11-24 00:00:00','2015-11-24 23:59:59'),(84,'2015-11-25 00:00:00','2015-11-25 23:59:59'),(85,'2015-11-26 00:00:00','2015-11-26 23:59:59'),(86,'2015-11-27 00:00:00','2015-11-27 23:59:59'),(87,'2015-11-28 00:00:00','2015-11-28 23:59:59'),(88,'2015-11-29 00:00:00','2015-11-29 23:59:59'),(89,'2015-11-30 00:00:00','2015-11-30 23:59:59'),(90,'2015-12-01 00:00:00','2015-12-01 23:59:59'),(91,'2015-12-02 00:00:00','2015-12-02 23:59:59'),(92,'2015-12-03 00:00:00','2015-12-03 23:59:59'),(93,'2015-12-04 00:00:00','2015-12-04 23:59:59'),(94,'2015-12-05 00:00:00','2015-12-05 23:59:59'),(95,'2015-12-06 00:00:00','2015-12-06 23:59:59'),(96,'2015-12-07 00:00:00','2015-12-07 23:59:59'),(97,'2015-12-08 00:00:00','2015-12-08 23:59:59'),(98,'2015-12-09 00:00:00','2015-12-09 23:59:59'),(99,'2015-12-10 00:00:00','2015-12-10 23:59:59'),(100,'2015-12-11 00:00:00','2015-12-11 23:59:59'),(101,'2015-12-12 00:00:00','2015-12-12 23:59:59'),(102,'2015-12-13 00:00:00','2015-12-13 23:59:59'),(103,'2015-12-14 00:00:00','2015-12-14 23:59:59'),(104,'2015-12-15 00:00:00','2015-12-15 23:59:59'),(105,'2015-12-15 00:00:00','2015-12-15 23:59:59'),(106,'2015-12-16 00:00:00','2015-12-16 23:59:59'),(107,'2015-12-17 00:00:00','2015-12-17 23:59:59'),(108,'2015-12-18 00:00:00','2015-12-18 23:59:59'),(109,'2015-12-19 00:00:00','2015-12-19 23:59:59'),(110,'2015-12-20 00:00:00','2015-12-20 23:59:59'),(111,'2015-12-21 00:00:00','2015-12-21 23:59:59'),(112,'2015-12-22 00:00:00','2015-12-22 23:59:59'),(113,'2015-12-23 00:00:00','2015-12-23 23:59:59'),(114,'2015-12-24 00:00:00','2015-12-24 23:59:59'),(115,'2015-12-25 00:00:00','2015-12-25 23:59:59'),(116,'2015-12-26 00:00:00','2015-12-26 23:59:59'),(117,'2015-12-27 00:00:00','2015-12-27 23:59:59'),(118,'2015-12-28 00:00:00','2015-12-28 23:59:59'),(119,'2015-12-29 00:00:00','2015-12-29 23:59:59'),(120,'2015-12-30 00:00:00','2015-12-30 23:59:59'),(121,'2015-12-31 00:00:00','2015-12-31 23:59:59'),(122,'2016-01-01 00:00:00','2016-01-01 23:59:59'),(123,'2016-01-02 00:00:00','2016-01-02 23:59:59'),(124,'2016-01-03 00:00:00','2016-01-03 23:59:59'),(125,'2016-01-04 00:00:00','2016-01-04 23:59:59'),(126,'2016-01-05 00:00:00','2016-01-05 23:59:59'),(127,'2016-01-06 00:00:00','2016-01-06 23:59:59');

--
-- Table structure for table `ps_dateofdelivery_carrier_rule`
--

CREATE TABLE `ps_dateofdelivery_carrier_rule` (
  `id_carrier_rule` int(11) NOT NULL AUTO_INCREMENT,
  `id_carrier` int(11) NOT NULL,
  `minimal_time` int(11) NOT NULL,
  `maximal_time` int(11) NOT NULL,
  `delivery_saturday` tinyint(1) NOT NULL,
  `delivery_sunday` tinyint(1) NOT NULL,
  PRIMARY KEY (`id_carrier_rule`)
) ENGINE=InnoDB AUTO_INCREMENT=2 DEFAULT CHARSET=latin1;

--
-- Dumping data for table `ps_dateofdelivery_carrier_rule`
--

INSERT INTO `ps_dateofdelivery_carrier_rule` (`id_carrier_rule`, `id_carrier`, `minimal_time`, `maximal_time`, `delivery_saturday`, `delivery_sunday`) VALUES (1,24,0,0,0,0);

--
-- Table structure for table `ps_delivery`
--

CREATE TABLE `ps_delivery` (
  `id_delivery` int(10) unsigned NOT NULL AUTO_INCREMENT,
  `id_shop` int(10) unsigned DEFAULT NULL,
  `id_shop_group` int(10) unsigned DEFAULT NULL,
  `id_carrier` int(10) unsigned NOT NULL,
  `id_range_price` int(10) unsigned DEFAULT NULL,
  `id_range_weight` int(10) unsigned DEFAULT NULL,
  `id_zone` int(10) unsigned NOT NULL,
  `price` decimal(20,6) NOT NULL,
  PRIMARY KEY (`id_delivery`),
  KEY `id_zone` (`id_zone`),
  KEY `id_carrier` (`id_carrier`,`id_zone`),
  KEY `id_range_price` (`id_range_price`),
  KEY `id_range_weight` (`id_range_weight`)
) ENGINE=InnoDB AUTO_INCREMENT=1788 DEFAULT CHARSET=utf8;

--
-- Dumping data for table `ps_delivery`
--

INSERT INTO `ps_delivery` (`id_delivery`, `id_shop`, `id_shop_group`, `id_carrier`, `id_range_price`, `id_range_weight`, `id_zone`, `price`) VALUES (1,1,1,2,1,0,1,0.000000),(2,1,1,2,1,0,2,0.000000),(3,NULL,NULL,2,0,1,1,5.000000),(4,NULL,NULL,2,0,1,2,5.000000),(5,NULL,NULL,2,1,0,1,5.000000),(6,NULL,NULL,2,1,0,2,5.000000),(8,NULL,NULL,4,NULL,2,4,0.000000),(9,NULL,NULL,4,NULL,2,3,0.000000),(10,NULL,NULL,4,NULL,2,8,0.000000),(11,NULL,NULL,4,NULL,2,1,0.000000),(12,NULL,NULL,4,NULL,2,7,0.000000),(13,NULL,NULL,4,NULL,2,2,0.000000),(14,NULL,NULL,4,NULL,2,5,0.000000),(15,NULL,NULL,4,NULL,2,6,0.000000),(17,NULL,NULL,5,NULL,3,3,5.960000),(19,NULL,NULL,5,NULL,4,3,7.290000),(21,NULL,NULL,5,NULL,5,3,8.610000),(23,NULL,NULL,5,NULL,6,3,9.940000),(25,NULL,NULL,5,NULL,7,3,11.260000),(27,NULL,NULL,5,NULL,8,3,12.590000),(29,NULL,NULL,5,NULL,9,3,13.910000),(31,NULL,NULL,6,NULL,10,3,5.960000),(33,NULL,NULL,6,NULL,11,3,7.290000),(35,NULL,NULL,6,NULL,12,3,8.610000),(37,NULL,NULL,6,NULL,13,3,9.940000),(39,NULL,NULL,6,NULL,14,3,11.260000),(41,NULL,NULL,6,NULL,15,3,12.590000),(43,NULL,NULL,6,NULL,16,3,13.910000),(45,NULL,NULL,6,NULL,17,3,23.850000),(47,NULL,NULL,6,NULL,18,3,29.150000),(49,NULL,NULL,6,NULL,19,3,34.450000),(51,NULL,NULL,6,NULL,20,3,39.750000),(53,NULL,NULL,6,NULL,21,3,45.050000),(55,NULL,NULL,6,NULL,22,3,50.350000),(57,NULL,NULL,6,NULL,23,3,55.650000),(59,NULL,NULL,6,NULL,24,3,60.950000),(61,NULL,NULL,7,NULL,25,3,5.960000),(63,NULL,NULL,7,NULL,26,3,7.290000),(65,NULL,NULL,7,NULL,27,3,8.610000),(67,NULL,NULL,7,NULL,28,3,9.940000),(69,NULL,NULL,7,NULL,29,3,11.260000),(71,NULL,NULL,7,NULL,30,3,12.590000),(73,NULL,NULL,7,NULL,31,3,13.910000),(75,NULL,NULL,7,NULL,32,3,23.850000),(77,NULL,NULL,7,NULL,33,3,29.150000),(79,NULL,NULL,7,NULL,34,3,34.450000),(81,NULL,NULL,7,NULL,35,3,39.750000),(83,NULL,NULL,7,NULL,36,3,45.050000),(85,NULL,NULL,7,NULL,37,3,50.350000),(87,NULL,NULL,7,NULL,38,3,55.650000),(89,NULL,NULL,7,NULL,39,3,60.950000),(93,NULL,NULL,8,NULL,40,10,5.960000),(94,NULL,NULL,8,NULL,40,9,9.000000),(95,NULL,NULL,8,NULL,40,11,9.280000),(99,NULL,NULL,8,NULL,41,10,7.290000),(100,NULL,NULL,8,NULL,41,9,10.600000),(101,NULL,NULL,8,NULL,41,11,11.930000),(105,NULL,NULL,8,NULL,42,10,8.610000),(106,NULL,NULL,8,NULL,42,9,12.590000),(107,NULL,NULL,8,NULL,42,11,14.580000),(111,NULL,NULL,8,NULL,43,10,9.940000),(112,NULL,NULL,8,NULL,43,9,14.580000),(113,NULL,NULL,8,NULL,43,11,17.230000),(117,NULL,NULL,8,NULL,44,10,11.260000),(118,NULL,NULL,8,NULL,44,9,16.560000),(119,NULL,NULL,8,NULL,44,11,19.880000),(123,NULL,NULL,8,NULL,45,10,12.590000),(124,NULL,NULL,8,NULL,45,9,20.540000),(125,NULL,NULL,8,NULL,45,11,0.000000),(129,NULL,NULL,8,NULL,46,10,13.910000),(130,NULL,NULL,8,NULL,46,9,34.450000),(131,NULL,NULL,8,NULL,46,11,0.000000),(135,NULL,NULL,8,NULL,47,10,23.850000),(136,NULL,NULL,8,NULL,47,9,39.090000),(137,NULL,NULL,8,NULL,47,11,0.000000),(141,NULL,NULL,8,NULL,48,10,29.150000),(142,NULL,NULL,8,NULL,48,9,0.000000),(143,NULL,NULL,8,NULL,48,11,0.000000),(147,NULL,NULL,8,NULL,49,10,34.450000),(148,NULL,NULL,8,NULL,49,9,0.000000),(149,NULL,NULL,8,NULL,49,11,0.000000),(153,NULL,NULL,8,NULL,50,10,39.750000),(154,NULL,NULL,8,NULL,50,9,0.000000),(155,NULL,NULL,8,NULL,50,11,0.000000),(159,NULL,NULL,8,NULL,51,10,45.050000),(160,NULL,NULL,8,NULL,51,9,0.000000),(161,NULL,NULL,8,NULL,51,11,0.000000),(165,NULL,NULL,8,NULL,52,10,50.350000),(166,NULL,NULL,8,NULL,52,9,0.000000),(167,NULL,NULL,8,NULL,52,11,0.000000),(171,NULL,NULL,8,NULL,53,10,55.650000),(172,NULL,NULL,8,NULL,53,9,0.000000),(173,NULL,NULL,8,NULL,53,11,0.000000),(177,NULL,NULL,8,NULL,54,10,60.950000),(178,NULL,NULL,8,NULL,54,9,0.000000),(179,NULL,NULL,8,NULL,54,11,0.000000),(183,NULL,NULL,9,NULL,55,10,8.610000),(184,NULL,NULL,9,NULL,55,9,9.280000),(185,NULL,NULL,9,NULL,55,11,9.280000),(189,NULL,NULL,9,NULL,56,10,10.600000),(190,NULL,NULL,9,NULL,56,9,11.930000),(191,NULL,NULL,9,NULL,56,11,11.930000),(195,NULL,NULL,9,NULL,57,10,12.590000),(196,NULL,NULL,9,NULL,57,9,14.580000),(197,NULL,NULL,9,NULL,57,11,14.580000),(201,NULL,NULL,9,NULL,58,10,14.580000),(202,NULL,NULL,9,NULL,58,9,17.230000),(203,NULL,NULL,9,NULL,58,11,17.230000),(207,NULL,NULL,9,NULL,59,10,16.560000),(208,NULL,NULL,9,NULL,59,9,19.880000),(209,NULL,NULL,9,NULL,59,11,19.880000),(213,NULL,NULL,9,NULL,60,10,18.550000),(214,NULL,NULL,9,NULL,60,9,22.530000),(215,NULL,NULL,9,NULL,60,11,0.000000),(219,NULL,NULL,9,NULL,61,10,20.540000),(220,NULL,NULL,9,NULL,61,9,25.180000),(221,NULL,NULL,9,NULL,61,11,0.000000),(225,NULL,NULL,9,NULL,62,10,39.090000),(226,NULL,NULL,9,NULL,62,9,46.380000),(227,NULL,NULL,9,NULL,62,11,0.000000),(231,NULL,NULL,9,NULL,63,10,48.360000),(232,NULL,NULL,9,NULL,63,9,56.980000),(233,NULL,NULL,9,NULL,63,11,0.000000),(237,NULL,NULL,9,NULL,64,10,57.640000),(238,NULL,NULL,9,NULL,64,9,67.580000),(239,NULL,NULL,9,NULL,64,11,0.000000),(243,NULL,NULL,9,NULL,65,10,66.910000),(244,NULL,NULL,9,NULL,65,9,78.180000),(245,NULL,NULL,9,NULL,65,11,0.000000),(249,NULL,NULL,9,NULL,66,10,76.190000),(250,NULL,NULL,9,NULL,66,9,88.780000),(251,NULL,NULL,9,NULL,66,11,0.000000),(255,NULL,NULL,9,NULL,67,10,85.460000),(256,NULL,NULL,9,NULL,67,9,99.380000),(257,NULL,NULL,9,NULL,67,11,0.000000),(261,NULL,NULL,9,NULL,68,10,94.740000),(262,NULL,NULL,9,NULL,68,9,109.980000),(263,NULL,NULL,9,NULL,68,11,0.000000),(267,NULL,NULL,9,NULL,69,10,104.010000),(268,NULL,NULL,9,NULL,69,9,120.580000),(269,NULL,NULL,9,NULL,69,11,0.000000),(272,NULL,NULL,13,NULL,70,9,9.280000),(273,NULL,NULL,13,NULL,70,11,9.280000),(276,NULL,NULL,13,NULL,71,9,11.930000),(277,NULL,NULL,13,NULL,71,11,11.930000),(280,NULL,NULL,13,NULL,72,9,14.580000),(281,NULL,NULL,13,NULL,72,11,14.580000),(284,NULL,NULL,13,NULL,73,9,17.230000),(285,NULL,NULL,13,NULL,73,11,17.230000),(288,NULL,NULL,13,NULL,74,9,19.880000),(289,NULL,NULL,13,NULL,74,11,19.880000),(292,NULL,NULL,13,NULL,75,9,22.530000),(293,NULL,NULL,13,NULL,75,11,0.000000),(296,NULL,NULL,13,NULL,76,9,25.180000),(297,NULL,NULL,13,NULL,76,11,0.000000),(300,NULL,NULL,13,NULL,77,9,46.380000),(301,NULL,NULL,13,NULL,77,11,0.000000),(304,NULL,NULL,13,NULL,78,9,56.980000),(305,NULL,NULL,13,NULL,78,11,0.000000),(308,NULL,NULL,13,NULL,79,9,67.580000),(309,NULL,NULL,13,NULL,79,11,0.000000),(312,NULL,NULL,13,NULL,80,9,78.180000),(313,NULL,NULL,13,NULL,80,11,0.000000),(316,NULL,NULL,13,NULL,81,9,88.780000),(317,NULL,NULL,13,NULL,81,11,0.000000),(320,NULL,NULL,13,NULL,82,9,99.380000),(321,NULL,NULL,13,NULL,82,11,0.000000),(324,NULL,NULL,13,NULL,83,9,109.980000),(325,NULL,NULL,13,NULL,83,11,0.000000),(328,NULL,NULL,13,NULL,84,9,120.580000),(329,NULL,NULL,13,NULL,84,11,0.000000),(332,NULL,NULL,14,NULL,85,9,9.280000),(333,NULL,NULL,14,NULL,85,11,9.280000),(336,NULL,NULL,14,NULL,86,9,11.930000),(337,NULL,NULL,14,NULL,86,11,11.930000),(340,NULL,NULL,14,NULL,87,9,14.580000),(341,NULL,NULL,14,NULL,87,11,14.580000),(344,NULL,NULL,14,NULL,88,9,17.230000),(345,NULL,NULL,14,NULL,88,11,17.230000),(348,NULL,NULL,14,NULL,89,9,19.880000),(349,NULL,NULL,14,NULL,89,11,19.880000),(352,NULL,NULL,14,NULL,90,9,22.530000),(353,NULL,NULL,14,NULL,90,11,0.000000),(356,NULL,NULL,14,NULL,91,9,25.180000),(357,NULL,NULL,14,NULL,91,11,0.000000),(360,NULL,NULL,14,NULL,92,9,46.380000),(361,NULL,NULL,14,NULL,92,11,0.000000),(364,NULL,NULL,14,NULL,93,9,56.980000),(365,NULL,NULL,14,NULL,93,11,0.000000),(368,NULL,NULL,14,NULL,94,9,67.580000),(369,NULL,NULL,14,NULL,94,11,0.000000),(372,NULL,NULL,14,NULL,95,9,78.180000),(373,NULL,NULL,14,NULL,95,11,0.000000),(376,NULL,NULL,14,NULL,96,9,88.780000),(377,NULL,NULL,14,NULL,96,11,0.000000),(380,NULL,NULL,14,NULL,97,9,99.380000),(381,NULL,NULL,14,NULL,97,11,0.000000),(384,NULL,NULL,14,NULL,98,9,109.980000),(385,NULL,NULL,14,NULL,98,11,0.000000),(388,NULL,NULL,14,NULL,99,9,120.580000),(389,NULL,NULL,14,NULL,99,11,0.000000),(391,NULL,NULL,15,2,NULL,10,9.000000),(393,NULL,NULL,15,3,NULL,10,0.000000),(396,NULL,NULL,16,NULL,100,9,9.280000),(397,NULL,NULL,16,NULL,100,11,9.280000),(400,NULL,NULL,16,NULL,101,9,11.930000),(401,NULL,NULL,16,NULL,101,11,11.930000),(404,NULL,NULL,16,NULL,102,9,14.580000),(405,NULL,NULL,16,NULL,102,11,14.580000),(408,NULL,NULL,16,NULL,103,9,17.230000),(409,NULL,NULL,16,NULL,103,11,17.230000),(412,NULL,NULL,16,NULL,104,9,19.880000),(413,NULL,NULL,16,NULL,104,11,19.880000),(416,NULL,NULL,16,NULL,105,9,22.530000),(417,NULL,NULL,16,NULL,105,11,0.000000),(420,NULL,NULL,16,NULL,106,9,25.180000),(421,NULL,NULL,16,NULL,106,11,0.000000),(424,NULL,NULL,16,NULL,107,9,46.380000),(425,NULL,NULL,16,NULL,107,11,0.000000),(428,NULL,NULL,16,NULL,108,9,56.980000),(429,NULL,NULL,16,NULL,108,11,0.000000),(432,NULL,NULL,16,NULL,109,9,67.580000),(433,NULL,NULL,16,NULL,109,11,0.000000),(436,NULL,NULL,16,NULL,110,9,78.180000),(437,NULL,NULL,16,NULL,110,11,0.000000),(440,NULL,NULL,16,NULL,111,9,88.780000),(441,NULL,NULL,16,NULL,111,11,0.000000),(444,NULL,NULL,16,NULL,112,9,99.380000),(445,NULL,NULL,16,NULL,112,11,0.000000),(448,NULL,NULL,16,NULL,113,9,109.980000),(449,NULL,NULL,16,NULL,113,11,0.000000),(452,NULL,NULL,16,NULL,114,9,120.580000),(453,NULL,NULL,16,NULL,114,11,0.000000),(456,NULL,NULL,17,NULL,115,9,9.280000),(457,NULL,NULL,17,NULL,115,11,8.610000),(460,NULL,NULL,17,NULL,116,9,11.930000),(461,NULL,NULL,17,NULL,116,11,10.600000),(464,NULL,NULL,17,NULL,117,9,14.580000),(465,NULL,NULL,17,NULL,117,11,12.590000),(468,NULL,NULL,17,NULL,118,9,17.230000),(469,NULL,NULL,17,NULL,118,11,14.580000),(472,NULL,NULL,17,NULL,119,9,19.880000),(473,NULL,NULL,17,NULL,119,11,16.560000),(476,NULL,NULL,17,NULL,120,9,22.530000),(477,NULL,NULL,17,NULL,120,11,18.550000),(480,NULL,NULL,17,NULL,121,9,25.180000),(481,NULL,NULL,17,NULL,121,11,20.540000),(484,NULL,NULL,17,NULL,122,9,46.380000),(485,NULL,NULL,17,NULL,122,11,39.090000),(488,NULL,NULL,17,NULL,123,9,56.980000),(489,NULL,NULL,17,NULL,123,11,48.360000),(492,NULL,NULL,17,NULL,124,9,67.580000),(493,NULL,NULL,17,NULL,124,11,57.640000),(496,NULL,NULL,17,NULL,125,9,78.180000),(497,NULL,NULL,17,NULL,125,11,66.910000),(500,NULL,NULL,17,NULL,126,9,88.780000),(501,NULL,NULL,17,NULL,126,11,76.190000),(504,NULL,NULL,17,NULL,127,9,99.380000),(505,NULL,NULL,17,NULL,127,11,85.460000),(508,NULL,NULL,17,NULL,128,9,109.980000),(509,NULL,NULL,17,NULL,128,11,94.740000),(512,NULL,NULL,17,NULL,129,9,120.580000),(513,NULL,NULL,17,NULL,129,11,104.010000),(525,NULL,NULL,18,NULL,130,4,0.000000),(526,NULL,NULL,18,NULL,130,3,0.000000),(527,NULL,NULL,18,NULL,130,8,0.000000),(528,NULL,NULL,18,NULL,130,7,0.000000),(529,NULL,NULL,18,NULL,130,1,0.000000),(530,NULL,NULL,18,NULL,130,2,0.000000),(531,NULL,NULL,18,NULL,130,5,0.000000),(532,NULL,NULL,18,NULL,130,10,0.000000),(533,NULL,NULL,18,NULL,130,9,9.280000),(534,NULL,NULL,18,NULL,130,11,8.610000),(535,NULL,NULL,18,NULL,130,6,0.000000),(547,NULL,NULL,18,NULL,131,4,0.000000),(548,NULL,NULL,18,NULL,131,3,0.000000),(549,NULL,NULL,18,NULL,131,8,0.000000),(550,NULL,NULL,18,NULL,131,7,0.000000),(551,NULL,NULL,18,NULL,131,1,0.000000),(552,NULL,NULL,18,NULL,131,2,0.000000),(553,NULL,NULL,18,NULL,131,5,0.000000),(554,NULL,NULL,18,NULL,131,10,0.000000),(555,NULL,NULL,18,NULL,131,9,11.930000),(556,NULL,NULL,18,NULL,131,11,10.600000),(557,NULL,NULL,18,NULL,131,6,0.000000),(569,NULL,NULL,18,NULL,132,4,0.000000),(570,NULL,NULL,18,NULL,132,3,0.000000),(571,NULL,NULL,18,NULL,132,8,0.000000),(572,NULL,NULL,18,NULL,132,7,0.000000),(573,NULL,NULL,18,NULL,132,1,0.000000),(574,NULL,NULL,18,NULL,132,2,0.000000),(575,NULL,NULL,18,NULL,132,5,0.000000),(576,NULL,NULL,18,NULL,132,10,0.000000),(577,NULL,NULL,18,NULL,132,9,14.580000),(578,NULL,NULL,18,NULL,132,11,12.590000),(579,NULL,NULL,18,NULL,132,6,0.000000),(591,NULL,NULL,18,NULL,133,4,0.000000),(592,NULL,NULL,18,NULL,133,3,0.000000),(593,NULL,NULL,18,NULL,133,8,0.000000),(594,NULL,NULL,18,NULL,133,7,0.000000),(595,NULL,NULL,18,NULL,133,1,0.000000),(596,NULL,NULL,18,NULL,133,2,0.000000),(597,NULL,NULL,18,NULL,133,5,0.000000),(598,NULL,NULL,18,NULL,133,10,0.000000),(599,NULL,NULL,18,NULL,133,9,17.230000),(600,NULL,NULL,18,NULL,133,11,14.580000),(601,NULL,NULL,18,NULL,133,6,0.000000),(613,NULL,NULL,18,NULL,134,4,0.000000),(614,NULL,NULL,18,NULL,134,3,0.000000),(615,NULL,NULL,18,NULL,134,8,0.000000),(616,NULL,NULL,18,NULL,134,7,0.000000),(617,NULL,NULL,18,NULL,134,1,0.000000),(618,NULL,NULL,18,NULL,134,2,0.000000),(619,NULL,NULL,18,NULL,134,5,0.000000),(620,NULL,NULL,18,NULL,134,10,0.000000),(621,NULL,NULL,18,NULL,134,9,19.880000),(622,NULL,NULL,18,NULL,134,11,16.560000),(623,NULL,NULL,18,NULL,134,6,0.000000),(635,NULL,NULL,18,NULL,135,4,0.000000),(636,NULL,NULL,18,NULL,135,3,0.000000),(637,NULL,NULL,18,NULL,135,8,0.000000),(638,NULL,NULL,18,NULL,135,7,0.000000),(639,NULL,NULL,18,NULL,135,1,0.000000),(640,NULL,NULL,18,NULL,135,2,0.000000),(641,NULL,NULL,18,NULL,135,5,0.000000),(642,NULL,NULL,18,NULL,135,10,0.000000),(643,NULL,NULL,18,NULL,135,9,22.530000),(644,NULL,NULL,18,NULL,135,11,18.550000),(645,NULL,NULL,18,NULL,135,6,0.000000),(657,NULL,NULL,18,NULL,136,4,0.000000),(658,NULL,NULL,18,NULL,136,3,0.000000),(659,NULL,NULL,18,NULL,136,8,0.000000),(660,NULL,NULL,18,NULL,136,7,0.000000),(661,NULL,NULL,18,NULL,136,1,0.000000),(662,NULL,NULL,18,NULL,136,2,0.000000),(663,NULL,NULL,18,NULL,136,5,0.000000),(664,NULL,NULL,18,NULL,136,10,0.000000),(665,NULL,NULL,18,NULL,136,9,25.180000),(666,NULL,NULL,18,NULL,136,11,20.540000),(667,NULL,NULL,18,NULL,136,6,0.000000),(679,NULL,NULL,18,NULL,137,4,0.000000),(680,NULL,NULL,18,NULL,137,3,0.000000),(681,NULL,NULL,18,NULL,137,8,0.000000),(682,NULL,NULL,18,NULL,137,7,0.000000),(683,NULL,NULL,18,NULL,137,1,0.000000),(684,NULL,NULL,18,NULL,137,2,0.000000),(685,NULL,NULL,18,NULL,137,5,0.000000),(686,NULL,NULL,18,NULL,137,10,0.000000),(687,NULL,NULL,18,NULL,137,9,46.380000),(688,NULL,NULL,18,NULL,137,11,39.090000),(689,NULL,NULL,18,NULL,137,6,0.000000),(701,NULL,NULL,18,NULL,138,4,0.000000),(702,NULL,NULL,18,NULL,138,3,0.000000),(703,NULL,NULL,18,NULL,138,8,0.000000),(704,NULL,NULL,18,NULL,138,7,0.000000),(705,NULL,NULL,18,NULL,138,1,0.000000),(706,NULL,NULL,18,NULL,138,2,0.000000),(707,NULL,NULL,18,NULL,138,5,0.000000),(708,NULL,NULL,18,NULL,138,10,0.000000),(709,NULL,NULL,18,NULL,138,9,56.980000),(710,NULL,NULL,18,NULL,138,11,48.360000),(711,NULL,NULL,18,NULL,138,6,0.000000),(723,NULL,NULL,18,NULL,139,4,0.000000),(724,NULL,NULL,18,NULL,139,3,0.000000),(725,NULL,NULL,18,NULL,139,8,0.000000),(726,NULL,NULL,18,NULL,139,7,0.000000),(727,NULL,NULL,18,NULL,139,1,0.000000),(728,NULL,NULL,18,NULL,139,2,0.000000),(729,NULL,NULL,18,NULL,139,5,0.000000),(730,NULL,NULL,18,NULL,139,10,0.000000),(731,NULL,NULL,18,NULL,139,9,67.580000),(732,NULL,NULL,18,NULL,139,11,57.640000),(733,NULL,NULL,18,NULL,139,6,0.000000),(745,NULL,NULL,18,NULL,140,4,0.000000),(746,NULL,NULL,18,NULL,140,3,0.000000),(747,NULL,NULL,18,NULL,140,8,0.000000),(748,NULL,NULL,18,NULL,140,7,0.000000),(749,NULL,NULL,18,NULL,140,1,0.000000),(750,NULL,NULL,18,NULL,140,2,0.000000),(751,NULL,NULL,18,NULL,140,5,0.000000),(752,NULL,NULL,18,NULL,140,10,0.000000),(753,NULL,NULL,18,NULL,140,9,78.180000),(754,NULL,NULL,18,NULL,140,11,66.910000),(755,NULL,NULL,18,NULL,140,6,0.000000),(767,NULL,NULL,18,NULL,141,4,0.000000),(768,NULL,NULL,18,NULL,141,3,0.000000),(769,NULL,NULL,18,NULL,141,8,0.000000),(770,NULL,NULL,18,NULL,141,7,0.000000),(771,NULL,NULL,18,NULL,141,1,0.000000),(772,NULL,NULL,18,NULL,141,2,0.000000),(773,NULL,NULL,18,NULL,141,5,0.000000),(774,NULL,NULL,18,NULL,141,10,0.000000),(775,NULL,NULL,18,NULL,141,9,88.780000),(776,NULL,NULL,18,NULL,141,11,76.190000),(777,NULL,NULL,18,NULL,141,6,0.000000),(789,NULL,NULL,18,NULL,142,4,0.000000),(790,NULL,NULL,18,NULL,142,3,0.000000),(791,NULL,NULL,18,NULL,142,8,0.000000),(792,NULL,NULL,18,NULL,142,7,0.000000),(793,NULL,NULL,18,NULL,142,1,0.000000),(794,NULL,NULL,18,NULL,142,2,0.000000),(795,NULL,NULL,18,NULL,142,5,0.000000),(796,NULL,NULL,18,NULL,142,10,0.000000),(797,NULL,NULL,18,NULL,142,9,99.380000),(798,NULL,NULL,18,NULL,142,11,85.460000),(799,NULL,NULL,18,NULL,142,6,0.000000),(811,NULL,NULL,18,NULL,143,4,0.000000),(812,NULL,NULL,18,NULL,143,3,0.000000),(813,NULL,NULL,18,NULL,143,8,0.000000),(814,NULL,NULL,18,NULL,143,7,0.000000),(815,NULL,NULL,18,NULL,143,1,0.000000),(816,NULL,NULL,18,NULL,143,2,0.000000),(817,NULL,NULL,18,NULL,143,5,0.000000),(818,NULL,NULL,18,NULL,143,10,0.000000),(819,NULL,NULL,18,NULL,143,9,109.980000),(820,NULL,NULL,18,NULL,143,11,94.740000),(821,NULL,NULL,18,NULL,143,6,0.000000),(833,NULL,NULL,18,NULL,144,4,0.000000),(834,NULL,NULL,18,NULL,144,3,0.000000),(835,NULL,NULL,18,NULL,144,8,0.000000),(836,NULL,NULL,18,NULL,144,7,0.000000),(837,NULL,NULL,18,NULL,144,1,0.000000),(838,NULL,NULL,18,NULL,144,2,0.000000),(839,NULL,NULL,18,NULL,144,5,0.000000),(840,NULL,NULL,18,NULL,144,10,0.000000),(841,NULL,NULL,18,NULL,144,9,120.580000),(842,NULL,NULL,18,NULL,144,11,104.010000),(843,NULL,NULL,18,NULL,144,6,0.000000),(855,NULL,NULL,19,4,NULL,4,0.000000),(856,NULL,NULL,19,4,NULL,3,0.000000),(857,NULL,NULL,19,4,NULL,8,0.000000),(858,NULL,NULL,19,4,NULL,7,0.000000),(859,NULL,NULL,19,4,NULL,1,0.000000),(860,NULL,NULL,19,4,NULL,2,0.000000),(861,NULL,NULL,19,4,NULL,5,0.000000),(862,NULL,NULL,19,4,NULL,10,9.000000),(863,NULL,NULL,19,4,NULL,9,0.000000),(864,NULL,NULL,19,4,NULL,11,0.000000),(865,NULL,NULL,19,4,NULL,6,0.000000),(877,NULL,NULL,19,5,NULL,4,0.000000),(878,NULL,NULL,19,5,NULL,3,0.000000),(879,NULL,NULL,19,5,NULL,8,0.000000),(880,NULL,NULL,19,5,NULL,7,0.000000),(881,NULL,NULL,19,5,NULL,1,0.000000),(882,NULL,NULL,19,5,NULL,2,0.000000),(883,NULL,NULL,19,5,NULL,5,0.000000),(884,NULL,NULL,19,5,NULL,10,0.000000),(885,NULL,NULL,19,5,NULL,9,0.000000),(886,NULL,NULL,19,5,NULL,11,0.000000),(887,NULL,NULL,19,5,NULL,6,0.000000),(899,NULL,NULL,20,NULL,145,4,0.000000),(900,NULL,NULL,20,NULL,145,3,0.000000),(901,NULL,NULL,20,NULL,145,8,0.000000),(902,NULL,NULL,20,NULL,145,7,0.000000),(903,NULL,NULL,20,NULL,145,1,0.000000),(904,NULL,NULL,20,NULL,145,2,0.000000),(905,NULL,NULL,20,NULL,145,5,0.000000),(906,NULL,NULL,20,NULL,145,10,5.960000),(907,NULL,NULL,20,NULL,145,9,9.280000),(908,NULL,NULL,20,NULL,145,11,8.610000),(909,NULL,NULL,20,NULL,145,6,0.000000),(921,NULL,NULL,20,NULL,146,4,0.000000),(922,NULL,NULL,20,NULL,146,3,0.000000),(923,NULL,NULL,20,NULL,146,8,0.000000),(924,NULL,NULL,20,NULL,146,7,0.000000),(925,NULL,NULL,20,NULL,146,1,0.000000),(926,NULL,NULL,20,NULL,146,2,0.000000),(927,NULL,NULL,20,NULL,146,5,0.000000),(928,NULL,NULL,20,NULL,146,10,7.290000),(929,NULL,NULL,20,NULL,146,9,11.930000),(930,NULL,NULL,20,NULL,146,11,10.600000),(931,NULL,NULL,20,NULL,146,6,0.000000),(943,NULL,NULL,20,NULL,147,4,0.000000),(944,NULL,NULL,20,NULL,147,3,0.000000),(945,NULL,NULL,20,NULL,147,8,0.000000),(946,NULL,NULL,20,NULL,147,7,0.000000),(947,NULL,NULL,20,NULL,147,1,0.000000),(948,NULL,NULL,20,NULL,147,2,0.000000),(949,NULL,NULL,20,NULL,147,5,0.000000),(950,NULL,NULL,20,NULL,147,10,8.610000),(951,NULL,NULL,20,NULL,147,9,14.580000),(952,NULL,NULL,20,NULL,147,11,12.590000),(953,NULL,NULL,20,NULL,147,6,0.000000),(965,NULL,NULL,20,NULL,148,4,0.000000),(966,NULL,NULL,20,NULL,148,3,0.000000),(967,NULL,NULL,20,NULL,148,8,0.000000),(968,NULL,NULL,20,NULL,148,7,0.000000),(969,NULL,NULL,20,NULL,148,1,0.000000),(970,NULL,NULL,20,NULL,148,2,0.000000),(971,NULL,NULL,20,NULL,148,5,0.000000),(972,NULL,NULL,20,NULL,148,10,9.940000),(973,NULL,NULL,20,NULL,148,9,17.230000),(974,NULL,NULL,20,NULL,148,11,14.580000),(975,NULL,NULL,20,NULL,148,6,0.000000),(987,NULL,NULL,20,NULL,149,4,0.000000),(988,NULL,NULL,20,NULL,149,3,0.000000),(989,NULL,NULL,20,NULL,149,8,0.000000),(990,NULL,NULL,20,NULL,149,7,0.000000),(991,NULL,NULL,20,NULL,149,1,0.000000),(992,NULL,NULL,20,NULL,149,2,0.000000),(993,NULL,NULL,20,NULL,149,5,0.000000),(994,NULL,NULL,20,NULL,149,10,11.260000),(995,NULL,NULL,20,NULL,149,9,19.880000),(996,NULL,NULL,20,NULL,149,11,16.560000),(997,NULL,NULL,20,NULL,149,6,0.000000),(1009,NULL,NULL,20,NULL,150,4,0.000000),(1010,NULL,NULL,20,NULL,150,3,0.000000),(1011,NULL,NULL,20,NULL,150,8,0.000000),(1012,NULL,NULL,20,NULL,150,7,0.000000),(1013,NULL,NULL,20,NULL,150,1,0.000000),(1014,NULL,NULL,20,NULL,150,2,0.000000),(1015,NULL,NULL,20,NULL,150,5,0.000000),(1016,NULL,NULL,20,NULL,150,10,12.590000),(1017,NULL,NULL,20,NULL,150,9,22.530000),(1018,NULL,NULL,20,NULL,150,11,18.550000),(1019,NULL,NULL,20,NULL,150,6,0.000000),(1031,NULL,NULL,20,NULL,151,4,0.000000),(1032,NULL,NULL,20,NULL,151,3,0.000000),(1033,NULL,NULL,20,NULL,151,8,0.000000),(1034,NULL,NULL,20,NULL,151,7,0.000000),(1035,NULL,NULL,20,NULL,151,1,0.000000),(1036,NULL,NULL,20,NULL,151,2,0.000000),(1037,NULL,NULL,20,NULL,151,5,0.000000),(1038,NULL,NULL,20,NULL,151,10,13.910000),(1039,NULL,NULL,20,NULL,151,9,25.180000),(1040,NULL,NULL,20,NULL,151,11,20.540000),(1041,NULL,NULL,20,NULL,151,6,0.000000),(1053,NULL,NULL,20,NULL,152,4,0.000000),(1054,NULL,NULL,20,NULL,152,3,0.000000),(1055,NULL,NULL,20,NULL,152,8,0.000000),(1056,NULL,NULL,20,NULL,152,7,0.000000),(1057,NULL,NULL,20,NULL,152,1,0.000000),(1058,NULL,NULL,20,NULL,152,2,0.000000),(1059,NULL,NULL,20,NULL,152,5,0.000000),(1060,NULL,NULL,20,NULL,152,10,23.850000),(1061,NULL,NULL,20,NULL,152,9,46.380000),(1062,NULL,NULL,20,NULL,152,11,39.090000),(1063,NULL,NULL,20,NULL,152,6,0.000000),(1075,NULL,NULL,20,NULL,153,4,0.000000),(1076,NULL,NULL,20,NULL,153,3,0.000000),(1077,NULL,NULL,20,NULL,153,8,0.000000),(1078,NULL,NULL,20,NULL,153,7,0.000000),(1079,NULL,NULL,20,NULL,153,1,0.000000),(1080,NULL,NULL,20,NULL,153,2,0.000000),(1081,NULL,NULL,20,NULL,153,5,0.000000),(1082,NULL,NULL,20,NULL,153,10,29.150000),(1083,NULL,NULL,20,NULL,153,9,56.980000),(1084,NULL,NULL,20,NULL,153,11,48.360000),(1085,NULL,NULL,20,NULL,153,6,0.000000),(1097,NULL,NULL,20,NULL,154,4,0.000000),(1098,NULL,NULL,20,NULL,154,3,0.000000),(1099,NULL,NULL,20,NULL,154,8,0.000000),(1100,NULL,NULL,20,NULL,154,7,0.000000),(1101,NULL,NULL,20,NULL,154,1,0.000000),(1102,NULL,NULL,20,NULL,154,2,0.000000),(1103,NULL,NULL,20,NULL,154,5,0.000000),(1104,NULL,NULL,20,NULL,154,10,34.450000),(1105,NULL,NULL,20,NULL,154,9,67.580000),(1106,NULL,NULL,20,NULL,154,11,57.640000),(1107,NULL,NULL,20,NULL,154,6,0.000000),(1119,NULL,NULL,20,NULL,155,4,0.000000),(1120,NULL,NULL,20,NULL,155,3,0.000000),(1121,NULL,NULL,20,NULL,155,8,0.000000),(1122,NULL,NULL,20,NULL,155,7,0.000000),(1123,NULL,NULL,20,NULL,155,1,0.000000),(1124,NULL,NULL,20,NULL,155,2,0.000000),(1125,NULL,NULL,20,NULL,155,5,0.000000),(1126,NULL,NULL,20,NULL,155,10,39.750000),(1127,NULL,NULL,20,NULL,155,9,78.180000),(1128,NULL,NULL,20,NULL,155,11,66.910000),(1129,NULL,NULL,20,NULL,155,6,0.000000),(1141,NULL,NULL,20,NULL,156,4,0.000000),(1142,NULL,NULL,20,NULL,156,3,0.000000),(1143,NULL,NULL,20,NULL,156,8,0.000000),(1144,NULL,NULL,20,NULL,156,7,0.000000),(1145,NULL,NULL,20,NULL,156,1,0.000000),(1146,NULL,NULL,20,NULL,156,2,0.000000),(1147,NULL,NULL,20,NULL,156,5,0.000000),(1148,NULL,NULL,20,NULL,156,10,45.050000),(1149,NULL,NULL,20,NULL,156,9,88.780000),(1150,NULL,NULL,20,NULL,156,11,76.190000),(1151,NULL,NULL,20,NULL,156,6,0.000000),(1163,NULL,NULL,20,NULL,157,4,0.000000),(1164,NULL,NULL,20,NULL,157,3,0.000000),(1165,NULL,NULL,20,NULL,157,8,0.000000),(1166,NULL,NULL,20,NULL,157,7,0.000000),(1167,NULL,NULL,20,NULL,157,1,0.000000),(1168,NULL,NULL,20,NULL,157,2,0.000000),(1169,NULL,NULL,20,NULL,157,5,0.000000),(1170,NULL,NULL,20,NULL,157,10,50.350000),(1171,NULL,NULL,20,NULL,157,9,99.380000),(1172,NULL,NULL,20,NULL,157,11,85.460000),(1173,NULL,NULL,20,NULL,157,6,0.000000),(1185,NULL,NULL,20,NULL,158,4,0.000000),(1186,NULL,NULL,20,NULL,158,3,0.000000),(1187,NULL,NULL,20,NULL,158,8,0.000000),(1188,NULL,NULL,20,NULL,158,7,0.000000),(1189,NULL,NULL,20,NULL,158,1,0.000000),(1190,NULL,NULL,20,NULL,158,2,0.000000),(1191,NULL,NULL,20,NULL,158,5,0.000000),(1192,NULL,NULL,20,NULL,158,10,55.650000),(1193,NULL,NULL,20,NULL,158,9,109.980000),(1194,NULL,NULL,20,NULL,158,11,94.740000),(1195,NULL,NULL,20,NULL,158,6,0.000000),(1207,NULL,NULL,20,NULL,159,4,0.000000),(1208,NULL,NULL,20,NULL,159,3,0.000000),(1209,NULL,NULL,20,NULL,159,8,0.000000),(1210,NULL,NULL,20,NULL,159,7,0.000000),(1211,NULL,NULL,20,NULL,159,1,0.000000),(1212,NULL,NULL,20,NULL,159,2,0.000000),(1213,NULL,NULL,20,NULL,159,5,0.000000),(1214,NULL,NULL,20,NULL,159,10,60.950000),(1215,NULL,NULL,20,NULL,159,9,120.580000),(1216,NULL,NULL,20,NULL,159,11,104.010000),(1217,NULL,NULL,20,NULL,159,6,0.000000),(1228,NULL,NULL,21,NULL,160,4,0.000000),(1229,NULL,NULL,21,NULL,160,8,0.000000),(1230,NULL,NULL,21,NULL,160,1,0.000000),(1231,NULL,NULL,21,NULL,160,7,0.000000),(1232,NULL,NULL,21,NULL,160,2,0.000000),(1233,NULL,NULL,21,NULL,160,5,0.000000),(1234,NULL,NULL,21,NULL,160,10,5.960000),(1235,NULL,NULL,21,NULL,160,9,9.280000),(1236,NULL,NULL,21,NULL,160,11,8.610000),(1237,NULL,NULL,21,NULL,160,6,0.000000),(1248,NULL,NULL,21,NULL,161,4,0.000000),(1249,NULL,NULL,21,NULL,161,8,0.000000),(1250,NULL,NULL,21,NULL,161,1,0.000000),(1251,NULL,NULL,21,NULL,161,7,0.000000),(1252,NULL,NULL,21,NULL,161,2,0.000000),(1253,NULL,NULL,21,NULL,161,5,0.000000),(1254,NULL,NULL,21,NULL,161,10,7.290000),(1255,NULL,NULL,21,NULL,161,9,11.930000),(1256,NULL,NULL,21,NULL,161,11,10.600000),(1257,NULL,NULL,21,NULL,161,6,0.000000),(1268,NULL,NULL,21,NULL,162,4,0.000000),(1269,NULL,NULL,21,NULL,162,8,0.000000),(1270,NULL,NULL,21,NULL,162,1,0.000000),(1271,NULL,NULL,21,NULL,162,7,0.000000),(1272,NULL,NULL,21,NULL,162,2,0.000000),(1273,NULL,NULL,21,NULL,162,5,0.000000),(1274,NULL,NULL,21,NULL,162,10,8.610000),(1275,NULL,NULL,21,NULL,162,9,14.580000),(1276,NULL,NULL,21,NULL,162,11,12.590000),(1277,NULL,NULL,21,NULL,162,6,0.000000),(1288,NULL,NULL,21,NULL,163,4,0.000000),(1289,NULL,NULL,21,NULL,163,8,0.000000),(1290,NULL,NULL,21,NULL,163,1,0.000000),(1291,NULL,NULL,21,NULL,163,7,0.000000),(1292,NULL,NULL,21,NULL,163,2,0.000000),(1293,NULL,NULL,21,NULL,163,5,0.000000),(1294,NULL,NULL,21,NULL,163,10,9.940000),(1295,NULL,NULL,21,NULL,163,9,17.230000),(1296,NULL,NULL,21,NULL,163,11,14.580000),(1297,NULL,NULL,21,NULL,163,6,0.000000),(1308,NULL,NULL,21,NULL,164,4,0.000000),(1309,NULL,NULL,21,NULL,164,8,0.000000),(1310,NULL,NULL,21,NULL,164,1,0.000000),(1311,NULL,NULL,21,NULL,164,7,0.000000),(1312,NULL,NULL,21,NULL,164,2,0.000000),(1313,NULL,NULL,21,NULL,164,5,0.000000),(1314,NULL,NULL,21,NULL,164,10,11.260000),(1315,NULL,NULL,21,NULL,164,9,19.880000),(1316,NULL,NULL,21,NULL,164,11,16.560000),(1317,NULL,NULL,21,NULL,164,6,0.000000),(1328,NULL,NULL,21,NULL,165,4,0.000000),(1329,NULL,NULL,21,NULL,165,8,0.000000),(1330,NULL,NULL,21,NULL,165,1,0.000000),(1331,NULL,NULL,21,NULL,165,7,0.000000),(1332,NULL,NULL,21,NULL,165,2,0.000000),(1333,NULL,NULL,21,NULL,165,5,0.000000),(1334,NULL,NULL,21,NULL,165,10,12.590000),(1335,NULL,NULL,21,NULL,165,9,22.530000),(1336,NULL,NULL,21,NULL,165,11,18.550000),(1337,NULL,NULL,21,NULL,165,6,0.000000),(1348,NULL,NULL,21,NULL,166,4,0.000000),(1349,NULL,NULL,21,NULL,166,8,0.000000),(1350,NULL,NULL,21,NULL,166,1,0.000000),(1351,NULL,NULL,21,NULL,166,7,0.000000),(1352,NULL,NULL,21,NULL,166,2,0.000000),(1353,NULL,NULL,21,NULL,166,5,0.000000),(1354,NULL,NULL,21,NULL,166,10,13.910000),(1355,NULL,NULL,21,NULL,166,9,25.180000),(1356,NULL,NULL,21,NULL,166,11,20.540000),(1357,NULL,NULL,21,NULL,166,6,0.000000),(1368,NULL,NULL,21,NULL,167,4,0.000000),(1369,NULL,NULL,21,NULL,167,8,0.000000),(1370,NULL,NULL,21,NULL,167,1,0.000000),(1371,NULL,NULL,21,NULL,167,7,0.000000),(1372,NULL,NULL,21,NULL,167,2,0.000000),(1373,NULL,NULL,21,NULL,167,5,0.000000),(1374,NULL,NULL,21,NULL,167,10,23.850000),(1375,NULL,NULL,21,NULL,167,9,46.380000),(1376,NULL,NULL,21,NULL,167,11,39.090000),(1377,NULL,NULL,21,NULL,167,6,0.000000),(1388,NULL,NULL,21,NULL,168,4,0.000000),(1389,NULL,NULL,21,NULL,168,8,0.000000),(1390,NULL,NULL,21,NULL,168,1,0.000000),(1391,NULL,NULL,21,NULL,168,7,0.000000),(1392,NULL,NULL,21,NULL,168,2,0.000000),(1393,NULL,NULL,21,NULL,168,5,0.000000),(1394,NULL,NULL,21,NULL,168,10,29.150000),(1395,NULL,NULL,21,NULL,168,9,56.980000),(1396,NULL,NULL,21,NULL,168,11,48.360000),(1397,NULL,NULL,21,NULL,168,6,0.000000),(1408,NULL,NULL,21,NULL,169,4,0.000000),(1409,NULL,NULL,21,NULL,169,8,0.000000),(1410,NULL,NULL,21,NULL,169,1,0.000000),(1411,NULL,NULL,21,NULL,169,7,0.000000),(1412,NULL,NULL,21,NULL,169,2,0.000000),(1413,NULL,NULL,21,NULL,169,5,0.000000),(1414,NULL,NULL,21,NULL,169,10,34.450000),(1415,NULL,NULL,21,NULL,169,9,67.580000),(1416,NULL,NULL,21,NULL,169,11,57.640000),(1417,NULL,NULL,21,NULL,169,6,0.000000),(1428,NULL,NULL,21,NULL,170,4,0.000000),(1429,NULL,NULL,21,NULL,170,8,0.000000),(1430,NULL,NULL,21,NULL,170,1,0.000000),(1431,NULL,NULL,21,NULL,170,7,0.000000),(1432,NULL,NULL,21,NULL,170,2,0.000000),(1433,NULL,NULL,21,NULL,170,5,0.000000),(1434,NULL,NULL,21,NULL,170,10,39.750000),(1435,NULL,NULL,21,NULL,170,9,78.180000),(1436,NULL,NULL,21,NULL,170,11,66.910000),(1437,NULL,NULL,21,NULL,170,6,0.000000),(1448,NULL,NULL,21,NULL,171,4,0.000000),(1449,NULL,NULL,21,NULL,171,8,0.000000),(1450,NULL,NULL,21,NULL,171,1,0.000000),(1451,NULL,NULL,21,NULL,171,7,0.000000),(1452,NULL,NULL,21,NULL,171,2,0.000000),(1453,NULL,NULL,21,NULL,171,5,0.000000),(1454,NULL,NULL,21,NULL,171,10,45.050000),(1455,NULL,NULL,21,NULL,171,9,88.780000),(1456,NULL,NULL,21,NULL,171,11,76.190000),(1457,NULL,NULL,21,NULL,171,6,0.000000),(1468,NULL,NULL,21,NULL,172,4,0.000000),(1469,NULL,NULL,21,NULL,172,8,0.000000),(1470,NULL,NULL,21,NULL,172,1,0.000000),(1471,NULL,NULL,21,NULL,172,7,0.000000),(1472,NULL,NULL,21,NULL,172,2,0.000000),(1473,NULL,NULL,21,NULL,172,5,0.000000),(1474,NULL,NULL,21,NULL,172,10,50.350000),(1475,NULL,NULL,21,NULL,172,9,99.380000),(1476,NULL,NULL,21,NULL,172,11,85.460000),(1477,NULL,NULL,21,NULL,172,6,0.000000),(1488,NULL,NULL,21,NULL,173,4,0.000000),(1489,NULL,NULL,21,NULL,173,8,0.000000),(1490,NULL,NULL,21,NULL,173,1,0.000000),(1491,NULL,NULL,21,NULL,173,7,0.000000),(1492,NULL,NULL,21,NULL,173,2,0.000000),(1493,NULL,NULL,21,NULL,173,5,0.000000),(1494,NULL,NULL,21,NULL,173,10,55.650000),(1495,NULL,NULL,21,NULL,173,9,109.980000),(1496,NULL,NULL,21,NULL,173,11,94.740000),(1497,NULL,NULL,21,NULL,173,6,0.000000),(1508,NULL,NULL,21,NULL,174,4,0.000000),(1509,NULL,NULL,21,NULL,174,8,0.000000),(1510,NULL,NULL,21,NULL,174,1,0.000000),(1511,NULL,NULL,21,NULL,174,7,0.000000),(1512,NULL,NULL,21,NULL,174,2,0.000000),(1513,NULL,NULL,21,NULL,174,5,0.000000),(1514,NULL,NULL,21,NULL,174,10,60.950000),(1515,NULL,NULL,21,NULL,174,9,120.580000),(1516,NULL,NULL,21,NULL,174,11,104.010000),(1517,NULL,NULL,21,NULL,174,6,0.000000),(1521,NULL,NULL,22,NULL,175,10,5.960000),(1522,NULL,NULL,22,NULL,175,9,9.280000),(1523,NULL,NULL,22,NULL,175,11,8.610000),(1527,NULL,NULL,22,NULL,176,10,7.290000),(1528,NULL,NULL,22,NULL,176,9,11.930000),(1529,NULL,NULL,22,NULL,176,11,10.600000),(1533,NULL,NULL,22,NULL,177,10,8.610000),(1534,NULL,NULL,22,NULL,177,9,14.580000),(1535,NULL,NULL,22,NULL,177,11,12.590000),(1539,NULL,NULL,22,NULL,178,10,9.940000),(1540,NULL,NULL,22,NULL,178,9,17.230000),(1541,NULL,NULL,22,NULL,178,11,14.580000),(1545,NULL,NULL,22,NULL,179,10,11.260000),(1546,NULL,NULL,22,NULL,179,9,19.880000),(1547,NULL,NULL,22,NULL,179,11,16.560000),(1551,NULL,NULL,22,NULL,180,10,12.590000),(1552,NULL,NULL,22,NULL,180,9,22.530000),(1553,NULL,NULL,22,NULL,180,11,18.550000),(1557,NULL,NULL,22,NULL,181,10,13.910000),(1558,NULL,NULL,22,NULL,181,9,25.180000),(1559,NULL,NULL,22,NULL,181,11,20.540000),(1563,NULL,NULL,22,NULL,182,10,23.850000),(1564,NULL,NULL,22,NULL,182,9,46.380000),(1565,NULL,NULL,22,NULL,182,11,39.090000),(1569,NULL,NULL,22,NULL,183,10,29.150000),(1570,NULL,NULL,22,NULL,183,9,56.980000),(1571,NULL,NULL,22,NULL,183,11,48.360000),(1575,NULL,NULL,22,NULL,184,10,34.450000),(1576,NULL,NULL,22,NULL,184,9,67.580000),(1577,NULL,NULL,22,NULL,184,11,57.640000),(1581,NULL,NULL,22,NULL,185,10,39.750000),(1582,NULL,NULL,22,NULL,185,9,78.180000),(1583,NULL,NULL,22,NULL,185,11,66.910000),(1587,NULL,NULL,22,NULL,186,10,45.050000),(1588,NULL,NULL,22,NULL,186,9,88.780000),(1589,NULL,NULL,22,NULL,186,11,76.190000),(1593,NULL,NULL,22,NULL,187,10,50.350000),(1594,NULL,NULL,22,NULL,187,9,99.380000),(1595,NULL,NULL,22,NULL,187,11,85.460000),(1599,NULL,NULL,22,NULL,188,10,55.650000),(1600,NULL,NULL,22,NULL,188,9,109.980000),(1601,NULL,NULL,22,NULL,188,11,94.740000),(1605,NULL,NULL,22,NULL,189,10,60.950000),(1606,NULL,NULL,22,NULL,189,9,120.580000),(1607,NULL,NULL,22,NULL,189,11,104.010000),(1611,NULL,NULL,23,NULL,190,10,5.960000),(1612,NULL,NULL,23,NULL,190,9,9.280000),(1613,NULL,NULL,23,NULL,190,11,8.610000),(1617,NULL,NULL,23,NULL,191,10,7.290000),(1618,NULL,NULL,23,NULL,191,9,11.930000),(1619,NULL,NULL,23,NULL,191,11,10.600000),(1623,NULL,NULL,23,NULL,192,10,8.610000),(1624,NULL,NULL,23,NULL,192,9,14.580000),(1625,NULL,NULL,23,NULL,192,11,12.590000),(1629,NULL,NULL,23,NULL,193,10,9.940000),(1630,NULL,NULL,23,NULL,193,9,17.230000),(1631,NULL,NULL,23,NULL,193,11,14.580000),(1635,NULL,NULL,23,NULL,194,10,11.260000),(1636,NULL,NULL,23,NULL,194,9,19.880000),(1637,NULL,NULL,23,NULL,194,11,16.560000),(1641,NULL,NULL,23,NULL,195,10,12.590000),(1642,NULL,NULL,23,NULL,195,9,22.530000),(1643,NULL,NULL,23,NULL,195,11,18.550000),(1647,NULL,NULL,23,NULL,196,10,13.910000),(1648,NULL,NULL,23,NULL,196,9,25.180000),(1649,NULL,NULL,23,NULL,196,11,20.540000),(1653,NULL,NULL,23,NULL,197,10,23.850000),(1654,NULL,NULL,23,NULL,197,9,46.380000),(1655,NULL,NULL,23,NULL,197,11,39.090000),(1659,NULL,NULL,23,NULL,198,10,29.150000),(1660,NULL,NULL,23,NULL,198,9,56.980000),(1661,NULL,NULL,23,NULL,198,11,48.360000),(1665,NULL,NULL,23,NULL,199,10,34.450000),(1666,NULL,NULL,23,NULL,199,9,67.580000),(1667,NULL,NULL,23,NULL,199,11,57.640000),(1671,NULL,NULL,23,NULL,200,10,39.750000),(1672,NULL,NULL,23,NULL,200,9,78.180000),(1673,NULL,NULL,23,NULL,200,11,66.910000),(1677,NULL,NULL,23,NULL,201,10,45.050000),(1678,NULL,NULL,23,NULL,201,9,88.780000),(1679,NULL,NULL,23,NULL,201,11,76.190000),(1683,NULL,NULL,23,NULL,202,10,50.350000),(1684,NULL,NULL,23,NULL,202,9,99.380000),(1685,NULL,NULL,23,NULL,202,11,85.460000),(1689,NULL,NULL,23,NULL,203,10,55.650000),(1690,NULL,NULL,23,NULL,203,9,109.980000),(1691,NULL,NULL,23,NULL,203,11,94.740000),(1695,NULL,NULL,23,NULL,204,10,60.950000),(1696,NULL,NULL,23,NULL,204,9,120.580000),(1697,NULL,NULL,23,NULL,204,11,104.010000),(1701,NULL,NULL,24,NULL,205,10,5.960000),(1702,NULL,NULL,24,NULL,205,9,9.280000),(1703,NULL,NULL,24,NULL,205,11,8.610000),(1707,NULL,NULL,24,NULL,206,10,7.290000),(1708,NULL,NULL,24,NULL,206,9,11.930000),(1709,NULL,NULL,24,NULL,206,11,10.600000),(1713,NULL,NULL,24,NULL,207,10,8.610000),(1714,NULL,NULL,24,NULL,207,9,14.580000),(1715,NULL,NULL,24,NULL,207,11,12.590000),(1719,NULL,NULL,24,NULL,208,10,9.940000),(1720,NULL,NULL,24,NULL,208,9,17.230000),(1721,NULL,NULL,24,NULL,208,11,14.580000),(1725,NULL,NULL,24,NULL,209,10,11.260000),(1726,NULL,NULL,24,NULL,209,9,19.880000),(1727,NULL,NULL,24,NULL,209,11,16.560000),(1731,NULL,NULL,24,NULL,210,10,12.590000),(1732,NULL,NULL,24,NULL,210,9,22.530000),(1733,NULL,NULL,24,NULL,210,11,18.550000),(1737,NULL,NULL,24,NULL,211,10,13.910000),(1738,NULL,NULL,24,NULL,211,9,25.180000),(1739,NULL,NULL,24,NULL,211,11,20.540000),(1743,NULL,NULL,24,NULL,212,10,23.850000),(1744,NULL,NULL,24,NULL,212,9,46.380000),(1745,NULL,NULL,24,NULL,212,11,39.090000),(1749,NULL,NULL,24,NULL,213,10,29.150000),(1750,NULL,NULL,24,NULL,213,9,56.980000),(1751,NULL,NULL,24,NULL,213,11,48.360000),(1755,NULL,NULL,24,NULL,214,10,34.450000),(1756,NULL,NULL,24,NULL,214,9,67.580000),(1757,NULL,NULL,24,NULL,214,11,57.640000),(1761,NULL,NULL,24,NULL,215,10,39.750000),(1762,NULL,NULL,24,NULL,215,9,78.180000),(1763,NULL,NULL,24,NULL,215,11,66.910000),(1767,NULL,NULL,24,NULL,216,10,45.050000),(1768,NULL,NULL,24,NULL,216,9,88.780000),(1769,NULL,NULL,24,NULL,216,11,76.190000),(1773,NULL,NULL,24,NULL,217,10,50.350000),(1774,NULL,NULL,24,NULL,217,9,99.380000),(1775,NULL,NULL,24,NULL,217,11,85.460000),(1779,NULL,NULL,24,NULL,218,10,55.650000),(1780,NULL,NULL,24,NULL,218,9,109.980000),(1781,NULL,NULL,24,NULL,218,11,94.740000),(1785,NULL,NULL,24,NULL,219,10,60.950000),(1786,NULL,NULL,24,NULL,219,9,120.580000),(1787,NULL,NULL,24,NULL,219,11,104.010000);

--
-- Table structure for table `ps_employee_shop`
--

CREATE TABLE `ps_employee_shop` (
  `id_employee` int(11) unsigned NOT NULL,
  `id_shop` int(11) unsigned NOT NULL,
  PRIMARY KEY (`id_employee`,`id_shop`),
  KEY `id_shop` (`id_shop`)
) ENGINE=InnoDB DEFAULT CHARSET=utf8;

--
-- Dumping data for table `ps_employee_shop`
--

INSERT INTO `ps_employee_shop` (`id_employee`, `id_shop`) VALUES (1,1);

--
-- Table structure for table `ps_erpip_feature`
--

CREATE TABLE `ps_erpip_feature` (
  `id_erpip_feature` int(11) NOT NULL AUTO_INCREMENT,
  `controller` varchar(50) NOT NULL,
  `picture` varchar(250) NOT NULL,
  `is_root` tinyint(1) NOT NULL DEFAULT '1',
  `order` int(11) NOT NULL,
  `status` varchar(32) NOT NULL DEFAULT 'light',
  `key1` varchar(250) NOT NULL,
  `key2` varchar(250) NOT NULL,
  PRIMARY KEY (`id_erpip_feature`)
) ENGINE=InnoDB DEFAULT CHARSET=latin1;

--
-- Dumping data for table `ps_erpip_feature`
--


--
-- Table structure for table `ps_erpip_feature_language`
--

CREATE TABLE `ps_erpip_feature_language` (
  `id_erpip_feature_language` int(11) NOT NULL AUTO_INCREMENT,
  `id_erpip_feature` int(11) NOT NULL,
  `iso_code` varchar(10) NOT NULL,
  `name` varchar(250) NOT NULL,
  PRIMARY KEY (`id_erpip_feature_language`)
) ENGINE=MyISAM DEFAULT CHARSET=latin1;

--
-- Dumping data for table `ps_erpip_feature_language`
--


--
-- Table structure for table `ps_erpip_inventory`
--

CREATE TABLE `ps_erpip_inventory` (
  `id_erpip_inventory` int(11) NOT NULL AUTO_INCREMENT,
  `name` varchar(50) NOT NULL,
  `date_add` datetime NOT NULL,
  `date_upd` datetime NOT NULL,
  PRIMARY KEY (`id_erpip_inventory`),
  UNIQUE KEY `id_erpip_inventory` (`id_erpip_inventory`)
) ENGINE=InnoDB DEFAULT CHARSET=latin1;

--
-- Dumping data for table `ps_erpip_inventory`
--


--
-- Table structure for table `ps_erpip_inventory_product`
--

CREATE TABLE `ps_erpip_inventory_product` (
  `id_erpip_inventory_product` int(11) NOT NULL AUTO_INCREMENT,
  `id_erpip_inventory` int(11) NOT NULL,
  `id_product` int(11) NOT NULL,
  `id_product_attribute` int(11) NOT NULL,
  `id_mvt_reason` int(11) NOT NULL,
  `qte_before` int(11) NOT NULL,
  `qte_after` int(11) NOT NULL,
  `id_warehouse` int(11) DEFAULT NULL,
  PRIMARY KEY (`id_erpip_inventory_product`),
  UNIQUE KEY `id_erpip_inventory_product` (`id_erpip_inventory_product`)
) ENGINE=InnoDB DEFAULT CHARSET=latin1;

--
-- Dumping data for table `ps_erpip_inventory_product`
--


--
-- Table structure for table `ps_erpip_supplier`
--

CREATE TABLE `ps_erpip_supplier` (
  `id_erpip_supplier` int(10) unsigned NOT NULL AUTO_INCREMENT,
  `id_supplier` int(10) unsigned NOT NULL,
  `email` varchar(128) DEFAULT NULL,
  `fax` varchar(32) DEFAULT NULL,
  `franco_amount` decimal(20,6) DEFAULT NULL,
  `discount_amount` decimal(20,6) DEFAULT NULL,
  `shipping_amount` decimal(20,6) DEFAULT NULL,
  `escompte` decimal(20,6) DEFAULT NULL,
  `delivery_time` varchar(32) DEFAULT NULL,
  `account_number_accounting` varchar(128) DEFAULT NULL,
  PRIMARY KEY (`id_erpip_supplier`),
  KEY `id_supplier` (`id_supplier`)
) ENGINE=InnoDB DEFAULT CHARSET=utf8;

--
-- Dumping data for table `ps_erpip_supplier`
--


--
-- Table structure for table `ps_erpip_supply_order`
--

CREATE TABLE `ps_erpip_supply_order` (
  `id_erpip_supply_order` int(10) unsigned NOT NULL AUTO_INCREMENT,
  `id_supply_order` int(10) unsigned NOT NULL,
  `escompte` varchar(64) DEFAULT NULL,
  `invoice_number` varchar(64) DEFAULT NULL,
  `date_to_invoice` date DEFAULT NULL,
  `global_discount_amount` int(11) DEFAULT NULL,
  `global_discount_type` varchar(64) DEFAULT NULL,
  `shipping_amount` varchar(64) DEFAULT NULL,
  `description` text,
  PRIMARY KEY (`id_erpip_supply_order`),
  KEY `id_supply_order` (`id_supply_order`)
) ENGINE=InnoDB DEFAULT CHARSET=utf8;

--
-- Dumping data for table `ps_erpip_supply_order`
--


--
-- Table structure for table `ps_erpip_supply_order_customer`
--

CREATE TABLE `ps_erpip_supply_order_customer` (
  `id_erpip_supply_order_customer` int(11) NOT NULL AUTO_INCREMENT,
  `id_supply_order` int(11) unsigned NOT NULL,
  `id_supply_order_detail` int(11) unsigned NOT NULL,
  `id_order_detail` int(11) unsigned NOT NULL,
  `id_customer` int(11) unsigned NOT NULL,
  PRIMARY KEY (`id_erpip_supply_order_customer`),
  KEY `id_supply_order_detail` (`id_supply_order_detail`),
  KEY `id_supply_order` (`id_supply_order`),
  KEY `id_order_detail` (`id_order_detail`),
  KEY `id_customer` (`id_customer`)
) ENGINE=MyISAM DEFAULT CHARSET=latin1;

--
-- Dumping data for table `ps_erpip_supply_order_customer`
--


--
-- Table structure for table `ps_erpip_supply_order_detail`
--

CREATE TABLE `ps_erpip_supply_order_detail` (
  `id_erpip_supply_order_detail` int(10) unsigned NOT NULL AUTO_INCREMENT,
  `id_supply_order_detail` int(10) unsigned NOT NULL,
  `comment` varchar(64) DEFAULT NULL,
  PRIMARY KEY (`id_erpip_supply_order_detail`),
  KEY `id_supply_order_detail` (`id_supply_order_detail`)
) ENGINE=InnoDB DEFAULT CHARSET=utf8;

--
-- Dumping data for table `ps_erpip_supply_order_detail`
--


--
-- Table structure for table `ps_erpip_supply_order_receipt_history`
--

CREATE TABLE `ps_erpip_supply_order_receipt_history` (
  `id_erpip_supply_order_receipt_history` int(10) unsigned NOT NULL AUTO_INCREMENT,
  `id_supply_order_receipt_history` int(10) unsigned NOT NULL,
  `unit_price` decimal(20,6) DEFAULT NULL,
  `discount_rate` decimal(20,6) DEFAULT NULL,
  `is_canceled` tinyint(1) NOT NULL DEFAULT '0',
  PRIMARY KEY (`id_erpip_supply_order_receipt_history`),
  KEY `id_supply_order_receipt_history` (`id_supply_order_receipt_history`)
) ENGINE=InnoDB DEFAULT CHARSET=utf8;

--
-- Dumping data for table `ps_erpip_supply_order_receipt_history`
--


--
-- Table structure for table `ps_erpip_warehouse_product_location`
--

CREATE TABLE `ps_erpip_warehouse_product_location` (
  `id_erpip_warehouse_product_location` int(10) unsigned NOT NULL AUTO_INCREMENT,
  `id_warehouse_product_location` int(10) unsigned NOT NULL,
  `id_zone` int(10) unsigned NOT NULL,
  `id_zone_parent` int(10) unsigned NOT NULL,
  PRIMARY KEY (`id_erpip_warehouse_product_location`),
  KEY `id_warehouse_product_location` (`id_warehouse_product_location`)
) ENGINE=InnoDB DEFAULT CHARSET=utf8;

--
-- Dumping data for table `ps_erpip_warehouse_product_location`
--


--
-- Table structure for table `ps_erpip_zone`
--

CREATE TABLE `ps_erpip_zone` (
  `id_erpip_zone` int(10) unsigned NOT NULL AUTO_INCREMENT,
  `id_warehouse` int(10) unsigned NOT NULL,
  `name` varchar(64) NOT NULL,
  `id_parent` int(10) unsigned NOT NULL,
  `active` tinyint(1) unsigned NOT NULL DEFAULT '0',
  `date_add` datetime NOT NULL,
  `date_upd` datetime NOT NULL,
  PRIMARY KEY (`id_erpip_zone`)
) ENGINE=InnoDB DEFAULT CHARSET=utf8;

--
-- Dumping data for table `ps_erpip_zone`
--


--
-- Table structure for table `ps_feature`
--

CREATE TABLE `ps_feature` (
  `id_feature` int(10) unsigned NOT NULL AUTO_INCREMENT,
  `position` int(10) unsigned NOT NULL DEFAULT '0',
  PRIMARY KEY (`id_feature`)
) ENGINE=InnoDB AUTO_INCREMENT=12 DEFAULT CHARSET=utf8;

--
-- Dumping data for table `ps_feature`
--

INSERT INTO `ps_feature` (`id_feature`, `position`) VALUES (1,1),(2,2),(3,3),(4,4),(5,5),(6,6),(7,7),(8,8),(9,9),(10,0),(11,10);

--
-- Table structure for table `ps_feature_lang`
--

CREATE TABLE `ps_feature_lang` (
  `id_feature` int(10) unsigned NOT NULL,
  `id_lang` int(10) unsigned NOT NULL,
  `name` varchar(128) DEFAULT NULL,
  PRIMARY KEY (`id_feature`,`id_lang`),
  KEY `id_lang` (`id_lang`,`name`)
) ENGINE=InnoDB DEFAULT CHARSET=utf8;

--
-- Dumping data for table `ps_feature_lang`
--

INSERT INTO `ps_feature_lang` (`id_feature`, `id_lang`, `name`) VALUES (5,1,'Bell'),(7,1,'Glowing in the dark'),(9,1,'Mirror'),(6,1,'Musical'),(11,1,'Pacifier Holder'),(4,1,'Rattle'),(10,1,'Shop Availability'),(1,1,'Size'),(3,1,'Sold in a Gift Box'),(8,1,'Teething Ring'),(2,1,'Washable in washing machine (30° C)'),(5,2,'Bell'),(7,2,'Glowing in the dark'),(9,2,'Mirror'),(6,2,'Musical'),(11,2,'Pacifier Holder'),(4,2,'Rattle'),(10,2,'Shop Availability'),(1,2,'Size'),(3,2,'Sold in a Gift Box'),(8,2,'Teething Ring'),(2,2,'Washable in washing machine (30° C)');

--
-- Table structure for table `ps_feature_product`
--

CREATE TABLE `ps_feature_product` (
  `id_feature` int(10) unsigned NOT NULL,
  `id_product` int(10) unsigned NOT NULL,
  `id_feature_value` int(10) unsigned NOT NULL,
  PRIMARY KEY (`id_feature`,`id_product`),
  KEY `id_feature_value` (`id_feature_value`),
  KEY `id_product` (`id_product`)
) ENGINE=InnoDB DEFAULT CHARSET=utf8;

--
-- Dumping data for table `ps_feature_product`
--

INSERT INTO `ps_feature_product` (`id_feature`, `id_product`, `id_feature_value`) VALUES (2,8,53),(2,9,53),(2,12,53),(2,13,53),(2,14,53),(2,16,53),(2,17,53),(2,18,53),(2,20,53),(2,24,53),(2,25,53),(2,26,53),(2,29,53),(2,32,53),(2,33,53),(2,34,53),(2,35,53),(2,36,53),(2,37,53),(2,38,53),(2,39,53),(2,40,53),(2,41,53),(2,42,53),(2,43,53),(2,44,53),(2,45,53),(2,46,53),(2,47,53),(2,48,53),(2,49,53),(2,50,53),(2,51,53),(2,52,53),(2,53,53),(2,54,53),(2,55,53),(2,56,53),(2,57,53),(2,58,53),(2,59,53),(2,60,53),(2,61,53),(2,62,53),(2,63,53),(2,64,53),(2,65,53),(2,66,53),(2,68,53),(2,69,53),(2,70,53),(2,71,53),(2,72,53),(2,77,53),(2,78,53),(2,79,53),(2,80,53),(2,81,53),(2,82,53),(2,83,53),(2,84,53),(2,85,53),(2,86,53),(2,87,53),(2,88,53),(2,90,53),(2,91,53),(2,92,53),(2,93,53),(2,94,53),(2,95,53),(2,96,53),(2,97,53),(2,98,53),(2,99,53),(2,100,53),(2,101,53),(2,102,53),(2,103,53),(2,105,53),(2,106,53),(2,107,53),(2,108,53),(2,109,53),(2,110,53),(2,111,53),(2,112,53),(2,113,53),(2,114,53),(2,115,53),(2,116,53),(2,117,53),(2,119,53),(2,120,53),(2,122,53),(2,123,53),(2,124,53),(2,125,53),(2,126,53),(2,128,53),(2,129,53),(2,130,53),(2,131,53),(2,132,53),(2,133,53),(2,138,53),(2,139,53),(2,140,53),(2,141,53),(2,142,53),(2,143,53),(2,144,53),(2,146,53),(2,147,53),(2,148,53),(2,150,53),(2,151,53),(2,152,53),(2,153,53),(2,154,53),(2,155,53),(2,156,53),(2,157,53),(2,158,53),(2,159,53),(2,160,53),(2,161,53),(2,162,53),(2,163,53),(2,164,53),(2,165,53),(2,167,53),(2,168,53),(2,169,53),(2,170,53),(2,171,53),(2,172,53),(2,179,53),(2,180,53),(2,181,53),(2,182,53),(2,183,53),(2,184,53),(2,185,53),(2,186,53),(2,187,53),(2,188,53),(2,189,53),(2,191,53),(2,192,53),(2,193,53),(3,8,54),(3,9,54),(3,12,54),(3,13,54),(3,14,54),(3,16,54),(3,17,54),(3,18,54),(3,20,54),(3,24,54),(3,25,54),(3,26,54),(3,29,54),(3,31,54),(3,32,54),(3,33,54),(3,35,54),(3,36,54),(3,37,54),(3,38,54),(3,39,54),(3,40,54),(3,43,54),(3,44,54),(3,45,54),(3,46,54),(3,47,54),(3,53,54),(3,54,54),(3,55,54),(3,56,54),(3,57,54),(3,60,54),(3,61,54),(3,62,54),(3,63,54),(3,64,54),(3,65,54),(3,66,54),(3,68,54),(3,69,54),(3,70,54),(3,71,54),(3,72,54),(3,73,54),(3,74,54),(3,75,54),(3,76,54),(3,77,54),(3,78,54),(3,79,54),(3,80,54),(3,81,54),(3,82,54),(3,83,54),(3,84,54),(3,85,54),(3,86,54),(3,87,54),(3,90,54),(3,91,54),(3,92,54),(3,93,54),(3,94,54),(3,95,54),(3,103,54),(3,110,54),(3,111,54),(3,112,54),(3,113,54),(3,114,54),(3,115,54),(3,116,54),(3,117,54),(3,119,54),(3,120,54),(3,122,54),(3,123,54),(3,124,54),(3,125,54),(3,126,54),(3,130,54),(3,131,54),(3,132,54),(3,133,54),(3,134,54),(3,135,54),(3,136,54),(3,137,54),(3,144,54),(3,145,54),(3,146,54),(3,147,54),(3,148,54),(3,149,54),(3,154,54),(3,157,54),(3,158,54),(3,159,54),(3,160,54),(3,161,54),(3,163,54),(3,167,54),(3,168,54),(3,169,54),(3,170,54),(3,172,54),(3,182,54),(3,183,54),(3,184,54),(3,185,54),(3,186,54),(3,187,54),(3,188,54),(3,189,54),(3,191,54),(3,192,54),(3,193,54),(3,34,55),(3,41,55),(3,42,55),(3,48,55),(3,49,55),(3,50,55),(3,51,55),(3,52,55),(3,58,55),(3,59,55),(3,96,55),(3,97,55),(3,98,55),(3,99,55),(3,100,55),(3,101,55),(3,102,55),(3,105,55),(3,106,55),(3,107,55),(3,108,55),(3,109,55),(3,128,55),(3,129,55),(3,138,55),(3,139,55),(3,140,55),(3,141,55),(3,142,55),(3,143,55),(3,150,55),(3,151,55),(3,153,55),(3,155,55),(3,156,55),(3,162,55),(3,164,55),(3,165,55),(3,171,55),(3,179,55),(3,180,55),(3,181,55),(2,73,56),(4,14,78),(4,72,78),(4,77,78),(4,78,78),(4,79,78),(4,80,78),(4,86,78),(4,87,78),(4,130,78),(4,148,79),(5,65,80),(5,188,80),(6,73,82),(6,74,82),(6,75,82),(6,76,82),(6,134,82),(6,135,82),(6,136,82),(6,137,82),(6,145,82),(6,149,82),(6,186,82),(7,95,84),(7,122,84),(8,14,86),(8,65,86),(8,77,86),(8,78,86),(8,79,86),(8,80,86),(8,130,86),(8,148,86),(8,188,86),(9,14,89),(9,65,89),(9,130,89),(9,188,89),(9,148,90),(10,8,161),(10,9,161),(10,12,161),(10,13,161),(10,14,161),(10,16,161),(10,17,161),(10,18,161),(10,20,161),(10,24,161),(10,25,161),(10,26,161),(10,29,161),(10,31,161),(10,32,161),(10,103,161),(10,118,161),(10,119,161),(10,120,161),(10,121,161),(10,126,161),(10,130,161),(10,131,161),(10,132,161),(10,133,161),(10,146,161),(10,147,161),(10,148,161),(10,187,161),(10,188,161),(10,189,161),(10,190,161),(10,191,161),(10,192,161),(10,33,162),(10,34,162),(10,35,162),(10,36,162),(10,37,162),(10,38,162),(10,39,162),(10,40,162),(10,41,162),(10,42,162),(10,43,162),(10,44,162),(10,45,162),(10,46,162),(10,47,162),(10,48,162),(10,49,162),(10,50,162),(10,51,162),(10,52,162),(10,53,162),(10,54,162),(10,55,162),(10,56,162),(10,57,162),(10,58,162),(10,59,162),(10,60,162),(10,61,162),(10,62,162),(10,63,162),(10,64,162),(10,65,162),(10,66,162),(10,68,162),(10,69,162),(10,70,162),(10,71,162),(10,72,162),(10,73,162),(10,74,162),(10,75,162),(10,76,162),(10,77,162),(10,78,162),(10,79,162),(10,80,162),(10,81,162),(10,82,162),(10,83,162),(10,84,162),(10,85,162),(10,86,162),(10,87,162),(10,88,162),(10,90,162),(10,91,162),(10,92,162),(10,93,162),(10,94,162),(10,95,162),(10,96,162),(10,97,162),(10,98,162),(10,99,162),(10,100,162),(10,101,162),(10,102,162),(10,105,162),(10,106,162),(10,107,162),(10,108,162),(10,109,162),(10,110,162),(10,111,162),(10,112,162),(10,113,162),(10,114,162),(10,115,162),(10,116,162),(10,117,162),(10,122,162),(10,123,162),(10,124,162),(10,125,162),(10,127,162),(10,128,162),(10,129,162),(10,134,162),(10,135,162),(10,136,162),(10,137,162),(10,138,162),(10,139,162),(10,140,162),(10,141,162),(10,142,162),(10,143,162),(10,144,162),(10,145,162),(10,149,162),(10,150,162),(10,151,162),(10,152,162),(10,153,162),(10,154,162),(10,155,162),(10,156,162),(10,157,162),(10,158,162),(10,159,162),(10,160,162),(10,161,162),(10,162,162),(10,163,162),(10,164,162),(10,165,162),(10,167,162),(10,168,162),(10,169,162),(10,170,162),(10,171,162),(10,172,162),(10,173,162),(10,174,162),(10,175,162),(10,176,162),(10,177,162),(10,178,162),(10,179,162),(10,180,162),(10,181,162),(10,182,162),(10,183,162),(10,184,162),(10,185,162),(10,186,162),(10,193,162),(1,108,1201),(1,109,1203),(1,110,1206),(1,111,1213),(1,112,1220),(1,113,1222),(1,114,1226),(1,117,1237),(1,83,1262),(1,84,1267),(1,85,1270),(1,86,1272),(1,87,1273),(1,91,1278),(1,90,1280),(1,92,1282),(1,93,1283),(1,94,1285),(1,98,1293),(1,105,1302),(1,106,1303),(1,107,1304),(1,103,1339),(1,119,1351),(1,118,1379),(2,118,1380),(3,118,1381),(1,121,1405),(2,121,1406),(3,121,1407),(1,95,1429),(1,122,1445),(1,123,1447),(1,125,1480),(1,127,1511),(2,127,1512),(3,127,1513),(1,101,1587),(1,102,1588),(1,115,1589),(1,116,1590),(1,120,1591),(1,124,1592),(1,129,1598),(1,128,1642),(1,72,1832),(11,9,2095),(11,12,2095),(11,152,2095),(1,131,2325),(1,126,2327),(1,130,2328),(1,138,2339),(1,139,2340),(1,140,2341),(1,141,2342),(1,142,2343),(1,143,2344),(1,148,2350),(1,150,2353),(1,175,2415),(2,175,2416),(3,175,2417),(1,70,2513),(1,71,2515),(1,73,2516),(1,74,2517),(2,74,2518),(1,75,2519),(2,75,2520),(1,76,2521),(2,76,2522),(1,77,2523),(1,78,2524),(1,79,2525),(1,80,2526),(1,81,2527),(1,82,2528),(1,88,2529),(1,96,2530),(1,97,2531),(1,99,2532),(1,100,2533),(1,8,2535),(1,154,2538),(1,153,2539),(1,155,2540),(1,157,2542),(1,159,2544),(1,162,2547),(1,164,2549),(1,167,2551),(1,168,2552),(1,170,2554),(1,171,2555),(1,172,2556),(1,173,2557),(2,173,2558),(3,173,2559),(1,174,2563),(2,174,2564),(3,174,2565),(1,176,2569),(2,176,2570),(3,176,2571),(1,177,2572),(2,177,2573),(3,177,2574),(1,178,2575),(2,178,2576),(3,178,2577),(1,144,2591),(1,146,2594),(1,147,2595),(1,149,2596),(2,149,2597),(1,152,2599),(1,180,2614),(1,181,2623),(1,183,2631),(1,182,2639),(1,184,2644),(1,185,2650),(1,186,2680),(1,161,2686),(1,160,2687),(1,158,2695),(1,163,2701),(1,187,2713),(1,188,2720),(1,179,2724),(1,169,2725),(1,165,2726),(1,69,2730),(1,134,2731),(2,134,2732),(1,135,2733),(2,135,2734),(1,136,2735),(2,136,2736),(1,145,2737),(2,145,2738),(1,137,2739),(2,137,2740),(1,133,2742),(1,132,2743),(1,151,2744),(1,189,2749),(1,156,2750),(1,190,2778),(2,190,2779),(3,190,2780),(1,9,2783),(1,191,2788),(1,12,2789),(1,13,2791),(1,14,2793),(1,16,2794),(1,17,2795),(1,18,2797),(1,20,2799),(1,24,2800),(1,25,2801),(1,26,2802),(1,29,2804),(1,192,2810),(1,31,2811),(1,32,2812),(1,33,2813),(1,34,2814),(1,35,2817),(1,36,2821),(1,37,2825),(1,38,2827),(1,39,2828),(1,40,2830),(1,41,2834),(1,42,2836),(1,43,2837),(1,44,2840),(1,45,2842),(1,46,2845),(1,47,2847),(1,48,2849),(1,49,2851),(1,50,2854),(1,51,2856),(1,52,2858),(1,53,2860),(1,54,2862),(1,55,2864),(1,56,2866),(1,57,2868),(1,58,2869),(1,59,2871),(1,60,2872),(1,61,2873),(1,62,2875),(1,63,2877),(1,64,2878),(1,65,2880),(1,66,2881),(1,193,2885),(1,68,2886);

--
-- Table structure for table `ps_feature_shop`
--

CREATE TABLE `ps_feature_shop` (
  `id_feature` int(11) unsigned NOT NULL,
  `id_shop` int(11) unsigned NOT NULL,
  PRIMARY KEY (`id_feature`,`id_shop`),
  KEY `id_shop` (`id_shop`)
) ENGINE=InnoDB DEFAULT CHARSET=utf8;

--
-- Dumping data for table `ps_feature_shop`
--

INSERT INTO `ps_feature_shop` (`id_feature`, `id_shop`) VALUES (1,1),(2,1),(3,1),(4,1),(5,1),(6,1),(7,1),(8,1),(9,1),(10,1),(11,1);

--
-- Table structure for table `ps_feature_value`
--

CREATE TABLE `ps_feature_value` (
  `id_feature_value` int(10) unsigned NOT NULL AUTO_INCREMENT,
  `id_feature` int(10) unsigned NOT NULL,
  `custom` tinyint(3) unsigned DEFAULT NULL,
  PRIMARY KEY (`id_feature_value`),
  KEY `feature` (`id_feature`)
) ENGINE=InnoDB AUTO_INCREMENT=2887 DEFAULT CHARSET=utf8;

--
-- Dumping data for table `ps_feature_value`
--

INSERT INTO `ps_feature_value` (`id_feature_value`, `id_feature`, `custom`) VALUES (22,1,1),(23,2,1),(24,4,1),(25,3,1),(26,1,1),(27,2,1),(28,4,1),(29,3,1),(30,1,1),(31,2,1),(32,4,1),(33,3,1),(53,2,0),(54,3,0),(55,3,0),(56,2,0),(78,4,0),(79,4,0),(80,5,0),(81,5,0),(82,6,0),(83,6,0),(84,7,0),(85,7,0),(86,8,0),(87,8,0),(89,9,0),(90,9,0),(161,10,0),(162,10,0),(1141,1,1),(1152,1,1),(1201,1,1),(1203,1,1),(1206,1,1),(1208,1,1),(1213,1,1),(1216,1,1),(1219,1,1),(1220,1,1),(1222,1,1),(1226,1,1),(1227,1,1),(1229,1,1),(1237,1,1),(1262,1,1),(1267,1,1),(1270,1,1),(1272,1,1),(1273,1,1),(1278,1,1),(1279,1,1),(1280,1,1),(1282,1,1),(1283,1,1),(1285,1,1),(1293,1,1),(1302,1,1),(1303,1,1),(1304,1,1),(1339,1,1),(1351,1,1),(1379,1,1),(1380,2,1),(1381,3,1),(1405,1,1),(1406,2,1),(1407,3,1),(1429,1,1),(1445,1,1),(1447,1,1),(1480,1,1),(1511,1,1),(1512,2,1),(1513,3,1),(1587,1,1),(1588,1,1),(1589,1,1),(1590,1,1),(1591,1,1),(1592,1,1),(1598,1,1),(1642,1,1),(1832,1,1),(2095,11,0),(2096,11,0),(2325,1,1),(2327,1,1),(2328,1,1),(2339,1,1),(2340,1,1),(2341,1,1),(2342,1,1),(2343,1,1),(2344,1,1),(2350,1,1),(2353,1,1),(2415,1,1),(2416,2,1),(2417,3,1),(2513,1,1),(2515,1,1),(2516,1,1),(2517,1,1),(2518,2,1),(2519,1,1),(2520,2,1),(2521,1,1),(2522,2,1),(2523,1,1),(2524,1,1),(2525,1,1),(2526,1,1),(2527,1,1),(2528,1,1),(2529,1,1),(2530,1,1),(2531,1,1),(2532,1,1),(2533,1,1),(2535,1,1),(2538,1,1),(2539,1,1),(2540,1,1),(2542,1,1),(2544,1,1),(2547,1,1),(2549,1,1),(2551,1,1),(2552,1,1),(2554,1,1),(2555,1,1),(2556,1,1),(2557,1,1),(2558,2,1),(2559,3,1),(2563,1,1),(2564,2,1),(2565,3,1),(2569,1,1),(2570,2,1),(2571,3,1),(2572,1,1),(2573,2,1),(2574,3,1),(2575,1,1),(2576,2,1),(2577,3,1),(2591,1,1),(2594,1,1),(2595,1,1),(2596,1,1),(2597,2,1),(2599,1,1),(2614,1,1),(2623,1,1),(2631,1,1),(2639,1,1),(2644,1,1),(2650,1,1),(2680,1,1),(2686,1,1),(2687,1,1),(2695,1,1),(2701,1,1),(2713,1,1),(2720,1,1),(2724,1,1),(2725,1,1),(2726,1,1),(2730,1,1),(2731,1,1),(2732,2,1),(2733,1,1),(2734,2,1),(2735,1,1),(2736,2,1),(2737,1,1),(2738,2,1),(2739,1,1),(2740,2,1),(2742,1,1),(2743,1,1),(2744,1,1),(2749,1,1),(2750,1,1),(2770,1,1),(2772,2,1),(2774,3,1),(2778,1,1),(2779,2,1),(2780,3,1),(2783,1,1),(2788,1,1),(2789,1,1),(2791,1,1),(2793,1,1),(2794,1,1),(2795,1,1),(2797,1,1),(2799,1,1),(2800,1,1),(2801,1,1),(2802,1,1),(2804,1,1),(2810,1,1),(2811,1,1),(2812,1,1),(2813,1,1),(2814,1,1),(2817,1,1),(2821,1,1),(2825,1,1),(2827,1,1),(2828,1,1),(2830,1,1),(2834,1,1),(2836,1,1),(2837,1,1),(2840,1,1),(2842,1,1),(2845,1,1),(2847,1,1),(2849,1,1),(2851,1,1),(2854,1,1),(2856,1,1),(2858,1,1),(2860,1,1),(2862,1,1),(2864,1,1),(2866,1,1),(2868,1,1),(2869,1,1),(2871,1,1),(2872,1,1),(2873,1,1),(2875,1,1),(2877,1,1),(2878,1,1),(2880,1,1),(2881,1,1),(2885,1,1),(2886,1,1);

--
-- Table structure for table `ps_feature_value_lang`
--

CREATE TABLE `ps_feature_value_lang` (
  `id_feature_value` int(10) unsigned NOT NULL,
  `id_lang` int(10) unsigned NOT NULL,
  `value` varchar(255) DEFAULT NULL,
  PRIMARY KEY (`id_feature_value`,`id_lang`)
) ENGINE=InnoDB DEFAULT CHARSET=utf8;

--
-- Dumping data for table `ps_feature_value_lang`
--

INSERT INTO `ps_feature_value_lang` (`id_feature_value`, `id_lang`, `value`) VALUES (22,1,'2.75 in'),(22,2,'2.75 in'),(23,1,'2.06 in'),(23,2,'2.06 in'),(24,1,'49.2 g'),(24,2,'49.2 g'),(25,1,'0.26 in'),(25,2,'0.26 in'),(26,1,'1.07 in'),(26,2,'1.07 in'),(27,1,'1.62 in'),(27,2,'1.62 in'),(28,1,'15.5 g'),(28,2,'15.5 g'),(29,1,'0.41 in (clip included)'),(29,2,'0.41 in (clip included)'),(30,1,'4.33 in'),(30,2,'4.33 in'),(31,1,'2.76 in'),(31,2,'2.76 in'),(32,1,'120g'),(32,2,'120g'),(33,1,'0.31 in'),(33,2,'0.31 in'),(53,1,'Yes'),(53,2,'Yes'),(54,1,'Yes'),(54,2,'Yes'),(55,1,'No'),(55,2,'No'),(56,1,'No'),(56,2,'No'),(78,1,'Yes'),(78,2,'Yes'),(79,1,'No'),(79,2,'No'),(80,1,'Yes'),(80,2,'Yes'),(81,1,'No'),(81,2,'No'),(82,1,'Yes'),(82,2,'Yes'),(83,1,'No'),(83,2,'No'),(84,1,'Yes'),(84,2,'Yes'),(85,1,'No'),(85,2,'No'),(86,1,'Yes'),(86,2,'Yes'),(87,1,'No'),(87,2,'No'),(89,1,'Yes'),(89,2,'Yes'),(90,1,'No'),(90,2,'No'),(161,1,'Available only in Retail Shop'),(161,2,'Available only in Retail Shop'),(162,1,'Available only on www.doudoumalaysia.com.my'),(162,2,'Available only on www.doudoumalaysia.com.my'),(1141,1,'40 cm'),(1141,2,'40 cm'),(1152,1,'20 cm'),(1152,2,'20 cm'),(1201,1,'25 cm'),(1201,2,'25 cm'),(1203,1,'25 cm'),(1203,2,'25 cm'),(1206,1,'22 cm'),(1206,2,'22 cm'),(1208,1,'27 cm'),(1208,2,'27 cm'),(1213,1,'22 cm'),(1213,2,'22 cm'),(1216,1,'22 cm'),(1216,2,'22 cm'),(1219,1,'17 cm'),(1219,2,'17 cm'),(1220,1,'22 cm'),(1220,2,'22 cm'),(1222,1,'22 cm'),(1222,2,'22 cm'),(1226,1,'22 cm'),(1226,2,'22 cm'),(1227,1,'22 cm'),(1227,2,'22 cm'),(1229,1,'27 cm'),(1229,2,'27 cm'),(1237,1,'22 cm'),(1237,2,'22 cm'),(1239,2,'23 cm'),(1262,1,'0 - 6 Months'),(1262,2,'0 - 6 Months'),(1267,1,'0 - 6 Months'),(1267,2,'0 - 6 Months'),(1270,1,'0 - 6 Months'),(1270,2,'0 - 6 Months'),(1272,1,'0 - 6 Months'),(1272,2,'0 - 6 Months'),(1273,1,'0 - 6 Months'),(1273,2,'0 - 6 Months'),(1278,1,'30 cm'),(1278,2,'30 cm'),(1279,1,'30 cm'),(1279,2,'30 cm'),(1280,1,'20 cm'),(1280,2,'20 cm'),(1282,1,'30 cm'),(1282,2,'30 cm'),(1283,1,'30 cm'),(1283,2,'30 cm'),(1285,1,'30 cm'),(1285,2,'30 cm'),(1293,1,'25 cm'),(1293,2,'25 cm'),(1302,1,'25 cm'),(1302,2,'25 cm'),(1303,1,'25 cm'),(1303,2,'25 cm'),(1304,1,'25 cm'),(1304,2,'25 cm'),(1339,1,'32 cm'),(1339,2,'32 cm'),(1351,1,'17 cm'),(1351,2,'17 cm'),(1379,1,'17 cm'),(1379,2,'20 cm'),(1380,1,'Yes'),(1380,2,'Yes'),(1381,1,'Yes'),(1381,2,'Yes'),(1405,1,'18 cm'),(1405,2,'20 cm'),(1406,1,'Yes'),(1406,2,'Yes'),(1407,1,'Yes'),(1407,2,'Yes'),(1429,1,'18 cm'),(1429,2,'18 cm'),(1445,1,'18 cm'),(1445,2,'18 cm'),(1447,1,'26 cm'),(1447,2,'26 cm'),(1480,1,'17 cm'),(1480,2,'28 cm'),(1511,1,'18 cm'),(1511,2,'20 cm'),(1512,1,'Yes'),(1512,2,'Yes'),(1513,1,'Yes'),(1513,2,'Yes'),(1587,1,'25 cm'),(1587,2,'25 cm'),(1588,1,'25 cm'),(1588,2,'25 cm'),(1589,1,'22 cm'),(1589,2,'22 cm'),(1590,1,'22 cm'),(1590,2,'22 cm'),(1591,1,'30 cm'),(1591,2,'27 cm'),(1592,1,'22 cm'),(1592,2,'22 cm'),(1598,1,'25 cm'),(1598,2,'25 cm'),(1642,1,'50 cm'),(1642,2,'40 cm'),(1832,1,'19 cm'),(1832,2,'19 cm'),(2095,1,'Yes'),(2095,2,'Yes'),(2096,1,'No'),(2096,2,'No'),(2325,1,'30 cm'),(2325,2,'30 cm'),(2327,1,'26 cm'),(2327,2,'26 cm'),(2328,1,'30 cm'),(2328,2,'30 cm'),(2339,1,'25 cm'),(2339,2,'25 cm'),(2340,1,'25 cm'),(2340,2,'25 cm'),(2341,1,'25 cm'),(2341,2,'25 cm'),(2342,1,'25 cm'),(2342,2,'25 cm'),(2343,1,'25 cm'),(2343,2,'25 cm'),(2344,1,'25 cm'),(2344,2,'25 cm'),(2350,1,'30 cm'),(2350,2,'30 cm'),(2353,1,'25 cm'),(2353,2,'25 cm'),(2415,1,'33 cm'),(2415,2,'20 cm'),(2416,1,'Yes'),(2416,2,'Yes'),(2417,1,'Yes'),(2417,2,'Yes'),(2513,1,'35 cm'),(2513,2,'35 cm'),(2515,1,'50 cm'),(2515,2,'50 cm'),(2516,1,'17 cm'),(2516,2,'17 cm'),(2517,1,'20 cm'),(2517,2,'20 cm'),(2518,1,'Surface Wash Only, do not Sink into water'),(2518,2,'Surface Wash Only, do not Sink into water'),(2519,1,'20 cm'),(2519,2,'20 cm'),(2520,1,'Surface Wash Only, do not Sink into water'),(2520,2,'Surface Wash Only, do not Sink into water'),(2521,1,'20 cm'),(2521,2,'20 cm'),(2522,1,'Surface Wash Only, do not Sink into water'),(2522,2,'Surface Wash Only, do not Sink into water'),(2523,1,'40 cm'),(2523,2,'40 cm'),(2524,1,'40 cm'),(2524,2,'40 cm'),(2525,1,'40 cm'),(2525,2,'40 cm'),(2526,1,'40 cm'),(2526,2,'40 cm'),(2527,1,'0 - 6 Months'),(2527,2,'0 - 6 Months'),(2528,1,'0 - 6 Months'),(2528,2,'0 - 6 Months'),(2529,1,'100 x 70 cm'),(2529,2,'100 x 70 cm'),(2530,1,'25 cm'),(2530,2,'25 cm'),(2531,1,'25 cm'),(2531,2,'25 cm'),(2532,1,'25 cm'),(2532,2,'25 cm'),(2533,1,'25 cm'),(2533,2,'25 cm'),(2535,1,'23 cm'),(2535,2,'23 cm'),(2538,1,'38 cm'),(2538,2,'23 cm'),(2539,1,'60 cm'),(2539,2,'23 cm'),(2540,1,'60 cm'),(2540,2,'23 cm'),(2542,1,'45 cm'),(2542,2,'30 cm'),(2544,1,'40 cm'),(2544,2,'30 cm'),(2547,1,'45 cm'),(2547,2,'23 cm'),(2549,1,'50 cm'),(2549,2,'23 cm'),(2551,1,'25 cm'),(2551,2,'40 cm'),(2552,1,'25 cm'),(2552,2,'40 cm'),(2554,1,'25 cm'),(2554,2,'40 cm'),(2555,1,'45 cm'),(2555,2,'23 cm'),(2556,1,'55 cm'),(2556,2,'40 cm'),(2557,1,'33 cm'),(2557,2,'20 cm'),(2558,1,'Yes'),(2558,2,'Yes'),(2559,1,'Yes'),(2559,2,'Yes'),(2563,1,'33 cm'),(2563,2,'20 cm'),(2564,1,'Yes'),(2564,2,'Yes'),(2565,1,'Yes'),(2565,2,'Yes'),(2569,1,'45 cm'),(2569,2,'20 cm'),(2570,1,'Yes'),(2570,2,'Yes'),(2571,1,'Yes'),(2571,2,'Yes'),(2572,1,'45 cm'),(2572,2,'20 cm'),(2573,1,'Yes'),(2573,2,'Yes'),(2574,1,'Yes'),(2574,2,'Yes'),(2575,1,'45 cm'),(2575,2,'20 cm'),(2576,1,'Yes'),(2576,2,'Yes'),(2577,1,'Yes'),(2577,2,'Yes'),(2591,1,'90 x 60 cm'),(2591,2,'100 x 70 cm'),(2594,1,'30 cm'),(2594,2,'27 cm'),(2595,1,'40 cm'),(2595,2,'27 cm'),(2596,1,'25 cm'),(2596,2,'20 cm'),(2597,1,'Surface Wash Only, do not Sink into water'),(2597,2,'Surface Wash Only, do not Sink into water'),(2599,1,'17 cm'),(2599,2,'17 cm'),(2614,1,'25 cm'),(2614,2,'23 cm'),(2623,1,'35 cm'),(2623,2,'23 cm'),(2631,1,'40 cm'),(2631,2,'40 cm'),(2639,1,'25 cm'),(2639,2,'40 cm'),(2644,1,'25 cm'),(2644,2,'25 cm'),(2650,1,'25 cm'),(2650,2,'25 cm'),(2680,1,'11 cm'),(2680,2,'20 cm'),(2686,1,'20 cm'),(2686,2,'23 cm'),(2687,1,'20 cm'),(2687,2,'23 cm'),(2695,1,'20 cm'),(2695,2,'23 cm'),(2701,1,'25 cm'),(2701,2,'23 cm'),(2713,1,'23 cm'),(2713,2,'23 cm'),(2720,1,'30 cm'),(2720,2,'30 cm'),(2724,1,'65 cm'),(2724,2,'23 cm'),(2725,1,'50 cm'),(2725,2,'40 cm'),(2726,1,'40 cm'),(2726,2,'23 cm'),(2730,1,'35 cm'),(2730,2,'35 cm'),(2731,1,'21 cm'),(2731,2,'20 cm'),(2732,1,'Surface Wash Only, do not Sink into water'),(2732,2,'Surface Wash Only, do not Sink into water'),(2733,1,'21 cm'),(2733,2,'20 cm'),(2734,1,'Surface Wash Only, do not Sink into water'),(2734,2,'Surface Wash Only, do not Sink into water'),(2735,1,'21 cm'),(2735,2,'20 cm'),(2736,1,'Surface Wash Only, do not Sink into water'),(2736,2,'Surface Wash Only, do not Sink into water'),(2737,1,'20cm'),(2737,2,'20 cm'),(2738,1,'Surface Wash Only, do not Sink into water'),(2738,2,'Surface Wash Only, do not Sink into water'),(2739,1,'21 cm'),(2739,2,'20 cm'),(2740,1,'Surface Wash Only, do not Sink into water'),(2740,2,'Surface Wash Only, do not Sink into water'),(2742,1,'28 cm'),(2742,2,'28 cm'),(2743,1,'28 cm'),(2743,2,'28 cm'),(2744,1,'35 cm'),(2744,2,'100 x 70 cm'),(2749,1,'28 cm'),(2749,2,'28 cm'),(2750,1,'40 cm'),(2750,2,'23 cm'),(2770,1,'20 cm'),(2770,2,'20 cm'),(2772,1,'Yes'),(2772,2,'Yes'),(2774,1,'Yes'),(2774,2,'Yes'),(2778,1,'20 cm'),(2778,2,'20 cm'),(2779,1,'Yes'),(2779,2,'Yes'),(2780,1,'Yes'),(2780,2,'Yes'),(2783,1,'17 cm'),(2783,2,'17 cm'),(2788,1,'27 cm'),(2788,2,'27 cm'),(2789,1,'17 cm'),(2789,2,'17 cm'),(2791,1,'27 cm'),(2791,2,'27 cm'),(2793,1,'30 cm'),(2793,2,'30 cm'),(2794,1,'23 cm'),(2794,2,'23 cm'),(2795,1,'30 cm'),(2795,2,'30 cm'),(2797,1,'30 cm'),(2797,2,'30 cm'),(2799,1,'28 cm'),(2799,2,'28 cm'),(2800,1,'32 cm'),(2800,2,'32 cm'),(2801,1,'32 cm'),(2801,2,'32 cm'),(2802,1,'26 cm'),(2802,2,'26 cm'),(2804,1,'40 cm'),(2804,2,'40 cm'),(2810,1,'40 cm'),(2810,2,'40 cm'),(2811,1,'30 cm'),(2811,2,'30 cm'),(2812,1,'25 cm'),(2812,2,'25 cm'),(2813,1,'38 cm'),(2813,2,'38 cm'),(2814,1,'55 cm'),(2814,2,'55 cm'),(2817,1,'23 cm'),(2817,2,'23 cm'),(2821,1,'38 cm'),(2821,2,'38 cm'),(2825,1,'40 cm'),(2825,2,'40 cm'),(2827,1,'40 cm'),(2827,2,'40 cm'),(2828,1,'50 cm'),(2828,2,'50 cm'),(2830,1,'23 cm'),(2830,2,'23 cm'),(2834,1,'25 cm'),(2834,2,'25 cm'),(2836,1,'40 cm'),(2836,2,'40 cm'),(2837,1,'40 cm'),(2837,2,'40 cm'),(2840,1,'40 cm'),(2840,2,'40 cm'),(2842,1,'30 cm'),(2842,2,'30 cm'),(2845,1,'30 cm'),(2845,2,'30 cm'),(2847,1,'30 cm'),(2847,2,'30 cm'),(2849,1,'25 cm'),(2849,2,'25 cm'),(2851,1,'25 cm'),(2851,2,'25 cm'),(2854,1,'25 cm'),(2854,2,'25 cm'),(2856,1,'25 cm'),(2856,2,'25 cm'),(2858,1,'25 cm'),(2858,2,'25 cm'),(2860,1,'20 cm'),(2860,2,'20 cm'),(2862,1,'20 cm'),(2862,2,'20 cm'),(2864,1,'20 cm'),(2864,2,'20 cm'),(2866,1,'20 cm'),(2866,2,'20 cm'),(2868,1,'30 cm'),(2868,2,'30 cm'),(2869,1,'25 cm'),(2869,2,'25 cm'),(2871,1,'25 cm'),(2871,2,'25 cm'),(2872,1,'24 cm'),(2872,2,'24 cm'),(2873,1,'24 cm'),(2873,2,'24 cm'),(2875,1,'20 cm'),(2875,2,'20 cm'),(2877,1,'25 cm'),(2877,2,'25 cm'),(2878,1,'42 cm'),(2878,2,'42 cm'),(2880,1,'30 cm'),(2880,2,'30 cm'),(2881,1,'25 cm'),(2881,2,'25 cm'),(2885,1,'35 cm'),(2885,2,'35 cm'),(2886,1,'35 cm'),(2886,2,'35 cm');

--
-- Table structure for table `ps_gender`
--

CREATE TABLE `ps_gender` (
  `id_gender` int(11) NOT NULL AUTO_INCREMENT,
  `type` tinyint(1) NOT NULL,
  PRIMARY KEY (`id_gender`)
) ENGINE=InnoDB AUTO_INCREMENT=3 DEFAULT CHARSET=utf8;

--
-- Dumping data for table `ps_gender`
--

INSERT INTO `ps_gender` (`id_gender`, `type`) VALUES (1,0),(2,1);

--
-- Table structure for table `ps_gender_lang`
--

CREATE TABLE `ps_gender_lang` (
  `id_gender` int(10) unsigned NOT NULL,
  `id_lang` int(10) unsigned NOT NULL,
  `name` varchar(20) NOT NULL,
  PRIMARY KEY (`id_gender`,`id_lang`),
  KEY `id_gender` (`id_gender`)
) ENGINE=InnoDB DEFAULT CHARSET=utf8;

--
-- Dumping data for table `ps_gender_lang`
--

INSERT INTO `ps_gender_lang` (`id_gender`, `id_lang`, `name`) VALUES (1,1,'Mr.'),(1,2,'Mr.'),(2,1,'Mrs.'),(2,2,'Mrs.');

--
-- Table structure for table `ps_group`
--

CREATE TABLE `ps_group` (
  `id_group` int(10) unsigned NOT NULL AUTO_INCREMENT,
  `reduction` decimal(17,2) NOT NULL DEFAULT '0.00',
  `price_display_method` tinyint(4) NOT NULL DEFAULT '0',
  `show_prices` tinyint(1) unsigned NOT NULL DEFAULT '1',
  `date_add` datetime NOT NULL,
  `date_upd` datetime NOT NULL,
  PRIMARY KEY (`id_group`)
) ENGINE=InnoDB AUTO_INCREMENT=4 DEFAULT CHARSET=utf8;

--
-- Dumping data for table `ps_group`
--

INSERT INTO `ps_group` (`id_group`, `reduction`, `price_display_method`, `show_prices`, `date_add`, `date_upd`) VALUES (1,0.00,0,1,'2015-08-17 20:31:46','2015-09-05 00:55:43'),(2,0.00,0,1,'2015-08-17 20:31:46','2015-08-17 20:31:46'),(3,0.00,0,1,'2015-08-17 20:31:46','2015-08-17 20:31:46');

--
-- Table structure for table `ps_group_lang`
--

CREATE TABLE `ps_group_lang` (
  `id_group` int(10) unsigned NOT NULL,
  `id_lang` int(10) unsigned NOT NULL,
  `name` varchar(32) NOT NULL,
  PRIMARY KEY (`id_group`,`id_lang`)
) ENGINE=InnoDB DEFAULT CHARSET=utf8;

--
-- Dumping data for table `ps_group_lang`
--

INSERT INTO `ps_group_lang` (`id_group`, `id_lang`, `name`) VALUES (1,1,'Visitor'),(1,2,'Visitor'),(2,1,'Guest'),(2,2,'Guest'),(3,1,'Customer'),(3,2,'Customer');

--
-- Table structure for table `ps_group_reduction`
--

CREATE TABLE `ps_group_reduction` (
  `id_group_reduction` mediumint(8) unsigned NOT NULL AUTO_INCREMENT,
  `id_group` int(10) unsigned NOT NULL,
  `id_category` int(10) unsigned NOT NULL,
  `reduction` decimal(4,3) NOT NULL,
  PRIMARY KEY (`id_group_reduction`),
  UNIQUE KEY `id_group` (`id_group`,`id_category`)
) ENGINE=InnoDB DEFAULT CHARSET=utf8;

--
-- Dumping data for table `ps_group_reduction`
--


--
-- Table structure for table `ps_group_shop`
--

CREATE TABLE `ps_group_shop` (
  `id_group` int(11) unsigned NOT NULL,
  `id_shop` int(11) unsigned NOT NULL,
  PRIMARY KEY (`id_group`,`id_shop`),
  KEY `id_shop` (`id_shop`)
) ENGINE=InnoDB DEFAULT CHARSET=utf8;

--
-- Dumping data for table `ps_group_shop`
--

INSERT INTO `ps_group_shop` (`id_group`, `id_shop`) VALUES (1,1),(2,1),(3,1);

--
-- Table structure for table `ps_guest`
--

CREATE TABLE `ps_guest` (
  `id_guest` int(10) unsigned NOT NULL AUTO_INCREMENT,
  `id_operating_system` int(10) unsigned DEFAULT NULL,
  `id_web_browser` int(10) unsigned DEFAULT NULL,
  `id_customer` int(10) unsigned DEFAULT NULL,
  `javascript` tinyint(1) DEFAULT '0',
  `screen_resolution_x` smallint(5) unsigned DEFAULT NULL,
  `screen_resolution_y` smallint(5) unsigned DEFAULT NULL,
  `screen_color` tinyint(3) unsigned DEFAULT NULL,
  `sun_java` tinyint(1) DEFAULT NULL,
  `adobe_flash` tinyint(1) DEFAULT NULL,
  `adobe_director` tinyint(1) DEFAULT NULL,
  `apple_quicktime` tinyint(1) DEFAULT NULL,
  `real_player` tinyint(1) DEFAULT NULL,
  `windows_media` tinyint(1) DEFAULT NULL,
  `accept_language` varchar(8) DEFAULT NULL,
  `mobile_theme` tinyint(1) NOT NULL DEFAULT '0',
  PRIMARY KEY (`id_guest`),
  KEY `id_customer` (`id_customer`),
  KEY `id_operating_system` (`id_operating_system`),
  KEY `id_web_browser` (`id_web_browser`)
) ENGINE=InnoDB AUTO_INCREMENT=4988 DEFAULT CHARSET=utf8;

--
-- Dumping data for table `ps_guest`
--

INSERT INTO `ps_guest` (`id_guest`, `id_operating_system`, `id_web_browser`, `id_customer`, `javascript`, `screen_resolution_x`, `screen_resolution_y`, `screen_color`, `sun_java`, `adobe_flash`, `adobe_director`, `apple_quicktime`, `real_player`, `windows_media`, `accept_language`, `mobile_theme`) VALUES (1,0,0,1,0,0,0,0,0,0,0,0,0,0,'',0),(2,3,3,0,0,0,0,0,0,0,0,0,0,0,'fr',0),(3,7,3,7,0,0,0,0,0,0,0,0,0,0,'',1),(4,0,3,2,1,1600,900,24,1,0,0,0,0,0,'fr',0),(6,6,3,0,0,0,0,0,0,0,0,0,0,0,'',0),(7,6,3,0,0,0,0,0,0,0,0,0,0,0,'',0),(8,3,11,3,0,0,0,0,0,0,0,0,0,0,'',0),(9,3,11,8,0,0,0,0,0,0,0,0,0,0,'',0),(10,5,1,9,0,0,0,0,0,0,0,0,0,0,'en-us',1),(11,6,3,0,0,0,0,0,0,0,0,0,0,0,'',0),(14,3,3,0,0,0,0,0,0,0,0,0,0,0,'fr',0),(19,0,0,0,0,0,0,0,0,0,0,0,0,0,'',0),(20,7,11,0,0,0,0,0,0,0,0,0,0,0,'',1),(21,7,3,0,0,0,0,0,0,0,0,0,0,0,'',1),(22,3,11,0,0,0,0,0,0,0,0,0,0,0,'',0),(23,3,3,0,0,0,0,0,0,0,0,0,0,0,'es',0),(24,5,1,0,0,0,0,0,0,0,0,0,0,0,'en-us',1),(26,5,2,0,0,0,0,0,0,0,0,0,0,0,'en-us',1),(27,5,1,0,1,768,1024,32,0,0,0,0,0,0,'en-us',1),(28,3,3,0,1,1440,900,24,1,1,0,0,0,0,'',0),(29,5,11,0,1,1280,800,24,1,1,0,0,0,0,'en',0),(30,5,0,0,0,0,0,0,0,0,0,0,0,0,'en-us',1),(31,7,11,0,1,360,592,32,0,0,0,0,0,0,'en',1),(32,7,11,0,1,360,640,32,0,0,0,0,0,0,'en',1),(33,5,0,0,1,375,667,32,0,0,0,0,0,0,'en-us',1),(34,5,0,0,1,320,568,32,0,0,0,0,0,0,'en-us',1),(35,5,0,0,1,320,568,32,0,0,0,0,0,0,'en-us',1),(36,5,3,0,1,1920,1080,24,1,1,0,1,0,0,'',0),(37,0,3,0,1,1280,768,24,1,1,1,0,0,0,'',0),(38,7,11,0,1,360,640,32,0,0,0,0,0,0,'',1),(39,5,0,0,1,375,667,32,0,0,0,0,0,0,'en-us',1),(40,5,1,0,0,0,0,0,0,0,0,0,0,0,'en-us',1),(41,3,3,0,0,0,0,0,0,0,0,0,0,0,'es',0),(42,5,1,0,1,320,480,32,0,0,0,0,0,0,'en-gb',1),(43,5,1,0,1,414,736,32,0,0,0,0,0,0,'en-us',1),(44,3,3,0,1,1280,1024,24,0,1,0,0,0,0,'',0),(45,0,11,0,1,2560,1440,24,0,1,0,0,0,0,'en',0),(46,5,1,0,1,320,568,32,0,0,0,0,0,0,'en-gb',1),(47,5,1,0,1,414,736,32,0,0,0,0,0,0,'en-us',1),(48,5,1,0,1,320,568,32,0,0,0,0,0,0,'en-gb',1),(49,7,11,0,1,360,640,32,0,0,0,0,0,0,'',1),(50,0,0,0,0,0,0,0,0,0,0,0,0,0,'',0),(51,3,3,0,0,0,0,0,0,0,0,0,0,0,'',0),(52,3,11,0,1,1366,768,24,0,1,0,0,0,0,'',0),(53,3,11,0,1,1920,1200,24,0,1,0,0,0,0,'en',0),(54,5,1,4,0,0,0,0,0,0,0,0,0,0,'en-gb',1),(55,3,10,0,1,1438,808,24,1,1,1,1,0,1,'en',0),(56,7,11,0,1,360,640,32,0,0,0,0,0,0,'en',1),(57,7,11,0,1,360,592,32,0,0,0,0,0,0,'en',1),(58,3,3,0,1,1360,768,24,0,0,0,0,0,0,'',0),(59,7,11,0,1,360,640,32,0,0,0,0,0,0,'zh',1),(60,5,0,0,1,375,667,32,0,0,0,0,0,0,'en-us',1),(61,3,3,5,1,1600,900,24,1,1,0,0,0,0,'fr',0),(62,3,3,6,1,1600,900,24,1,1,0,0,0,0,'fr',0),(64,3,3,0,1,1600,900,24,1,1,0,0,0,0,'fr',0),(65,3,11,10,1,1366,768,24,1,1,1,1,0,0,'',0),(66,5,1,0,0,0,0,0,0,0,0,0,0,0,'en-gb',1),(67,0,11,0,1,1366,768,24,0,1,0,0,0,0,'fr',0),(68,3,11,0,1,1440,900,24,0,1,0,0,0,0,'',0),(69,5,1,0,0,0,0,0,0,0,0,0,0,0,'en-gb',1),(70,5,0,0,1,320,568,32,0,0,0,0,0,0,'en-gb',1),(71,5,0,0,1,375,667,32,0,0,0,0,0,0,'zh-cn',1),(72,3,10,0,0,0,0,0,0,0,0,0,0,0,'',0),(73,5,0,0,0,0,0,0,0,0,0,0,0,0,'zh-cn',1),(74,3,10,0,1,1680,1050,24,1,1,1,0,0,1,'en',0),(75,5,0,0,0,0,0,0,0,0,0,0,0,0,'en-us',1),(76,7,11,0,1,360,640,32,0,0,0,0,0,0,'en',1),(77,0,0,0,0,0,0,0,0,0,0,0,0,0,'',0),(78,6,11,0,1,1024,1024,24,0,0,0,0,0,0,'',0),(79,3,3,0,0,0,0,0,0,0,0,0,0,0,'es',0),(80,3,3,0,0,0,0,0,0,0,0,0,0,0,'es',0),(81,0,3,0,1,1173,660,24,1,1,0,0,0,0,'fr',0),(82,0,3,0,1,1280,720,24,0,0,0,0,0,0,'fr',0),(83,0,0,0,0,0,0,0,0,0,0,0,0,0,'',0),(84,5,0,0,1,320,480,32,0,0,0,0,0,0,'fr-fr',1),(85,3,11,0,0,0,0,0,0,0,0,0,0,0,'',0),(86,5,0,0,1,320,568,32,0,0,0,0,0,0,'en-gb',1),(87,3,11,0,1,1366,768,24,0,1,0,0,0,0,'',0),(88,5,1,0,1,320,568,32,0,0,0,0,0,0,'en-us',1),(89,5,0,0,1,375,667,32,0,0,0,0,0,0,'en-us',1),(90,5,0,0,1,320,568,32,0,0,0,0,0,0,'en-us',1),(91,1,11,0,1,1024,768,24,0,1,0,0,0,0,'',0),(92,1,10,0,0,0,0,0,0,0,0,0,0,0,'',0),(93,5,0,0,1,375,667,32,0,0,0,0,0,0,'en-us',1),(94,5,2,0,1,768,1024,32,0,0,0,0,0,0,'zh-cn',1),(95,7,11,0,1,360,640,32,0,0,0,0,0,0,'en',1),(96,3,3,0,0,0,0,0,0,0,0,0,0,0,'es',0),(97,3,3,0,0,0,0,0,0,0,0,0,0,0,'es',0),(98,3,3,0,0,0,0,0,0,0,0,0,0,0,'es',0),(99,3,3,0,0,0,0,0,0,0,0,0,0,0,'es',0),(100,5,0,0,1,414,736,32,0,0,0,0,0,0,'en-us',1),(101,0,0,0,0,0,0,0,0,0,0,0,0,0,'',0),(102,5,0,0,0,0,0,0,0,0,0,0,0,0,'fr-fr',1),(103,5,1,0,1,320,568,32,0,0,0,0,0,0,'fr-fr',1),(104,3,3,0,0,0,0,0,0,0,0,0,0,0,'es',0),(105,3,3,0,0,0,0,0,0,0,0,0,0,0,'es',0),(106,0,0,0,0,0,0,0,0,0,0,0,0,0,'',0),(107,7,11,0,1,360,640,32,0,0,0,0,0,0,'',1),(108,7,11,0,0,0,0,0,0,0,0,0,0,0,'',1),(109,3,3,0,0,0,0,0,0,0,0,0,0,0,'es',0),(110,3,3,0,0,0,0,0,0,0,0,0,0,0,'es',0),(111,0,0,0,0,0,0,0,0,0,0,0,0,0,'',0),(112,0,0,0,0,0,0,0,0,0,0,0,0,0,'',0),(113,0,3,0,1,1920,1080,24,0,1,0,0,0,0,'',0),(114,0,11,0,1,1280,720,24,0,1,0,0,0,0,'zh',0),(115,3,3,0,0,0,0,0,0,0,0,0,0,0,'es',0),(116,3,3,0,0,0,0,0,0,0,0,0,0,0,'es',0),(117,0,0,0,0,0,0,0,0,0,0,0,0,0,'',0),(118,0,0,0,0,0,0,0,0,0,0,0,0,0,'',0),(119,7,11,0,1,360,640,32,0,0,0,0,0,0,'en',1),(120,3,3,0,0,0,0,0,0,0,0,0,0,0,'es',0),(121,0,0,0,0,0,0,0,0,0,0,0,0,0,'',0),(122,0,0,0,0,0,0,0,0,0,0,0,0,0,'',0),(123,3,3,0,1,1280,1024,24,0,1,0,1,0,0,'',0),(124,5,1,0,1,768,1024,32,0,0,0,0,0,0,'en-us',1),(125,6,11,0,1,1920,1080,24,0,1,0,0,0,0,'en',0),(126,7,11,0,1,360,640,32,0,0,0,0,0,0,'en',1),(127,0,0,0,0,0,0,0,0,0,0,0,0,0,'',0),(128,3,3,0,0,0,0,0,0,0,0,0,0,0,'es',0),(129,3,3,0,0,0,0,0,0,0,0,0,0,0,'es',0),(130,0,0,0,0,0,0,0,0,0,0,0,0,0,'',0),(131,5,0,0,1,375,667,32,0,0,0,0,0,0,'en-gb',1),(132,5,1,0,0,0,0,0,0,0,0,0,0,0,'en-us',1),(133,0,0,0,0,0,0,0,0,0,0,0,0,0,'',0),(134,3,3,0,0,0,0,0,0,0,0,0,0,0,'es',0),(135,3,3,0,0,0,0,0,0,0,0,0,0,0,'es',0),(136,7,1,0,1,800,1280,32,0,0,0,0,0,0,'en',1),(137,3,3,0,0,0,0,0,0,0,0,0,0,0,'es',0),(138,3,3,0,0,0,0,0,0,0,0,0,0,0,'es',0),(139,0,0,0,0,0,0,0,0,0,0,0,0,0,'',0),(140,7,11,0,1,360,640,32,0,0,0,0,0,0,'en',1),(141,7,11,0,1,360,640,32,0,0,0,0,0,0,'en',1),(142,5,1,0,1,320,568,32,0,0,0,0,0,0,'en-us',1),(143,3,10,0,1,1219,975,24,0,1,0,0,0,1,'en',0),(144,3,3,0,0,0,0,0,0,0,0,0,0,0,'es',0),(145,3,3,0,1,1440,900,24,1,1,0,0,0,0,'fr',0),(146,3,3,0,1,1440,900,24,0,0,0,0,0,0,'fr',0),(147,3,3,0,0,0,0,0,0,0,0,0,0,0,'es',0),(148,3,3,0,0,0,0,0,0,0,0,0,0,0,'es',0),(149,0,0,0,0,0,0,0,0,0,0,0,0,0,'',0),(150,3,3,0,0,0,0,0,0,0,0,0,0,0,'es',0),(151,3,3,0,0,0,0,0,0,0,0,0,0,0,'es',0),(152,5,1,0,0,0,0,0,0,0,0,0,0,0,'',1),(153,3,3,0,0,0,0,0,0,0,0,0,0,0,'es',0),(154,3,3,0,0,0,0,0,0,0,0,0,0,0,'es',0),(155,5,2,0,1,768,1024,32,0,0,0,0,0,0,'en-us',1),(156,0,0,0,0,0,0,0,0,0,0,0,0,0,'',0),(157,5,1,0,0,0,0,0,0,0,0,0,0,0,'en-gb',1),(158,3,3,0,0,0,0,0,0,0,0,0,0,0,'es',0),(159,3,3,0,0,0,0,0,0,0,0,0,0,0,'es',0),(160,5,11,0,1,1440,900,24,0,1,0,0,0,0,'',0),(161,5,1,0,1,375,667,32,0,0,0,0,0,0,'',1),(162,5,1,0,1,320,568,32,0,0,0,0,0,0,'en-us',1),(163,7,11,0,0,0,0,0,0,0,0,0,0,0,'en',1),(164,7,1,0,1,720,1280,32,0,0,0,0,0,0,'en',1),(165,5,1,0,1,375,667,32,0,0,0,0,0,0,'en-us',1),(166,3,3,0,0,0,0,0,0,0,0,0,0,0,'es',0),(167,5,1,0,0,0,0,0,0,0,0,0,0,0,'en-gb',1),(168,5,1,0,0,0,0,0,0,0,0,0,0,0,'en-gb',1),(169,7,11,0,1,360,640,32,0,0,0,0,0,0,'',1),(170,3,3,0,1,1280,1024,24,0,1,0,0,0,0,'',0),(171,3,3,0,0,0,0,0,0,0,0,0,0,0,'es',0),(172,3,3,0,0,0,0,0,0,0,0,0,0,0,'es',0),(173,5,1,0,0,0,0,0,0,0,0,0,0,0,'en-us',1),(174,5,1,0,1,1280,800,24,1,1,0,1,0,0,'en-us',0),(175,5,1,0,1,320,568,32,0,0,0,0,0,0,'en-us',1),(176,5,1,0,1,375,667,32,0,0,0,0,0,0,'en-gb',1),(177,5,1,0,1,320,480,32,0,0,0,0,0,0,'en-us',1),(178,5,1,0,1,768,1024,32,0,0,0,0,0,0,'en-us',1),(179,1,10,0,0,0,0,0,0,0,0,0,0,0,'',0),(180,5,1,0,0,0,0,0,0,0,0,0,0,0,'en-us',1),(181,3,3,0,0,0,0,0,0,0,0,0,0,0,'es',0),(182,3,3,0,0,0,0,0,0,0,0,0,0,0,'es',0),(183,3,3,0,0,0,0,0,0,0,0,0,0,0,'es',0),(184,3,3,0,0,0,0,0,0,0,0,0,0,0,'es',0),(185,6,3,0,1,1366,768,24,0,1,0,0,0,0,'',0),(186,1,10,0,0,0,0,0,0,0,0,0,0,0,'',0),(187,0,3,0,1,1366,768,24,1,1,0,0,0,0,'',0),(188,7,11,0,1,360,640,32,0,0,0,0,0,0,'fr',1),(189,3,3,0,0,0,0,0,0,0,0,0,0,0,'es',0),(190,3,3,0,0,0,0,0,0,0,0,0,0,0,'es',0),(191,5,1,0,0,0,0,0,0,0,0,0,0,0,'en-us',1),(192,1,3,0,0,0,0,0,0,0,0,0,0,0,'en-us',0),(193,1,3,0,0,0,0,0,0,0,0,0,0,0,'en-us',0),(194,0,0,0,0,0,0,0,0,0,0,0,0,0,'',0),(195,3,3,0,0,0,0,0,0,0,0,0,0,0,'es',0),(196,3,3,0,0,0,0,0,0,0,0,0,0,0,'es',0),(197,5,1,0,0,0,0,0,0,0,0,0,0,0,'en-us',1),(198,3,3,0,0,0,0,0,0,0,0,0,0,0,'es',0),(199,3,3,0,0,0,0,0,0,0,0,0,0,0,'es',0),(200,5,1,0,0,0,0,0,0,0,0,0,0,0,'en-us',1),(201,5,1,0,1,414,736,32,0,0,0,0,0,0,'en-us',1),(202,3,3,0,0,0,0,0,0,0,0,0,0,0,'es',0),(203,3,3,0,0,0,0,0,0,0,0,0,0,0,'es',0),(204,1,10,0,0,0,0,0,0,0,0,0,0,0,'',0),(205,1,10,0,0,0,0,0,0,0,0,0,0,0,'',0),(206,3,3,0,0,0,0,0,0,0,0,0,0,0,'es',0),(207,3,3,0,0,0,0,0,0,0,0,0,0,0,'es',0),(208,5,1,0,1,320,568,32,0,0,0,0,0,0,'en-us',1),(209,7,11,0,1,360,640,32,0,0,0,0,0,0,'',1),(210,0,0,0,0,0,0,0,0,0,0,0,0,0,'',0),(211,5,0,0,1,375,667,32,0,0,0,0,0,0,'fr-fr',1),(212,0,11,0,1,1440,900,24,0,1,0,0,0,0,'fr',0),(213,1,10,0,0,0,0,0,0,0,0,0,0,0,'',0),(214,1,10,0,0,0,0,0,0,0,0,0,0,0,'',0),(215,3,3,0,0,0,0,0,0,0,0,0,0,0,'es',0),(216,3,3,0,0,0,0,0,0,0,0,0,0,0,'es',0),(217,3,3,0,0,0,0,0,0,0,0,0,0,0,'es',0),(218,5,1,0,1,1440,900,24,0,1,0,1,0,0,'en-us',0),(219,3,10,11,1,1607,904,24,1,1,1,1,0,1,'en',0),(220,3,11,0,1,1366,768,24,0,1,0,0,0,0,'en',0),(221,3,3,0,0,0,0,0,0,0,0,0,0,0,'es',0),(222,3,3,0,0,0,0,0,0,0,0,0,0,0,'es',0),(223,5,1,0,1,375,667,32,0,0,0,0,0,0,'en-gb',1),(224,3,0,0,0,0,0,0,0,0,0,0,0,0,'',0),(225,3,3,0,0,0,0,0,0,0,0,0,0,0,'es',0),(226,3,3,0,0,0,0,0,0,0,0,0,0,0,'es',0),(227,1,10,0,0,0,0,0,0,0,0,0,0,0,'',0),(228,1,10,0,0,0,0,0,0,0,0,0,0,0,'',0),(229,1,10,0,0,0,0,0,0,0,0,0,0,0,'',0),(230,1,10,0,0,0,0,0,0,0,0,0,0,0,'',0),(231,3,10,0,1,1440,900,24,0,1,0,0,0,1,'fr',0),(232,0,0,0,0,0,0,0,0,0,0,0,0,0,'',0),(233,0,0,0,1,1024,1024,24,0,1,0,0,0,0,'',0),(234,3,3,0,0,0,0,0,0,0,0,0,0,0,'es',0),(235,3,3,0,0,0,0,0,0,0,0,0,0,0,'es',0),(236,0,0,0,0,0,0,0,0,0,0,0,0,0,'',0),(237,0,0,0,0,0,0,0,0,0,0,0,0,0,'',0),(238,0,0,0,0,0,0,0,0,0,0,0,0,0,'',0),(239,0,0,0,1,1024,1024,24,0,1,0,0,0,0,'',0),(240,0,0,0,1,1024,1024,24,0,1,0,0,0,0,'',0),(241,3,11,0,1,1920,1080,24,0,1,0,0,0,0,'en',0),(242,0,0,0,0,0,0,0,0,0,0,0,0,0,'',0),(243,0,0,0,1,1024,1024,24,0,1,0,0,0,0,'',0),(244,0,0,0,1,1024,1024,24,0,1,0,0,0,0,'',0),(245,0,0,0,1,1024,1024,24,0,1,0,0,0,0,'',0),(246,0,0,0,1,1024,1024,24,0,1,0,0,0,0,'',0),(247,0,0,0,1,1024,1024,24,0,1,0,0,0,0,'',0),(248,0,0,0,1,1024,1024,24,0,1,0,0,0,0,'',0),(249,0,0,0,1,1024,1024,24,0,1,0,0,0,0,'',0),(250,0,0,0,1,1024,1024,24,0,1,0,0,0,0,'',0),(251,0,0,0,1,1024,1024,24,0,1,0,0,0,0,'',0),(252,0,0,0,1,1024,1024,24,0,1,0,0,0,0,'',0),(253,0,0,0,1,1024,1024,24,0,1,0,0,0,0,'',0),(254,0,0,0,1,1024,1024,24,0,1,0,0,0,0,'',0),(255,0,0,0,1,1024,1024,24,0,1,0,0,0,0,'',0),(256,3,3,0,1,1440,900,24,1,1,0,0,0,0,'fr',0),(257,0,0,0,0,0,0,0,0,0,0,0,0,0,'',0),(258,0,0,0,1,1024,1024,24,0,1,0,0,0,0,'',0),(259,0,0,0,1,1024,1024,24,0,1,0,0,0,0,'',0),(260,0,0,0,1,1024,1024,24,0,1,0,0,0,0,'',0),(261,0,0,0,1,1024,1024,24,0,1,0,0,0,0,'',0),(262,0,0,0,1,1024,1024,24,0,1,0,0,0,0,'',0),(263,0,0,0,1,1024,1024,24,0,1,0,0,0,0,'',0),(264,0,0,0,1,1024,1024,24,0,1,0,0,0,0,'',0),(265,0,0,0,1,1024,1024,24,0,1,0,0,0,0,'',0),(266,0,0,0,1,1024,1024,24,0,1,0,0,0,0,'',0),(267,0,0,0,1,1024,1024,24,0,1,0,0,0,0,'',0),(268,0,0,0,1,1024,1024,24,0,1,0,0,0,0,'',0),(269,0,0,0,1,1024,1024,24,0,1,0,0,0,0,'',0),(270,0,0,0,1,1024,1024,24,0,1,0,0,0,0,'',0),(271,0,0,0,1,1024,1024,24,0,1,0,0,0,0,'',0),(272,5,2,0,1,768,1024,32,0,0,0,0,0,0,'en-us',1),(273,5,1,0,1,768,1024,32,0,0,0,0,0,0,'en-us',1),(274,0,0,0,1,1024,1024,24,0,1,0,0,0,0,'',0),(275,0,0,0,1,1024,1024,24,0,1,0,0,0,0,'',0),(276,0,0,0,1,1024,1024,24,0,1,0,0,0,0,'',0),(277,6,11,0,1,1024,768,32,0,0,0,0,0,0,'en',0),(278,0,0,0,1,1024,1024,24,0,1,0,0,0,0,'',0),(279,0,0,0,1,1024,1024,24,0,1,0,0,0,0,'',0),(280,0,0,0,0,0,0,0,0,0,0,0,0,0,'',0),(281,0,0,0,1,1024,1024,24,0,1,0,0,0,0,'',0),(282,0,0,0,1,1024,1024,24,0,1,0,0,0,0,'',0),(283,0,0,0,1,1024,1024,24,0,1,0,0,0,0,'',0),(284,0,0,0,1,1024,1024,24,0,1,0,0,0,0,'',0),(285,0,0,0,1,1024,1024,24,0,1,0,0,0,0,'',0),(286,0,0,0,1,1024,1024,24,0,1,0,0,0,0,'',0),(287,0,0,0,1,1024,1024,24,0,1,0,0,0,0,'',0),(288,0,0,0,1,1024,1024,24,0,1,0,0,0,0,'',0),(289,0,0,0,1,1024,1024,24,0,1,0,0,0,0,'',0),(290,0,0,0,1,1024,1024,24,0,1,0,0,0,0,'',0),(291,5,1,0,1,375,667,24,0,0,0,0,0,0,'',1),(292,5,1,0,0,0,0,0,0,0,0,0,0,0,'',1),(293,0,0,0,1,1024,1024,24,0,1,0,0,0,0,'',0),(294,0,0,0,1,1024,1024,24,0,1,0,0,0,0,'',0),(295,5,1,0,1,375,667,24,0,0,0,0,0,0,'',1),(296,0,0,0,1,1024,1024,24,0,1,0,0,0,0,'',0),(297,0,0,0,1,1024,1024,24,0,1,0,0,0,0,'',0),(298,0,0,0,1,1024,1024,24,0,1,0,0,0,0,'',0),(299,0,0,0,1,1024,1024,24,0,1,0,0,0,0,'',0),(300,0,0,0,1,1024,1024,24,0,1,0,0,0,0,'',0),(301,0,0,0,1,1024,1024,24,0,1,0,0,0,0,'',0),(302,0,0,0,1,1024,1024,24,0,1,0,0,0,0,'',0),(303,0,0,0,1,1024,1024,24,0,1,0,0,0,0,'',0),(304,0,0,0,1,1024,1024,24,0,1,0,0,0,0,'',0),(305,0,0,0,0,0,0,0,0,0,0,0,0,0,'',0),(306,0,0,0,1,1024,1024,24,0,1,0,0,0,0,'',0),(307,0,0,0,1,1024,1024,24,0,1,0,0,0,0,'',0),(308,0,0,0,1,1024,1024,24,0,1,0,0,0,0,'',0),(309,0,0,0,1,1024,1024,24,0,1,0,0,0,0,'',0),(310,0,0,0,1,1024,1024,24,0,1,0,0,0,0,'',0),(311,0,0,0,1,1024,1024,24,0,1,0,0,0,0,'',0),(312,0,0,0,1,1024,1024,24,0,1,0,0,0,0,'',0),(313,0,0,0,1,1024,1024,24,0,1,0,0,0,0,'',0),(314,0,0,0,1,1024,1024,24,0,1,0,0,0,0,'',0),(315,0,0,0,1,1024,1024,24,0,1,0,0,0,0,'',0),(316,0,0,0,0,0,0,0,0,0,0,0,0,0,'',0),(317,0,0,0,1,1024,1024,24,0,1,0,0,0,0,'',0),(318,0,0,0,1,1024,1024,24,0,1,0,0,0,0,'',0),(319,0,0,0,1,1024,1024,24,0,1,0,0,0,0,'',0),(320,0,0,0,1,1024,1024,24,0,1,0,0,0,0,'',0),(321,0,0,0,1,1024,1024,24,0,1,0,0,0,0,'',0),(322,0,0,0,1,1024,1024,24,0,1,0,0,0,0,'',0),(323,0,0,0,1,1024,1024,24,0,1,0,0,0,0,'',0),(324,0,0,0,1,1024,1024,24,0,1,0,0,0,0,'',0),(325,0,0,0,1,1024,1024,24,0,1,0,0,0,0,'',0),(326,6,11,0,1,1024,768,32,0,0,0,0,0,0,'en',0),(327,0,0,0,1,1024,1024,24,0,1,0,0,0,0,'',0),(328,0,0,0,1,1024,1024,24,0,1,0,0,0,0,'',0),(329,0,0,0,1,1024,1024,24,0,1,0,0,0,0,'',0),(330,0,0,0,1,1024,1024,24,0,1,0,0,0,0,'',0),(331,0,0,0,1,1024,1024,24,0,1,0,0,0,0,'',0),(332,0,0,0,1,1024,1024,24,0,1,0,0,0,0,'',0),(333,0,0,0,1,1024,1024,24,0,1,0,0,0,0,'',0),(334,0,0,0,1,1024,1024,24,0,1,0,0,0,0,'',0),(335,3,10,0,0,0,0,0,0,0,0,0,0,0,'en',0),(336,0,0,0,1,1024,1024,24,0,1,0,0,0,0,'',0),(337,0,0,0,1,1024,1024,24,0,1,0,0,0,0,'',0),(338,0,0,0,1,1024,1024,24,0,1,0,0,0,0,'',0),(339,0,0,0,1,1024,1024,24,0,1,0,0,0,0,'',0),(340,0,0,0,1,1024,1024,24,0,1,0,0,0,0,'',0),(341,0,0,0,1,1024,1024,24,0,1,0,0,0,0,'',0),(342,0,0,0,1,1024,1024,24,0,1,0,0,0,0,'',0),(343,0,0,0,1,1024,1024,24,0,1,0,0,0,0,'',0),(344,0,0,0,1,1024,1024,24,0,1,0,0,0,0,'',0),(345,0,0,0,1,1024,1024,24,0,1,0,0,0,0,'',0),(346,0,0,0,1,1024,1024,24,0,1,0,0,0,0,'',0),(347,0,0,0,1,1024,1024,24,0,1,0,0,0,0,'',0),(348,0,0,0,1,1024,1024,24,0,1,0,0,0,0,'',0),(349,0,0,0,1,1024,1024,24,0,1,0,0,0,0,'',0),(350,0,0,0,1,1024,1024,24,0,1,0,0,0,0,'',0),(351,0,0,0,1,1024,1024,24,0,1,0,0,0,0,'',0),(352,0,0,0,1,1024,1024,24,0,1,0,0,0,0,'',0),(353,0,0,0,1,1024,1024,24,0,1,0,0,0,0,'',0),(354,0,0,0,1,1024,1024,24,0,1,0,0,0,0,'',0),(355,0,0,0,0,0,0,0,0,0,0,0,0,0,'',0),(356,0,0,0,1,1024,1024,24,0,1,0,0,0,0,'',0),(357,0,0,0,1,1024,1024,24,0,1,0,0,0,0,'',0),(358,0,0,0,1,1024,1024,24,0,1,0,0,0,0,'',0),(359,3,3,0,0,0,0,0,0,0,0,0,0,0,'es',0),(360,0,1,0,1,640,480,24,0,0,0,0,0,0,'en',1),(361,0,0,0,1,1024,1024,24,0,1,0,0,0,0,'',0),(362,0,0,0,1,1024,1024,24,0,1,0,0,0,0,'',0),(363,0,0,0,1,1024,1024,24,0,1,0,0,0,0,'',0),(364,0,0,0,1,1024,1024,24,0,1,0,0,0,0,'',0),(365,0,0,0,1,1024,1024,24,0,1,0,0,0,0,'',0),(366,0,0,0,1,1024,1024,24,0,1,0,0,0,0,'',0),(367,0,0,0,1,1024,1024,24,0,1,0,0,0,0,'',0),(368,0,0,0,1,1024,1024,24,0,1,0,0,0,0,'',0),(369,0,0,0,1,1024,1024,24,0,1,0,0,0,0,'',0),(370,0,0,0,1,1024,1024,24,0,1,0,0,0,0,'',0),(371,0,0,0,1,1024,1024,24,0,1,0,0,0,0,'',0),(372,0,0,0,1,1024,1024,24,0,1,0,0,0,0,'',0),(373,0,0,0,1,1024,1024,24,0,1,0,0,0,0,'',0),(374,0,0,0,1,1024,1024,24,0,1,0,0,0,0,'',0),(375,0,0,0,1,1024,1024,24,0,1,0,0,0,0,'',0),(376,0,0,0,1,1024,1024,24,0,1,0,0,0,0,'',0),(377,0,0,0,1,1024,1024,24,0,1,0,0,0,0,'',0),(378,0,0,0,0,0,0,0,0,0,0,0,0,0,'',0),(379,0,0,0,1,1024,1024,24,0,1,0,0,0,0,'',0),(380,0,0,0,1,1024,1024,24,0,1,0,0,0,0,'',0),(381,0,0,0,1,1024,1024,24,0,1,0,0,0,0,'',0),(382,0,0,0,1,1024,1024,24,0,1,0,0,0,0,'',0),(383,0,0,0,1,1024,1024,24,0,1,0,0,0,0,'',0),(384,0,0,0,1,1024,1024,24,0,1,0,0,0,0,'',0),(385,0,0,0,1,1024,1024,24,0,1,0,0,0,0,'',0),(386,0,0,0,1,1024,1024,24,0,1,0,0,0,0,'',0),(387,0,0,0,1,1024,1024,24,0,1,0,0,0,0,'',0),(388,0,0,0,1,1024,1024,24,0,1,0,0,0,0,'',0),(389,0,0,0,1,1024,1024,24,0,1,0,0,0,0,'',0),(390,5,1,0,0,0,0,0,0,0,0,0,0,0,'',1),(391,0,0,0,0,0,0,0,0,0,0,0,0,0,'',0),(392,0,0,0,1,1024,1024,24,0,1,0,0,0,0,'',0),(393,0,0,0,1,1024,1024,24,0,1,0,0,0,0,'',0),(394,0,0,0,1,1024,1024,24,0,1,0,0,0,0,'',0),(395,0,0,0,1,1024,1024,24,0,1,0,0,0,0,'',0),(396,0,0,0,1,1024,1024,24,0,1,0,0,0,0,'',0),(397,0,0,0,1,1024,1024,24,0,1,0,0,0,0,'',0),(398,5,1,0,1,375,667,24,0,0,0,0,0,0,'',1),(399,0,0,0,1,1024,1024,24,0,1,0,0,0,0,'',0),(400,0,0,0,1,1024,1024,24,0,1,0,0,0,0,'',0),(401,0,0,0,1,1024,1024,24,0,1,0,0,0,0,'',0),(402,0,0,0,1,1024,1024,24,0,1,0,0,0,0,'',0),(403,0,0,0,1,1024,1024,24,0,1,0,0,0,0,'',0),(404,0,0,0,1,1024,1024,24,0,1,0,0,0,0,'',0),(405,0,0,0,1,1024,1024,24,0,1,0,0,0,0,'',0),(406,0,0,0,1,1024,1024,24,0,1,0,0,0,0,'',0),(407,0,0,0,1,1024,1024,24,0,1,0,0,0,0,'',0),(408,0,0,0,1,1024,1024,24,0,1,0,0,0,0,'',0),(409,0,0,0,1,1024,1024,24,0,1,0,0,0,0,'',0),(410,0,0,0,1,1024,1024,24,0,1,0,0,0,0,'',0),(411,0,0,0,1,1024,1024,24,0,1,0,0,0,0,'',0),(412,0,0,0,1,1024,1024,24,0,1,0,0,0,0,'',0),(413,0,0,0,1,1024,1024,24,0,1,0,0,0,0,'',0),(414,0,0,0,1,1024,1024,24,0,1,0,0,0,0,'',0),(415,0,0,0,1,1024,1024,24,0,1,0,0,0,0,'',0),(416,5,1,0,1,375,667,24,0,0,0,0,0,0,'',1),(417,0,0,0,1,1024,1024,24,0,1,0,0,0,0,'',0),(418,5,1,0,1,375,667,24,0,0,0,0,0,0,'',1),(419,0,0,0,1,1024,1024,24,0,1,0,0,0,0,'',0),(420,0,0,0,1,1024,1024,24,0,1,0,0,0,0,'',0),(421,5,1,0,1,375,667,24,0,0,0,0,0,0,'',1),(422,0,0,0,1,1024,1024,24,0,1,0,0,0,0,'',0),(423,0,0,0,1,1024,1024,24,0,1,0,0,0,0,'',0),(424,0,0,0,1,1024,1024,24,0,1,0,0,0,0,'',0),(425,0,0,0,1,1024,1024,24,0,1,0,0,0,0,'',0),(426,0,0,0,1,1024,1024,24,0,1,0,0,0,0,'',0),(427,0,0,0,1,1024,1024,24,0,1,0,0,0,0,'',0),(428,5,1,0,1,375,667,24,0,0,0,0,0,0,'',1),(429,0,0,0,1,1024,1024,24,0,1,0,0,0,0,'',0),(430,0,0,0,1,1024,1024,24,0,1,0,0,0,0,'',0),(431,0,0,0,1,1024,1024,24,0,1,0,0,0,0,'',0),(432,5,1,0,1,375,667,24,0,0,0,0,0,0,'',1),(433,0,0,0,1,1024,1024,24,0,1,0,0,0,0,'',0),(434,0,0,0,1,1024,1024,24,0,1,0,0,0,0,'',0),(435,0,0,0,1,1024,1024,24,0,1,0,0,0,0,'',0),(436,0,0,0,1,1024,1024,24,0,1,0,0,0,0,'',0),(437,0,0,0,0,0,0,0,0,0,0,0,0,0,'',0),(438,0,0,0,1,1024,1024,24,0,1,0,0,0,0,'',0),(439,0,0,0,1,1024,1024,24,0,1,0,0,0,0,'',0),(440,0,0,0,1,1024,1024,24,0,1,0,0,0,0,'',0),(441,0,0,0,1,1024,1024,24,0,1,0,0,0,0,'',0),(442,0,0,0,1,1024,1024,24,0,1,0,0,0,0,'',0),(443,0,0,0,1,1024,1024,24,0,1,0,0,0,0,'',0),(444,0,0,0,1,1024,1024,24,0,1,0,0,0,0,'',0),(445,0,0,0,1,1024,1024,24,0,1,0,0,0,0,'',0),(446,0,0,0,1,1024,1024,24,0,1,0,0,0,0,'',0),(447,0,0,0,0,0,0,0,0,0,0,0,0,0,'',0),(448,0,0,0,1,1024,1024,24,0,1,0,0,0,0,'',0),(449,0,0,0,1,1024,1024,24,0,1,0,0,0,0,'',0),(450,0,0,0,1,1024,1024,24,0,1,0,0,0,0,'',0),(451,0,0,0,1,1024,1024,24,0,1,0,0,0,0,'',0),(452,0,0,0,1,1024,1024,24,0,1,0,0,0,0,'',0),(453,0,0,0,1,1024,1024,24,0,1,0,0,0,0,'',0),(454,0,0,0,1,1024,1024,24,0,1,0,0,0,0,'',0),(455,0,0,0,1,1024,1024,24,0,1,0,0,0,0,'',0),(456,0,0,0,1,1024,1024,24,0,1,0,0,0,0,'',0),(457,0,0,0,0,0,0,0,0,0,0,0,0,0,'',0),(458,0,0,0,0,0,0,0,0,0,0,0,0,0,'',0),(459,0,0,0,0,0,0,0,0,0,0,0,0,0,'',0),(460,0,0,0,0,0,0,0,0,0,0,0,0,0,'',0),(461,0,0,0,0,0,0,0,0,0,0,0,0,0,'',0),(462,0,0,0,0,0,0,0,0,0,0,0,0,0,'',0),(463,0,0,0,1,1024,1024,24,0,1,0,0,0,0,'',0),(464,0,0,0,1,1024,1024,24,0,1,0,0,0,0,'',0),(465,0,0,0,1,1024,1024,24,0,1,0,0,0,0,'',0),(466,0,0,0,1,1024,1024,24,0,1,0,0,0,0,'',0),(467,0,0,0,1,1024,1024,24,0,1,0,0,0,0,'',0),(468,0,0,0,1,1024,1024,24,0,1,0,0,0,0,'',0),(469,0,0,0,0,0,0,0,0,0,0,0,0,0,'',0),(470,0,0,0,1,1024,1024,24,0,1,0,0,0,0,'',0),(471,0,0,0,0,0,0,0,0,0,0,0,0,0,'',0),(472,0,0,0,1,1024,1024,24,0,1,0,0,0,0,'',0),(473,0,0,0,1,1024,1024,24,0,1,0,0,0,0,'',0),(474,0,0,0,1,1024,1024,24,0,1,0,0,0,0,'',0),(475,0,0,0,1,1024,1024,24,0,1,0,0,0,0,'',0),(476,0,0,0,1,1024,1024,24,0,1,0,0,0,0,'',0),(477,0,0,0,1,1024,1024,24,0,1,0,0,0,0,'',0),(478,0,0,0,1,1024,1024,24,0,1,0,0,0,0,'',0),(479,0,0,0,1,1024,1024,24,0,1,0,0,0,0,'',0),(480,0,0,0,1,1024,1024,24,0,1,0,0,0,0,'',0),(481,0,0,0,0,0,0,0,0,0,0,0,0,0,'',0),(482,0,0,0,1,1024,1024,24,0,1,0,0,0,0,'',0),(483,0,0,0,1,1024,1024,24,0,1,0,0,0,0,'',0),(484,0,0,0,1,1024,1024,24,0,1,0,0,0,0,'',0),(485,0,0,0,0,0,0,0,0,0,0,0,0,0,'',0),(486,0,0,0,1,1024,1024,24,0,1,0,0,0,0,'',0),(487,0,0,0,1,1024,1024,24,0,1,0,0,0,0,'',0),(488,0,0,0,1,1024,1024,24,0,1,0,0,0,0,'',0),(489,0,0,0,1,1024,1024,24,0,1,0,0,0,0,'',0),(490,0,0,0,1,1024,1024,24,0,1,0,0,0,0,'',0),(491,0,0,0,0,0,0,0,0,0,0,0,0,0,'',0),(492,0,0,0,1,1024,1024,24,0,1,0,0,0,0,'',0),(493,0,0,0,1,1024,1024,24,0,1,0,0,0,0,'',0),(494,0,0,0,1,1024,1024,24,0,1,0,0,0,0,'',0),(495,0,0,0,1,1024,1024,24,0,1,0,0,0,0,'',0),(496,0,0,0,1,1024,1024,24,0,1,0,0,0,0,'',0),(497,0,0,0,1,1024,1024,24,0,1,0,0,0,0,'',0),(498,0,0,0,1,1024,1024,24,0,1,0,0,0,0,'',0),(499,0,0,0,1,1024,1024,24,0,1,0,0,0,0,'',0),(500,0,0,0,1,1024,1024,24,0,1,0,0,0,0,'',0),(501,0,0,0,1,1024,1024,24,0,1,0,0,0,0,'',0),(502,0,0,0,1,1024,1024,24,0,1,0,0,0,0,'',0),(503,0,0,0,1,1024,1024,24,0,1,0,0,0,0,'',0),(504,0,0,0,1,1024,1024,24,0,1,0,0,0,0,'',0),(505,0,0,0,1,1024,1024,24,0,1,0,0,0,0,'',0),(506,0,0,0,1,1024,1024,24,0,1,0,0,0,0,'',0),(507,0,0,0,1,1024,1024,24,0,1,0,0,0,0,'',0),(508,0,0,0,1,1024,1024,24,0,1,0,0,0,0,'',0),(509,0,0,0,1,1024,1024,24,0,1,0,0,0,0,'',0),(510,0,0,0,1,1024,1024,24,0,1,0,0,0,0,'',0),(511,0,0,0,1,1024,1024,24,0,1,0,0,0,0,'',0),(512,0,0,0,1,1024,1024,24,0,1,0,0,0,0,'',0),(513,0,0,0,1,1024,1024,24,0,1,0,0,0,0,'',0),(514,0,0,0,1,1024,1024,24,0,1,0,0,0,0,'',0),(515,0,0,0,1,1024,1024,24,0,1,0,0,0,0,'',0),(516,0,0,0,1,1024,1024,24,0,1,0,0,0,0,'',0),(517,0,0,0,1,1024,1024,24,0,1,0,0,0,0,'',0),(518,0,0,0,1,1024,1024,24,0,1,0,0,0,0,'',0),(519,0,0,0,1,1024,1024,24,0,1,0,0,0,0,'',0),(520,0,0,0,1,1024,1024,24,0,1,0,0,0,0,'',0),(521,5,1,0,0,0,0,0,0,0,0,0,0,0,'',1),(522,0,0,0,1,1024,1024,24,0,1,0,0,0,0,'',0),(523,0,0,0,1,1024,1024,24,0,1,0,0,0,0,'',0),(524,0,0,0,1,1024,1024,24,0,1,0,0,0,0,'',0),(525,0,0,0,1,1024,1024,24,0,1,0,0,0,0,'',0),(526,0,0,0,0,0,0,0,0,0,0,0,0,0,'',0),(527,0,0,0,1,1024,1024,24,0,1,0,0,0,0,'',0),(528,0,0,0,1,1024,1024,24,0,1,0,0,0,0,'',0),(529,0,0,0,1,1024,1024,24,0,1,0,0,0,0,'',0),(530,0,0,0,1,1024,1024,24,0,1,0,0,0,0,'',0),(531,5,1,0,1,375,667,24,0,0,0,0,0,0,'',1),(532,0,0,0,1,1024,1024,24,0,1,0,0,0,0,'',0),(533,5,1,0,1,375,667,24,0,0,0,0,0,0,'',1),(534,5,1,0,1,375,667,24,0,0,0,0,0,0,'',1),(535,5,1,0,1,375,667,24,0,0,0,0,0,0,'',1),(536,5,1,0,1,375,667,24,0,0,0,0,0,0,'',1),(537,5,1,0,1,375,667,24,0,0,0,0,0,0,'',1),(538,5,1,0,1,375,667,24,0,0,0,0,0,0,'',1),(539,5,1,0,1,375,667,24,0,0,0,0,0,0,'',1),(540,0,0,0,1,1024,1024,24,0,1,0,0,0,0,'',0),(541,5,1,0,1,375,667,24,0,0,0,0,0,0,'',1),(542,5,1,0,1,375,667,24,0,0,0,0,0,0,'',1),(543,5,1,0,1,375,667,24,0,0,0,0,0,0,'',1),(544,5,1,0,1,375,667,24,0,0,0,0,0,0,'',1),(545,0,0,0,1,1024,1024,24,0,1,0,0,0,0,'',0),(546,0,0,0,1,1024,1024,24,0,1,0,0,0,0,'',0),(547,5,1,0,1,375,667,24,0,0,0,0,0,0,'',1),(548,5,1,0,1,375,667,24,0,0,0,0,0,0,'',1),(549,5,1,0,1,375,667,24,0,0,0,0,0,0,'',1),(550,5,1,0,1,375,667,24,0,0,0,0,0,0,'',1),(551,0,0,0,1,1024,1024,24,0,1,0,0,0,0,'',0),(552,0,0,0,0,0,0,0,0,0,0,0,0,0,'',0),(553,3,0,0,0,0,0,0,0,0,0,0,0,0,'',0),(554,0,0,0,1,1024,1024,24,0,1,0,0,0,0,'',0),(555,0,0,0,1,1024,1024,24,0,1,0,0,0,0,'',0),(556,0,0,0,1,1024,1024,24,0,1,0,0,0,0,'',0),(557,0,0,0,0,0,0,0,0,0,0,0,0,0,'',0),(558,0,0,0,1,1024,1024,24,0,1,0,0,0,0,'',0),(559,7,11,0,1,360,640,32,0,0,0,0,0,0,'en',1),(560,0,0,0,0,0,0,0,0,0,0,0,0,0,'',0),(561,0,0,0,0,0,0,0,0,0,0,0,0,0,'',0),(562,0,0,0,1,1024,1024,24,0,1,0,0,0,0,'',0),(563,0,0,0,1,1024,1024,24,0,1,0,0,0,0,'',0),(564,0,0,0,0,0,0,0,0,0,0,0,0,0,'',0),(565,0,0,0,1,1024,1024,24,0,1,0,0,0,0,'',0),(566,5,0,0,0,0,0,0,0,0,0,0,0,0,'en-us',1),(567,0,0,0,0,0,0,0,0,0,0,0,0,0,'',0),(568,0,0,0,0,0,0,0,0,0,0,0,0,0,'',0),(569,0,0,0,0,0,0,0,0,0,0,0,0,0,'',0),(570,5,1,0,1,375,667,24,0,0,0,0,0,0,'',1),(571,0,0,0,1,1024,1024,24,0,1,0,0,0,0,'',0),(572,5,1,0,1,375,667,24,0,0,0,0,0,0,'',1),(573,5,1,0,1,375,667,24,0,0,0,0,0,0,'',1),(574,0,0,0,0,0,0,0,0,0,0,0,0,0,'',0),(575,5,1,0,1,375,667,24,0,0,0,0,0,0,'',1),(576,5,1,0,1,375,667,24,0,0,0,0,0,0,'',1),(577,0,0,0,0,0,0,0,0,0,0,0,0,0,'',0),(578,5,1,0,0,0,0,0,0,0,0,0,0,0,'',1),(579,0,0,0,1,1024,1024,24,0,1,0,0,0,0,'',0),(580,0,0,0,0,0,0,0,0,0,0,0,0,0,'',0),(581,0,0,0,1,1024,1024,24,0,1,0,0,0,0,'',0),(582,0,0,0,0,0,0,0,0,0,0,0,0,0,'',0),(583,0,0,0,1,1024,1024,24,0,1,0,0,0,0,'',0),(584,0,0,0,1,1024,1024,24,0,1,0,0,0,0,'',0),(585,0,0,0,1,1024,1024,24,0,1,0,0,0,0,'',0),(586,0,0,0,1,1024,1024,24,0,1,0,0,0,0,'',0),(587,5,1,0,1,375,667,24,0,0,0,0,0,0,'',1),(588,0,0,0,1,1024,1024,24,0,1,0,0,0,0,'',0),(589,0,0,0,1,1024,1024,24,0,1,0,0,0,0,'',0),(590,0,0,0,1,1024,1024,24,0,1,0,0,0,0,'',0),(591,0,0,0,1,1024,1024,24,0,1,0,0,0,0,'',0),(592,0,0,0,1,1024,1024,24,0,1,0,0,0,0,'',0),(593,3,3,0,0,0,0,0,0,0,0,0,0,0,'es',0),(594,0,0,0,1,1024,1024,24,0,1,0,0,0,0,'',0),(595,0,10,0,1,1920,1080,24,0,1,0,0,0,1,'fr',0),(596,0,0,0,0,0,0,0,0,0,0,0,0,0,'',0),(597,0,0,0,0,0,0,0,0,0,0,0,0,0,'fr',0),(598,0,0,0,0,0,0,0,0,0,0,0,0,0,'',0),(599,0,0,0,1,1024,1024,24,0,1,0,0,0,0,'',0),(600,5,1,0,1,375,667,24,0,0,0,0,0,0,'',1),(601,7,11,0,1,360,640,32,0,0,0,0,0,0,'fr',1),(602,0,0,0,0,0,0,0,0,0,0,0,0,0,'',0),(603,5,1,0,1,375,667,24,0,0,0,0,0,0,'',1),(604,0,0,0,0,0,0,0,0,0,0,0,0,0,'',0),(605,7,11,0,1,360,640,32,0,0,0,0,0,0,'en',1),(606,5,3,0,1,1280,800,24,1,1,0,1,0,0,'fr',0),(607,1,3,0,0,0,0,0,0,0,0,0,0,0,'en-us',0),(608,1,3,0,0,0,0,0,0,0,0,0,0,0,'en-us',0),(609,7,11,0,1,360,640,32,0,0,0,0,0,0,'',1),(610,5,1,0,1,768,1024,32,0,0,0,0,0,0,'en-us',1),(611,7,11,0,1,360,640,32,0,0,0,0,0,0,'',1),(612,0,0,0,0,0,0,0,0,0,0,0,0,0,'',0),(613,0,0,0,0,0,0,0,0,0,0,0,0,0,'',0),(614,5,1,0,1,375,667,24,0,0,0,0,0,0,'',1),(615,1,11,0,1,1024,768,24,0,1,0,0,0,0,'',0),(616,3,11,0,0,0,0,0,0,0,0,0,0,0,'it',0),(617,3,3,0,0,0,0,0,0,0,0,0,0,0,'es',0),(618,3,3,0,0,0,0,0,0,0,0,0,0,0,'es',0),(619,5,1,0,0,0,0,0,0,0,0,0,0,0,'',1),(620,0,0,0,0,0,0,0,0,0,0,0,0,0,'',0),(621,0,0,0,1,1024,1024,24,0,1,0,0,0,0,'',0),(622,0,0,0,1,1024,1024,24,0,1,0,0,0,0,'',0),(623,0,0,0,1,1024,1024,24,0,1,0,0,0,0,'',0),(624,0,0,0,0,0,0,0,0,0,0,0,0,0,'',0),(625,0,0,0,0,0,0,0,0,0,0,0,0,0,'',0),(626,3,11,0,1,1366,768,24,1,1,0,0,0,1,'it',0),(627,0,0,0,0,0,0,0,0,0,0,0,0,0,'',0),(628,5,1,0,1,375,667,24,0,0,0,0,0,0,'',1),(629,0,3,13,1,1600,900,24,1,0,0,0,0,0,'fr',0),(630,1,3,0,0,0,0,0,0,0,0,0,0,0,'',0),(631,0,0,0,0,0,0,0,0,0,0,0,0,0,'en',0),(632,0,0,0,0,0,0,0,0,0,0,0,0,0,'',0),(633,3,3,0,0,0,0,0,0,0,0,0,0,0,'es',0),(634,0,0,0,1,1024,1024,24,0,1,0,0,0,0,'',0),(635,0,0,0,0,0,0,0,0,0,0,0,0,0,'',0),(636,5,1,0,1,375,667,24,0,0,0,0,0,0,'',1),(637,0,0,0,1,1024,1024,24,0,1,0,0,0,0,'',0),(638,0,0,0,0,0,0,0,0,0,0,0,0,0,'',0),(639,0,0,0,0,0,0,0,0,0,0,0,0,0,'',0),(640,0,0,0,0,0,0,0,0,0,0,0,0,0,'',0),(641,0,0,0,1,1024,1024,24,0,1,0,0,0,0,'',0),(642,5,1,0,0,0,0,0,0,0,0,0,0,0,'',1),(643,7,11,0,0,0,0,0,0,0,0,0,0,0,'en',1),(644,7,11,0,0,0,0,0,0,0,0,0,0,0,'en',1),(645,0,0,0,0,0,0,0,0,0,0,0,0,0,'',0),(646,0,0,0,0,0,0,0,0,0,0,0,0,0,'',0),(647,3,3,0,0,0,0,0,0,0,0,0,0,0,'es',0),(648,0,0,0,0,0,0,0,0,0,0,0,0,0,'',0),(649,1,10,0,0,0,0,0,0,0,0,0,0,0,'',0),(650,1,10,0,0,0,0,0,0,0,0,0,0,0,'',0),(651,5,1,0,1,375,667,24,0,0,0,0,0,0,'',1),(652,0,0,0,0,0,0,0,0,0,0,0,0,0,'',0),(653,0,0,0,1,1024,1024,24,0,1,0,0,0,0,'',0),(654,7,11,0,1,360,640,32,0,0,0,0,0,0,'en',1),(655,5,1,0,1,375,667,24,0,0,0,0,0,0,'',1),(656,0,0,0,0,0,0,0,0,0,0,0,0,0,'en',0),(657,0,0,0,1,1024,1024,24,0,1,0,0,0,0,'',0),(658,0,0,0,1,1024,1024,24,0,1,0,0,0,0,'',0),(659,0,0,0,1,1024,1024,24,0,1,0,0,0,0,'',0),(660,0,0,0,1,1024,1024,24,0,1,0,0,0,0,'',0),(661,0,0,0,0,0,0,0,0,0,0,0,0,0,'',0),(662,5,1,0,1,375,667,24,0,0,0,0,0,0,'',1),(663,3,11,0,1,1920,1080,24,0,1,0,0,0,0,'',0),(664,0,0,0,1,1024,1024,24,0,1,0,0,0,0,'',0),(665,3,3,0,0,0,0,0,0,0,0,0,0,0,'es',0),(666,0,0,0,1,1024,1024,24,0,1,0,0,0,0,'',0),(667,0,0,0,0,0,0,0,0,0,0,0,0,0,'en',0),(668,0,0,0,0,0,0,0,0,0,0,0,0,0,'',0),(669,0,0,0,1,1024,1024,24,0,1,0,0,0,0,'',0),(670,0,0,0,1,1024,1024,24,0,1,0,0,0,0,'',0),(671,0,0,0,1,1024,1024,24,0,1,0,0,0,0,'',0),(672,1,3,0,0,0,0,0,0,0,0,0,0,0,'',0),(673,0,0,0,1,1024,1024,24,0,1,0,0,0,0,'',0),(674,1,3,0,1,1366,768,24,0,1,0,0,0,0,'',0),(675,0,0,0,0,0,0,0,0,0,0,0,0,0,'en',0),(676,0,0,0,0,0,0,0,0,0,0,0,0,0,'',0),(677,5,1,0,0,0,0,0,0,0,0,0,0,0,'en-us',1),(678,3,11,0,0,0,0,0,0,0,0,0,0,0,'',0),(679,0,0,0,0,0,0,0,0,0,0,0,0,0,'',0),(680,0,0,0,0,0,0,0,0,0,0,0,0,0,'en',0),(681,0,0,0,0,0,0,0,0,0,0,0,0,0,'',0),(682,5,1,0,1,375,667,24,0,0,0,0,0,0,'',1),(683,3,3,0,0,0,0,0,0,0,0,0,0,0,'es',0),(684,3,3,0,0,0,0,0,0,0,0,0,0,0,'es',0),(685,3,11,0,1,1366,768,24,0,1,0,0,0,0,'fr',0),(686,0,0,0,0,0,0,0,0,0,0,0,0,0,'',0),(687,5,1,0,1,375,667,24,0,0,0,0,0,0,'',1),(688,3,11,0,1,1600,900,24,0,1,0,0,0,0,'',0),(689,0,0,0,0,0,0,0,0,0,0,0,0,0,'',0),(690,0,0,0,1,1024,1024,24,0,1,0,0,0,0,'',0),(691,5,1,0,1,2560,1440,24,0,1,0,1,0,0,'en-us',0),(692,0,0,0,0,0,0,0,0,0,0,0,0,0,'',0),(693,0,0,0,1,1024,1024,24,0,1,0,0,0,0,'',0),(694,0,0,0,0,0,0,0,0,0,0,0,0,0,'en',0),(695,0,0,0,0,0,0,0,0,0,0,0,0,0,'en',0),(696,0,0,0,0,0,0,0,0,0,0,0,0,0,'',0),(697,0,0,0,1,1024,1024,24,0,1,0,0,0,0,'',0),(698,0,0,0,0,0,0,0,0,0,0,0,0,0,'en',0),(699,5,1,0,0,0,0,0,0,0,0,0,0,0,'',1),(700,0,0,0,1,1024,1024,24,0,1,0,0,0,0,'',0),(701,3,3,0,0,0,0,0,0,0,0,0,0,0,'es',0),(702,3,3,0,0,0,0,0,0,0,0,0,0,0,'es',0),(703,0,11,0,0,0,0,0,0,0,0,0,0,0,'en',0),(704,0,0,0,0,0,0,0,0,0,0,0,0,0,'',0),(705,0,0,0,0,0,0,0,0,0,0,0,0,0,'',0),(706,3,3,0,1,1280,1024,24,1,1,0,0,0,0,'fr',0),(707,0,0,0,0,0,0,0,0,0,0,0,0,0,'',0),(708,5,1,0,1,375,667,24,0,0,0,0,0,0,'',1),(709,5,1,0,1,375,667,24,0,0,0,0,0,0,'',1),(710,0,0,0,0,0,0,0,0,0,0,0,0,0,'en',0),(711,5,1,0,1,375,667,24,0,0,0,0,0,0,'',1),(712,0,0,0,0,0,0,0,0,0,0,0,0,0,'zh-cn',0),(713,0,0,0,0,0,0,0,0,0,0,0,0,0,'zh-cn',0),(714,0,0,0,0,0,0,0,0,0,0,0,0,0,'',0),(715,0,0,0,1,1024,1024,24,0,1,0,0,0,0,'',0),(716,5,1,0,1,375,667,24,0,0,0,0,0,0,'',1),(717,3,3,0,0,0,0,0,0,0,0,0,0,0,'es',0),(718,3,3,0,0,0,0,0,0,0,0,0,0,0,'es',0),(719,3,3,0,0,0,0,0,0,0,0,0,0,0,'es',0),(720,3,3,0,0,0,0,0,0,0,0,0,0,0,'es',0),(721,0,0,0,0,0,0,0,0,0,0,0,0,0,'',0),(722,1,3,0,0,0,0,0,0,0,0,0,0,0,'',0),(723,0,0,0,0,0,0,0,0,0,0,0,0,0,'en',0),(724,5,1,0,1,375,667,24,0,0,0,0,0,0,'',1),(725,0,0,0,1,1024,1024,24,0,1,0,0,0,0,'',0),(726,0,0,0,1,1024,1024,24,0,1,0,0,0,0,'',0),(727,0,0,0,1,1024,1024,24,0,1,0,0,0,0,'',0),(728,0,0,0,0,0,0,0,0,0,0,0,0,0,'en',0),(729,0,0,0,1,1024,1024,24,0,1,0,0,0,0,'',0),(730,0,0,0,1,1024,1024,24,0,1,0,0,0,0,'',0),(731,0,0,0,1,1024,1024,24,0,1,0,0,0,0,'',0),(732,0,0,0,0,0,0,0,0,0,0,0,0,0,'',0),(733,0,0,0,1,1024,1024,24,0,1,0,0,0,0,'',0),(734,0,0,0,1,1024,1024,24,0,1,0,0,0,0,'',0),(735,0,0,0,1,1024,1024,24,0,1,0,0,0,0,'',0),(736,0,0,0,0,0,0,0,0,0,0,0,0,0,'en',0),(737,3,10,0,0,0,0,0,0,0,0,0,0,0,'en',0),(738,0,0,0,1,1024,1024,24,0,1,0,0,0,0,'',0),(739,0,0,0,0,0,0,0,0,0,0,0,0,0,'en',0),(740,0,0,0,1,1024,1024,24,0,1,0,0,0,0,'',0),(741,1,3,0,0,0,0,0,0,0,0,0,0,0,'',0),(742,5,0,0,1,320,568,32,0,0,0,0,0,0,'en-sg',1),(743,5,0,0,1,375,667,32,0,0,0,0,0,0,'en-us',1),(744,5,1,0,1,375,667,32,0,0,0,0,0,0,'en-us',1),(745,0,0,0,1,1024,1024,24,0,1,0,0,0,0,'',0),(746,0,0,0,1,1024,1024,24,0,1,0,0,0,0,'',0),(747,0,0,0,1,1024,1024,24,0,1,0,0,0,0,'',0),(748,0,0,0,0,0,0,0,0,0,0,0,0,0,'',0),(749,0,0,0,1,1024,1024,24,0,1,0,0,0,0,'',0),(750,0,0,0,1,1024,1024,24,0,1,0,0,0,0,'',0),(751,0,0,0,1,1024,1024,24,0,1,0,0,0,0,'',0),(752,0,0,0,1,1024,1024,24,0,1,0,0,0,0,'',0),(753,0,0,0,0,0,0,0,0,0,0,0,0,0,'en',0),(754,0,0,0,1,1024,1024,24,0,1,0,0,0,0,'',0),(755,3,10,0,0,0,0,0,0,0,0,0,0,0,'en',0),(756,0,0,0,1,1024,1024,24,0,1,0,0,0,0,'',0),(757,0,0,0,1,1024,1024,24,0,1,0,0,0,0,'',0),(758,0,0,0,1,1024,1024,24,0,1,0,0,0,0,'',0),(759,0,0,0,1,1024,1024,24,0,1,0,0,0,0,'',0),(760,5,1,0,0,0,0,0,0,0,0,0,0,0,'en-us',1),(761,5,1,0,1,375,667,24,0,0,0,0,0,0,'',1),(762,2,0,0,0,0,0,0,0,0,0,0,0,0,'zh-cn',0),(763,0,11,0,1,1280,720,24,0,1,0,0,0,0,'',0),(764,2,0,0,0,0,0,0,0,0,0,0,0,0,'zh-cn',0),(765,2,0,0,0,0,0,0,0,0,0,0,0,0,'zh-cn',0),(766,2,0,0,0,0,0,0,0,0,0,0,0,0,'zh-cn',0),(767,2,0,0,0,0,0,0,0,0,0,0,0,0,'zh-cn',0),(768,2,0,0,0,0,0,0,0,0,0,0,0,0,'zh-cn',0),(769,2,0,0,0,0,0,0,0,0,0,0,0,0,'zh-cn',0),(770,2,0,0,0,0,0,0,0,0,0,0,0,0,'zh-cn',0),(771,2,0,0,0,0,0,0,0,0,0,0,0,0,'zh-cn',0),(772,2,0,0,0,0,0,0,0,0,0,0,0,0,'zh-cn',0),(773,2,0,0,0,0,0,0,0,0,0,0,0,0,'zh-cn',0),(774,2,0,0,0,0,0,0,0,0,0,0,0,0,'zh-cn',0),(775,2,0,0,0,0,0,0,0,0,0,0,0,0,'zh-cn',0),(776,2,0,0,0,0,0,0,0,0,0,0,0,0,'zh-cn',0),(777,7,11,0,1,360,640,32,0,0,0,0,0,0,'',1),(778,0,0,0,0,0,0,0,0,0,0,0,0,0,'',0),(779,3,3,0,0,0,0,0,0,0,0,0,0,0,'es',0),(780,3,3,0,0,0,0,0,0,0,0,0,0,0,'es',0),(781,0,0,0,1,1024,1024,24,0,1,0,0,0,0,'',0),(782,0,0,0,1,1024,1024,24,0,1,0,0,0,0,'',0),(783,0,0,0,0,0,0,0,0,0,0,0,0,0,'en',0),(784,0,0,0,0,0,0,0,0,0,0,0,0,0,'en',0),(785,0,0,0,1,1024,1024,24,0,1,0,0,0,0,'',0),(786,5,1,0,1,375,667,24,0,0,0,0,0,0,'',1),(787,5,1,0,0,0,0,0,0,0,0,0,0,0,'en-us',1),(788,5,1,0,1,320,568,32,0,0,0,0,0,0,'en-us',1),(789,0,0,0,0,0,0,0,0,0,0,0,0,0,'',0),(790,5,1,0,1,375,667,24,0,0,0,0,0,0,'',1),(791,5,0,0,0,0,0,0,0,0,0,0,0,0,'en-us',1),(792,0,0,0,0,0,0,0,0,0,0,0,0,0,'en',0),(793,5,11,0,1,2560,1440,24,0,1,0,0,0,0,'nl',0),(794,3,3,0,1,1920,1080,24,1,1,0,0,0,0,'en-us',0),(795,5,2,0,0,0,0,0,0,0,0,0,0,0,'en-us',1),(796,1,3,0,0,0,0,0,0,0,0,0,0,0,'en-us',0),(797,1,3,0,0,0,0,0,0,0,0,0,0,0,'en-us',0),(798,0,10,0,0,0,0,0,0,0,0,0,0,0,'fr',0),(799,0,0,0,0,0,0,0,0,0,0,0,0,0,'',0),(800,0,0,0,0,0,0,0,0,0,0,0,0,0,'en',0),(801,0,0,0,0,0,0,0,0,0,0,0,0,0,'',0),(802,5,1,0,1,375,667,24,0,0,0,0,0,0,'',1),(803,3,3,0,0,0,0,0,0,0,0,0,0,0,'es',0),(804,3,3,0,1,1920,1080,24,1,1,0,0,0,0,'de',0),(805,5,1,0,0,0,0,0,0,0,0,0,0,0,'de-de',1),(806,0,0,0,0,0,0,0,0,0,0,0,0,0,'en',0),(807,0,0,0,0,0,0,0,0,0,0,0,0,0,'',0),(808,0,0,0,0,0,0,0,0,0,0,0,0,0,'',0),(809,0,0,0,0,0,0,0,0,0,0,0,0,0,'en',0),(810,0,0,0,0,0,0,0,0,0,0,0,0,0,'en',0),(811,0,0,0,0,0,0,0,0,0,0,0,0,0,'',0),(812,0,0,0,0,0,0,0,0,0,0,0,0,0,'',0),(813,0,0,0,0,0,0,0,0,0,0,0,0,0,'en',0),(814,4,11,12,0,0,0,0,0,0,0,0,0,0,'ja',0),(815,0,0,0,0,0,0,0,0,0,0,0,0,0,'en',0),(816,5,1,0,1,375,667,32,0,0,0,0,0,0,'',1),(817,5,1,0,0,0,0,0,0,0,0,0,0,0,'ja-jp',1),(818,0,0,0,0,0,0,0,0,0,0,0,0,0,'',0),(819,5,1,0,1,375,667,24,0,0,0,0,0,0,'',1),(820,0,0,0,0,0,0,0,0,0,0,0,0,0,'en',0),(821,0,0,0,0,0,0,0,0,0,0,0,0,0,'en',0),(822,0,0,0,1,1024,1024,24,0,1,0,0,0,0,'',0),(823,0,0,0,0,0,0,0,0,0,0,0,0,0,'',0),(824,3,11,0,1,1366,768,24,0,1,0,0,0,0,'ja',0),(825,3,10,0,1,1366,768,24,0,1,0,0,0,1,'en',0),(826,5,1,0,1,320,568,32,0,0,0,0,0,0,'en-us',1),(827,0,0,0,0,0,0,0,0,0,0,0,0,0,'en',0),(828,0,0,0,0,0,0,0,0,0,0,0,0,0,'zh-cn',0),(829,0,0,0,0,0,0,0,0,0,0,0,0,0,'zh-cn',0),(830,3,3,0,0,0,0,0,0,0,0,0,0,0,'es',0),(831,0,3,0,1,1280,720,24,0,0,0,0,0,0,'fr',0),(832,0,0,0,1,1024,1024,24,0,1,0,0,0,0,'',0),(833,0,0,0,0,0,0,0,0,0,0,0,0,0,'',0),(834,0,0,0,1,1024,1024,24,0,1,0,0,0,0,'',0),(835,1,3,0,0,0,0,0,0,0,0,0,0,0,'',0),(836,3,3,0,0,0,0,0,0,0,0,0,0,0,'es',0),(837,3,3,0,0,0,0,0,0,0,0,0,0,0,'es',0),(838,0,0,0,0,0,0,0,0,0,0,0,0,0,'',0),(839,0,0,0,1,1024,1024,24,0,1,0,0,0,0,'',0),(840,0,0,0,0,0,0,0,0,0,0,0,0,0,'',0),(841,0,0,0,0,0,0,0,0,0,0,0,0,0,'en',0),(843,1,10,0,0,0,0,0,0,0,0,0,0,0,'',0),(844,7,11,0,0,0,0,0,0,0,0,0,0,0,'de',1),(845,0,0,0,0,0,0,0,0,0,0,0,0,0,'',0),(846,0,0,0,1,1024,1024,24,0,1,0,0,0,0,'',0),(847,1,3,0,0,0,0,0,0,0,0,0,0,0,'',0),(848,0,0,0,0,0,0,0,0,0,0,0,0,0,'en',0),(849,0,0,0,0,0,0,0,0,0,0,0,0,0,'',0),(850,0,0,0,0,0,0,0,0,0,0,0,0,0,'en',0),(851,0,0,0,0,0,0,0,0,0,0,0,0,0,'',0),(852,0,0,0,1,1024,1024,24,0,1,0,0,0,0,'',0),(853,0,0,0,1,1024,1024,24,0,1,0,0,0,0,'',0),(854,3,3,0,0,0,0,0,0,0,0,0,0,0,'es',0),(855,0,0,0,1,1024,1024,24,0,1,0,0,0,0,'',0),(856,0,0,0,0,0,0,0,0,0,0,0,0,0,'',0),(857,0,11,0,1,2560,1440,24,0,1,0,0,0,0,'en',0),(858,0,0,0,0,0,0,0,0,0,0,0,0,0,'',0),(859,5,1,0,0,0,0,0,0,0,0,0,0,0,'',1),(860,0,0,0,1,1024,1024,24,0,1,0,0,0,0,'',0),(861,0,0,0,0,0,0,0,0,0,0,0,0,0,'en',0),(862,0,0,0,1,1024,1024,24,0,1,0,0,0,0,'',0),(863,5,1,0,1,383,638,24,0,0,0,0,0,0,'en',1),(864,0,0,0,0,0,0,0,0,0,0,0,0,0,'',0),(865,5,1,0,0,0,0,0,0,0,0,0,0,0,'',1),(866,0,0,0,0,0,0,0,0,0,0,0,0,0,'',0),(867,5,1,0,1,375,667,24,0,0,0,0,0,0,'',1),(868,0,0,0,1,1024,1024,24,0,1,0,0,0,0,'',0),(869,0,0,0,1,1024,1024,24,0,1,0,0,0,0,'',0),(870,0,0,0,1,1024,1024,24,0,1,0,0,0,0,'',0),(871,0,0,0,1,1024,1024,24,0,1,0,0,0,0,'',0),(872,0,0,0,1,1024,1024,24,0,1,0,0,0,0,'',0),(873,3,3,0,0,0,0,0,0,0,0,0,0,0,'es',0),(874,5,1,0,0,0,0,0,0,0,0,0,0,0,'',1),(875,5,1,0,1,375,667,24,0,0,0,0,0,0,'',1),(876,5,1,0,1,375,667,24,0,0,0,0,0,0,'',1),(877,0,0,0,0,0,0,0,0,0,0,0,0,0,'',0),(878,0,0,0,1,1024,1024,24,0,1,0,0,0,0,'',0),(879,0,0,0,0,0,0,0,0,0,0,0,0,0,'en',0),(880,5,11,0,1,2560,1440,24,0,1,0,0,0,0,'',0),(881,0,0,0,1,1024,1024,24,0,1,0,0,0,0,'',0),(882,3,10,0,0,0,0,0,0,0,0,0,0,0,'en',0),(883,5,1,0,0,0,0,0,0,0,0,0,0,0,'',1),(884,5,1,0,1,375,667,24,0,0,0,0,0,0,'',1),(885,5,1,0,1,375,667,24,0,0,0,0,0,0,'',1),(886,0,0,0,0,0,0,0,0,0,0,0,0,0,'en',0),(887,5,1,0,1,375,667,24,0,0,0,0,0,0,'',1),(888,5,1,0,1,375,667,24,0,0,0,0,0,0,'',1),(889,5,1,0,1,375,667,24,0,0,0,0,0,0,'',1),(890,0,0,0,0,0,0,0,0,0,0,0,0,0,'en',0),(891,0,0,0,0,0,0,0,0,0,0,0,0,0,'en',0),(892,0,0,0,0,0,0,0,0,0,0,0,0,0,'',0),(893,0,0,0,1,1024,1024,24,0,1,0,0,0,0,'',0),(894,5,1,0,1,375,667,24,0,0,0,0,0,0,'',1),(895,5,1,0,1,375,667,24,0,0,0,0,0,0,'',1),(896,5,1,0,1,375,667,24,0,0,0,0,0,0,'',1),(897,0,0,0,1,1024,1024,24,0,1,0,0,0,0,'',0),(898,0,0,0,1,1024,1024,24,0,1,0,0,0,0,'',0),(899,5,1,0,1,375,667,24,0,0,0,0,0,0,'',1),(900,5,1,0,0,0,0,0,0,0,0,0,0,0,'',1),(901,5,1,0,1,375,667,24,0,0,0,0,0,0,'',1),(902,0,0,0,0,0,0,0,0,0,0,0,0,0,'en',0),(903,5,1,0,1,375,667,24,0,0,0,0,0,0,'',1),(904,5,1,0,1,375,667,24,0,0,0,0,0,0,'',1),(905,5,1,0,1,375,667,24,0,0,0,0,0,0,'',1),(906,5,1,0,1,375,667,24,0,0,0,0,0,0,'',1),(907,5,1,0,1,375,667,24,0,0,0,0,0,0,'',1),(908,0,0,0,1,1024,1024,24,0,1,0,0,0,0,'',0),(909,5,1,0,1,375,667,24,0,0,0,0,0,0,'',1),(910,0,0,0,1,1024,1024,24,0,1,0,0,0,0,'',0),(911,0,0,0,0,0,0,0,0,0,0,0,0,0,'',0),(912,0,0,0,1,1024,1024,24,0,1,0,0,0,0,'',0),(913,0,0,0,1,1024,1024,24,0,1,0,0,0,0,'',0),(914,0,0,0,1,1024,1024,24,0,1,0,0,0,0,'',0),(915,0,0,0,1,1024,1024,24,0,1,0,0,0,0,'',0),(916,0,0,0,1,1024,1024,24,0,1,0,0,0,0,'',0),(917,0,0,0,1,1024,1024,24,0,1,0,0,0,0,'',0),(918,0,0,0,1,1024,1024,24,0,1,0,0,0,0,'',0),(919,0,0,0,1,1024,1024,24,0,1,0,0,0,0,'',0),(920,0,0,0,1,1024,1024,24,0,1,0,0,0,0,'',0),(921,5,1,0,1,375,667,24,0,0,0,0,0,0,'',1),(922,5,1,0,1,375,667,24,0,0,0,0,0,0,'',1),(923,0,0,0,0,0,0,0,0,0,0,0,0,0,'',0),(924,5,1,0,1,375,667,24,0,0,0,0,0,0,'',1),(925,5,1,0,1,375,667,24,0,0,0,0,0,0,'',1),(926,5,1,0,1,375,667,24,0,0,0,0,0,0,'',1),(927,5,0,0,0,0,0,0,0,0,0,0,0,0,'ja-jp',1),(928,5,1,0,1,375,667,24,0,0,0,0,0,0,'',1),(929,5,1,0,1,375,667,24,0,0,0,0,0,0,'',1),(930,5,1,0,1,375,667,24,0,0,0,0,0,0,'',1),(931,5,1,0,1,375,667,24,0,0,0,0,0,0,'',1),(932,3,3,0,0,0,0,0,0,0,0,0,0,0,'es',0),(933,3,10,0,0,0,0,0,0,0,0,0,0,0,'en',0),(934,0,0,0,0,0,0,0,0,0,0,0,0,0,'',0),(935,0,0,0,0,0,0,0,0,0,0,0,0,0,'',0),(936,0,0,0,1,1024,1024,24,0,1,0,0,0,0,'',0),(937,5,1,0,1,375,667,24,0,0,0,0,0,0,'',1),(938,5,1,0,1,375,667,32,0,0,0,0,0,0,'en-gb',1),(939,5,1,0,1,375,667,24,0,0,0,0,0,0,'',1),(940,5,1,0,1,375,667,24,0,0,0,0,0,0,'',1),(941,5,1,0,1,375,667,24,0,0,0,0,0,0,'',1),(942,5,1,0,1,375,667,24,0,0,0,0,0,0,'',1),(943,5,1,0,1,375,667,24,0,0,0,0,0,0,'',1),(944,5,1,0,1,375,667,24,0,0,0,0,0,0,'',1),(945,5,1,0,1,375,667,24,0,0,0,0,0,0,'',1),(946,5,1,0,1,375,667,24,0,0,0,0,0,0,'',1),(947,5,1,0,1,375,667,24,0,0,0,0,0,0,'',1),(948,5,1,0,1,375,667,24,0,0,0,0,0,0,'',1),(949,5,1,0,1,375,667,24,0,0,0,0,0,0,'',1),(950,5,1,0,1,375,667,24,0,0,0,0,0,0,'',1),(951,5,1,0,1,375,667,24,0,0,0,0,0,0,'',1),(952,5,1,0,1,375,667,24,0,0,0,0,0,0,'',1),(953,5,1,0,1,375,667,24,0,0,0,0,0,0,'',1),(954,0,0,0,1,1024,1024,24,0,1,0,0,0,0,'',0),(955,5,11,0,1,1440,900,24,0,1,0,0,0,0,'en',0),(956,0,0,0,0,0,0,0,0,0,0,0,0,0,'',0),(957,5,1,0,1,375,667,24,0,0,0,0,0,0,'',1),(958,0,0,0,1,1024,1024,24,0,1,0,0,0,0,'',0),(959,5,1,0,1,375,667,24,0,0,0,0,0,0,'',1),(960,0,0,0,0,0,0,0,0,0,0,0,0,0,'en',0),(961,5,1,0,1,375,667,24,0,0,0,0,0,0,'',1),(962,0,11,0,1,1366,768,24,0,1,0,0,0,0,'',0),(963,0,0,0,0,0,0,0,0,0,0,0,0,0,'en',0),(964,5,1,0,1,1280,800,24,0,1,0,0,0,0,'en-us',0),(965,5,1,0,1,375,667,24,0,0,0,0,0,0,'',1),(966,5,1,0,1,375,667,24,0,0,0,0,0,0,'',1),(967,5,1,0,1,375,667,24,0,0,0,0,0,0,'',1),(968,5,1,0,1,375,667,24,0,0,0,0,0,0,'',1),(969,3,11,0,1,1920,1080,24,0,1,0,0,0,0,'',0),(970,5,1,0,1,375,667,24,0,0,0,0,0,0,'',1),(971,5,1,0,1,375,667,24,0,0,0,0,0,0,'',1),(972,5,1,0,1,375,667,24,0,0,0,0,0,0,'',1),(974,5,1,0,1,375,667,24,0,0,0,0,0,0,'',1),(975,0,0,0,0,0,0,0,0,0,0,0,0,0,'en',0),(976,5,1,0,1,375,667,24,0,0,0,0,0,0,'',1),(977,0,0,0,1,1024,1024,24,0,1,0,0,0,0,'',0),(978,5,1,0,0,0,0,0,0,0,0,0,0,0,'',1),(979,0,0,0,0,0,0,0,0,0,0,0,0,0,'en',0),(980,3,3,0,0,0,0,0,0,0,0,0,0,0,'es',0),(981,3,3,0,0,0,0,0,0,0,0,0,0,0,'es',0),(982,0,0,0,0,0,0,0,0,0,0,0,0,0,'',0),(983,5,1,0,1,375,667,24,0,0,0,0,0,0,'',1),(984,0,0,0,0,0,0,0,0,0,0,0,0,0,'',0),(985,0,0,0,0,0,0,0,0,0,0,0,0,0,'',0),(986,0,0,0,1,1024,1024,24,0,1,0,0,0,0,'',0),(987,5,1,0,1,375,667,24,0,0,0,0,0,0,'',1),(988,5,1,0,1,375,667,24,0,0,0,0,0,0,'',1),(989,0,0,0,1,1024,1024,24,0,1,0,0,0,0,'',0),(990,5,1,0,1,375,667,24,0,0,0,0,0,0,'',1),(991,5,1,0,1,375,667,24,0,0,0,0,0,0,'',1),(992,0,0,0,1,1024,1024,24,0,1,0,0,0,0,'',0),(993,0,0,0,1,1024,1024,24,0,1,0,0,0,0,'',0),(994,0,0,0,1,1024,1024,24,0,1,0,0,0,0,'',0),(995,0,0,0,1,1024,1024,24,0,1,0,0,0,0,'',0),(996,5,1,0,1,375,667,24,0,0,0,0,0,0,'',1),(997,1,3,0,0,0,0,0,0,0,0,0,0,0,'zh-tw',0),(998,5,1,0,1,375,667,24,0,0,0,0,0,0,'',1),(999,0,0,0,1,1024,1024,24,0,1,0,0,0,0,'',0),(1000,0,0,0,1,1024,1024,24,0,1,0,0,0,0,'',0),(1001,0,0,0,1,1024,1024,24,0,1,0,0,0,0,'',0),(1002,0,0,0,1,1024,1024,24,0,1,0,0,0,0,'',0),(1003,0,0,0,1,1024,1024,24,0,1,0,0,0,0,'',0),(1004,0,0,0,1,1024,1024,24,0,1,0,0,0,0,'',0),(1005,0,0,0,1,1024,1024,24,0,1,0,0,0,0,'',0),(1006,0,0,0,1,1024,1024,24,0,1,0,0,0,0,'',0),(1007,0,3,0,1,1600,900,24,1,0,0,0,0,0,'fr',0),(1008,0,0,0,0,0,0,0,0,0,0,0,0,0,'en',0),(1009,0,0,0,1,1024,1024,24,0,1,0,0,0,0,'',0),(1010,0,0,0,1,1024,1024,24,0,1,0,0,0,0,'',0),(1011,0,0,0,1,1024,1024,24,0,1,0,0,0,0,'',0),(1012,5,1,0,1,375,667,24,0,0,0,0,0,0,'',1),(1013,0,0,0,0,0,0,0,0,0,0,0,0,0,'',0),(1014,0,0,0,1,1024,1024,24,0,1,0,0,0,0,'',0),(1015,0,0,0,1,1024,1024,24,0,1,0,0,0,0,'',0),(1016,0,0,0,1,1024,1024,24,0,1,0,0,0,0,'',0),(1017,0,0,0,1,1024,1024,24,0,1,0,0,0,0,'',0),(1018,0,0,0,1,1024,1024,24,0,1,0,0,0,0,'',0),(1019,0,0,0,1,1024,1024,24,0,1,0,0,0,0,'',0),(1020,0,0,0,1,1024,1024,24,0,1,0,0,0,0,'',0),(1021,0,0,0,1,1024,1024,24,0,1,0,0,0,0,'',0),(1022,0,0,0,1,1024,1024,24,0,1,0,0,0,0,'',0),(1023,0,0,0,1,1024,1024,24,0,1,0,0,0,0,'',0),(1024,0,0,0,0,0,0,0,0,0,0,0,0,0,'en',0),(1025,0,0,0,1,1024,1024,24,0,1,0,0,0,0,'',0),(1026,0,0,0,1,1024,1024,24,0,1,0,0,0,0,'',0),(1027,0,0,0,1,1024,1024,24,0,1,0,0,0,0,'',0),(1028,0,0,0,1,1024,1024,24,0,1,0,0,0,0,'',0),(1029,0,0,0,1,1024,1024,24,0,1,0,0,0,0,'',0),(1030,5,1,0,1,375,667,24,0,0,0,0,0,0,'',1),(1031,5,1,0,1,375,667,24,0,0,0,0,0,0,'',1),(1032,5,1,0,1,375,667,24,0,0,0,0,0,0,'',1),(1033,5,1,0,1,375,667,24,0,0,0,0,0,0,'',1),(1034,5,1,0,1,375,667,24,0,0,0,0,0,0,'',1),(1035,5,1,0,0,0,0,0,0,0,0,0,0,0,'',1),(1036,5,1,0,0,0,0,0,0,0,0,0,0,0,'',1),(1037,0,0,0,0,0,0,0,0,0,0,0,0,0,'',0),(1038,0,0,0,1,1024,1024,24,0,1,0,0,0,0,'',0),(1039,0,0,0,1,1024,1024,24,0,1,0,0,0,0,'',0),(1040,1,3,0,0,0,0,0,0,0,0,0,0,0,'zh-tw',0),(1041,5,1,0,1,375,667,24,0,0,0,0,0,0,'',1),(1042,5,1,0,1,375,667,24,0,0,0,0,0,0,'',1),(1043,5,1,0,1,375,667,24,0,0,0,0,0,0,'',1),(1044,5,1,0,1,375,667,24,0,0,0,0,0,0,'',1),(1045,0,0,0,0,0,0,0,0,0,0,0,0,0,'',0),(1046,0,0,0,0,0,0,0,0,0,0,0,0,0,'',0),(1047,7,3,0,1,400,640,24,0,0,0,0,0,0,'',1),(1048,0,0,0,0,0,0,0,0,0,0,0,0,0,'',0),(1049,5,1,0,0,0,0,0,0,0,0,0,0,0,'',1),(1050,0,0,0,0,0,0,0,0,0,0,0,0,0,'',0),(1051,5,1,0,1,375,667,24,0,0,0,0,0,0,'',1),(1052,5,1,0,1,375,667,24,0,0,0,0,0,0,'',1),(1053,5,1,0,1,375,667,24,0,0,0,0,0,0,'',1),(1054,5,1,0,1,375,667,24,0,0,0,0,0,0,'',1),(1055,5,1,0,1,375,667,24,0,0,0,0,0,0,'',1),(1056,5,1,0,1,375,667,24,0,0,0,0,0,0,'',1),(1057,5,1,0,1,375,667,24,0,0,0,0,0,0,'',1),(1058,0,0,0,0,0,0,0,0,0,0,0,0,0,'',0),(1059,0,0,0,0,0,0,0,0,0,0,0,0,0,'',0),(1060,3,10,0,1,1301,731,24,1,1,0,0,0,1,'ja',0),(1061,0,0,0,0,0,0,0,0,0,0,0,0,0,'',0),(1062,5,1,0,1,375,667,24,0,0,0,0,0,0,'',1),(1063,5,1,0,1,375,667,24,0,0,0,0,0,0,'',1),(1064,0,0,0,0,0,0,0,0,0,0,0,0,0,'en',0),(1065,5,1,0,1,768,1024,32,0,0,0,0,0,0,'',1),(1066,5,1,0,1,375,667,24,0,0,0,0,0,0,'',1),(1067,5,1,0,1,375,667,24,0,0,0,0,0,0,'',1),(1068,3,3,0,0,0,0,0,0,0,0,0,0,0,'es',0),(1069,0,11,14,1,1366,768,24,0,1,0,0,0,0,'',0),(1070,5,1,0,1,375,667,24,0,0,0,0,0,0,'',1),(1071,5,1,0,1,375,667,24,0,0,0,0,0,0,'',1),(1072,5,1,0,1,375,667,24,0,0,0,0,0,0,'',1),(1073,0,0,0,1,1024,1024,24,0,1,0,0,0,0,'',0),(1074,5,1,0,1,375,667,24,0,0,0,0,0,0,'',1),(1075,5,1,0,1,375,667,24,0,0,0,0,0,0,'',1),(1076,0,0,0,0,0,0,0,0,0,0,0,0,0,'',0),(1077,7,11,0,1,360,640,32,0,0,0,0,0,0,'',1),(1078,0,0,0,0,0,0,0,0,0,0,0,0,0,'',0),(1079,0,0,0,1,1024,1024,24,0,1,0,0,0,0,'',0),(1080,5,1,0,1,375,667,24,0,0,0,0,0,0,'',1),(1081,0,0,0,1,1024,1024,24,0,1,0,0,0,0,'',0),(1082,5,1,0,1,375,667,24,0,0,0,0,0,0,'',1),(1083,0,0,0,1,1024,1024,24,0,1,0,0,0,0,'',0),(1084,0,0,0,1,1024,1024,24,0,1,0,0,0,0,'',0),(1085,7,11,0,1,360,640,32,0,0,0,0,0,0,'',1),(1086,0,0,0,0,0,0,0,0,0,0,0,0,0,'en',0),(1087,5,1,0,1,375,667,24,0,0,0,0,0,0,'',1),(1088,0,0,0,1,1024,1024,24,0,1,0,0,0,0,'',0),(1089,0,0,0,0,0,0,0,0,0,0,0,0,0,'',0),(1090,0,0,0,1,1024,1024,24,0,1,0,0,0,0,'',0),(1091,0,0,0,1,1024,1024,24,0,1,0,0,0,0,'',0),(1092,5,1,0,0,0,0,0,0,0,0,0,0,0,'',1),(1093,0,0,0,1,1024,1024,24,0,1,0,0,0,0,'',0),(1094,5,1,0,0,0,0,0,0,0,0,0,0,0,'',1),(1095,5,1,0,1,375,667,24,0,0,0,0,0,0,'',1),(1096,5,0,0,0,0,0,0,0,0,0,0,0,0,'en',0),(1097,5,1,0,1,2560,1440,24,0,1,0,1,0,0,'en-us',0),(1098,5,1,0,1,2560,1440,24,0,1,0,1,0,0,'en-us',0),(1099,5,1,0,1,375,667,24,0,0,0,0,0,0,'',1),(1100,5,1,0,1,375,667,24,0,0,0,0,0,0,'',1),(1101,5,1,0,1,375,667,24,0,0,0,0,0,0,'',1),(1102,3,3,0,1,1366,768,24,1,1,1,0,0,0,'',0),(1103,0,0,0,0,0,0,0,0,0,0,0,0,0,'',0),(1104,5,1,0,1,375,667,24,0,0,0,0,0,0,'',1),(1105,5,1,0,1,375,667,24,0,0,0,0,0,0,'',1),(1106,5,1,0,1,375,667,24,0,0,0,0,0,0,'',1),(1107,3,10,0,0,0,0,0,0,0,0,0,0,0,'en',0),(1108,5,1,0,1,375,667,24,0,0,0,0,0,0,'',1),(1109,0,0,0,1,1024,1024,24,0,1,0,0,0,0,'',0),(1110,0,0,0,0,0,0,0,0,0,0,0,0,0,'',0),(1111,0,0,0,0,0,0,0,0,0,0,0,0,0,'',0),(1112,0,0,0,1,1024,1024,24,0,1,0,0,0,0,'',0),(1113,0,0,0,1,1024,1024,24,0,1,0,0,0,0,'',0),(1114,5,1,0,1,375,667,24,0,0,0,0,0,0,'',1),(1115,3,3,0,0,0,0,0,0,0,0,0,0,0,'es',0),(1116,0,0,0,0,0,0,0,0,0,0,0,0,0,'',0),(1117,3,3,0,0,0,0,0,0,0,0,0,0,0,'es',0),(1118,3,3,0,0,0,0,0,0,0,0,0,0,0,'es',0),(1119,5,1,0,1,375,667,24,0,0,0,0,0,0,'',1),(1120,5,1,0,0,0,0,0,0,0,0,0,0,0,'',1),(1121,0,0,0,0,0,0,0,0,0,0,0,0,0,'',0),(1122,5,1,0,1,375,667,24,0,0,0,0,0,0,'',1),(1123,0,0,0,1,1024,1024,24,0,1,0,0,0,0,'',0),(1124,0,0,0,0,0,0,0,0,0,0,0,0,0,'',0),(1125,0,0,0,0,0,0,0,0,0,0,0,0,0,'',0),(1126,3,11,0,1,1366,768,24,0,1,0,0,0,0,'',0),(1127,0,0,0,1,1024,1024,24,0,1,0,0,0,0,'',0),(1128,0,0,0,1,1024,1024,24,0,1,0,0,0,0,'',0),(1129,0,0,0,0,0,0,0,0,0,0,0,0,0,'en',0),(1130,5,1,0,1,1280,800,24,0,1,0,0,0,0,'fr-fr',0),(1131,0,0,0,0,0,0,0,0,0,0,0,0,0,'',0),(1132,0,0,0,1,1024,1024,24,0,1,0,0,0,0,'',0),(1133,0,0,0,1,1024,1024,24,0,1,0,0,0,0,'',0),(1134,0,0,0,0,0,0,0,0,0,0,0,0,0,'en',0),(1135,0,0,0,1,1024,1024,24,0,1,0,0,0,0,'',0),(1136,0,0,0,1,1024,1024,24,0,1,0,0,0,0,'',0),(1137,0,0,0,1,1024,1024,24,0,1,0,0,0,0,'',0),(1138,0,0,0,1,1024,1024,24,0,1,0,0,0,0,'',0),(1139,0,0,0,1,1024,1024,24,0,1,0,0,0,0,'',0),(1140,0,0,0,1,1024,1024,24,0,1,0,0,0,0,'',0),(1141,0,0,0,1,1024,1024,24,0,1,0,0,0,0,'',0),(1142,0,0,0,1,1024,1024,24,0,1,0,0,0,0,'',0),(1143,0,0,0,1,1024,1024,24,0,1,0,0,0,0,'',0),(1144,0,0,0,1,1024,1024,24,0,1,0,0,0,0,'',0),(1145,0,0,0,1,1024,1024,24,0,1,0,0,0,0,'',0),(1146,0,0,0,1,1024,1024,24,0,1,0,0,0,0,'',0),(1147,0,0,0,1,1024,1024,24,0,1,0,0,0,0,'',0),(1148,0,0,0,0,0,0,0,0,0,0,0,0,0,'',0),(1149,0,3,0,1,1600,900,24,1,1,0,0,0,0,'fr',0),(1150,0,0,0,1,1024,1024,24,0,1,0,0,0,0,'',0),(1151,0,0,0,1,1024,1024,24,0,1,0,0,0,0,'',0),(1152,1,11,0,1,1280,768,24,0,1,0,0,0,0,'',0),(1153,0,0,0,1,1024,1024,24,0,1,0,0,0,0,'',0),(1154,0,0,0,1,1024,1024,24,0,1,0,0,0,0,'',0),(1155,0,0,0,1,1024,1024,24,0,1,0,0,0,0,'',0),(1156,0,11,0,1,1366,768,24,0,1,0,0,0,0,'',0),(1157,0,0,0,1,1024,1024,24,0,1,0,0,0,0,'',0),(1158,7,11,0,1,360,640,32,0,0,0,0,0,0,'en',1),(1159,0,0,0,1,1024,1024,24,0,1,0,0,0,0,'',0),(1160,0,0,0,0,0,0,0,0,0,0,0,0,0,'en',0),(1161,0,0,0,0,0,0,0,0,0,0,0,0,0,'',0),(1162,5,1,0,0,0,0,0,0,0,0,0,0,0,'',1),(1163,1,3,0,0,0,0,0,0,0,0,0,0,0,'en-us',0),(1164,1,3,0,0,0,0,0,0,0,0,0,0,0,'en-us',0),(1165,5,1,0,1,375,667,24,0,0,0,0,0,0,'',1),(1166,5,1,0,1,375,667,24,0,0,0,0,0,0,'',1),(1167,5,1,0,1,375,667,24,0,0,0,0,0,0,'',1),(1168,5,1,0,1,375,667,24,0,0,0,0,0,0,'',1),(1169,5,1,0,0,0,0,0,0,0,0,0,0,0,'',1),(1170,5,1,0,1,375,667,24,0,0,0,0,0,0,'',1),(1171,5,1,0,1,375,667,24,0,0,0,0,0,0,'',1),(1172,5,1,0,0,0,0,0,0,0,0,0,0,0,'',1),(1173,5,1,0,1,375,667,24,0,0,0,0,0,0,'',1),(1174,0,0,0,1,1024,1024,24,0,1,0,0,0,0,'',0),(1175,0,0,0,1,1024,1024,24,0,1,0,0,0,0,'',0),(1176,0,0,0,1,1024,1024,24,0,1,0,0,0,0,'',0),(1177,0,0,0,1,1024,1024,24,0,1,0,0,0,0,'',0),(1178,0,0,0,1,1024,1024,24,0,1,0,0,0,0,'',0),(1179,0,0,0,1,1024,1024,24,0,1,0,0,0,0,'',0),(1180,0,0,0,1,1024,1024,24,0,1,0,0,0,0,'',0),(1181,0,0,0,1,1024,1024,24,0,1,0,0,0,0,'',0),(1182,5,1,0,1,375,667,24,0,0,0,0,0,0,'',1),(1183,0,0,0,0,0,0,0,0,0,0,0,0,0,'en',0),(1184,5,1,0,1,375,667,24,0,0,0,0,0,0,'',1),(1185,5,1,0,1,375,667,24,0,0,0,0,0,0,'',1),(1186,5,1,0,1,375,667,24,0,0,0,0,0,0,'',1),(1187,5,1,0,1,375,667,24,0,0,0,0,0,0,'',1),(1188,5,1,0,1,375,667,24,0,0,0,0,0,0,'',1),(1189,5,1,0,0,0,0,0,0,0,0,0,0,0,'',1),(1190,5,1,0,1,375,667,24,0,0,0,0,0,0,'',1),(1191,5,1,0,1,375,667,24,0,0,0,0,0,0,'',1),(1192,5,1,0,1,375,667,24,0,0,0,0,0,0,'',1),(1193,5,1,0,1,375,667,24,0,0,0,0,0,0,'',1),(1194,0,0,0,1,1024,1024,24,0,1,0,0,0,0,'',0),(1195,0,0,0,1,1024,1024,24,0,1,0,0,0,0,'',0),(1196,5,1,0,1,375,667,24,0,0,0,0,0,0,'',1),(1197,5,1,0,1,375,667,24,0,0,0,0,0,0,'',1),(1198,0,0,0,0,0,0,0,0,0,0,0,0,0,'',0),(1199,0,0,0,0,0,0,0,0,0,0,0,0,0,'',0),(1200,0,0,0,0,0,0,0,0,0,0,0,0,0,'',0),(1201,0,0,0,0,0,0,0,0,0,0,0,0,0,'',0),(1202,0,0,0,0,0,0,0,0,0,0,0,0,0,'',0),(1203,5,1,0,1,375,667,24,0,0,0,0,0,0,'',1),(1204,5,1,0,1,375,667,24,0,0,0,0,0,0,'',1),(1205,5,1,0,1,375,667,24,0,0,0,0,0,0,'',1),(1206,5,1,0,1,375,667,24,0,0,0,0,0,0,'',1),(1207,3,3,0,0,0,0,0,0,0,0,0,0,0,'es',0),(1208,0,0,0,1,1024,1024,24,0,1,0,0,0,0,'',0),(1209,0,0,0,1,1024,1024,24,0,1,0,0,0,0,'',0),(1210,5,1,0,0,0,0,0,0,0,0,0,0,0,'en-us',1),(1211,5,1,0,0,0,0,0,0,0,0,0,0,0,'en-us',1),(1212,5,1,0,1,375,667,24,0,0,0,0,0,0,'',1),(1213,0,0,0,1,1024,1024,24,0,1,0,0,0,0,'',0),(1214,5,1,0,0,0,0,0,0,0,0,0,0,0,'en-us',1),(1215,0,0,0,1,1024,1024,24,0,1,0,0,0,0,'',0),(1216,0,0,0,1,1024,1024,24,0,1,0,0,0,0,'',0),(1217,0,0,0,1,1024,1024,24,0,1,0,0,0,0,'',0),(1218,0,0,0,1,1024,1024,24,0,1,0,0,0,0,'',0),(1219,0,0,0,0,0,0,0,0,0,0,0,0,0,'',0),(1220,0,0,0,0,0,0,0,0,0,0,0,0,0,'',0),(1221,0,0,0,1,1024,1024,24,0,1,0,0,0,0,'',0),(1222,0,0,0,1,1024,1024,24,0,1,0,0,0,0,'',0),(1223,0,0,0,1,1024,1024,24,0,1,0,0,0,0,'',0),(1224,0,0,0,1,1024,1024,24,0,1,0,0,0,0,'',0),(1225,0,0,0,1,1024,1024,24,0,1,0,0,0,0,'',0),(1226,0,0,0,1,1024,1024,24,0,1,0,0,0,0,'',0),(1227,0,0,0,1,1024,1024,24,0,1,0,0,0,0,'',0),(1228,0,0,0,0,0,0,0,0,0,0,0,0,0,'',0),(1229,0,0,0,0,0,0,0,0,0,0,0,0,0,'',0),(1230,0,0,0,1,1024,1024,24,0,1,0,0,0,0,'',0),(1231,0,0,0,1,1024,1024,24,0,1,0,0,0,0,'',0),(1232,5,1,0,1,375,667,24,0,0,0,0,0,0,'',1),(1233,5,1,0,1,375,667,24,0,0,0,0,0,0,'',1),(1234,5,1,0,1,375,667,24,0,0,0,0,0,0,'',1),(1235,0,3,0,0,0,0,0,0,0,0,0,0,0,'',0),(1236,0,3,0,0,0,0,0,0,0,0,0,0,0,'',0),(1237,0,3,0,0,0,0,0,0,0,0,0,0,0,'',0),(1238,5,1,0,1,375,667,24,0,0,0,0,0,0,'',1),(1239,5,1,0,1,375,667,24,0,0,0,0,0,0,'',1),(1240,5,1,0,1,375,667,24,0,0,0,0,0,0,'',1),(1241,5,1,0,1,375,667,24,0,0,0,0,0,0,'',1),(1242,1,3,0,0,0,0,0,0,0,0,0,0,0,'zh-tw',0),(1243,0,0,0,0,0,0,0,0,0,0,0,0,0,'en',0),(1244,0,0,0,1,1024,1024,24,0,1,0,0,0,0,'',0),(1245,5,1,0,0,0,0,0,0,0,0,0,0,0,'',1),(1246,0,0,0,0,0,0,0,0,0,0,0,0,0,'',0),(1247,5,1,0,1,375,667,24,0,0,0,0,0,0,'',1),(1248,5,1,0,1,375,667,24,0,0,0,0,0,0,'',1),(1249,5,1,0,1,375,667,24,0,0,0,0,0,0,'',1),(1250,0,0,0,0,0,0,0,0,0,0,0,0,0,'',0),(1251,5,1,0,1,375,667,24,0,0,0,0,0,0,'',1),(1252,5,1,0,1,375,667,24,0,0,0,0,0,0,'',1),(1253,5,1,0,1,375,667,24,0,0,0,0,0,0,'',1),(1254,5,1,0,1,375,667,24,0,0,0,0,0,0,'',1),(1255,5,1,0,1,375,667,24,0,0,0,0,0,0,'',1),(1256,5,1,0,1,375,667,24,0,0,0,0,0,0,'',1),(1257,5,1,0,1,375,667,24,0,0,0,0,0,0,'',1),(1258,5,1,0,1,375,667,24,0,0,0,0,0,0,'',1),(1259,5,1,0,1,375,667,24,0,0,0,0,0,0,'',1),(1260,5,1,0,1,375,667,24,0,0,0,0,0,0,'',1),(1261,5,1,0,1,375,667,24,0,0,0,0,0,0,'',1),(1262,5,1,0,1,375,667,24,0,0,0,0,0,0,'',1),(1263,5,1,0,1,375,667,24,0,0,0,0,0,0,'',1),(1264,5,1,0,1,375,667,24,0,0,0,0,0,0,'',1),(1265,5,1,0,1,375,667,24,0,0,0,0,0,0,'',1),(1266,5,1,0,1,375,667,24,0,0,0,0,0,0,'',1),(1267,5,1,0,1,375,667,24,0,0,0,0,0,0,'',1),(1268,5,1,0,1,375,667,24,0,0,0,0,0,0,'',1),(1269,5,1,0,1,375,667,24,0,0,0,0,0,0,'',1),(1270,0,0,0,0,0,0,0,0,0,0,0,0,0,'',0),(1271,0,0,0,0,0,0,0,0,0,0,0,0,0,'',0),(1272,3,11,0,0,0,0,0,0,0,0,0,0,0,'fr',0),(1273,3,3,0,0,0,0,0,0,0,0,0,0,0,'es',0),(1274,5,1,0,1,375,667,24,0,0,0,0,0,0,'',1),(1275,5,1,0,1,375,667,32,0,0,0,0,0,0,'en-us',1),(1276,5,1,0,1,375,667,24,0,0,0,0,0,0,'',1),(1277,5,1,0,1,375,667,24,0,0,0,0,0,0,'',1),(1278,6,11,0,0,0,0,0,0,0,0,0,0,0,'',0),(1279,0,0,0,0,0,0,0,0,0,0,0,0,0,'',0),(1280,5,1,0,1,375,667,24,0,0,0,0,0,0,'',1),(1281,0,0,0,1,1024,1024,24,0,1,0,0,0,0,'',0),(1282,5,1,0,1,375,667,24,0,0,0,0,0,0,'',1),(1283,0,0,0,0,0,0,0,0,0,0,0,0,0,'',0),(1284,5,1,0,1,375,667,24,0,0,0,0,0,0,'',1),(1285,5,0,0,1,375,667,32,0,0,0,0,0,0,'en-gb',1),(1286,5,1,0,1,375,667,32,0,0,0,0,0,0,'',1),(1287,0,0,0,1,1024,1024,24,0,1,0,0,0,0,'',0),(1288,0,0,0,0,0,0,0,0,0,0,0,0,0,'',0),(1289,5,1,0,1,375,667,24,0,0,0,0,0,0,'',1),(1290,0,0,0,0,0,0,0,0,0,0,0,0,0,'en',0),(1291,1,3,0,0,0,0,0,0,0,0,0,0,0,'',0),(1292,1,3,0,0,0,0,0,0,0,0,0,0,0,'',0),(1293,5,1,0,1,375,667,24,0,0,0,0,0,0,'',1),(1294,0,0,0,1,1024,1024,24,0,1,0,0,0,0,'',0),(1295,1,3,0,0,0,0,0,0,0,0,0,0,0,'',0),(1296,1,3,0,0,0,0,0,0,0,0,0,0,0,'',0),(1297,1,3,0,0,0,0,0,0,0,0,0,0,0,'',0),(1298,5,1,0,0,0,0,0,0,0,0,0,0,0,'',1),(1299,5,1,0,1,375,667,24,0,0,0,0,0,0,'',1),(1300,5,1,0,1,768,1024,32,0,0,0,0,0,0,'',1),(1301,5,1,0,0,0,0,0,0,0,0,0,0,0,'',1),(1302,0,0,0,0,0,0,0,0,0,0,0,0,0,'',0),(1303,0,0,0,0,0,0,0,0,0,0,0,0,0,'',0),(1304,0,0,0,0,0,0,0,0,0,0,0,0,0,'en',0),(1305,0,0,0,0,0,0,0,0,0,0,0,0,0,'',0),(1306,4,11,0,1,1366,768,24,0,1,0,0,0,0,'',0),(1307,4,11,0,1,1366,768,24,0,1,0,0,0,0,'',0),(1308,0,0,0,0,0,0,0,0,0,0,0,0,0,'en',0),(1309,7,11,0,1,360,640,32,0,0,0,0,0,0,'',1),(1310,5,1,0,0,0,0,0,0,0,0,0,0,0,'',1),(1311,0,0,0,1,1024,1024,24,0,1,0,0,0,0,'',0),(1312,3,3,0,0,0,0,0,0,0,0,0,0,0,'es',0),(1313,0,0,0,0,0,0,0,0,0,0,0,0,0,'',0),(1314,5,1,0,1,375,667,24,0,0,0,0,0,0,'',1),(1315,5,1,0,1,375,667,24,0,0,0,0,0,0,'',1),(1316,0,0,0,0,0,0,0,0,0,0,0,0,0,'en',0),(1317,0,0,0,0,0,0,0,0,0,0,0,0,0,'en',0),(1318,0,0,0,0,0,0,0,0,0,0,0,0,0,'',0),(1319,5,1,0,1,375,667,24,0,0,0,0,0,0,'',1),(1320,3,3,0,1,1920,1080,24,1,1,0,0,0,0,'',0),(1321,5,1,0,0,0,0,0,0,0,0,0,0,0,'en-us',1),(1322,5,1,0,0,0,0,0,0,0,0,0,0,0,'',1),(1323,0,0,0,0,0,0,0,0,0,0,0,0,0,'',0),(1324,0,0,0,1,1024,1024,24,0,1,0,0,0,0,'',0),(1325,0,0,0,1,1024,1024,24,0,1,0,0,0,0,'',0),(1326,0,0,0,0,0,0,0,0,0,0,0,0,0,'en',0),(1327,7,1,0,1,720,1280,32,0,0,0,0,0,0,'en',1),(1328,0,0,0,0,0,0,0,0,0,0,0,0,0,'',0),(1329,0,0,0,0,0,0,0,0,0,0,0,0,0,'',0),(1330,5,1,0,0,0,0,0,0,0,0,0,0,0,'',1),(1331,3,3,0,0,0,0,0,0,0,0,0,0,0,'es',0),(1332,0,0,0,1,1024,1024,24,0,1,0,0,0,0,'',0),(1333,0,0,0,0,0,0,0,0,0,0,0,0,0,'',0),(1334,0,0,0,0,0,0,0,0,0,0,0,0,0,'en',0),(1335,0,0,0,0,0,0,0,0,0,0,0,0,0,'',0),(1336,5,1,0,1,375,667,24,0,0,0,0,0,0,'',1),(1337,5,1,0,1,375,667,24,0,0,0,0,0,0,'',1),(1338,0,0,0,1,1024,1024,24,0,1,0,0,0,0,'',0),(1339,0,0,0,1,1024,1024,24,0,1,0,0,0,0,'',0),(1340,0,0,0,0,0,0,0,0,0,0,0,0,0,'',0),(1341,3,11,0,1,1366,768,24,0,1,0,0,0,0,'en',0),(1342,0,0,0,1,1024,1024,24,0,1,0,0,0,0,'',0),(1343,0,0,0,1,1024,1024,24,0,1,0,0,0,0,'',0),(1344,0,0,0,1,1024,1024,24,0,1,0,0,0,0,'',0),(1345,0,0,0,0,0,0,0,0,0,0,0,0,0,'en',0),(1346,0,0,0,1,1024,1024,24,0,1,0,0,0,0,'',0),(1347,0,0,0,1,1024,1024,24,0,1,0,0,0,0,'',0),(1348,0,0,0,1,1024,1024,24,0,1,0,0,0,0,'',0),(1349,5,11,0,1,1600,1024,24,0,1,0,0,0,0,'de',0),(1350,1,3,0,0,0,0,0,0,0,0,0,0,0,'',0),(1351,1,3,0,0,0,0,0,0,0,0,0,0,0,'',0),(1352,1,3,0,0,0,0,0,0,0,0,0,0,0,'',0),(1353,1,3,0,0,0,0,0,0,0,0,0,0,0,'',0),(1354,0,0,0,0,0,0,0,0,0,0,0,0,0,'',0),(1355,0,0,0,1,1024,1024,24,0,1,0,0,0,0,'',0),(1356,0,0,0,1,1024,1024,24,0,1,0,0,0,0,'',0),(1357,0,0,0,0,0,0,0,0,0,0,0,0,0,'',0),(1358,5,1,0,1,375,667,24,0,0,0,0,0,0,'',1),(1359,0,0,0,1,1024,1024,24,0,1,0,0,0,0,'',0),(1360,0,0,0,1,1024,1024,24,0,1,0,0,0,0,'',0),(1361,0,0,0,1,1024,1024,24,0,1,0,0,0,0,'',0),(1362,0,0,0,1,1024,1024,24,0,1,0,0,0,0,'',0),(1363,0,0,0,0,0,0,0,0,0,0,0,0,0,'',0),(1364,0,0,0,1,1024,1024,24,0,1,0,0,0,0,'',0),(1365,0,0,0,1,1024,1024,24,0,1,0,0,0,0,'',0),(1366,0,0,0,1,1024,1024,24,0,1,0,0,0,0,'',0),(1367,0,0,0,1,1024,1024,24,0,1,0,0,0,0,'',0),(1368,0,0,0,1,1024,1024,24,0,1,0,0,0,0,'',0),(1369,0,0,0,1,1024,1024,24,0,1,0,0,0,0,'',0),(1370,0,0,0,1,1024,1024,24,0,1,0,0,0,0,'',0),(1371,0,0,0,1,1024,1024,24,0,1,0,0,0,0,'',0),(1372,0,0,0,0,0,0,0,0,0,0,0,0,0,'en',0),(1373,0,0,0,1,1024,1024,24,0,1,0,0,0,0,'',0),(1374,0,0,0,1,1024,1024,24,0,1,0,0,0,0,'',0),(1375,0,0,0,1,1024,1024,24,0,1,0,0,0,0,'',0),(1376,0,0,0,1,1024,1024,24,0,1,0,0,0,0,'',0),(1377,5,1,0,0,0,0,0,0,0,0,0,0,0,'',1),(1378,0,0,0,1,1024,1024,24,0,1,0,0,0,0,'',0),(1379,0,0,0,1,1024,1024,24,0,1,0,0,0,0,'',0),(1380,0,0,0,1,1024,1024,24,0,1,0,0,0,0,'',0),(1381,0,0,0,0,0,0,0,0,0,0,0,0,0,'',0),(1382,0,0,0,1,1024,1024,24,0,1,0,0,0,0,'',0),(1383,0,0,0,1,1024,1024,24,0,1,0,0,0,0,'',0),(1384,1,3,0,0,0,0,0,0,0,0,0,0,0,'zh-tw',0),(1385,0,0,0,0,0,0,0,0,0,0,0,0,0,'en',0),(1386,0,0,0,1,1024,1024,24,0,1,0,0,0,0,'',0),(1387,0,0,0,0,0,0,0,0,0,0,0,0,0,'',0),(1388,0,0,0,1,1024,1024,24,0,1,0,0,0,0,'',0),(1389,0,0,0,1,1024,1024,24,0,1,0,0,0,0,'',0),(1390,5,1,0,1,375,667,24,0,0,0,0,0,0,'',1),(1391,5,1,0,1,375,667,24,0,0,0,0,0,0,'',1),(1392,5,1,0,1,375,667,24,0,0,0,0,0,0,'',1),(1393,5,1,0,1,375,667,24,0,0,0,0,0,0,'',1),(1394,0,0,0,1,1024,1024,24,0,1,0,0,0,0,'',0),(1395,5,1,0,1,375,667,24,0,0,0,0,0,0,'',1),(1396,0,0,0,1,1024,1024,24,0,1,0,0,0,0,'',0),(1397,0,11,0,1,1366,768,24,0,1,0,0,0,0,'',0),(1398,3,3,0,0,0,0,0,0,0,0,0,0,0,'es',0),(1399,0,0,0,1,1024,1024,24,0,1,0,0,0,0,'',0),(1400,0,0,0,0,0,0,0,0,0,0,0,0,0,'en',0),(1401,0,0,0,1,1024,1024,24,0,1,0,0,0,0,'',0),(1402,0,0,0,0,0,0,0,0,0,0,0,0,0,'en',0),(1403,0,0,0,1,1024,1024,24,0,1,0,0,0,0,'',0),(1404,0,0,0,1,1024,1024,24,0,1,0,0,0,0,'',0),(1405,0,0,0,1,1024,1024,24,0,1,0,0,0,0,'',0),(1406,0,0,0,1,1024,1024,24,0,1,0,0,0,0,'',0),(1407,0,0,0,1,1024,1024,24,0,1,0,0,0,0,'',0),(1408,0,0,0,1,1024,1024,24,0,1,0,0,0,0,'',0),(1409,0,0,0,1,1024,1024,24,0,1,0,0,0,0,'',0),(1410,0,0,0,1,1024,1024,24,0,1,0,0,0,0,'',0),(1411,0,0,0,1,1024,1024,24,0,1,0,0,0,0,'',0),(1412,0,0,0,1,1024,1024,24,0,1,0,0,0,0,'',0),(1413,0,0,0,1,1024,1024,24,0,1,0,0,0,0,'',0),(1414,0,0,0,1,1024,1024,24,0,1,0,0,0,0,'',0),(1415,0,0,0,1,1024,1024,24,0,1,0,0,0,0,'',0),(1416,0,0,0,1,1024,1024,24,0,1,0,0,0,0,'',0),(1417,0,0,0,1,1024,1024,24,0,1,0,0,0,0,'',0),(1418,0,0,0,1,1024,1024,24,0,1,0,0,0,0,'',0),(1419,0,0,0,1,1024,1024,24,0,1,0,0,0,0,'',0),(1420,0,0,0,1,1024,1024,24,0,1,0,0,0,0,'',0),(1421,0,0,0,1,1024,1024,24,0,1,0,0,0,0,'',0),(1422,5,1,0,1,375,667,32,0,0,0,0,0,0,'en-us',1),(1423,0,0,0,0,0,0,0,0,0,0,0,0,0,'en',0),(1424,0,0,0,0,0,0,0,0,0,0,0,0,0,'',0),(1425,0,0,0,1,1024,1024,24,0,1,0,0,0,0,'',0),(1426,0,0,0,1,1024,1024,24,0,1,0,0,0,0,'',0),(1427,0,0,0,0,0,0,0,0,0,0,0,0,0,'en',0),(1428,0,0,0,1,1024,1024,24,0,1,0,0,0,0,'',0),(1429,0,0,0,1,1024,1024,24,0,1,0,0,0,0,'',0),(1430,0,0,0,1,1024,1024,24,0,1,0,0,0,0,'',0),(1431,0,0,0,0,0,0,0,0,0,0,0,0,0,'en',0),(1432,1,3,0,0,0,0,0,0,0,0,0,0,0,'zh-tw',0),(1433,0,0,0,1,1024,1024,24,0,1,0,0,0,0,'',0),(1434,5,1,0,1,375,667,24,0,0,0,0,0,0,'',1),(1435,0,0,0,0,0,0,0,0,0,0,0,0,0,'',0),(1436,0,0,0,1,1024,1024,24,0,1,0,0,0,0,'',0),(1437,0,0,0,1,1024,1024,24,0,1,0,0,0,0,'',0),(1438,5,1,0,1,375,667,24,0,0,0,0,0,0,'',1),(1439,5,1,0,1,375,667,24,0,0,0,0,0,0,'',1),(1440,5,1,0,1,375,667,24,0,0,0,0,0,0,'',1),(1441,5,1,0,1,375,667,24,0,0,0,0,0,0,'',1),(1442,5,1,0,1,375,667,24,0,0,0,0,0,0,'',1),(1443,5,1,0,1,375,667,24,0,0,0,0,0,0,'',1),(1444,5,1,0,1,375,667,24,0,0,0,0,0,0,'',1),(1445,3,10,0,1,1219,975,24,0,1,0,0,0,1,'en',0),(1446,0,0,0,1,1024,1024,24,0,1,0,0,0,0,'',0),(1447,3,11,0,1,1360,768,24,0,1,0,0,0,0,'',0),(1448,5,0,0,1,320,568,32,0,0,0,0,0,0,'en-sg',1),(1449,0,0,0,1,1024,1024,24,0,1,0,0,0,0,'',0),(1450,0,0,0,1,1024,1024,24,0,1,0,0,0,0,'',0),(1451,0,0,0,1,1024,1024,24,0,1,0,0,0,0,'',0),(1452,5,1,0,1,375,667,24,0,0,0,0,0,0,'',1),(1453,0,0,0,0,0,0,0,0,0,0,0,0,0,'',0),(1454,2,11,0,1,1680,1050,24,0,1,0,0,0,0,'fr',0),(1455,5,1,0,1,375,667,24,0,0,0,0,0,0,'',1),(1456,0,0,0,0,0,0,0,0,0,0,0,0,0,'en',0),(1457,3,3,0,0,0,0,0,0,0,0,0,0,0,'es',0),(1458,3,3,0,0,0,0,0,0,0,0,0,0,0,'es',0),(1459,0,11,0,1,1920,1080,24,0,1,0,0,0,0,'ru',0),(1460,0,0,0,0,0,0,0,0,0,0,0,0,0,'',0),(1461,0,0,0,1,1024,1024,24,0,1,0,0,0,0,'',0),(1462,0,0,0,0,0,0,0,0,0,0,0,0,0,'en',0),(1463,0,0,0,0,0,0,0,0,0,0,0,0,0,'',0),(1464,0,0,0,1,1024,1024,24,0,1,0,0,0,0,'',0),(1465,0,0,0,1,1024,1024,24,0,1,0,0,0,0,'',0),(1466,0,0,0,0,0,0,0,0,0,0,0,0,0,'',0),(1467,0,0,0,1,1024,1024,24,0,1,0,0,0,0,'',0),(1468,0,0,0,1,1024,1024,24,0,1,0,0,0,0,'',0),(1469,0,0,0,1,1024,1024,24,0,1,0,0,0,0,'',0),(1470,0,0,0,0,0,0,0,0,0,0,0,0,0,'',0),(1471,0,0,0,0,0,0,0,0,0,0,0,0,0,'',0),(1472,0,0,0,0,0,0,0,0,0,0,0,0,0,'',0),(1473,0,0,0,0,0,0,0,0,0,0,0,0,0,'en',0),(1474,5,1,0,1,375,667,24,0,0,0,0,0,0,'',1),(1475,0,0,0,0,0,0,0,0,0,0,0,0,0,'en-us',0),(1476,3,3,0,0,0,0,0,0,0,0,0,0,0,'es',0),(1477,0,0,0,0,0,0,0,0,0,0,0,0,0,'en',0),(1478,0,0,0,0,0,0,0,0,0,0,0,0,0,'',0),(1479,0,0,0,1,1024,1024,24,0,1,0,0,0,0,'',0),(1480,5,1,0,1,414,736,32,0,0,0,0,0,0,'en-us',1),(1481,0,0,0,0,0,0,0,0,0,0,0,0,0,'en',0),(1482,5,1,0,1,375,667,24,0,0,0,0,0,0,'',1),(1483,3,3,0,0,0,0,0,0,0,0,0,0,0,'es',0),(1484,0,0,0,0,0,0,0,0,0,0,0,0,0,'en',0),(1485,0,0,0,1,1024,1024,24,0,1,0,0,0,0,'',0),(1486,5,1,0,1,375,667,24,0,0,0,0,0,0,'',1),(1487,0,0,0,0,0,0,0,0,0,0,0,0,0,'',0),(1488,0,0,0,0,0,0,0,0,0,0,0,0,0,'',0),(1489,0,0,0,1,1024,1024,24,0,1,0,0,0,0,'',0),(1490,5,1,0,0,0,0,0,0,0,0,0,0,0,'',1),(1491,0,0,0,0,0,0,0,0,0,0,0,0,0,'en',0),(1492,5,1,0,0,0,0,0,0,0,0,0,0,0,'',1),(1493,5,1,0,1,375,667,32,0,0,0,0,0,0,'nl-nl',1),(1494,3,3,0,0,0,0,0,0,0,0,0,0,0,'es',0),(1495,3,3,0,0,0,0,0,0,0,0,0,0,0,'es',0),(1496,0,0,0,0,0,0,0,0,0,0,0,0,0,'',0),(1497,0,0,0,1,1024,1024,24,0,1,0,0,0,0,'',0),(1498,0,0,0,0,0,0,0,0,0,0,0,0,0,'',0),(1499,0,0,0,0,0,0,0,0,0,0,0,0,0,'',0),(1500,0,0,0,0,0,0,0,0,0,0,0,0,0,'',0),(1501,3,10,0,1,1438,808,24,0,1,0,0,0,1,'en',0),(1502,0,0,0,0,0,0,0,0,0,0,0,0,0,'',0),(1503,0,0,0,0,0,0,0,0,0,0,0,0,0,'',0),(1504,0,0,0,1,1024,1024,24,0,1,0,0,0,0,'',0),(1505,6,3,0,0,0,0,0,0,0,0,0,0,0,'',0),(1506,0,0,0,0,0,0,0,0,0,0,0,0,0,'en',0),(1507,0,0,0,0,0,0,0,0,0,0,0,0,0,'en',0),(1508,0,0,0,0,0,0,0,0,0,0,0,0,0,'',0),(1509,3,3,0,1,1364,768,24,0,0,0,0,0,0,'it',0),(1510,0,0,0,1,1024,1024,24,0,1,0,0,0,0,'',0),(1511,7,11,0,0,0,0,0,0,0,0,0,0,0,'',1),(1512,7,11,0,0,0,0,0,0,0,0,0,0,0,'',1),(1513,7,11,0,0,0,0,0,0,0,0,0,0,0,'',1),(1514,7,11,0,0,0,0,0,0,0,0,0,0,0,'',1),(1515,7,11,0,0,0,0,0,0,0,0,0,0,0,'',1),(1516,7,11,0,0,0,0,0,0,0,0,0,0,0,'',1),(1517,7,11,0,0,0,0,0,0,0,0,0,0,0,'',1),(1518,7,11,0,0,0,0,0,0,0,0,0,0,0,'',1),(1519,7,11,0,0,0,0,0,0,0,0,0,0,0,'',1),(1520,0,0,0,0,0,0,0,0,0,0,0,0,0,'',0),(1521,0,0,0,0,0,0,0,0,0,0,0,0,0,'en',0),(1522,0,0,0,1,1024,1024,24,0,1,0,0,0,0,'',0),(1523,0,0,0,0,0,0,0,0,0,0,0,0,0,'en',0),(1524,1,3,0,0,0,0,0,0,0,0,0,0,0,'zh-tw',0),(1525,1,3,0,0,0,0,0,0,0,0,0,0,0,'zh-tw',0),(1526,0,0,0,0,0,0,0,0,0,0,0,0,0,'',0),(1527,0,0,0,0,0,0,0,0,0,0,0,0,0,'',0),(1528,7,11,0,1,360,640,32,0,0,0,0,0,0,'en',1),(1529,0,0,0,1,1024,1024,24,0,1,0,0,0,0,'',0),(1530,0,0,0,0,0,0,0,0,0,0,0,0,0,'',0),(1531,0,0,0,0,0,0,0,0,0,0,0,0,0,'',0),(1532,0,0,0,0,0,0,0,0,0,0,0,0,0,'',0),(1533,0,0,0,1,1024,1024,24,0,1,0,0,0,0,'',0),(1534,0,0,0,1,1024,1024,24,0,1,0,0,0,0,'',0),(1535,0,0,0,1,1024,1024,24,0,1,0,0,0,0,'',0),(1536,0,0,0,0,0,0,0,0,0,0,0,0,0,'',0),(1537,1,11,0,0,0,0,0,0,0,0,0,0,0,'lt',0),(1538,3,3,0,0,0,0,0,0,0,0,0,0,0,'es',0),(1539,0,0,0,1,1024,1024,24,0,1,0,0,0,0,'',0),(1540,0,0,0,1,1024,1024,24,0,1,0,0,0,0,'',0),(1541,0,0,0,1,1024,1024,24,0,1,0,0,0,0,'',0),(1542,0,0,0,0,0,0,0,0,0,0,0,0,0,'en',0),(1543,0,0,0,1,1024,1024,24,0,1,0,0,0,0,'',0),(1544,0,0,0,0,0,0,0,0,0,0,0,0,0,'en',0),(1545,1,3,0,0,0,0,0,0,0,0,0,0,0,'zh-tw',0),(1546,0,0,0,0,0,0,0,0,0,0,0,0,0,'',0),(1547,0,0,0,1,1024,1024,24,0,1,0,0,0,0,'',0),(1548,0,0,0,1,1024,1024,24,0,1,0,0,0,0,'',0),(1549,0,0,0,0,0,0,0,0,0,0,0,0,0,'',0),(1550,0,0,0,0,0,0,0,0,0,0,0,0,0,'',0),(1551,0,0,0,0,0,0,0,0,0,0,0,0,0,'',0),(1552,0,0,0,0,0,0,0,0,0,0,0,0,0,'',0),(1553,0,0,0,0,0,0,0,0,0,0,0,0,0,'en',0),(1554,0,0,0,0,0,0,0,0,0,0,0,0,0,'',0),(1555,3,11,0,1,1366,768,24,0,1,0,0,0,0,'zh',0),(1556,5,1,0,0,0,0,0,0,0,0,0,0,0,'en-gb',1),(1557,0,0,0,1,1024,1024,24,0,1,0,0,0,0,'',0),(1558,3,11,0,0,0,0,0,0,0,0,0,0,0,'it',0),(1559,3,11,0,1,1120,700,24,0,1,0,0,0,0,'it',0),(1560,5,1,0,0,0,0,0,0,0,0,0,0,0,'',1),(1561,5,1,0,1,320,568,32,0,0,0,0,0,0,'en-us',1),(1562,0,0,0,0,0,0,0,0,0,0,0,0,0,'',0),(1563,0,0,0,1,1024,1024,24,0,1,0,0,0,0,'',0),(1564,0,0,0,1,1024,1024,24,0,1,0,0,0,0,'',0),(1565,0,0,0,1,1024,1024,24,0,1,0,0,0,0,'',0),(1566,0,0,0,0,0,0,0,0,0,0,0,0,0,'en',0),(1567,0,0,0,1,1024,1024,24,0,1,0,0,0,0,'',0),(1568,0,0,0,0,0,0,0,0,0,0,0,0,0,'en',0),(1569,0,0,0,0,0,0,0,0,0,0,0,0,0,'',0),(1570,0,0,0,0,0,0,0,0,0,0,0,0,0,'',0),(1571,5,11,0,1,2560,1440,24,0,1,0,0,0,0,'',0),(1572,5,1,19,1,375,667,32,0,0,0,0,0,0,'en-us',1),(1573,0,0,0,0,0,0,0,0,0,0,0,0,0,'',0),(1574,0,0,0,1,1024,1024,24,0,1,0,0,0,0,'',0),(1575,1,11,0,1,1280,720,24,0,1,0,0,0,0,'',0),(1576,3,3,0,0,0,0,0,0,0,0,0,0,0,'es',0),(1577,5,1,0,1,320,568,32,0,0,0,0,0,0,'en-gb',1),(1578,0,10,0,1,1440,900,24,0,1,0,0,0,1,'fr',0),(1579,0,0,0,0,0,0,0,0,0,0,0,0,0,'en',0),(1580,5,1,0,1,375,667,32,0,0,0,0,0,0,'en-gb',1),(1581,5,1,0,1,375,667,24,0,0,0,0,0,0,'',1),(1582,1,3,0,0,0,0,0,0,0,0,0,0,0,'en-us',0),(1583,1,3,0,0,0,0,0,0,0,0,0,0,0,'en-us',0),(1584,0,0,0,1,1024,1024,24,0,1,0,0,0,0,'',0),(1585,0,0,0,0,0,0,0,0,0,0,0,0,0,'',0),(1586,0,0,0,1,1024,1024,24,0,1,0,0,0,0,'',0),(1587,5,1,0,1,375,667,24,0,0,0,0,0,0,'',1),(1588,0,0,0,0,0,0,0,0,0,0,0,0,0,'en',0),(1589,0,0,0,0,0,0,0,0,0,0,0,0,0,'en',0),(1590,0,0,0,0,0,0,0,0,0,0,0,0,0,'',0),(1591,0,0,0,0,0,0,0,0,0,0,0,0,0,'',0),(1592,0,0,0,1,1024,1024,24,0,1,0,0,0,0,'',0),(1593,5,11,0,0,0,0,0,0,0,0,0,0,0,'',0),(1594,3,11,0,0,0,0,0,0,0,0,0,0,0,'fr',0),(1595,3,11,0,0,0,0,0,0,0,0,0,0,0,'fr',0),(1596,3,11,0,1,1920,1080,24,0,1,0,0,0,0,'',0),(1597,3,11,0,1,1680,1050,24,0,1,0,0,0,0,'fr',0),(1598,3,11,0,0,0,0,0,0,0,0,0,0,0,'',0),(1599,3,11,0,0,0,0,0,0,0,0,0,0,0,'',0),(1600,0,0,0,0,0,0,0,0,0,0,0,0,0,'',0),(1601,0,0,0,1,1024,1024,24,0,1,0,0,0,0,'',0),(1602,0,3,0,1,1600,900,24,1,1,0,0,0,0,'fr',0),(1603,0,0,0,1,1024,1024,24,0,1,0,0,0,0,'',0),(1604,3,10,0,0,0,0,0,0,0,0,0,0,0,'en',0),(1605,0,0,0,1,1024,1024,24,0,1,0,0,0,0,'',0),(1606,0,0,0,1,1024,1024,24,0,1,0,0,0,0,'',0),(1607,0,0,0,0,0,0,0,0,0,0,0,0,0,'zh-cn',0),(1608,0,0,0,0,0,0,0,0,0,0,0,0,0,'zh-cn',0),(1609,0,0,0,1,1024,1024,24,0,1,0,0,0,0,'',0),(1610,5,1,0,1,1440,900,24,1,1,0,1,0,0,'en-us',0),(1611,0,0,0,0,0,0,0,0,0,0,0,0,0,'',0),(1612,3,3,0,0,0,0,0,0,0,0,0,0,0,'es',0),(1613,0,0,0,0,0,0,0,0,0,0,0,0,0,'en',0),(1614,0,0,0,0,0,0,0,0,0,0,0,0,0,'',0),(1615,0,0,0,1,1024,1024,24,0,1,0,0,0,0,'',0),(1616,0,0,0,0,0,0,0,0,0,0,0,0,0,'',0),(1617,0,0,0,0,0,0,0,0,0,0,0,0,0,'',0),(1618,0,0,0,0,0,0,0,0,0,0,0,0,0,'',0),(1619,0,0,0,0,0,0,0,0,0,0,0,0,0,'',0),(1620,0,0,0,0,0,0,0,0,0,0,0,0,0,'',0),(1621,0,0,0,0,0,0,0,0,0,0,0,0,0,'',0),(1622,0,0,0,0,0,0,0,0,0,0,0,0,0,'',0),(1623,0,0,0,0,0,0,0,0,0,0,0,0,0,'',0),(1624,0,0,0,0,0,0,0,0,0,0,0,0,0,'',0),(1625,0,0,0,0,0,0,0,0,0,0,0,0,0,'',0),(1626,0,0,0,0,0,0,0,0,0,0,0,0,0,'',0),(1627,0,0,0,0,0,0,0,0,0,0,0,0,0,'',0),(1628,0,0,0,0,0,0,0,0,0,0,0,0,0,'',0),(1629,0,0,0,0,0,0,0,0,0,0,0,0,0,'',0),(1630,0,0,0,0,0,0,0,0,0,0,0,0,0,'',0),(1631,0,0,0,0,0,0,0,0,0,0,0,0,0,'',0),(1632,0,0,0,0,0,0,0,0,0,0,0,0,0,'',0),(1633,0,0,0,0,0,0,0,0,0,0,0,0,0,'',0),(1634,0,0,0,0,0,0,0,0,0,0,0,0,0,'',0),(1635,0,0,0,0,0,0,0,0,0,0,0,0,0,'',0),(1636,0,0,0,0,0,0,0,0,0,0,0,0,0,'',0),(1637,0,0,0,0,0,0,0,0,0,0,0,0,0,'',0),(1638,0,0,0,0,0,0,0,0,0,0,0,0,0,'',0),(1639,0,0,0,0,0,0,0,0,0,0,0,0,0,'',0),(1640,5,11,0,1,1280,800,24,1,1,0,0,0,0,'en',0),(1641,0,0,0,1,1024,1024,24,0,1,0,0,0,0,'',0),(1642,0,0,0,0,0,0,0,0,0,0,0,0,0,'',0),(1643,0,0,0,1,1024,1024,24,0,1,0,0,0,0,'',0),(1644,0,0,0,0,0,0,0,0,0,0,0,0,0,'',0),(1645,5,2,0,1,768,1024,32,0,0,0,0,0,0,'fr-fr',1),(1646,0,0,0,0,0,0,0,0,0,0,0,0,0,'',0),(1647,0,0,0,1,1024,1024,24,0,1,0,0,0,0,'',0),(1648,5,1,0,1,320,568,32,0,0,0,0,0,0,'en-us',1),(1649,0,0,0,0,0,0,0,0,0,0,0,0,0,'en',0),(1650,0,0,0,0,0,0,0,0,0,0,0,0,0,'',0),(1651,0,0,0,1,1024,1024,24,0,1,0,0,0,0,'',0),(1652,0,0,0,0,0,0,0,0,0,0,0,0,0,'en',0),(1653,0,0,0,0,0,0,0,0,0,0,0,0,0,'en',0),(1654,0,0,0,1,1024,1024,24,0,1,0,0,0,0,'',0),(1655,5,1,0,1,320,568,32,0,0,0,0,0,0,'en-us',1),(1656,0,0,0,1,1024,1024,24,0,1,0,0,0,0,'',0),(1657,0,0,0,1,1024,1024,24,0,1,0,0,0,0,'',0),(1658,0,0,0,1,1024,1024,24,0,1,0,0,0,0,'',0),(1659,0,0,0,0,0,0,0,0,0,0,0,0,0,'en',0),(1660,0,0,0,1,1024,1024,24,0,1,0,0,0,0,'',0),(1661,0,0,0,0,0,0,0,0,0,0,0,0,0,'',0),(1662,0,0,0,1,1024,1024,24,0,1,0,0,0,0,'',0),(1663,5,1,0,1,375,667,24,0,0,0,0,0,0,'',1),(1664,5,1,0,0,0,0,0,0,0,0,0,0,0,'en-au',1),(1665,0,0,0,0,0,0,0,0,0,0,0,0,0,'',0),(1666,3,3,0,0,0,0,0,0,0,0,0,0,0,'es',0),(1667,3,3,0,0,0,0,0,0,0,0,0,0,0,'es',0),(1668,0,0,0,1,1024,1024,24,0,1,0,0,0,0,'',0),(1669,0,0,0,0,0,0,0,0,0,0,0,0,0,'',0),(1670,0,0,0,0,0,0,0,0,0,0,0,0,0,'',0),(1671,0,0,0,0,0,0,0,0,0,0,0,0,0,'',0),(1672,0,0,0,0,0,0,0,0,0,0,0,0,0,'',0),(1673,0,0,0,1,1024,1024,24,0,1,0,0,0,0,'',0),(1674,3,11,0,1,1920,1080,24,0,1,0,0,0,0,'',0),(1675,3,11,0,1,1440,900,24,0,1,0,0,0,0,'en',0),(1676,0,0,0,1,1024,1024,24,0,1,0,0,0,0,'',0),(1677,5,1,0,1,320,568,32,0,0,0,0,0,0,'it-it',1),(1678,5,1,0,1,1366,768,24,0,1,0,1,0,0,'en-us',0),(1679,3,3,0,1,1920,1080,24,1,1,0,0,0,0,'en-us',0),(1680,1,3,0,0,0,0,0,0,0,0,0,0,0,'zh-tw',0),(1681,0,0,0,0,0,0,0,0,0,0,0,0,0,'en',0),(1682,0,0,0,1,1024,1024,24,0,1,0,0,0,0,'',0),(1683,0,4,0,1,240,320,4,0,0,0,0,0,0,'ms',1),(1684,6,11,0,1,1024,1024,24,0,0,0,0,0,0,'',0),(1685,6,11,0,1,1024,1024,24,0,0,0,0,0,0,'',0),(1686,6,11,0,1,1024,1024,24,0,0,0,0,0,0,'',0),(1687,0,0,0,0,0,0,0,0,0,0,0,0,0,'',0),(1688,5,1,0,1,375,667,24,0,0,0,0,0,0,'',1),(1689,0,0,0,0,0,0,0,0,0,0,0,0,0,'en',0),(1690,0,0,0,0,0,0,0,0,0,0,0,0,0,'en',0),(1691,0,0,0,0,0,0,0,0,0,0,0,0,0,'',0),(1692,0,0,0,0,0,0,0,0,0,0,0,0,0,'',0),(1693,0,0,0,0,0,0,0,0,0,0,0,0,0,'',0),(1694,0,0,0,0,0,0,0,0,0,0,0,0,0,'',0),(1695,0,0,0,0,0,0,0,0,0,0,0,0,0,'',0),(1696,0,0,0,0,0,0,0,0,0,0,0,0,0,'',0),(1697,0,0,0,0,0,0,0,0,0,0,0,0,0,'',0),(1698,0,0,0,0,0,0,0,0,0,0,0,0,0,'',0),(1699,0,0,0,0,0,0,0,0,0,0,0,0,0,'',0),(1700,0,0,0,1,1024,1024,24,0,1,0,0,0,0,'',0),(1701,0,0,0,1,1024,1024,24,0,1,0,0,0,0,'',0),(1702,0,0,0,1,1024,1024,24,0,1,0,0,0,0,'',0),(1703,3,3,0,0,0,0,0,0,0,0,0,0,0,'es',0),(1704,3,3,0,0,0,0,0,0,0,0,0,0,0,'es',0),(1705,0,0,0,1,1024,1024,24,0,1,0,0,0,0,'',0),(1706,3,3,0,0,0,0,0,0,0,0,0,0,0,'es',0),(1707,3,3,0,0,0,0,0,0,0,0,0,0,0,'es',0),(1708,0,0,0,0,0,0,0,0,0,0,0,0,0,'en',0),(1709,0,0,0,1,1024,1024,24,0,1,0,0,0,0,'',0),(1710,1,3,0,0,0,0,0,0,0,0,0,0,0,'zh-tw',0),(1711,0,0,0,0,0,0,0,0,0,0,0,0,0,'',0),(1712,0,0,0,0,0,0,0,0,0,0,0,0,0,'',0),(1713,0,0,0,0,0,0,0,0,0,0,0,0,0,'',0),(1714,5,1,0,1,375,667,24,0,0,0,0,0,0,'',1),(1715,0,0,0,0,0,0,0,0,0,0,0,0,0,'',0),(1716,0,0,0,0,0,0,0,0,0,0,0,0,0,'en',0),(1717,0,0,0,0,0,0,0,0,0,0,0,0,0,'',0),(1718,0,0,0,1,1024,1024,24,0,1,0,0,0,0,'',0),(1719,0,0,0,0,0,0,0,0,0,0,0,0,0,'en',0),(1720,0,0,0,1,1024,1024,24,0,1,0,0,0,0,'',0),(1721,3,3,0,0,0,0,0,0,0,0,0,0,0,'es',0),(1722,3,3,0,0,0,0,0,0,0,0,0,0,0,'es',0),(1723,0,0,0,0,0,0,0,0,0,0,0,0,0,'',0),(1724,0,0,0,1,1024,1024,24,0,1,0,0,0,0,'',0),(1725,0,0,0,1,1024,1024,24,0,1,0,0,0,0,'',0),(1726,0,0,0,1,1024,1024,24,0,1,0,0,0,0,'',0),(1727,0,0,0,1,1024,1024,24,0,1,0,0,0,0,'',0),(1728,0,0,0,1,1024,1024,24,0,1,0,0,0,0,'',0),(1729,0,0,0,0,0,0,0,0,0,0,0,0,0,'en',0),(1730,0,0,0,0,0,0,0,0,0,0,0,0,0,'en',0),(1731,0,0,0,1,1024,1024,24,0,1,0,0,0,0,'',0),(1732,0,0,0,1,1024,1024,24,0,1,0,0,0,0,'',0),(1733,0,0,0,0,0,0,0,0,0,0,0,0,0,'',0),(1734,0,0,0,0,0,0,0,0,0,0,0,0,0,'',0),(1735,5,1,0,1,375,667,24,0,0,0,0,0,0,'',1),(1736,0,0,0,1,1024,1024,24,0,1,0,0,0,0,'',0),(1737,3,11,0,1,1366,768,24,0,1,0,0,0,0,'',0),(1738,3,11,0,1,1366,768,24,0,1,0,0,0,0,'',0),(1739,0,0,0,1,1024,1024,24,0,1,0,0,0,0,'',0),(1740,0,0,0,1,1024,1024,24,0,1,0,0,0,0,'',0),(1741,0,0,0,0,0,0,0,0,0,0,0,0,0,'',0),(1742,0,0,0,0,0,0,0,0,0,0,0,0,0,'',0),(1743,0,0,0,0,0,0,0,0,0,0,0,0,0,'',0),(1744,5,1,0,0,0,0,0,0,0,0,0,0,0,'',1),(1745,3,3,0,0,0,0,0,0,0,0,0,0,0,'es',0),(1746,3,3,0,0,0,0,0,0,0,0,0,0,0,'es',0),(1747,0,0,0,0,0,0,0,0,0,0,0,0,0,'en',0),(1748,0,0,0,1,1024,1024,24,0,1,0,0,0,0,'',0),(1749,3,11,17,1,1366,768,24,1,1,1,1,0,0,'',0),(1750,0,0,0,0,0,0,0,0,0,0,0,0,0,'',0),(1751,6,11,0,1,1280,1024,24,0,1,0,0,0,0,'',0),(1752,0,0,0,0,0,0,0,0,0,0,0,0,0,'',0),(1753,0,0,0,0,0,0,0,0,0,0,0,0,0,'',0),(1754,0,0,0,0,0,0,0,0,0,0,0,0,0,'',0),(1755,0,0,0,0,0,0,0,0,0,0,0,0,0,'',0),(1756,0,0,0,0,0,0,0,0,0,0,0,0,0,'',0),(1757,0,0,0,0,0,0,0,0,0,0,0,0,0,'',0),(1758,0,0,0,0,0,0,0,0,0,0,0,0,0,'',0),(1759,0,0,0,0,0,0,0,0,0,0,0,0,0,'',0),(1760,0,0,0,0,0,0,0,0,0,0,0,0,0,'',0),(1761,0,0,0,0,0,0,0,0,0,0,0,0,0,'',0),(1762,0,0,0,0,0,0,0,0,0,0,0,0,0,'',0),(1763,0,0,0,0,0,0,0,0,0,0,0,0,0,'',0),(1764,0,0,0,0,0,0,0,0,0,0,0,0,0,'',0),(1765,0,0,0,0,0,0,0,0,0,0,0,0,0,'',0),(1766,0,0,0,0,0,0,0,0,0,0,0,0,0,'',0),(1767,0,0,0,0,0,0,0,0,0,0,0,0,0,'',0),(1768,0,0,0,0,0,0,0,0,0,0,0,0,0,'',0),(1769,0,0,0,0,0,0,0,0,0,0,0,0,0,'',0),(1770,0,0,0,0,0,0,0,0,0,0,0,0,0,'',0),(1771,0,0,0,0,0,0,0,0,0,0,0,0,0,'',0),(1772,0,0,0,0,0,0,0,0,0,0,0,0,0,'',0),(1773,0,0,0,0,0,0,0,0,0,0,0,0,0,'',0),(1774,0,0,0,0,0,0,0,0,0,0,0,0,0,'',0),(1775,0,0,0,0,0,0,0,0,0,0,0,0,0,'',0),(1776,0,0,0,0,0,0,0,0,0,0,0,0,0,'',0),(1777,0,0,0,0,0,0,0,0,0,0,0,0,0,'',0),(1778,0,0,0,0,0,0,0,0,0,0,0,0,0,'',0),(1779,0,0,0,0,0,0,0,0,0,0,0,0,0,'',0),(1780,0,0,0,0,0,0,0,0,0,0,0,0,0,'en',0),(1781,5,1,0,1,375,667,24,0,0,0,0,0,0,'',1),(1782,0,0,0,0,0,0,0,0,0,0,0,0,0,'',0),(1783,0,0,0,0,0,0,0,0,0,0,0,0,0,'',0),(1784,0,0,0,1,1024,1024,24,0,1,0,0,0,0,'',0),(1785,2,0,0,0,0,0,0,0,0,0,0,0,0,'zh-cn',0),(1786,2,0,0,0,0,0,0,0,0,0,0,0,0,'zh-cn',0),(1787,2,0,0,0,0,0,0,0,0,0,0,0,0,'zh-cn',0),(1788,2,0,0,0,0,0,0,0,0,0,0,0,0,'zh-cn',0),(1789,0,0,0,1,1024,1024,24,0,1,0,0,0,0,'',0),(1790,0,0,0,0,0,0,0,0,0,0,0,0,0,'zh-cn',0),(1791,0,0,0,0,0,0,0,0,0,0,0,0,0,'zh-cn',0),(1792,0,0,0,1,1024,1024,24,0,1,0,0,0,0,'',0),(1793,0,0,0,0,0,0,0,0,0,0,0,0,0,'',0),(1794,3,3,0,0,0,0,0,0,0,0,0,0,0,'es',0),(1795,3,3,0,0,0,0,0,0,0,0,0,0,0,'es',0),(1796,0,0,0,0,0,0,0,0,0,0,0,0,0,'en',0),(1797,0,0,0,0,0,0,0,0,0,0,0,0,0,'',0),(1798,0,0,0,0,0,0,0,0,0,0,0,0,0,'',0),(1799,3,11,21,1,1366,768,24,1,1,1,1,0,0,'',0),(1800,0,0,0,1,1024,1024,24,0,1,0,0,0,0,'',0),(1801,0,0,0,0,0,0,0,0,0,0,0,0,0,'',0),(1802,0,0,0,0,0,0,0,0,0,0,0,0,0,'en',0),(1803,0,0,0,0,0,0,0,0,0,0,0,0,0,'',0),(1804,5,1,0,1,375,667,24,0,0,0,0,0,0,'',1),(1805,0,0,0,0,0,0,0,0,0,0,0,0,0,'en',0),(1806,0,0,0,0,0,0,0,0,0,0,0,0,0,'en',0),(1807,0,0,0,0,0,0,0,0,0,0,0,0,0,'',0),(1808,5,1,0,0,0,0,0,0,0,0,0,0,0,'de-de',1),(1809,5,1,0,0,0,0,0,0,0,0,0,0,0,'de-de',1),(1810,5,1,0,1,768,1024,32,0,0,0,0,0,0,'de-de',1),(1811,0,0,0,0,0,0,0,0,0,0,0,0,0,'en-us',0),(1812,0,0,0,0,0,0,0,0,0,0,0,0,0,'en',0),(1813,0,0,0,0,0,0,0,0,0,0,0,0,0,'',0),(1814,3,3,0,0,0,0,0,0,0,0,0,0,0,'es',0),(1815,0,11,0,1,1600,900,24,0,1,0,0,0,0,'nl',0),(1816,5,1,0,1,320,568,32,0,0,0,0,0,0,'en-us',1),(1817,0,0,0,1,1024,1024,24,0,1,0,0,0,0,'',0),(1818,1,3,0,0,0,0,0,0,0,0,0,0,0,'zh-tw',0),(1819,0,0,0,0,0,0,0,0,0,0,0,0,0,'en',0),(1820,0,0,0,0,0,0,0,0,0,0,0,0,0,'',0),(1821,0,0,0,0,0,0,0,0,0,0,0,0,0,'',0),(1822,0,0,0,0,0,0,0,0,0,0,0,0,0,'',0),(1823,0,0,0,0,0,0,0,0,0,0,0,0,0,'',0),(1824,0,0,0,0,0,0,0,0,0,0,0,0,0,'',0),(1825,1,3,0,0,0,0,0,0,0,0,0,0,0,'zh-tw',0),(1826,0,0,0,0,0,0,0,0,0,0,0,0,0,'',0),(1827,0,0,0,0,0,0,0,0,0,0,0,0,0,'',0),(1828,0,0,0,0,0,0,0,0,0,0,0,0,0,'',0),(1829,0,0,0,1,1024,1024,24,0,1,0,0,0,0,'',0),(1830,0,0,0,0,0,0,0,0,0,0,0,0,0,'',0),(1831,0,0,0,0,0,0,0,0,0,0,0,0,0,'',0),(1832,0,0,0,0,0,0,0,0,0,0,0,0,0,'',0),(1833,0,0,0,0,0,0,0,0,0,0,0,0,0,'',0),(1834,0,0,0,0,0,0,0,0,0,0,0,0,0,'',0),(1835,0,0,0,1,1024,1024,24,0,1,0,0,0,0,'',0),(1836,0,0,0,1,1024,1024,24,0,1,0,0,0,0,'',0),(1837,0,0,0,1,1024,1024,24,0,1,0,0,0,0,'',0),(1838,0,0,0,0,0,0,0,0,0,0,0,0,0,'',0),(1839,0,0,0,0,0,0,0,0,0,0,0,0,0,'en',0),(1840,0,0,0,0,0,0,0,0,0,0,0,0,0,'',0),(1841,0,0,0,0,0,0,0,0,0,0,0,0,0,'',0),(1842,0,0,0,0,0,0,0,0,0,0,0,0,0,'en',0),(1843,5,1,0,1,768,1024,32,0,0,0,0,0,0,'en',1),(1844,5,1,0,0,0,0,0,0,0,0,0,0,0,'',1),(1845,0,0,0,0,0,0,0,0,0,0,0,0,0,'en-us',0),(1846,0,0,0,0,0,0,0,0,0,0,0,0,0,'en-us',0),(1847,3,3,0,0,0,0,0,0,0,0,0,0,0,'es',0),(1848,5,1,0,1,414,736,32,0,0,0,0,0,0,'en-us',1),(1849,0,0,0,0,0,0,0,0,0,0,0,0,0,'',0),(1850,0,0,0,0,0,0,0,0,0,0,0,0,0,'en',0),(1851,0,0,0,0,0,0,0,0,0,0,0,0,0,'en',0),(1852,0,0,0,0,0,0,0,0,0,0,0,0,0,'en',0),(1853,0,0,0,0,0,0,0,0,0,0,0,0,0,'en',0),(1854,0,0,0,0,0,0,0,0,0,0,0,0,0,'en',0),(1855,0,0,0,0,0,0,0,0,0,0,0,0,0,'en',0),(1856,0,0,0,0,0,0,0,0,0,0,0,0,0,'en',0),(1857,0,0,0,0,0,0,0,0,0,0,0,0,0,'en',0),(1858,0,0,0,0,0,0,0,0,0,0,0,0,0,'en',0),(1859,0,0,0,0,0,0,0,0,0,0,0,0,0,'',0),(1860,0,0,0,0,0,0,0,0,0,0,0,0,0,'',0),(1861,0,0,0,1,1024,1024,24,0,1,0,0,0,0,'',0),(1862,5,1,0,0,0,0,0,0,0,0,0,0,0,'',1),(1863,0,0,0,1,1024,1024,24,0,1,0,0,0,0,'',0),(1864,0,0,0,0,0,0,0,0,0,0,0,0,0,'',0),(1865,0,0,0,0,0,0,0,0,0,0,0,0,0,'',0),(1866,0,0,0,1,1024,1024,24,0,1,0,0,0,0,'',0),(1867,0,0,0,1,1024,1024,24,0,1,0,0,0,0,'',0),(1868,0,0,0,0,0,0,0,0,0,0,0,0,0,'',0),(1869,0,0,0,0,0,0,0,0,0,0,0,0,0,'',0),(1870,0,0,0,0,0,0,0,0,0,0,0,0,0,'',0),(1871,0,0,0,0,0,0,0,0,0,0,0,0,0,'',0),(1872,0,0,0,0,0,0,0,0,0,0,0,0,0,'',0),(1873,1,3,0,0,0,0,0,0,0,0,0,0,0,'',0),(1874,0,0,0,0,0,0,0,0,0,0,0,0,0,'',0),(1875,0,0,0,1,1024,1024,24,0,1,0,0,0,0,'',0),(1876,0,0,0,1,1024,1024,24,0,1,0,0,0,0,'',0),(1877,0,0,0,1,1024,1024,24,0,1,0,0,0,0,'',0),(1878,0,0,0,1,1024,1024,24,0,1,0,0,0,0,'',0),(1879,0,0,0,0,0,0,0,0,0,0,0,0,0,'',0),(1880,0,0,0,1,1024,1024,24,0,1,0,0,0,0,'',0),(1881,0,0,0,1,1024,1024,24,0,1,0,0,0,0,'',0),(1882,5,1,0,1,375,667,24,0,0,0,0,0,0,'',1),(1883,3,10,0,0,0,0,0,0,0,0,0,0,0,'en',0),(1884,3,11,0,1,1600,900,24,0,1,0,0,0,0,'',0),(1885,0,0,0,1,1024,1024,24,0,1,0,0,0,0,'',0),(1886,0,0,0,0,0,0,0,0,0,0,0,0,0,'en',0),(1887,3,3,0,0,0,0,0,0,0,0,0,0,0,'es',0),(1888,3,3,0,0,0,0,0,0,0,0,0,0,0,'es',0),(1889,0,0,0,1,1024,1024,24,0,1,0,0,0,0,'',0),(1890,0,0,0,1,1024,1024,24,0,1,0,0,0,0,'',0),(1891,0,0,0,0,0,0,0,0,0,0,0,0,0,'',0),(1892,0,0,0,0,0,0,0,0,0,0,0,0,0,'en',0),(1893,0,0,0,1,1024,1024,24,0,1,0,0,0,0,'',0),(1894,0,0,0,1,1024,1024,24,0,1,0,0,0,0,'',0),(1895,0,0,0,1,1024,1024,24,0,1,0,0,0,0,'',0),(1896,0,0,0,1,1024,1024,24,0,1,0,0,0,0,'',0),(1897,0,0,0,1,1024,1024,24,0,1,0,0,0,0,'',0),(1898,0,0,0,0,0,0,0,0,0,0,0,0,0,'',0),(1899,0,0,0,0,0,0,0,0,0,0,0,0,0,'en',0),(1900,0,0,0,0,0,0,0,0,0,0,0,0,0,'',0),(1901,5,1,0,1,375,667,24,0,0,0,0,0,0,'',1),(1902,7,11,0,0,0,0,0,0,0,0,0,0,0,'en',1),(1903,4,10,0,1,1366,768,24,0,0,0,0,0,0,'en',0),(1904,0,11,0,1,1600,900,24,0,1,0,0,0,0,'fr',0),(1905,0,0,0,0,0,0,0,0,0,0,0,0,0,'en',0),(1906,0,0,0,0,0,0,0,0,0,0,0,0,0,'',0),(1907,0,0,0,0,0,0,0,0,0,0,0,0,0,'en',0),(1908,0,0,0,1,1024,1024,24,0,1,0,0,0,0,'',0),(1909,0,0,0,1,1024,1024,24,0,1,0,0,0,0,'',0),(1910,0,0,0,1,1024,1024,24,0,1,0,0,0,0,'',0),(1911,7,11,0,1,360,640,32,0,0,0,0,0,0,'it',1),(1912,5,1,0,1,375,667,24,0,0,0,0,0,0,'',1),(1913,5,1,0,1,375,667,24,0,0,0,0,0,0,'',1),(1914,0,0,0,1,1024,1024,24,0,1,0,0,0,0,'',0),(1915,0,0,0,1,1024,1024,24,0,1,0,0,0,0,'',0),(1916,6,11,0,1,1024,1024,24,0,0,0,0,0,0,'',0),(1917,6,11,0,1,1024,1024,24,0,0,0,0,0,0,'',0),(1918,0,0,0,1,1024,1024,24,0,1,0,0,0,0,'',0),(1919,0,0,0,1,1024,1024,24,0,1,0,0,0,0,'',0),(1920,3,3,0,0,0,0,0,0,0,0,0,0,0,'es',0),(1921,1,4,0,0,0,0,0,0,0,0,0,0,0,'',0),(1922,0,0,0,0,0,0,0,0,0,0,0,0,0,'en',0),(1923,0,0,0,0,0,0,0,0,0,0,0,0,0,'',0),(1924,0,0,0,1,1024,1024,24,0,1,0,0,0,0,'',0),(1925,0,0,0,0,0,0,0,0,0,0,0,0,0,'',0),(1926,0,0,0,0,0,0,0,0,0,0,0,0,0,'en',0),(1927,0,0,0,0,0,0,0,0,0,0,0,0,0,'en',0),(1928,0,0,0,0,0,0,0,0,0,0,0,0,0,'en',0),(1929,0,0,0,0,0,0,0,0,0,0,0,0,0,'en',0),(1930,0,0,0,0,0,0,0,0,0,0,0,0,0,'en',0),(1931,5,1,0,1,414,736,32,0,0,0,0,0,0,'en-us',1),(1932,0,0,0,0,0,0,0,0,0,0,0,0,0,'',0),(1933,0,0,0,0,0,0,0,0,0,0,0,0,0,'en',0),(1934,0,0,0,0,0,0,0,0,0,0,0,0,0,'en',0),(1935,0,0,0,0,0,0,0,0,0,0,0,0,0,'en',0),(1936,0,0,0,0,0,0,0,0,0,0,0,0,0,'en',0),(1937,0,0,0,0,0,0,0,0,0,0,0,0,0,'en',0),(1938,0,0,0,0,0,0,0,0,0,0,0,0,0,'en',0),(1939,0,0,0,0,0,0,0,0,0,0,0,0,0,'en',0),(1940,0,0,0,0,0,0,0,0,0,0,0,0,0,'en',0),(1941,0,0,0,0,0,0,0,0,0,0,0,0,0,'en',0),(1942,0,0,0,0,0,0,0,0,0,0,0,0,0,'en',0),(1943,0,0,0,0,0,0,0,0,0,0,0,0,0,'en',0),(1944,3,11,0,1,1366,768,24,0,1,0,0,0,0,'',0),(1945,5,3,0,1,1280,800,24,1,1,0,0,0,0,'',0),(1946,0,11,0,1,1366,768,24,0,1,0,0,0,0,'',0),(1947,0,0,0,0,0,0,0,0,0,0,0,0,0,'',0),(1948,0,0,0,0,0,0,0,0,0,0,0,0,0,'',0),(1949,3,11,0,1,1366,768,24,0,1,0,0,0,0,'en',0),(1950,0,0,0,0,0,0,0,0,0,0,0,0,0,'en',0),(1951,0,0,0,1,1024,1024,24,0,1,0,0,0,0,'',0),(1952,0,0,0,0,0,0,0,0,0,0,0,0,0,'',0),(1953,3,0,0,0,0,0,0,0,0,0,0,0,0,'',0),(1954,3,0,0,0,0,0,0,0,0,0,0,0,0,'',0),(1955,4,11,0,1,1366,768,24,0,1,0,0,0,0,'',0),(1956,4,11,0,0,0,0,0,0,0,0,0,0,0,'',0),(1957,0,0,0,0,0,0,0,0,0,0,0,0,0,'en',0),(1958,3,10,0,0,0,0,0,0,0,0,0,0,0,'en',0),(1959,0,0,0,1,1024,1024,24,0,1,0,0,0,0,'',0),(1960,0,0,0,1,1024,1024,24,0,1,0,0,0,0,'',0),(1961,0,11,0,1,1920,1080,24,0,1,0,0,0,0,'',0),(1962,0,0,0,0,0,0,0,0,0,0,0,0,0,'',0),(1963,0,0,0,0,0,0,0,0,0,0,0,0,0,'',0),(1964,0,0,0,0,0,0,0,0,0,0,0,0,0,'',0),(1965,0,0,0,0,0,0,0,0,0,0,0,0,0,'',0),(1966,0,0,0,0,0,0,0,0,0,0,0,0,0,'',0),(1967,0,0,0,0,0,0,0,0,0,0,0,0,0,'',0),(1968,0,0,0,0,0,0,0,0,0,0,0,0,0,'',0),(1969,0,0,0,0,0,0,0,0,0,0,0,0,0,'',0),(1970,0,0,0,0,0,0,0,0,0,0,0,0,0,'',0),(1971,0,0,0,0,0,0,0,0,0,0,0,0,0,'',0),(1972,0,0,0,0,0,0,0,0,0,0,0,0,0,'',0),(1973,0,0,0,0,0,0,0,0,0,0,0,0,0,'',0),(1974,0,0,0,0,0,0,0,0,0,0,0,0,0,'',0),(1975,0,0,0,0,0,0,0,0,0,0,0,0,0,'',0),(1976,0,0,0,0,0,0,0,0,0,0,0,0,0,'',0),(1977,0,0,0,0,0,0,0,0,0,0,0,0,0,'',0),(1978,0,0,0,0,0,0,0,0,0,0,0,0,0,'',0),(1979,0,0,0,0,0,0,0,0,0,0,0,0,0,'',0),(1980,0,0,0,0,0,0,0,0,0,0,0,0,0,'',0),(1981,0,0,0,0,0,0,0,0,0,0,0,0,0,'en-us',0),(1982,0,0,0,0,0,0,0,0,0,0,0,0,0,'',0),(1983,5,0,0,1,320,568,32,0,0,0,0,0,0,'en-us',1),(1985,0,0,0,1,1024,1024,24,0,1,0,0,0,0,'',0),(1986,5,0,0,1,414,736,32,0,0,0,0,0,0,'en-us',1),(1987,0,0,0,0,0,0,0,0,0,0,0,0,0,'',0),(1988,0,0,0,0,0,0,0,0,0,0,0,0,0,'en',0),(1989,0,0,0,0,0,0,0,0,0,0,0,0,0,'en',0),(1990,0,0,0,0,0,0,0,0,0,0,0,0,0,'en',0),(1991,0,0,0,0,0,0,0,0,0,0,0,0,0,'en',0),(1992,0,0,0,0,0,0,0,0,0,0,0,0,0,'en',0),(1993,0,0,0,0,0,0,0,0,0,0,0,0,0,'en',0),(1994,0,0,0,0,0,0,0,0,0,0,0,0,0,'en',0),(1995,0,0,0,0,0,0,0,0,0,0,0,0,0,'',0),(1996,0,0,0,0,0,0,0,0,0,0,0,0,0,'',0),(1997,0,0,0,0,0,0,0,0,0,0,0,0,0,'en',0),(1998,0,0,0,0,0,0,0,0,0,0,0,0,0,'',0),(1999,0,0,0,0,0,0,0,0,0,0,0,0,0,'',0),(2000,0,0,0,0,0,0,0,0,0,0,0,0,0,'',0),(2001,0,0,0,0,0,0,0,0,0,0,0,0,0,'',0),(2002,0,0,0,0,0,0,0,0,0,0,0,0,0,'',0),(2003,0,0,0,0,0,0,0,0,0,0,0,0,0,'',0),(2004,0,0,0,0,0,0,0,0,0,0,0,0,0,'',0),(2005,0,0,0,0,0,0,0,0,0,0,0,0,0,'',0),(2006,0,0,0,0,0,0,0,0,0,0,0,0,0,'',0),(2007,0,0,0,0,0,0,0,0,0,0,0,0,0,'',0),(2008,0,0,0,0,0,0,0,0,0,0,0,0,0,'',0),(2009,0,0,0,0,0,0,0,0,0,0,0,0,0,'',0),(2010,0,0,0,0,0,0,0,0,0,0,0,0,0,'',0),(2011,0,0,0,0,0,0,0,0,0,0,0,0,0,'',0),(2012,3,3,0,0,0,0,0,0,0,0,0,0,0,'es',0),(2013,3,3,0,0,0,0,0,0,0,0,0,0,0,'es',0),(2014,0,0,0,0,0,0,0,0,0,0,0,0,0,'',0),(2015,0,0,0,0,0,0,0,0,0,0,0,0,0,'',0),(2016,0,0,0,0,0,0,0,0,0,0,0,0,0,'',0),(2017,0,0,0,1,1024,1024,24,0,1,0,0,0,0,'',0),(2018,0,0,0,1,1024,1024,24,0,1,0,0,0,0,'',0),(2019,0,0,0,1,1024,1024,24,0,1,0,0,0,0,'',0),(2020,0,0,0,0,0,0,0,0,0,0,0,0,0,'',0),(2021,5,1,0,1,375,667,24,0,0,0,0,0,0,'',1),(2022,0,0,0,0,0,0,0,0,0,0,0,0,0,'',0),(2023,0,0,0,0,0,0,0,0,0,0,0,0,0,'en',0),(2024,0,0,0,0,0,0,0,0,0,0,0,0,0,'en',0),(2025,0,0,0,0,0,0,0,0,0,0,0,0,0,'',0),(2026,0,0,0,0,0,0,0,0,0,0,0,0,0,'en',0),(2027,0,0,0,0,0,0,0,0,0,0,0,0,0,'en',0),(2028,0,0,0,0,0,0,0,0,0,0,0,0,0,'en',0),(2029,0,0,0,0,0,0,0,0,0,0,0,0,0,'en',0),(2030,0,0,0,0,0,0,0,0,0,0,0,0,0,'en',0),(2031,0,0,0,0,0,0,0,0,0,0,0,0,0,'en',0),(2032,0,0,0,0,0,0,0,0,0,0,0,0,0,'en',0),(2033,0,0,0,0,0,0,0,0,0,0,0,0,0,'en',0),(2034,0,0,0,0,0,0,0,0,0,0,0,0,0,'en',0),(2035,0,0,0,0,0,0,0,0,0,0,0,0,0,'en',0),(2036,0,0,0,0,0,0,0,0,0,0,0,0,0,'en',0),(2037,0,0,0,0,0,0,0,0,0,0,0,0,0,'en',0),(2038,0,0,0,0,0,0,0,0,0,0,0,0,0,'en',0),(2039,0,0,0,0,0,0,0,0,0,0,0,0,0,'en',0),(2040,0,0,0,0,0,0,0,0,0,0,0,0,0,'en',0),(2041,0,0,0,0,0,0,0,0,0,0,0,0,0,'en',0),(2042,0,0,0,0,0,0,0,0,0,0,0,0,0,'en',0),(2043,0,0,0,0,0,0,0,0,0,0,0,0,0,'en',0),(2044,0,0,0,0,0,0,0,0,0,0,0,0,0,'en',0),(2045,0,0,0,0,0,0,0,0,0,0,0,0,0,'en',0),(2046,0,0,0,0,0,0,0,0,0,0,0,0,0,'en',0),(2047,0,0,0,0,0,0,0,0,0,0,0,0,0,'en',0),(2048,0,0,0,0,0,0,0,0,0,0,0,0,0,'en',0),(2049,0,0,0,0,0,0,0,0,0,0,0,0,0,'en',0),(2050,0,0,0,0,0,0,0,0,0,0,0,0,0,'en',0),(2051,0,0,0,0,0,0,0,0,0,0,0,0,0,'en',0),(2052,0,0,0,0,0,0,0,0,0,0,0,0,0,'en',0),(2053,0,0,0,0,0,0,0,0,0,0,0,0,0,'en',0),(2054,0,0,0,0,0,0,0,0,0,0,0,0,0,'en',0),(2055,0,0,0,0,0,0,0,0,0,0,0,0,0,'en',0),(2056,0,0,0,0,0,0,0,0,0,0,0,0,0,'en',0),(2057,0,0,0,0,0,0,0,0,0,0,0,0,0,'en',0),(2058,0,0,0,0,0,0,0,0,0,0,0,0,0,'en',0),(2059,0,0,0,0,0,0,0,0,0,0,0,0,0,'en',0),(2060,0,0,0,0,0,0,0,0,0,0,0,0,0,'en',0),(2061,0,0,0,0,0,0,0,0,0,0,0,0,0,'en',0),(2062,0,0,0,0,0,0,0,0,0,0,0,0,0,'en',0),(2063,0,0,0,0,0,0,0,0,0,0,0,0,0,'en',0),(2064,0,0,0,0,0,0,0,0,0,0,0,0,0,'en',0),(2065,0,0,0,0,0,0,0,0,0,0,0,0,0,'en',0),(2066,0,0,0,0,0,0,0,0,0,0,0,0,0,'en',0),(2067,0,0,0,0,0,0,0,0,0,0,0,0,0,'en',0),(2068,0,0,0,0,0,0,0,0,0,0,0,0,0,'en',0),(2069,0,0,0,0,0,0,0,0,0,0,0,0,0,'en',0),(2070,0,0,0,0,0,0,0,0,0,0,0,0,0,'en',0),(2071,0,0,0,0,0,0,0,0,0,0,0,0,0,'en',0),(2072,0,0,0,0,0,0,0,0,0,0,0,0,0,'en',0),(2073,0,0,0,0,0,0,0,0,0,0,0,0,0,'en',0),(2074,0,0,0,0,0,0,0,0,0,0,0,0,0,'en',0),(2075,0,0,0,0,0,0,0,0,0,0,0,0,0,'en',0),(2076,0,0,0,0,0,0,0,0,0,0,0,0,0,'en',0),(2077,0,0,0,0,0,0,0,0,0,0,0,0,0,'en',0),(2078,0,0,0,0,0,0,0,0,0,0,0,0,0,'en',0),(2079,0,0,0,0,0,0,0,0,0,0,0,0,0,'en',0),(2080,0,0,0,0,0,0,0,0,0,0,0,0,0,'en',0),(2081,0,0,0,0,0,0,0,0,0,0,0,0,0,'en',0),(2082,0,0,0,0,0,0,0,0,0,0,0,0,0,'en',0),(2083,0,0,0,0,0,0,0,0,0,0,0,0,0,'en',0),(2084,0,0,0,0,0,0,0,0,0,0,0,0,0,'en',0),(2085,0,0,0,0,0,0,0,0,0,0,0,0,0,'en',0),(2086,0,0,0,0,0,0,0,0,0,0,0,0,0,'en',0),(2087,0,0,0,0,0,0,0,0,0,0,0,0,0,'en',0),(2088,0,0,0,0,0,0,0,0,0,0,0,0,0,'en',0),(2089,0,0,0,0,0,0,0,0,0,0,0,0,0,'en',0),(2090,0,0,0,0,0,0,0,0,0,0,0,0,0,'en',0),(2091,0,0,0,0,0,0,0,0,0,0,0,0,0,'en',0),(2092,0,0,0,0,0,0,0,0,0,0,0,0,0,'en',0),(2093,0,0,0,0,0,0,0,0,0,0,0,0,0,'en',0),(2094,0,0,0,0,0,0,0,0,0,0,0,0,0,'en',0),(2095,0,0,0,0,0,0,0,0,0,0,0,0,0,'',0),(2096,0,0,0,0,0,0,0,0,0,0,0,0,0,'',0),(2097,0,0,0,1,1024,1024,24,0,1,0,0,0,0,'',0),(2098,0,0,0,1,1024,1024,24,0,1,0,0,0,0,'',0),(2099,0,0,0,0,0,0,0,0,0,0,0,0,0,'',0),(2100,0,0,0,0,0,0,0,0,0,0,0,0,0,'en',0),(2101,0,0,0,0,0,0,0,0,0,0,0,0,0,'en',0),(2102,0,0,0,0,0,0,0,0,0,0,0,0,0,'en',0),(2103,0,0,0,0,0,0,0,0,0,0,0,0,0,'en',0),(2104,0,0,0,0,0,0,0,0,0,0,0,0,0,'en',0),(2105,0,0,0,1,1024,1024,24,0,1,0,0,0,0,'',0),(2106,3,3,0,0,0,0,0,0,0,0,0,0,0,'es',0),(2107,0,0,0,0,0,0,0,0,0,0,0,0,0,'',0),(2108,0,0,0,0,0,0,0,0,0,0,0,0,0,'en',0),(2109,0,0,0,1,1024,1024,24,0,1,0,0,0,0,'',0),(2110,0,0,0,0,0,0,0,0,0,0,0,0,0,'en',0),(2111,0,0,0,0,0,0,0,0,0,0,0,0,0,'',0),(2112,7,11,0,1,360,640,32,0,0,0,0,0,0,'en',1),(2113,1,3,0,0,0,0,0,0,0,0,0,0,0,'zh-tw',0),(2114,7,11,0,1,412,732,32,0,0,0,0,0,0,'en',1),(2115,0,0,0,1,1024,1024,24,0,1,0,0,0,0,'',0),(2116,0,0,0,1,1024,1024,24,0,1,0,0,0,0,'',0),(2117,0,0,0,0,0,0,0,0,0,0,0,0,0,'',0),(2118,0,0,0,1,1024,1024,24,0,1,0,0,0,0,'',0),(2119,0,0,0,1,1024,1024,24,0,1,0,0,0,0,'',0),(2120,0,0,0,1,1024,1024,24,0,1,0,0,0,0,'',0),(2121,0,0,0,1,1024,1024,24,0,1,0,0,0,0,'',0),(2122,0,0,0,1,1024,1024,24,0,1,0,0,0,0,'',0),(2123,0,0,0,1,1024,1024,24,0,1,0,0,0,0,'',0),(2124,0,0,0,0,0,0,0,0,0,0,0,0,0,'',0),(2125,1,3,0,0,0,0,0,0,0,0,0,0,0,'en-us',0),(2126,1,3,0,0,0,0,0,0,0,0,0,0,0,'en-us',0),(2127,0,0,0,1,1024,1024,24,0,1,0,0,0,0,'',0),(2128,5,1,0,1,375,667,24,0,0,0,0,0,0,'',1),(2129,0,0,0,0,0,0,0,0,0,0,0,0,0,'',0),(2130,0,0,0,0,0,0,0,0,0,0,0,0,0,'',0),(2131,0,0,0,1,1024,1024,24,0,1,0,0,0,0,'',0),(2132,0,0,0,1,1024,1024,24,0,1,0,0,0,0,'',0),(2133,0,0,0,1,1024,1024,24,0,1,0,0,0,0,'',0),(2134,0,0,0,1,1024,1024,24,0,1,0,0,0,0,'',0),(2135,0,0,0,1,1024,1024,24,0,1,0,0,0,0,'',0),(2136,0,0,0,0,0,0,0,0,0,0,0,0,0,'',0),(2137,0,0,0,0,0,0,0,0,0,0,0,0,0,'en',0),(2138,0,0,0,0,0,0,0,0,0,0,0,0,0,'en',0),(2139,0,0,0,0,0,0,0,0,0,0,0,0,0,'en',0),(2140,0,0,0,0,0,0,0,0,0,0,0,0,0,'en',0),(2141,0,0,0,0,0,0,0,0,0,0,0,0,0,'en',0),(2142,0,0,0,0,0,0,0,0,0,0,0,0,0,'en',0),(2143,0,0,0,0,0,0,0,0,0,0,0,0,0,'en',0),(2144,0,0,0,0,0,0,0,0,0,0,0,0,0,'en',0),(2145,0,0,0,0,0,0,0,0,0,0,0,0,0,'en',0),(2146,0,0,0,0,0,0,0,0,0,0,0,0,0,'en',0),(2147,0,0,0,0,0,0,0,0,0,0,0,0,0,'en',0),(2148,0,0,0,0,0,0,0,0,0,0,0,0,0,'en',0),(2149,0,0,0,0,0,0,0,0,0,0,0,0,0,'en',0),(2150,0,0,0,0,0,0,0,0,0,0,0,0,0,'en',0),(2151,0,0,0,0,0,0,0,0,0,0,0,0,0,'en',0),(2152,0,0,0,0,0,0,0,0,0,0,0,0,0,'en',0),(2153,0,0,0,0,0,0,0,0,0,0,0,0,0,'en',0),(2154,0,0,0,0,0,0,0,0,0,0,0,0,0,'en',0),(2155,0,0,0,0,0,0,0,0,0,0,0,0,0,'en',0),(2156,0,0,0,0,0,0,0,0,0,0,0,0,0,'en',0),(2157,0,0,0,0,0,0,0,0,0,0,0,0,0,'en',0),(2158,0,0,0,0,0,0,0,0,0,0,0,0,0,'en',0),(2159,0,0,0,0,0,0,0,0,0,0,0,0,0,'en',0),(2160,0,0,0,0,0,0,0,0,0,0,0,0,0,'en',0),(2161,0,0,0,0,0,0,0,0,0,0,0,0,0,'en',0),(2162,0,0,0,0,0,0,0,0,0,0,0,0,0,'en',0),(2163,0,0,0,0,0,0,0,0,0,0,0,0,0,'en',0),(2164,0,0,0,0,0,0,0,0,0,0,0,0,0,'en',0),(2165,0,0,0,0,0,0,0,0,0,0,0,0,0,'en',0),(2166,0,0,0,0,0,0,0,0,0,0,0,0,0,'en',0),(2167,0,0,0,0,0,0,0,0,0,0,0,0,0,'en',0),(2168,0,0,0,0,0,0,0,0,0,0,0,0,0,'en',0),(2169,0,0,0,0,0,0,0,0,0,0,0,0,0,'en',0),(2170,0,0,0,0,0,0,0,0,0,0,0,0,0,'en',0),(2171,0,0,0,0,0,0,0,0,0,0,0,0,0,'en',0),(2172,0,0,0,0,0,0,0,0,0,0,0,0,0,'en',0),(2173,0,0,0,0,0,0,0,0,0,0,0,0,0,'en',0),(2174,0,0,0,0,0,0,0,0,0,0,0,0,0,'en',0),(2175,0,0,0,0,0,0,0,0,0,0,0,0,0,'en',0),(2176,0,0,0,0,0,0,0,0,0,0,0,0,0,'en',0),(2177,0,0,0,0,0,0,0,0,0,0,0,0,0,'en',0),(2178,0,0,0,0,0,0,0,0,0,0,0,0,0,'en',0),(2179,0,0,0,0,0,0,0,0,0,0,0,0,0,'en',0),(2180,0,0,0,0,0,0,0,0,0,0,0,0,0,'en',0),(2181,0,0,0,0,0,0,0,0,0,0,0,0,0,'en',0),(2182,0,0,0,0,0,0,0,0,0,0,0,0,0,'en',0),(2183,0,0,0,0,0,0,0,0,0,0,0,0,0,'en',0),(2184,0,0,0,0,0,0,0,0,0,0,0,0,0,'en',0),(2185,0,0,0,0,0,0,0,0,0,0,0,0,0,'en',0),(2186,0,0,0,0,0,0,0,0,0,0,0,0,0,'en',0),(2187,0,0,0,0,0,0,0,0,0,0,0,0,0,'en',0),(2188,0,0,0,0,0,0,0,0,0,0,0,0,0,'en',0),(2189,0,0,0,0,0,0,0,0,0,0,0,0,0,'en',0),(2190,0,0,0,0,0,0,0,0,0,0,0,0,0,'en',0),(2191,0,0,0,0,0,0,0,0,0,0,0,0,0,'en',0),(2192,0,0,0,0,0,0,0,0,0,0,0,0,0,'en',0),(2193,0,0,0,0,0,0,0,0,0,0,0,0,0,'en',0),(2194,0,0,0,0,0,0,0,0,0,0,0,0,0,'en',0),(2195,0,0,0,0,0,0,0,0,0,0,0,0,0,'en',0),(2196,0,0,0,0,0,0,0,0,0,0,0,0,0,'en',0),(2197,0,0,0,0,0,0,0,0,0,0,0,0,0,'en',0),(2198,0,0,0,0,0,0,0,0,0,0,0,0,0,'en',0),(2199,0,0,0,0,0,0,0,0,0,0,0,0,0,'en',0),(2200,0,0,0,0,0,0,0,0,0,0,0,0,0,'en',0),(2201,0,0,0,0,0,0,0,0,0,0,0,0,0,'en',0),(2202,0,0,0,0,0,0,0,0,0,0,0,0,0,'en',0),(2203,0,0,0,0,0,0,0,0,0,0,0,0,0,'en',0),(2204,0,0,0,0,0,0,0,0,0,0,0,0,0,'en',0),(2205,0,0,0,0,0,0,0,0,0,0,0,0,0,'en',0),(2206,0,0,0,0,0,0,0,0,0,0,0,0,0,'en',0),(2207,0,0,0,0,0,0,0,0,0,0,0,0,0,'en',0),(2208,0,0,0,0,0,0,0,0,0,0,0,0,0,'en',0),(2209,0,0,0,0,0,0,0,0,0,0,0,0,0,'en',0),(2210,0,0,0,0,0,0,0,0,0,0,0,0,0,'en',0),(2211,0,0,0,0,0,0,0,0,0,0,0,0,0,'en',0),(2212,0,0,0,0,0,0,0,0,0,0,0,0,0,'en',0),(2213,0,0,0,0,0,0,0,0,0,0,0,0,0,'en',0),(2214,0,0,0,0,0,0,0,0,0,0,0,0,0,'en',0),(2215,0,0,0,0,0,0,0,0,0,0,0,0,0,'en',0),(2216,0,0,0,0,0,0,0,0,0,0,0,0,0,'en',0),(2217,0,0,0,0,0,0,0,0,0,0,0,0,0,'en',0),(2218,0,0,0,0,0,0,0,0,0,0,0,0,0,'en',0),(2219,0,0,0,0,0,0,0,0,0,0,0,0,0,'en',0),(2220,0,0,0,0,0,0,0,0,0,0,0,0,0,'en',0),(2221,0,0,0,0,0,0,0,0,0,0,0,0,0,'en',0),(2222,0,0,0,0,0,0,0,0,0,0,0,0,0,'en',0),(2223,0,0,0,0,0,0,0,0,0,0,0,0,0,'en',0),(2224,0,0,0,0,0,0,0,0,0,0,0,0,0,'en',0),(2225,0,0,0,0,0,0,0,0,0,0,0,0,0,'en',0),(2226,0,0,0,0,0,0,0,0,0,0,0,0,0,'en',0),(2227,0,0,0,0,0,0,0,0,0,0,0,0,0,'en',0),(2228,0,0,0,0,0,0,0,0,0,0,0,0,0,'en',0),(2229,0,0,0,0,0,0,0,0,0,0,0,0,0,'en',0),(2230,0,0,0,0,0,0,0,0,0,0,0,0,0,'en',0),(2231,0,0,0,0,0,0,0,0,0,0,0,0,0,'en',0),(2232,0,0,0,0,0,0,0,0,0,0,0,0,0,'en',0),(2233,0,0,0,0,0,0,0,0,0,0,0,0,0,'en',0),(2234,0,0,0,0,0,0,0,0,0,0,0,0,0,'en',0),(2235,0,0,0,0,0,0,0,0,0,0,0,0,0,'en',0),(2236,0,0,0,0,0,0,0,0,0,0,0,0,0,'en',0),(2237,0,0,0,0,0,0,0,0,0,0,0,0,0,'en',0),(2238,0,0,0,0,0,0,0,0,0,0,0,0,0,'en',0),(2239,0,0,0,0,0,0,0,0,0,0,0,0,0,'en',0),(2240,0,0,0,0,0,0,0,0,0,0,0,0,0,'en',0),(2241,0,0,0,0,0,0,0,0,0,0,0,0,0,'en',0),(2242,0,0,0,0,0,0,0,0,0,0,0,0,0,'en',0),(2243,0,0,0,0,0,0,0,0,0,0,0,0,0,'en',0),(2244,0,0,0,0,0,0,0,0,0,0,0,0,0,'en',0),(2245,0,0,0,0,0,0,0,0,0,0,0,0,0,'',0),(2246,1,3,0,0,0,0,0,0,0,0,0,0,0,'zh-tw',0),(2247,0,0,0,1,1024,1024,24,0,1,0,0,0,0,'',0),(2248,0,0,0,1,1024,1024,24,0,1,0,0,0,0,'',0),(2249,0,0,0,0,0,0,0,0,0,0,0,0,0,'',0),(2250,0,0,0,1,1024,1024,24,0,1,0,0,0,0,'',0),(2251,0,0,0,0,0,0,0,0,0,0,0,0,0,'en',0),(2252,5,1,0,0,0,0,0,0,0,0,0,0,0,'',1),(2253,0,0,0,1,1024,1024,24,0,1,0,0,0,0,'',0),(2254,3,3,0,0,0,0,0,0,0,0,0,0,0,'es',0),(2255,0,0,0,0,0,0,0,0,0,0,0,0,0,'',0),(2256,0,0,0,0,0,0,0,0,0,0,0,0,0,'en',0),(2257,0,0,0,0,0,0,0,0,0,0,0,0,0,'en',0),(2258,0,0,0,0,0,0,0,0,0,0,0,0,0,'en',0),(2259,0,0,0,0,0,0,0,0,0,0,0,0,0,'en',0),(2260,0,0,0,0,0,0,0,0,0,0,0,0,0,'en',0),(2261,0,0,0,0,0,0,0,0,0,0,0,0,0,'en',0),(2262,0,0,0,0,0,0,0,0,0,0,0,0,0,'en',0),(2263,0,0,0,0,0,0,0,0,0,0,0,0,0,'en',0),(2264,0,0,0,0,0,0,0,0,0,0,0,0,0,'en',0),(2265,0,0,0,0,0,0,0,0,0,0,0,0,0,'en',0),(2266,0,0,0,0,0,0,0,0,0,0,0,0,0,'en',0),(2267,0,0,0,0,0,0,0,0,0,0,0,0,0,'en',0),(2268,0,0,0,0,0,0,0,0,0,0,0,0,0,'en',0),(2269,0,0,0,0,0,0,0,0,0,0,0,0,0,'en',0),(2270,0,0,0,0,0,0,0,0,0,0,0,0,0,'',0),(2271,7,0,0,0,0,0,0,0,0,0,0,0,0,'',1),(2272,0,0,0,0,0,0,0,0,0,0,0,0,0,'en',0),(2273,0,0,0,0,0,0,0,0,0,0,0,0,0,'en',0),(2274,0,0,0,0,0,0,0,0,0,0,0,0,0,'en',0),(2275,0,0,0,0,0,0,0,0,0,0,0,0,0,'en',0),(2276,0,0,0,0,0,0,0,0,0,0,0,0,0,'en',0),(2277,0,0,0,0,0,0,0,0,0,0,0,0,0,'en',0),(2278,0,0,0,0,0,0,0,0,0,0,0,0,0,'en',0),(2279,0,0,0,0,0,0,0,0,0,0,0,0,0,'en',0),(2280,0,0,0,0,0,0,0,0,0,0,0,0,0,'en',0),(2281,0,0,0,0,0,0,0,0,0,0,0,0,0,'en',0),(2282,0,0,0,0,0,0,0,0,0,0,0,0,0,'en',0),(2283,0,0,0,0,0,0,0,0,0,0,0,0,0,'en',0),(2284,0,0,0,0,0,0,0,0,0,0,0,0,0,'en',0),(2285,0,0,0,0,0,0,0,0,0,0,0,0,0,'en',0),(2286,0,0,0,0,0,0,0,0,0,0,0,0,0,'en',0),(2287,0,0,0,0,0,0,0,0,0,0,0,0,0,'en',0),(2288,0,0,0,0,0,0,0,0,0,0,0,0,0,'en',0),(2289,0,0,0,0,0,0,0,0,0,0,0,0,0,'en',0),(2290,0,0,0,0,0,0,0,0,0,0,0,0,0,'en',0),(2291,0,0,0,0,0,0,0,0,0,0,0,0,0,'en',0),(2292,0,0,0,0,0,0,0,0,0,0,0,0,0,'en',0),(2293,0,0,0,0,0,0,0,0,0,0,0,0,0,'en',0),(2294,0,0,0,0,0,0,0,0,0,0,0,0,0,'en',0),(2295,0,0,0,0,0,0,0,0,0,0,0,0,0,'en',0),(2296,0,0,0,1,1024,1024,24,0,1,0,0,0,0,'',0),(2297,3,11,20,1,1366,768,24,0,1,0,0,0,0,'',0),(2298,5,1,0,1,375,667,24,0,0,0,0,0,0,'',1),(2299,3,10,0,0,0,0,0,0,0,0,0,0,0,'',0),(2300,0,0,0,0,0,0,0,0,0,0,0,0,0,'',0),(2301,0,0,0,0,0,0,0,0,0,0,0,0,0,'',0),(2302,0,0,0,0,0,0,0,0,0,0,0,0,0,'',0),(2303,0,0,0,0,0,0,0,0,0,0,0,0,0,'',0),(2304,0,0,0,0,0,0,0,0,0,0,0,0,0,'',0),(2305,0,0,0,0,0,0,0,0,0,0,0,0,0,'',0),(2306,0,0,0,0,0,0,0,0,0,0,0,0,0,'',0),(2307,0,0,0,0,0,0,0,0,0,0,0,0,0,'',0),(2308,0,0,0,0,0,0,0,0,0,0,0,0,0,'',0),(2309,0,0,0,0,0,0,0,0,0,0,0,0,0,'',0),(2310,0,0,0,0,0,0,0,0,0,0,0,0,0,'',0),(2311,0,0,0,0,0,0,0,0,0,0,0,0,0,'',0),(2312,0,0,0,0,0,0,0,0,0,0,0,0,0,'',0),(2313,0,0,0,0,0,0,0,0,0,0,0,0,0,'',0),(2314,0,0,0,0,0,0,0,0,0,0,0,0,0,'',0),(2315,0,0,0,0,0,0,0,0,0,0,0,0,0,'',0),(2316,0,0,0,0,0,0,0,0,0,0,0,0,0,'',0),(2317,0,0,0,0,0,0,0,0,0,0,0,0,0,'',0),(2318,0,0,0,0,0,0,0,0,0,0,0,0,0,'',0),(2319,0,0,0,0,0,0,0,0,0,0,0,0,0,'',0),(2320,0,0,0,0,0,0,0,0,0,0,0,0,0,'',0),(2321,0,0,0,0,0,0,0,0,0,0,0,0,0,'',0),(2322,0,0,0,0,0,0,0,0,0,0,0,0,0,'',0),(2323,0,0,0,0,0,0,0,0,0,0,0,0,0,'',0),(2324,0,0,0,0,0,0,0,0,0,0,0,0,0,'',0),(2325,0,0,0,0,0,0,0,0,0,0,0,0,0,'',0),(2326,0,0,0,0,0,0,0,0,0,0,0,0,0,'',0),(2327,0,0,0,0,0,0,0,0,0,0,0,0,0,'',0),(2328,0,0,0,0,0,0,0,0,0,0,0,0,0,'',0),(2329,0,0,0,0,0,0,0,0,0,0,0,0,0,'',0),(2330,0,0,0,0,0,0,0,0,0,0,0,0,0,'',0),(2331,0,0,0,0,0,0,0,0,0,0,0,0,0,'',0),(2332,0,0,0,0,0,0,0,0,0,0,0,0,0,'',0),(2333,0,0,0,0,0,0,0,0,0,0,0,0,0,'',0),(2334,0,0,0,0,0,0,0,0,0,0,0,0,0,'',0),(2335,0,0,0,0,0,0,0,0,0,0,0,0,0,'',0),(2336,0,0,0,0,0,0,0,0,0,0,0,0,0,'',0),(2337,0,0,0,0,0,0,0,0,0,0,0,0,0,'',0),(2338,0,0,0,0,0,0,0,0,0,0,0,0,0,'',0),(2339,0,0,0,0,0,0,0,0,0,0,0,0,0,'en',0),(2340,0,11,0,1,1366,768,24,0,1,0,0,0,0,'',0),(2341,0,0,0,0,0,0,0,0,0,0,0,0,0,'',0),(2342,0,0,0,0,0,0,0,0,0,0,0,0,0,'',0),(2343,0,0,0,0,0,0,0,0,0,0,0,0,0,'',0),(2344,7,11,0,1,360,640,32,0,0,0,0,0,0,'en',1),(2345,5,0,0,1,414,736,32,0,0,0,0,0,0,'zh-cn',1),(2346,5,1,0,0,0,0,0,0,0,0,0,0,0,'',0),(2347,5,1,0,0,0,0,0,0,0,0,0,0,0,'',0),(2348,5,1,0,0,0,0,0,0,0,0,0,0,0,'',0),(2349,5,1,0,0,0,0,0,0,0,0,0,0,0,'',0),(2350,5,1,0,0,0,0,0,0,0,0,0,0,0,'',0),(2351,0,0,0,0,0,0,0,0,0,0,0,0,0,'',0),(2352,0,0,0,0,0,0,0,0,0,0,0,0,0,'',0),(2353,0,0,0,0,0,0,0,0,0,0,0,0,0,'',0),(2354,0,0,0,1,1024,1024,24,0,1,0,0,0,0,'',0),(2355,0,0,0,0,0,0,0,0,0,0,0,0,0,'',0),(2356,0,0,0,0,0,0,0,0,0,0,0,0,0,'',0),(2357,0,0,0,0,0,0,0,0,0,0,0,0,0,'',0),(2358,0,0,0,0,0,0,0,0,0,0,0,0,0,'en',0),(2359,0,0,0,0,0,0,0,0,0,0,0,0,0,'',0),(2360,0,0,0,1,1024,1024,24,0,1,0,0,0,0,'',0),(2361,0,0,0,0,0,0,0,0,0,0,0,0,0,'en',0),(2362,0,0,0,1,1024,1024,24,0,1,0,0,0,0,'',0),(2363,0,0,0,0,0,0,0,0,0,0,0,0,0,'',0),(2364,0,0,0,0,0,0,0,0,0,0,0,0,0,'',0),(2365,0,0,0,1,1024,1024,24,0,1,0,0,0,0,'',0),(2366,0,0,0,1,1024,1024,24,0,1,0,0,0,0,'',0),(2367,0,0,0,0,0,0,0,0,0,0,0,0,0,'',0),(2368,3,10,0,0,0,0,0,0,0,0,0,0,0,'',0),(2369,3,3,0,0,0,0,0,0,0,0,0,0,0,'es',0),(2370,0,0,0,0,0,0,0,0,0,0,0,0,0,'',0),(2371,0,0,0,0,0,0,0,0,0,0,0,0,0,'',0),(2372,0,0,0,0,0,0,0,0,0,0,0,0,0,'en',0),(2373,0,0,0,0,0,0,0,0,0,0,0,0,0,'en',0),(2374,0,0,0,0,0,0,0,0,0,0,0,0,0,'en',0),(2375,0,0,0,0,0,0,0,0,0,0,0,0,0,'en',0),(2376,0,0,0,0,0,0,0,0,0,0,0,0,0,'en',0),(2377,0,0,0,1,1024,1024,24,0,1,0,0,0,0,'',0),(2378,0,0,0,0,0,0,0,0,0,0,0,0,0,'',0),(2379,0,0,0,0,0,0,0,0,0,0,0,0,0,'',0),(2380,0,0,0,0,0,0,0,0,0,0,0,0,0,'',0),(2381,0,0,0,0,0,0,0,0,0,0,0,0,0,'',0),(2382,0,0,0,0,0,0,0,0,0,0,0,0,0,'',0),(2383,0,0,0,0,0,0,0,0,0,0,0,0,0,'',0),(2384,0,0,0,0,0,0,0,0,0,0,0,0,0,'',0),(2385,0,0,0,0,0,0,0,0,0,0,0,0,0,'en',0),(2386,0,0,0,0,0,0,0,0,0,0,0,0,0,'en',0),(2387,0,0,0,0,0,0,0,0,0,0,0,0,0,'en',0),(2388,0,0,0,0,0,0,0,0,0,0,0,0,0,'en',0),(2389,0,0,0,0,0,0,0,0,0,0,0,0,0,'en',0),(2390,0,0,0,0,0,0,0,0,0,0,0,0,0,'en',0),(2391,0,0,0,0,0,0,0,0,0,0,0,0,0,'en',0),(2392,0,0,0,0,0,0,0,0,0,0,0,0,0,'en',0),(2393,0,0,0,0,0,0,0,0,0,0,0,0,0,'en',0),(2394,0,0,0,0,0,0,0,0,0,0,0,0,0,'en',0),(2395,0,0,0,0,0,0,0,0,0,0,0,0,0,'en',0),(2396,0,0,0,0,0,0,0,0,0,0,0,0,0,'en',0),(2397,0,0,0,0,0,0,0,0,0,0,0,0,0,'en',0),(2398,0,0,0,0,0,0,0,0,0,0,0,0,0,'en',0),(2399,0,0,0,0,0,0,0,0,0,0,0,0,0,'en',0),(2400,0,0,0,0,0,0,0,0,0,0,0,0,0,'en',0),(2401,0,0,0,0,0,0,0,0,0,0,0,0,0,'en',0),(2402,0,0,0,0,0,0,0,0,0,0,0,0,0,'en',0),(2403,0,0,0,0,0,0,0,0,0,0,0,0,0,'en',0),(2404,0,0,0,0,0,0,0,0,0,0,0,0,0,'en',0),(2405,0,0,0,0,0,0,0,0,0,0,0,0,0,'en',0),(2406,0,0,0,0,0,0,0,0,0,0,0,0,0,'en',0),(2407,0,0,0,0,0,0,0,0,0,0,0,0,0,'en',0),(2408,0,0,0,0,0,0,0,0,0,0,0,0,0,'en',0),(2409,0,0,0,0,0,0,0,0,0,0,0,0,0,'en',0),(2410,0,0,0,0,0,0,0,0,0,0,0,0,0,'en',0),(2411,0,0,0,0,0,0,0,0,0,0,0,0,0,'en',0),(2412,0,0,0,0,0,0,0,0,0,0,0,0,0,'en',0),(2413,0,0,0,0,0,0,0,0,0,0,0,0,0,'en',0),(2414,0,0,0,0,0,0,0,0,0,0,0,0,0,'en',0),(2415,0,0,0,0,0,0,0,0,0,0,0,0,0,'en',0),(2416,0,0,0,0,0,0,0,0,0,0,0,0,0,'en',0),(2417,0,0,0,0,0,0,0,0,0,0,0,0,0,'en',0),(2418,0,0,0,0,0,0,0,0,0,0,0,0,0,'en',0),(2419,0,0,0,0,0,0,0,0,0,0,0,0,0,'en',0),(2420,0,0,0,0,0,0,0,0,0,0,0,0,0,'en',0),(2421,0,0,0,0,0,0,0,0,0,0,0,0,0,'en',0),(2422,0,0,0,0,0,0,0,0,0,0,0,0,0,'en',0),(2423,0,0,0,0,0,0,0,0,0,0,0,0,0,'en',0),(2424,0,0,0,0,0,0,0,0,0,0,0,0,0,'en',0),(2425,0,0,0,0,0,0,0,0,0,0,0,0,0,'en',0),(2426,0,0,0,0,0,0,0,0,0,0,0,0,0,'en',0),(2427,0,0,0,0,0,0,0,0,0,0,0,0,0,'en',0),(2428,0,0,0,0,0,0,0,0,0,0,0,0,0,'en',0),(2429,0,0,0,0,0,0,0,0,0,0,0,0,0,'en',0),(2430,0,0,0,0,0,0,0,0,0,0,0,0,0,'en',0),(2431,0,0,0,0,0,0,0,0,0,0,0,0,0,'en',0),(2432,0,0,0,0,0,0,0,0,0,0,0,0,0,'en',0),(2433,0,0,0,0,0,0,0,0,0,0,0,0,0,'en',0),(2434,0,0,0,0,0,0,0,0,0,0,0,0,0,'en',0),(2435,0,0,0,0,0,0,0,0,0,0,0,0,0,'en',0),(2436,0,0,0,1,1024,1024,24,0,1,0,0,0,0,'',0),(2437,0,0,0,0,0,0,0,0,0,0,0,0,0,'',0),(2438,0,0,0,0,0,0,0,0,0,0,0,0,0,'',0),(2439,0,0,0,0,0,0,0,0,0,0,0,0,0,'',0),(2440,0,0,0,0,0,0,0,0,0,0,0,0,0,'',0),(2441,0,0,0,0,0,0,0,0,0,0,0,0,0,'',0),(2442,0,0,0,0,0,0,0,0,0,0,0,0,0,'',0),(2443,0,0,0,0,0,0,0,0,0,0,0,0,0,'',0),(2444,0,0,0,0,0,0,0,0,0,0,0,0,0,'',0),(2445,0,0,0,0,0,0,0,0,0,0,0,0,0,'',0),(2446,0,0,0,0,0,0,0,0,0,0,0,0,0,'',0),(2447,0,0,0,0,0,0,0,0,0,0,0,0,0,'',0),(2448,0,0,0,0,0,0,0,0,0,0,0,0,0,'',0),(2449,0,0,0,0,0,0,0,0,0,0,0,0,0,'',0),(2450,0,0,0,0,0,0,0,0,0,0,0,0,0,'',0),(2451,0,0,0,0,0,0,0,0,0,0,0,0,0,'',0),(2452,0,0,0,0,0,0,0,0,0,0,0,0,0,'',0),(2453,0,0,0,0,0,0,0,0,0,0,0,0,0,'',0),(2454,0,0,0,0,0,0,0,0,0,0,0,0,0,'',0),(2455,0,0,0,0,0,0,0,0,0,0,0,0,0,'',0),(2456,0,0,0,0,0,0,0,0,0,0,0,0,0,'',0),(2457,0,0,0,0,0,0,0,0,0,0,0,0,0,'',0),(2458,0,0,0,0,0,0,0,0,0,0,0,0,0,'',0),(2459,0,0,0,0,0,0,0,0,0,0,0,0,0,'',0),(2460,0,0,0,0,0,0,0,0,0,0,0,0,0,'en',0),(2461,1,10,0,0,0,0,0,0,0,0,0,0,0,'',0),(2462,5,1,0,0,0,0,0,0,0,0,0,0,0,'en-gb',1),(2463,1,10,0,0,0,0,0,0,0,0,0,0,0,'',0),(2464,0,0,0,0,0,0,0,0,0,0,0,0,0,'',0),(2465,0,0,0,1,1024,1024,24,0,1,0,0,0,0,'',0),(2466,0,0,0,1,1024,1024,24,0,1,0,0,0,0,'',0),(2467,0,0,0,0,0,0,0,0,0,0,0,0,0,'',0),(2468,0,0,0,0,0,0,0,0,0,0,0,0,0,'en',0),(2469,0,0,0,0,0,0,0,0,0,0,0,0,0,'en',0),(2470,0,0,0,0,0,0,0,0,0,0,0,0,0,'en',0),(2471,0,0,0,0,0,0,0,0,0,0,0,0,0,'en',0),(2472,0,0,0,0,0,0,0,0,0,0,0,0,0,'en',0),(2473,0,0,0,0,0,0,0,0,0,0,0,0,0,'en',0),(2474,0,0,0,0,0,0,0,0,0,0,0,0,0,'en',0),(2475,0,0,0,0,0,0,0,0,0,0,0,0,0,'en',0),(2476,0,0,0,0,0,0,0,0,0,0,0,0,0,'en',0),(2477,0,0,0,0,0,0,0,0,0,0,0,0,0,'en',0),(2478,0,0,0,0,0,0,0,0,0,0,0,0,0,'en',0),(2479,0,0,0,0,0,0,0,0,0,0,0,0,0,'en',0),(2480,0,0,0,0,0,0,0,0,0,0,0,0,0,'en',0),(2481,0,0,0,0,0,0,0,0,0,0,0,0,0,'en',0),(2482,0,0,0,0,0,0,0,0,0,0,0,0,0,'en',0),(2483,0,0,0,0,0,0,0,0,0,0,0,0,0,'en',0),(2484,0,0,0,0,0,0,0,0,0,0,0,0,0,'en',0),(2485,0,0,0,0,0,0,0,0,0,0,0,0,0,'en',0),(2486,0,0,0,0,0,0,0,0,0,0,0,0,0,'en',0),(2487,0,0,0,0,0,0,0,0,0,0,0,0,0,'en',0),(2488,0,0,0,0,0,0,0,0,0,0,0,0,0,'en',0),(2489,0,0,0,0,0,0,0,0,0,0,0,0,0,'en',0),(2490,0,0,0,0,0,0,0,0,0,0,0,0,0,'en',0),(2491,0,0,0,0,0,0,0,0,0,0,0,0,0,'en',0),(2492,0,0,0,0,0,0,0,0,0,0,0,0,0,'en',0),(2493,0,0,0,0,0,0,0,0,0,0,0,0,0,'en',0),(2494,0,0,0,0,0,0,0,0,0,0,0,0,0,'en',0),(2495,0,0,0,0,0,0,0,0,0,0,0,0,0,'en',0),(2496,0,0,0,0,0,0,0,0,0,0,0,0,0,'en',0),(2497,0,0,0,0,0,0,0,0,0,0,0,0,0,'en',0),(2498,0,0,0,0,0,0,0,0,0,0,0,0,0,'en',0),(2499,0,0,0,0,0,0,0,0,0,0,0,0,0,'en',0),(2500,0,0,0,0,0,0,0,0,0,0,0,0,0,'en',0),(2501,0,0,0,0,0,0,0,0,0,0,0,0,0,'en',0),(2502,0,0,0,0,0,0,0,0,0,0,0,0,0,'en',0),(2503,0,0,0,0,0,0,0,0,0,0,0,0,0,'en',0),(2504,0,0,0,0,0,0,0,0,0,0,0,0,0,'en',0),(2505,0,0,0,0,0,0,0,0,0,0,0,0,0,'en',0),(2506,0,0,0,0,0,0,0,0,0,0,0,0,0,'en',0),(2507,0,0,0,0,0,0,0,0,0,0,0,0,0,'en',0),(2508,0,0,0,0,0,0,0,0,0,0,0,0,0,'en',0),(2509,0,0,0,0,0,0,0,0,0,0,0,0,0,'en',0),(2510,0,0,0,0,0,0,0,0,0,0,0,0,0,'en',0),(2511,0,0,0,0,0,0,0,0,0,0,0,0,0,'en',0),(2512,0,0,0,0,0,0,0,0,0,0,0,0,0,'en',0),(2513,0,0,0,0,0,0,0,0,0,0,0,0,0,'en',0),(2514,0,0,0,0,0,0,0,0,0,0,0,0,0,'en',0),(2515,0,0,0,0,0,0,0,0,0,0,0,0,0,'en',0),(2516,0,0,0,0,0,0,0,0,0,0,0,0,0,'en',0),(2517,0,0,0,0,0,0,0,0,0,0,0,0,0,'en',0),(2518,0,0,0,0,0,0,0,0,0,0,0,0,0,'en',0),(2519,0,0,0,0,0,0,0,0,0,0,0,0,0,'en',0),(2520,0,0,0,0,0,0,0,0,0,0,0,0,0,'en',0),(2521,0,0,0,0,0,0,0,0,0,0,0,0,0,'en',0),(2522,0,0,0,0,0,0,0,0,0,0,0,0,0,'en',0),(2523,0,0,0,0,0,0,0,0,0,0,0,0,0,'en',0),(2524,0,0,0,0,0,0,0,0,0,0,0,0,0,'en',0),(2525,0,0,0,0,0,0,0,0,0,0,0,0,0,'en',0),(2526,0,0,0,0,0,0,0,0,0,0,0,0,0,'en',0),(2527,0,0,0,0,0,0,0,0,0,0,0,0,0,'en',0),(2528,0,0,0,0,0,0,0,0,0,0,0,0,0,'en',0),(2529,0,0,0,1,1024,1024,24,0,1,0,0,0,0,'',0),(2530,0,0,0,1,1024,1024,24,0,1,0,0,0,0,'',0),(2531,0,0,0,0,0,0,0,0,0,0,0,0,0,'',0),(2532,0,0,0,0,0,0,0,0,0,0,0,0,0,'',0),(2533,0,0,0,0,0,0,0,0,0,0,0,0,0,'',0),(2534,0,0,0,0,0,0,0,0,0,0,0,0,0,'',0),(2535,0,0,0,0,0,0,0,0,0,0,0,0,0,'',0),(2536,0,0,0,0,0,0,0,0,0,0,0,0,0,'',0),(2537,0,0,0,0,0,0,0,0,0,0,0,0,0,'',0),(2538,0,0,0,0,0,0,0,0,0,0,0,0,0,'',0),(2539,0,0,0,1,1024,1024,24,0,1,0,0,0,0,'',0),(2540,0,0,0,0,0,0,0,0,0,0,0,0,0,'',0),(2541,0,0,0,0,0,0,0,0,0,0,0,0,0,'',0),(2542,0,0,0,0,0,0,0,0,0,0,0,0,0,'',0),(2543,0,0,0,1,1024,1024,24,0,1,0,0,0,0,'',0),(2544,0,0,0,1,1024,1024,24,0,1,0,0,0,0,'',0),(2545,0,0,0,0,0,0,0,0,0,0,0,0,0,'en',0),(2546,0,0,0,0,0,0,0,0,0,0,0,0,0,'',0),(2547,0,0,0,0,0,0,0,0,0,0,0,0,0,'',0),(2548,0,0,0,1,1024,1024,24,0,1,0,0,0,0,'',0),(2549,0,0,0,0,0,0,0,0,0,0,0,0,0,'',0),(2550,0,0,0,0,0,0,0,0,0,0,0,0,0,'',0),(2551,0,0,0,0,0,0,0,0,0,0,0,0,0,'',0),(2552,0,0,0,1,1024,1024,24,0,1,0,0,0,0,'',0),(2553,0,0,0,0,0,0,0,0,0,0,0,0,0,'',0),(2554,3,3,0,0,0,0,0,0,0,0,0,0,0,'es',0),(2555,0,11,0,1,1440,900,24,0,1,0,0,0,0,'en',0),(2556,0,11,0,0,0,0,0,0,0,0,0,0,0,'en',0),(2557,0,0,0,0,0,0,0,0,0,0,0,0,0,'',0),(2558,0,0,0,1,1024,1024,24,0,1,0,0,0,0,'',0),(2559,0,0,0,0,0,0,0,0,0,0,0,0,0,'',0),(2560,0,0,0,0,0,0,0,0,0,0,0,0,0,'',0),(2561,0,0,0,0,0,0,0,0,0,0,0,0,0,'',0),(2562,0,0,0,0,0,0,0,0,0,0,0,0,0,'',0),(2563,0,0,0,0,0,0,0,0,0,0,0,0,0,'',0),(2564,0,0,0,0,0,0,0,0,0,0,0,0,0,'en',0),(2565,0,0,0,0,0,0,0,0,0,0,0,0,0,'',0),(2566,2,11,0,0,0,0,0,0,0,0,0,0,0,'',0),(2567,3,11,0,1,1600,900,24,0,1,0,0,0,0,'',0),(2568,5,1,0,1,320,568,32,0,0,0,0,0,0,'en-us',1),(2569,5,1,0,1,320,568,32,0,0,0,0,0,0,'en-us',1),(2570,0,0,0,0,0,0,0,0,0,0,0,0,0,'',0),(2571,0,0,0,0,0,0,0,0,0,0,0,0,0,'',0),(2572,0,0,0,0,0,0,0,0,0,0,0,0,0,'',0),(2573,0,0,0,0,0,0,0,0,0,0,0,0,0,'',0),(2574,5,1,0,0,0,0,0,0,0,0,0,0,0,'en-us',1),(2575,5,1,0,1,320,568,32,0,0,0,0,0,0,'en-us',1),(2576,0,0,0,0,0,0,0,0,0,0,0,0,0,'',0),(2577,0,3,0,0,0,0,0,0,0,0,0,0,0,'fr',0),(2578,0,0,0,1,1024,1024,24,0,1,0,0,0,0,'',0),(2579,0,0,0,0,0,0,0,0,0,0,0,0,0,'',0),(2580,0,0,0,0,0,0,0,0,0,0,0,0,0,'',0),(2581,0,0,0,0,0,0,0,0,0,0,0,0,0,'',0),(2582,0,0,0,0,0,0,0,0,0,0,0,0,0,'en',0),(2583,0,0,0,0,0,0,0,0,0,0,0,0,0,'en',0),(2584,0,0,0,0,0,0,0,0,0,0,0,0,0,'en',0),(2585,0,0,0,0,0,0,0,0,0,0,0,0,0,'en',0),(2586,0,0,0,1,1024,1024,24,0,1,0,0,0,0,'',0),(2587,0,0,0,1,1024,1024,24,0,1,0,0,0,0,'',0),(2588,0,0,0,1,1024,1024,24,0,1,0,0,0,0,'',0),(2589,0,0,0,1,1024,1024,24,0,1,0,0,0,0,'',0),(2590,0,0,0,0,0,0,0,0,0,0,0,0,0,'',0),(2591,0,0,0,0,0,0,0,0,0,0,0,0,0,'',0),(2592,0,0,0,0,0,0,0,0,0,0,0,0,0,'',0),(2593,0,0,0,0,0,0,0,0,0,0,0,0,0,'',0),(2594,0,0,0,0,0,0,0,0,0,0,0,0,0,'',0),(2595,0,0,0,1,1024,1024,24,0,1,0,0,0,0,'',0),(2596,0,0,0,1,1024,1024,24,0,1,0,0,0,0,'',0),(2597,0,0,0,0,0,0,0,0,0,0,0,0,0,'',0),(2598,0,0,0,0,0,0,0,0,0,0,0,0,0,'',0),(2599,0,0,0,0,0,0,0,0,0,0,0,0,0,'',0),(2600,0,0,0,0,0,0,0,0,0,0,0,0,0,'',0),(2601,3,11,0,1,1600,900,24,0,1,0,0,0,0,'',0),(2602,0,0,0,1,1024,1024,24,0,1,0,0,0,0,'',0),(2603,0,0,0,1,1024,1024,24,0,1,0,0,0,0,'',0),(2604,0,0,0,1,1024,1024,24,0,1,0,0,0,0,'',0),(2605,0,0,0,0,0,0,0,0,0,0,0,0,0,'',0),(2606,0,0,0,1,1024,1024,24,0,1,0,0,0,0,'',0),(2607,0,0,0,1,1024,1024,24,0,1,0,0,0,0,'',0),(2608,0,0,0,0,0,0,0,0,0,0,0,0,0,'',0),(2609,0,0,0,0,0,0,0,0,0,0,0,0,0,'',0),(2610,0,0,0,1,1024,1024,24,0,1,0,0,0,0,'',0),(2611,0,0,0,1,1024,1024,24,0,1,0,0,0,0,'',0),(2612,0,0,0,1,1024,1024,24,0,1,0,0,0,0,'',0),(2613,0,0,0,1,1024,1024,24,0,1,0,0,0,0,'',0),(2614,0,0,0,0,0,0,0,0,0,0,0,0,0,'',0),(2615,0,0,0,0,0,0,0,0,0,0,0,0,0,'',0),(2616,0,0,0,1,1024,1024,24,0,1,0,0,0,0,'',0),(2617,0,0,0,1,1024,1024,24,0,1,0,0,0,0,'',0),(2618,5,1,0,1,1920,1080,24,0,0,0,1,0,0,'en-us',0),(2619,0,0,0,1,1024,1024,24,0,1,0,0,0,0,'',0),(2620,0,0,0,1,1024,1024,24,0,1,0,0,0,0,'',0),(2621,0,0,0,0,0,0,0,0,0,0,0,0,0,'',0),(2622,0,0,0,0,0,0,0,0,0,0,0,0,0,'en',0),(2623,0,0,0,0,0,0,0,0,0,0,0,0,0,'',0),(2624,0,0,0,0,0,0,0,0,0,0,0,0,0,'en',0),(2625,0,0,0,0,0,0,0,0,0,0,0,0,0,'',0),(2626,0,0,0,0,0,0,0,0,0,0,0,0,0,'',0),(2627,5,1,0,1,375,667,24,0,0,0,0,0,0,'',1),(2628,5,1,0,1,375,667,32,0,0,0,0,0,0,'en-us',1),(2629,3,10,0,1,1024,768,24,0,1,0,0,0,1,'en',0),(2630,0,0,0,0,0,0,0,0,0,0,0,0,0,'',0),(2631,0,0,0,0,0,0,0,0,0,0,0,0,0,'',0),(2632,0,0,0,0,0,0,0,0,0,0,0,0,0,'en',0),(2633,0,0,0,0,0,0,0,0,0,0,0,0,0,'en',0),(2634,0,0,0,0,0,0,0,0,0,0,0,0,0,'en',0),(2635,0,0,0,0,0,0,0,0,0,0,0,0,0,'en',0),(2636,0,0,0,0,0,0,0,0,0,0,0,0,0,'en',0),(2637,0,0,0,0,0,0,0,0,0,0,0,0,0,'en',0),(2638,0,0,0,0,0,0,0,0,0,0,0,0,0,'en',0),(2639,0,0,0,0,0,0,0,0,0,0,0,0,0,'en',0),(2640,0,0,0,0,0,0,0,0,0,0,0,0,0,'en',0),(2641,0,0,0,0,0,0,0,0,0,0,0,0,0,'en',0),(2642,0,0,0,0,0,0,0,0,0,0,0,0,0,'en',0),(2643,0,0,0,0,0,0,0,0,0,0,0,0,0,'en',0),(2644,0,0,0,0,0,0,0,0,0,0,0,0,0,'en',0),(2645,0,0,0,0,0,0,0,0,0,0,0,0,0,'en',0),(2646,0,0,0,0,0,0,0,0,0,0,0,0,0,'en',0),(2647,0,0,0,0,0,0,0,0,0,0,0,0,0,'en',0),(2648,0,0,0,0,0,0,0,0,0,0,0,0,0,'en',0),(2649,0,0,0,0,0,0,0,0,0,0,0,0,0,'en',0),(2650,0,0,0,0,0,0,0,0,0,0,0,0,0,'en',0),(2651,0,0,0,0,0,0,0,0,0,0,0,0,0,'en',0),(2652,0,0,0,0,0,0,0,0,0,0,0,0,0,'en',0),(2653,0,0,0,0,0,0,0,0,0,0,0,0,0,'en',0),(2654,0,0,0,0,0,0,0,0,0,0,0,0,0,'en',0),(2655,0,0,0,0,0,0,0,0,0,0,0,0,0,'en',0),(2656,0,0,0,0,0,0,0,0,0,0,0,0,0,'en',0),(2657,0,0,0,0,0,0,0,0,0,0,0,0,0,'en',0),(2658,0,0,0,0,0,0,0,0,0,0,0,0,0,'en',0),(2659,0,0,0,0,0,0,0,0,0,0,0,0,0,'en',0),(2660,0,0,0,0,0,0,0,0,0,0,0,0,0,'en',0),(2661,0,0,0,0,0,0,0,0,0,0,0,0,0,'en',0),(2662,0,0,0,0,0,0,0,0,0,0,0,0,0,'en',0),(2663,0,0,0,0,0,0,0,0,0,0,0,0,0,'en',0),(2664,0,0,0,0,0,0,0,0,0,0,0,0,0,'en',0),(2665,0,0,0,0,0,0,0,0,0,0,0,0,0,'en',0),(2666,0,0,0,0,0,0,0,0,0,0,0,0,0,'en',0),(2667,0,0,0,0,0,0,0,0,0,0,0,0,0,'en',0),(2668,0,0,0,0,0,0,0,0,0,0,0,0,0,'en',0),(2669,0,0,0,0,0,0,0,0,0,0,0,0,0,'en',0),(2670,0,0,0,0,0,0,0,0,0,0,0,0,0,'en',0),(2671,0,0,0,0,0,0,0,0,0,0,0,0,0,'en',0),(2672,0,0,0,0,0,0,0,0,0,0,0,0,0,'en',0),(2673,0,0,0,0,0,0,0,0,0,0,0,0,0,'en',0),(2674,0,0,0,0,0,0,0,0,0,0,0,0,0,'en',0),(2675,0,0,0,0,0,0,0,0,0,0,0,0,0,'en',0),(2676,0,0,0,0,0,0,0,0,0,0,0,0,0,'en',0),(2677,0,0,0,0,0,0,0,0,0,0,0,0,0,'en',0),(2678,0,0,0,0,0,0,0,0,0,0,0,0,0,'en',0),(2679,0,0,0,0,0,0,0,0,0,0,0,0,0,'en',0),(2680,0,0,0,0,0,0,0,0,0,0,0,0,0,'en',0),(2681,0,0,0,0,0,0,0,0,0,0,0,0,0,'en',0),(2682,0,0,0,0,0,0,0,0,0,0,0,0,0,'en',0),(2683,0,0,0,0,0,0,0,0,0,0,0,0,0,'en',0),(2684,0,0,0,0,0,0,0,0,0,0,0,0,0,'en',0),(2685,0,0,0,0,0,0,0,0,0,0,0,0,0,'en',0),(2686,0,0,0,0,0,0,0,0,0,0,0,0,0,'en',0),(2687,0,0,0,0,0,0,0,0,0,0,0,0,0,'en',0),(2688,0,0,0,0,0,0,0,0,0,0,0,0,0,'en',0),(2689,0,0,0,0,0,0,0,0,0,0,0,0,0,'en',0),(2690,0,0,0,0,0,0,0,0,0,0,0,0,0,'en',0),(2691,0,0,0,0,0,0,0,0,0,0,0,0,0,'en',0),(2692,0,0,0,0,0,0,0,0,0,0,0,0,0,'',0),(2693,0,0,0,0,0,0,0,0,0,0,0,0,0,'',0),(2694,0,0,0,0,0,0,0,0,0,0,0,0,0,'en',0),(2695,0,0,0,0,0,0,0,0,0,0,0,0,0,'',0),(2696,0,0,0,0,0,0,0,0,0,0,0,0,0,'',0),(2697,0,0,0,1,1024,1024,24,0,1,0,0,0,0,'',0),(2698,0,0,0,0,0,0,0,0,0,0,0,0,0,'',0),(2699,0,0,0,0,0,0,0,0,0,0,0,0,0,'en',0),(2700,0,0,0,0,0,0,0,0,0,0,0,0,0,'en',0),(2701,0,0,0,0,0,0,0,0,0,0,0,0,0,'en',0),(2702,0,0,0,0,0,0,0,0,0,0,0,0,0,'en',0),(2703,0,0,0,0,0,0,0,0,0,0,0,0,0,'en',0),(2704,0,0,0,0,0,0,0,0,0,0,0,0,0,'en',0),(2705,0,0,0,0,0,0,0,0,0,0,0,0,0,'en',0),(2706,0,0,0,0,0,0,0,0,0,0,0,0,0,'en',0),(2707,0,0,0,0,0,0,0,0,0,0,0,0,0,'en',0),(2708,0,0,0,0,0,0,0,0,0,0,0,0,0,'en',0),(2709,0,0,0,0,0,0,0,0,0,0,0,0,0,'en',0),(2710,0,0,0,0,0,0,0,0,0,0,0,0,0,'en',0),(2711,0,0,0,0,0,0,0,0,0,0,0,0,0,'en',0),(2712,0,0,0,0,0,0,0,0,0,0,0,0,0,'en',0),(2713,0,0,0,0,0,0,0,0,0,0,0,0,0,'en',0),(2714,0,0,0,0,0,0,0,0,0,0,0,0,0,'en',0),(2715,0,0,0,0,0,0,0,0,0,0,0,0,0,'en',0),(2716,0,0,0,0,0,0,0,0,0,0,0,0,0,'en',0),(2717,0,0,0,0,0,0,0,0,0,0,0,0,0,'en',0),(2718,0,0,0,0,0,0,0,0,0,0,0,0,0,'en',0),(2719,0,0,0,0,0,0,0,0,0,0,0,0,0,'en',0),(2720,0,0,0,0,0,0,0,0,0,0,0,0,0,'en',0),(2721,0,0,0,0,0,0,0,0,0,0,0,0,0,'en',0),(2722,0,0,0,0,0,0,0,0,0,0,0,0,0,'en',0),(2723,0,0,0,0,0,0,0,0,0,0,0,0,0,'en',0),(2724,0,0,0,0,0,0,0,0,0,0,0,0,0,'en',0),(2725,0,0,0,0,0,0,0,0,0,0,0,0,0,'en',0),(2726,3,3,0,0,0,0,0,0,0,0,0,0,0,'es',0),(2727,0,0,0,0,0,0,0,0,0,0,0,0,0,'',0),(2728,0,0,0,0,0,0,0,0,0,0,0,0,0,'',0),(2729,0,0,0,0,0,0,0,0,0,0,0,0,0,'',0),(2730,0,0,0,0,0,0,0,0,0,0,0,0,0,'',0),(2731,5,1,0,1,320,480,32,0,0,0,0,0,0,'en-gb',1),(2732,0,0,0,0,0,0,0,0,0,0,0,0,0,'',0),(2733,2,3,0,0,0,0,0,0,0,0,0,0,0,'en-us',0),(2734,2,3,0,0,0,0,0,0,0,0,0,0,0,'en-us',0),(2735,0,0,0,1,1024,1024,24,0,1,0,0,0,0,'',0),(2736,0,0,0,0,0,0,0,0,0,0,0,0,0,'',0),(2737,0,0,0,1,1024,1024,24,0,1,0,0,0,0,'',0),(2738,5,1,0,1,375,667,24,0,0,0,0,0,0,'',1),(2739,5,1,0,1,375,667,24,0,0,0,0,0,0,'',1),(2740,0,0,0,0,0,0,0,0,0,0,0,0,0,'',0),(2741,0,0,0,1,1024,1024,24,0,1,0,0,0,0,'',0),(2742,0,0,0,0,0,0,0,0,0,0,0,0,0,'en',0),(2743,0,0,0,1,1024,1024,24,0,1,0,0,0,0,'',0),(2744,0,0,0,1,1024,1024,24,0,1,0,0,0,0,'',0),(2745,0,0,0,1,1024,1024,24,0,1,0,0,0,0,'',0),(2746,5,0,0,1,375,667,32,0,0,0,0,0,0,'en-us',1),(2747,0,0,0,1,1024,1024,24,0,1,0,0,0,0,'',0),(2748,0,0,0,0,0,0,0,0,0,0,0,0,0,'',0),(2749,0,0,0,0,0,0,0,0,0,0,0,0,0,'',0),(2750,0,0,0,1,1024,1024,24,0,1,0,0,0,0,'',0),(2751,5,1,0,1,375,667,32,0,0,0,0,0,0,'',1),(2752,5,1,0,1,375,667,24,0,0,0,0,0,0,'',1),(2753,0,0,0,0,0,0,0,0,0,0,0,0,0,'en',0),(2754,5,1,0,1,768,1024,32,0,0,0,0,0,0,'en-us',1),(2755,0,0,0,1,1024,1024,24,0,1,0,0,0,0,'',0),(2756,0,0,0,1,1024,1024,24,0,1,0,0,0,0,'',0),(2757,0,0,0,1,1024,1024,24,0,1,0,0,0,0,'',0),(2758,0,0,0,1,1024,1024,24,0,1,0,0,0,0,'',0),(2759,0,0,0,0,0,0,0,0,0,0,0,0,0,'',0),(2760,5,1,0,1,375,667,24,0,0,0,0,0,0,'',1),(2761,0,0,0,1,1024,1024,24,0,1,0,0,0,0,'',0),(2762,0,0,0,0,0,0,0,0,0,0,0,0,0,'',0),(2763,0,0,0,1,1024,1024,24,0,1,0,0,0,0,'',0),(2764,0,0,0,1,1024,1024,24,0,1,0,0,0,0,'',0),(2765,0,0,0,0,0,0,0,0,0,0,0,0,0,'',0),(2766,0,0,0,0,0,0,0,0,0,0,0,0,0,'en',0),(2767,0,0,0,1,1024,1024,24,0,1,0,0,0,0,'',0),(2768,0,0,0,0,0,0,0,0,0,0,0,0,0,'',0),(2769,0,0,0,0,0,0,0,0,0,0,0,0,0,'en',0),(2770,0,0,0,0,0,0,0,0,0,0,0,0,0,'en',0),(2771,0,0,0,0,0,0,0,0,0,0,0,0,0,'en',0),(2772,0,0,0,0,0,0,0,0,0,0,0,0,0,'en',0),(2773,0,0,0,0,0,0,0,0,0,0,0,0,0,'en',0),(2774,0,0,0,0,0,0,0,0,0,0,0,0,0,'en',0),(2775,0,0,0,0,0,0,0,0,0,0,0,0,0,'en',0),(2776,0,0,0,0,0,0,0,0,0,0,0,0,0,'en',0),(2777,0,0,0,0,0,0,0,0,0,0,0,0,0,'en',0),(2778,0,0,0,0,0,0,0,0,0,0,0,0,0,'en',0),(2779,0,0,0,0,0,0,0,0,0,0,0,0,0,'en',0),(2780,0,0,0,0,0,0,0,0,0,0,0,0,0,'en',0),(2781,0,0,0,0,0,0,0,0,0,0,0,0,0,'en',0),(2782,0,0,0,0,0,0,0,0,0,0,0,0,0,'en',0),(2783,0,0,0,0,0,0,0,0,0,0,0,0,0,'en',0),(2784,0,0,0,0,0,0,0,0,0,0,0,0,0,'en',0),(2785,0,0,0,0,0,0,0,0,0,0,0,0,0,'en',0),(2786,0,0,0,0,0,0,0,0,0,0,0,0,0,'en',0),(2787,0,0,0,0,0,0,0,0,0,0,0,0,0,'en',0),(2788,0,0,0,0,0,0,0,0,0,0,0,0,0,'en',0),(2789,0,0,0,0,0,0,0,0,0,0,0,0,0,'en',0),(2790,0,0,0,0,0,0,0,0,0,0,0,0,0,'en',0),(2791,0,0,0,0,0,0,0,0,0,0,0,0,0,'en',0),(2792,0,0,0,0,0,0,0,0,0,0,0,0,0,'en',0),(2793,0,0,0,0,0,0,0,0,0,0,0,0,0,'en',0),(2794,0,0,0,0,0,0,0,0,0,0,0,0,0,'en',0),(2795,0,0,0,0,0,0,0,0,0,0,0,0,0,'en',0),(2796,0,0,0,0,0,0,0,0,0,0,0,0,0,'en',0),(2797,0,0,0,0,0,0,0,0,0,0,0,0,0,'en',0),(2798,0,0,0,0,0,0,0,0,0,0,0,0,0,'en',0),(2799,0,0,0,0,0,0,0,0,0,0,0,0,0,'en',0),(2800,0,0,0,0,0,0,0,0,0,0,0,0,0,'en',0),(2801,0,0,0,0,0,0,0,0,0,0,0,0,0,'en',0),(2802,0,0,0,0,0,0,0,0,0,0,0,0,0,'en',0),(2803,0,0,0,0,0,0,0,0,0,0,0,0,0,'en',0),(2804,0,0,0,0,0,0,0,0,0,0,0,0,0,'en',0),(2805,0,0,0,0,0,0,0,0,0,0,0,0,0,'en',0),(2806,0,0,0,0,0,0,0,0,0,0,0,0,0,'en',0),(2807,0,0,0,0,0,0,0,0,0,0,0,0,0,'en',0),(2808,0,0,0,0,0,0,0,0,0,0,0,0,0,'en',0),(2809,0,0,0,0,0,0,0,0,0,0,0,0,0,'en',0),(2810,0,0,0,0,0,0,0,0,0,0,0,0,0,'en',0),(2811,0,0,0,0,0,0,0,0,0,0,0,0,0,'en',0),(2812,0,0,0,0,0,0,0,0,0,0,0,0,0,'en',0),(2813,0,0,0,0,0,0,0,0,0,0,0,0,0,'en',0),(2814,0,0,0,0,0,0,0,0,0,0,0,0,0,'en',0),(2815,0,0,0,0,0,0,0,0,0,0,0,0,0,'en',0),(2816,0,0,0,0,0,0,0,0,0,0,0,0,0,'en',0),(2817,0,0,0,0,0,0,0,0,0,0,0,0,0,'en',0),(2818,0,0,0,0,0,0,0,0,0,0,0,0,0,'en',0),(2819,0,0,0,0,0,0,0,0,0,0,0,0,0,'en',0),(2820,0,0,0,0,0,0,0,0,0,0,0,0,0,'en',0),(2821,0,0,0,0,0,0,0,0,0,0,0,0,0,'en',0),(2822,0,0,0,0,0,0,0,0,0,0,0,0,0,'en',0),(2823,0,0,0,0,0,0,0,0,0,0,0,0,0,'en',0),(2824,0,0,0,0,0,0,0,0,0,0,0,0,0,'en',0),(2825,0,0,0,0,0,0,0,0,0,0,0,0,0,'en',0),(2826,0,0,0,0,0,0,0,0,0,0,0,0,0,'en',0),(2827,0,0,0,0,0,0,0,0,0,0,0,0,0,'en',0),(2828,0,0,0,0,0,0,0,0,0,0,0,0,0,'en',0),(2829,0,0,0,0,0,0,0,0,0,0,0,0,0,'en',0),(2830,0,0,0,0,0,0,0,0,0,0,0,0,0,'en',0),(2831,0,0,0,0,0,0,0,0,0,0,0,0,0,'en',0),(2832,0,0,0,0,0,0,0,0,0,0,0,0,0,'en',0),(2833,0,0,0,0,0,0,0,0,0,0,0,0,0,'en',0),(2834,0,0,0,0,0,0,0,0,0,0,0,0,0,'en',0),(2835,0,0,0,0,0,0,0,0,0,0,0,0,0,'en',0),(2836,0,0,0,0,0,0,0,0,0,0,0,0,0,'en',0),(2837,0,0,0,0,0,0,0,0,0,0,0,0,0,'en',0),(2838,0,0,0,0,0,0,0,0,0,0,0,0,0,'en',0),(2839,0,0,0,0,0,0,0,0,0,0,0,0,0,'en',0),(2840,0,0,0,0,0,0,0,0,0,0,0,0,0,'en',0),(2841,0,0,0,0,0,0,0,0,0,0,0,0,0,'en',0),(2842,0,0,0,0,0,0,0,0,0,0,0,0,0,'en',0),(2843,0,0,0,0,0,0,0,0,0,0,0,0,0,'en',0),(2844,0,0,0,0,0,0,0,0,0,0,0,0,0,'en',0),(2845,0,0,0,0,0,0,0,0,0,0,0,0,0,'en',0),(2846,0,0,0,0,0,0,0,0,0,0,0,0,0,'en',0),(2847,0,0,0,0,0,0,0,0,0,0,0,0,0,'en',0),(2848,0,0,0,0,0,0,0,0,0,0,0,0,0,'en',0),(2849,0,0,0,0,0,0,0,0,0,0,0,0,0,'en',0),(2850,0,0,0,0,0,0,0,0,0,0,0,0,0,'en',0),(2851,0,0,0,0,0,0,0,0,0,0,0,0,0,'en',0),(2852,0,0,0,0,0,0,0,0,0,0,0,0,0,'en',0),(2853,0,0,0,0,0,0,0,0,0,0,0,0,0,'en',0),(2854,0,0,0,0,0,0,0,0,0,0,0,0,0,'en',0),(2855,0,0,0,0,0,0,0,0,0,0,0,0,0,'en',0),(2856,0,0,0,0,0,0,0,0,0,0,0,0,0,'en',0),(2857,0,0,0,0,0,0,0,0,0,0,0,0,0,'en',0),(2858,0,0,0,0,0,0,0,0,0,0,0,0,0,'en',0),(2859,0,0,0,0,0,0,0,0,0,0,0,0,0,'en',0),(2860,0,0,0,0,0,0,0,0,0,0,0,0,0,'en',0),(2861,0,0,0,0,0,0,0,0,0,0,0,0,0,'en',0),(2862,0,0,0,0,0,0,0,0,0,0,0,0,0,'en',0),(2863,0,0,0,0,0,0,0,0,0,0,0,0,0,'en',0),(2864,0,0,0,0,0,0,0,0,0,0,0,0,0,'en',0),(2865,0,0,0,0,0,0,0,0,0,0,0,0,0,'en',0),(2866,0,0,0,0,0,0,0,0,0,0,0,0,0,'en',0),(2867,0,0,0,0,0,0,0,0,0,0,0,0,0,'en',0),(2868,0,0,0,0,0,0,0,0,0,0,0,0,0,'en',0),(2869,0,0,0,0,0,0,0,0,0,0,0,0,0,'en',0),(2870,0,0,0,0,0,0,0,0,0,0,0,0,0,'en',0),(2871,0,0,0,0,0,0,0,0,0,0,0,0,0,'en',0),(2872,0,0,0,0,0,0,0,0,0,0,0,0,0,'en',0),(2873,0,0,0,0,0,0,0,0,0,0,0,0,0,'en',0),(2874,0,0,0,0,0,0,0,0,0,0,0,0,0,'en',0),(2875,0,0,0,0,0,0,0,0,0,0,0,0,0,'en',0),(2876,0,0,0,0,0,0,0,0,0,0,0,0,0,'en',0),(2877,0,0,0,0,0,0,0,0,0,0,0,0,0,'en',0),(2878,0,0,0,0,0,0,0,0,0,0,0,0,0,'en',0),(2879,0,0,0,0,0,0,0,0,0,0,0,0,0,'en',0),(2880,0,0,0,0,0,0,0,0,0,0,0,0,0,'',0),(2881,0,0,0,0,0,0,0,0,0,0,0,0,0,'en',0),(2882,0,0,0,0,0,0,0,0,0,0,0,0,0,'en',0),(2883,0,0,0,0,0,0,0,0,0,0,0,0,0,'en',0),(2884,0,0,0,0,0,0,0,0,0,0,0,0,0,'',0),(2885,0,0,0,0,0,0,0,0,0,0,0,0,0,'en',0),(2886,0,0,0,0,0,0,0,0,0,0,0,0,0,'en',0),(2887,0,0,0,0,0,0,0,0,0,0,0,0,0,'en',0),(2888,0,0,0,0,0,0,0,0,0,0,0,0,0,'en',0),(2889,0,0,0,0,0,0,0,0,0,0,0,0,0,'en',0),(2890,0,0,0,0,0,0,0,0,0,0,0,0,0,'en',0),(2891,0,0,0,0,0,0,0,0,0,0,0,0,0,'en',0),(2892,0,0,0,0,0,0,0,0,0,0,0,0,0,'en',0),(2893,0,0,0,0,0,0,0,0,0,0,0,0,0,'en',0),(2894,0,0,0,0,0,0,0,0,0,0,0,0,0,'en',0),(2895,0,0,0,0,0,0,0,0,0,0,0,0,0,'en',0),(2896,0,0,0,0,0,0,0,0,0,0,0,0,0,'en',0),(2897,0,0,0,0,0,0,0,0,0,0,0,0,0,'en',0),(2898,0,0,0,0,0,0,0,0,0,0,0,0,0,'en',0),(2899,0,0,0,0,0,0,0,0,0,0,0,0,0,'en',0),(2900,0,0,0,0,0,0,0,0,0,0,0,0,0,'en',0),(2901,0,0,0,0,0,0,0,0,0,0,0,0,0,'en',0),(2902,0,0,0,0,0,0,0,0,0,0,0,0,0,'en',0),(2903,0,0,0,0,0,0,0,0,0,0,0,0,0,'en',0),(2904,0,0,0,0,0,0,0,0,0,0,0,0,0,'en',0),(2905,0,0,0,0,0,0,0,0,0,0,0,0,0,'en',0),(2906,0,0,0,0,0,0,0,0,0,0,0,0,0,'en',0),(2907,0,0,0,0,0,0,0,0,0,0,0,0,0,'en',0),(2908,0,0,0,0,0,0,0,0,0,0,0,0,0,'en',0),(2909,0,0,0,0,0,0,0,0,0,0,0,0,0,'en',0),(2910,0,0,0,0,0,0,0,0,0,0,0,0,0,'en',0),(2911,0,0,0,0,0,0,0,0,0,0,0,0,0,'en',0),(2912,0,0,0,0,0,0,0,0,0,0,0,0,0,'en',0),(2913,0,0,0,0,0,0,0,0,0,0,0,0,0,'en',0),(2914,0,0,0,0,0,0,0,0,0,0,0,0,0,'en',0),(2915,0,0,0,0,0,0,0,0,0,0,0,0,0,'en',0),(2916,0,0,0,0,0,0,0,0,0,0,0,0,0,'en',0),(2917,0,0,0,0,0,0,0,0,0,0,0,0,0,'en',0),(2918,0,0,0,0,0,0,0,0,0,0,0,0,0,'en',0),(2919,0,0,0,0,0,0,0,0,0,0,0,0,0,'en',0),(2920,0,0,0,0,0,0,0,0,0,0,0,0,0,'en',0),(2921,0,0,0,0,0,0,0,0,0,0,0,0,0,'en',0),(2922,0,0,0,0,0,0,0,0,0,0,0,0,0,'en',0),(2923,0,0,0,0,0,0,0,0,0,0,0,0,0,'en',0),(2924,0,0,0,0,0,0,0,0,0,0,0,0,0,'en',0),(2925,0,0,0,0,0,0,0,0,0,0,0,0,0,'en',0),(2926,0,0,0,0,0,0,0,0,0,0,0,0,0,'en',0),(2927,0,0,0,0,0,0,0,0,0,0,0,0,0,'en',0),(2928,0,0,0,0,0,0,0,0,0,0,0,0,0,'en',0),(2929,0,0,0,0,0,0,0,0,0,0,0,0,0,'en',0),(2930,0,0,0,0,0,0,0,0,0,0,0,0,0,'en',0),(2931,0,0,0,0,0,0,0,0,0,0,0,0,0,'en',0),(2932,0,0,0,0,0,0,0,0,0,0,0,0,0,'en',0),(2933,0,0,0,0,0,0,0,0,0,0,0,0,0,'en',0),(2934,0,0,0,0,0,0,0,0,0,0,0,0,0,'en',0),(2935,0,0,0,0,0,0,0,0,0,0,0,0,0,'en',0),(2936,0,0,0,0,0,0,0,0,0,0,0,0,0,'en',0),(2937,0,0,0,0,0,0,0,0,0,0,0,0,0,'en',0),(2938,0,0,0,0,0,0,0,0,0,0,0,0,0,'en',0),(2939,0,0,0,0,0,0,0,0,0,0,0,0,0,'en',0),(2940,0,0,0,0,0,0,0,0,0,0,0,0,0,'en',0),(2941,0,0,0,0,0,0,0,0,0,0,0,0,0,'en',0),(2942,0,0,0,0,0,0,0,0,0,0,0,0,0,'en',0),(2943,0,0,0,0,0,0,0,0,0,0,0,0,0,'en',0),(2944,0,0,0,0,0,0,0,0,0,0,0,0,0,'en',0),(2945,0,0,0,0,0,0,0,0,0,0,0,0,0,'en',0),(2946,0,0,0,0,0,0,0,0,0,0,0,0,0,'en',0),(2947,0,0,0,0,0,0,0,0,0,0,0,0,0,'en',0),(2948,0,0,0,0,0,0,0,0,0,0,0,0,0,'en',0),(2949,0,0,0,0,0,0,0,0,0,0,0,0,0,'en',0),(2950,0,0,0,0,0,0,0,0,0,0,0,0,0,'en',0),(2951,0,0,0,0,0,0,0,0,0,0,0,0,0,'en',0),(2952,0,0,0,0,0,0,0,0,0,0,0,0,0,'en',0),(2953,0,0,0,0,0,0,0,0,0,0,0,0,0,'en',0),(2954,0,0,0,0,0,0,0,0,0,0,0,0,0,'en',0),(2955,0,0,0,0,0,0,0,0,0,0,0,0,0,'en',0),(2956,0,0,0,0,0,0,0,0,0,0,0,0,0,'en',0),(2957,0,0,0,0,0,0,0,0,0,0,0,0,0,'en',0),(2958,0,0,0,0,0,0,0,0,0,0,0,0,0,'en',0),(2959,0,0,0,0,0,0,0,0,0,0,0,0,0,'en',0),(2960,0,0,0,0,0,0,0,0,0,0,0,0,0,'en',0),(2961,0,0,0,0,0,0,0,0,0,0,0,0,0,'zh-cn',0),(2962,0,0,0,0,0,0,0,0,0,0,0,0,0,'zh-cn',0),(2963,0,0,0,1,1024,1024,24,0,1,0,0,0,0,'',0),(2964,0,0,0,1,1024,1024,24,0,1,0,0,0,0,'',0),(2965,1,5,0,0,0,0,0,0,0,0,0,0,0,'',0),(2966,1,5,0,0,0,0,0,0,0,0,0,0,0,'',0),(2967,0,0,0,0,0,0,0,0,0,0,0,0,0,'',0),(2968,0,0,0,1,1024,1024,24,0,1,0,0,0,0,'',0),(2969,0,0,0,1,1024,1024,24,0,1,0,0,0,0,'',0),(2970,3,3,0,0,0,0,0,0,0,0,0,0,0,'es',0),(2971,0,0,0,1,1024,1024,24,0,1,0,0,0,0,'',0),(2972,0,0,0,1,1024,1024,24,0,1,0,0,0,0,'',0),(2973,0,0,0,1,1024,1024,24,0,1,0,0,0,0,'',0),(2974,5,1,0,1,1440,900,24,1,1,0,1,0,0,'en-us',0),(2975,0,0,0,0,0,0,0,0,0,0,0,0,0,'',0),(2976,0,0,0,1,1024,1024,24,0,1,0,0,0,0,'',0),(2977,0,0,0,0,0,0,0,0,0,0,0,0,0,'',0),(2978,0,0,0,0,0,0,0,0,0,0,0,0,0,'',0),(2979,0,0,0,1,1024,1024,24,0,1,0,0,0,0,'',0),(2980,1,3,0,0,0,0,0,0,0,0,0,0,0,'zh-tw',0),(2981,0,0,0,0,0,0,0,0,0,0,0,0,0,'',0),(2982,0,0,0,0,0,0,0,0,0,0,0,0,0,'en',0),(2983,0,0,0,0,0,0,0,0,0,0,0,0,0,'en',0),(2984,0,0,0,0,0,0,0,0,0,0,0,0,0,'en',0),(2985,0,0,0,0,0,0,0,0,0,0,0,0,0,'en',0),(2986,0,0,0,0,0,0,0,0,0,0,0,0,0,'en',0),(2987,0,0,0,0,0,0,0,0,0,0,0,0,0,'en',0),(2988,0,0,0,0,0,0,0,0,0,0,0,0,0,'en',0),(2989,0,0,0,0,0,0,0,0,0,0,0,0,0,'en',0),(2990,0,0,0,0,0,0,0,0,0,0,0,0,0,'en',0),(2991,0,0,0,0,0,0,0,0,0,0,0,0,0,'en',0),(2992,0,0,0,0,0,0,0,0,0,0,0,0,0,'en',0),(2993,0,0,0,0,0,0,0,0,0,0,0,0,0,'en',0),(2994,0,0,0,0,0,0,0,0,0,0,0,0,0,'en',0),(2995,0,0,0,0,0,0,0,0,0,0,0,0,0,'en',0),(2996,0,0,0,0,0,0,0,0,0,0,0,0,0,'en',0),(2997,0,0,0,0,0,0,0,0,0,0,0,0,0,'en',0),(2998,0,0,0,0,0,0,0,0,0,0,0,0,0,'en',0),(2999,0,0,0,0,0,0,0,0,0,0,0,0,0,'en',0),(3000,0,0,0,0,0,0,0,0,0,0,0,0,0,'en',0),(3001,0,0,0,0,0,0,0,0,0,0,0,0,0,'en',0),(3002,0,0,0,0,0,0,0,0,0,0,0,0,0,'en',0),(3003,0,0,0,0,0,0,0,0,0,0,0,0,0,'en',0),(3004,0,0,0,0,0,0,0,0,0,0,0,0,0,'en',0),(3005,0,0,0,0,0,0,0,0,0,0,0,0,0,'en',0),(3006,0,0,0,0,0,0,0,0,0,0,0,0,0,'en',0),(3007,0,0,0,0,0,0,0,0,0,0,0,0,0,'en',0),(3008,0,0,0,0,0,0,0,0,0,0,0,0,0,'en',0),(3009,0,0,0,0,0,0,0,0,0,0,0,0,0,'en',0),(3010,0,0,0,0,0,0,0,0,0,0,0,0,0,'en',0),(3011,0,0,0,0,0,0,0,0,0,0,0,0,0,'en',0),(3012,0,0,0,0,0,0,0,0,0,0,0,0,0,'en',0),(3013,0,0,0,0,0,0,0,0,0,0,0,0,0,'en',0),(3014,0,0,0,0,0,0,0,0,0,0,0,0,0,'en',0),(3015,0,0,0,0,0,0,0,0,0,0,0,0,0,'en',0),(3016,0,0,0,0,0,0,0,0,0,0,0,0,0,'en',0),(3017,0,0,0,0,0,0,0,0,0,0,0,0,0,'en',0),(3018,0,0,0,0,0,0,0,0,0,0,0,0,0,'',0),(3019,0,0,0,0,0,0,0,0,0,0,0,0,0,'en',0),(3020,0,0,0,0,0,0,0,0,0,0,0,0,0,'en',0),(3021,0,0,0,0,0,0,0,0,0,0,0,0,0,'en',0),(3022,0,0,0,0,0,0,0,0,0,0,0,0,0,'en',0),(3023,0,0,0,0,0,0,0,0,0,0,0,0,0,'en',0),(3024,0,0,0,0,0,0,0,0,0,0,0,0,0,'en',0),(3025,0,0,0,0,0,0,0,0,0,0,0,0,0,'en',0),(3026,0,0,0,0,0,0,0,0,0,0,0,0,0,'en',0),(3027,0,0,0,0,0,0,0,0,0,0,0,0,0,'en',0),(3028,0,0,0,0,0,0,0,0,0,0,0,0,0,'en',0),(3029,0,0,0,0,0,0,0,0,0,0,0,0,0,'en',0),(3030,0,0,0,0,0,0,0,0,0,0,0,0,0,'en',0),(3031,0,0,0,0,0,0,0,0,0,0,0,0,0,'en',0),(3032,0,0,0,0,0,0,0,0,0,0,0,0,0,'en',0),(3033,0,0,0,0,0,0,0,0,0,0,0,0,0,'en',0),(3034,0,0,0,0,0,0,0,0,0,0,0,0,0,'en',0),(3035,0,0,0,0,0,0,0,0,0,0,0,0,0,'en',0),(3036,0,0,0,0,0,0,0,0,0,0,0,0,0,'en',0),(3037,0,0,0,0,0,0,0,0,0,0,0,0,0,'en',0),(3038,0,0,0,0,0,0,0,0,0,0,0,0,0,'en',0),(3039,0,0,0,0,0,0,0,0,0,0,0,0,0,'en',0),(3040,0,0,0,0,0,0,0,0,0,0,0,0,0,'en',0),(3041,0,0,0,0,0,0,0,0,0,0,0,0,0,'en',0),(3042,0,0,0,0,0,0,0,0,0,0,0,0,0,'en',0),(3043,0,0,0,0,0,0,0,0,0,0,0,0,0,'',0),(3044,0,0,0,0,0,0,0,0,0,0,0,0,0,'',0),(3045,0,0,0,0,0,0,0,0,0,0,0,0,0,'',0),(3046,0,0,0,0,0,0,0,0,0,0,0,0,0,'',0),(3047,0,0,0,0,0,0,0,0,0,0,0,0,0,'',0),(3048,0,0,0,0,0,0,0,0,0,0,0,0,0,'',0),(3049,0,0,0,0,0,0,0,0,0,0,0,0,0,'en',0),(3050,5,1,0,1,375,667,24,0,0,0,0,0,0,'',1),(3051,0,0,0,0,0,0,0,0,0,0,0,0,0,'en',0),(3052,5,1,0,1,375,667,24,0,0,0,0,0,0,'',1),(3053,0,0,0,1,1024,1024,24,0,1,0,0,0,0,'',0),(3054,0,0,0,0,0,0,0,0,0,0,0,0,0,'',0),(3055,0,0,0,0,0,0,0,0,0,0,0,0,0,'',0),(3056,0,0,0,1,1024,1024,24,0,1,0,0,0,0,'',0),(3057,0,0,0,0,0,0,0,0,0,0,0,0,0,'',0),(3058,0,0,0,0,0,0,0,0,0,0,0,0,0,'',0),(3059,0,0,0,0,0,0,0,0,0,0,0,0,0,'en',0),(3060,0,0,0,1,1024,1024,24,0,1,0,0,0,0,'',0),(3061,0,0,0,0,0,0,0,0,0,0,0,0,0,'',0),(3062,0,0,0,0,0,0,0,0,0,0,0,0,0,'ru',0),(3063,0,0,0,1,1024,1024,24,0,1,0,0,0,0,'',0),(3064,0,0,0,1,1024,1024,24,0,1,0,0,0,0,'',0),(3065,0,0,0,1,1024,1024,24,0,1,0,0,0,0,'',0),(3066,0,0,0,0,0,0,0,0,0,0,0,0,0,'',0),(3067,0,0,0,0,0,0,0,0,0,0,0,0,0,'en',0),(3068,0,0,0,0,0,0,0,0,0,0,0,0,0,'',0),(3069,0,0,0,0,0,0,0,0,0,0,0,0,0,'en',0),(3070,0,0,0,0,0,0,0,0,0,0,0,0,0,'',0),(3071,0,0,0,0,0,0,0,0,0,0,0,0,0,'en',0),(3072,0,0,0,0,0,0,0,0,0,0,0,0,0,'',0),(3073,0,0,0,0,0,0,0,0,0,0,0,0,0,'en',0),(3074,0,0,0,0,0,0,0,0,0,0,0,0,0,'en',0),(3075,0,0,0,0,0,0,0,0,0,0,0,0,0,'en',0),(3076,0,0,0,0,0,0,0,0,0,0,0,0,0,'en',0),(3077,0,0,0,0,0,0,0,0,0,0,0,0,0,'en',0),(3078,0,0,0,0,0,0,0,0,0,0,0,0,0,'',0),(3079,0,0,0,0,0,0,0,0,0,0,0,0,0,'en',0),(3080,0,0,0,0,0,0,0,0,0,0,0,0,0,'en',0),(3081,0,0,0,0,0,0,0,0,0,0,0,0,0,'en',0),(3082,0,0,0,0,0,0,0,0,0,0,0,0,0,'en',0),(3083,0,0,0,0,0,0,0,0,0,0,0,0,0,'en',0),(3084,0,0,0,0,0,0,0,0,0,0,0,0,0,'en',0),(3085,0,0,0,0,0,0,0,0,0,0,0,0,0,'en',0),(3086,0,0,0,0,0,0,0,0,0,0,0,0,0,'en',0),(3087,0,0,0,0,0,0,0,0,0,0,0,0,0,'en',0),(3088,0,0,0,0,0,0,0,0,0,0,0,0,0,'en',0),(3089,0,0,0,0,0,0,0,0,0,0,0,0,0,'en',0),(3090,0,0,0,0,0,0,0,0,0,0,0,0,0,'en',0),(3091,0,0,0,0,0,0,0,0,0,0,0,0,0,'en',0),(3092,0,0,0,0,0,0,0,0,0,0,0,0,0,'en',0),(3093,0,0,0,0,0,0,0,0,0,0,0,0,0,'en',0),(3094,0,0,0,0,0,0,0,0,0,0,0,0,0,'en',0),(3095,0,0,0,0,0,0,0,0,0,0,0,0,0,'en',0),(3096,0,0,0,0,0,0,0,0,0,0,0,0,0,'en',0),(3097,0,0,0,0,0,0,0,0,0,0,0,0,0,'en',0),(3098,0,0,0,0,0,0,0,0,0,0,0,0,0,'en',0),(3099,0,0,0,0,0,0,0,0,0,0,0,0,0,'en',0),(3100,0,0,0,0,0,0,0,0,0,0,0,0,0,'en',0),(3101,0,0,0,0,0,0,0,0,0,0,0,0,0,'en',0),(3102,0,0,0,0,0,0,0,0,0,0,0,0,0,'en',0),(3103,0,0,0,0,0,0,0,0,0,0,0,0,0,'en',0),(3104,0,0,0,0,0,0,0,0,0,0,0,0,0,'en',0),(3105,0,0,0,0,0,0,0,0,0,0,0,0,0,'en',0),(3106,0,0,0,0,0,0,0,0,0,0,0,0,0,'en',0),(3107,0,0,0,0,0,0,0,0,0,0,0,0,0,'en',0),(3108,0,0,0,0,0,0,0,0,0,0,0,0,0,'en',0),(3109,0,0,0,0,0,0,0,0,0,0,0,0,0,'',0),(3110,0,0,0,0,0,0,0,0,0,0,0,0,0,'en',0),(3111,0,0,0,0,0,0,0,0,0,0,0,0,0,'en',0),(3112,0,0,0,0,0,0,0,0,0,0,0,0,0,'en',0),(3113,0,0,0,0,0,0,0,0,0,0,0,0,0,'en',0),(3114,0,0,0,0,0,0,0,0,0,0,0,0,0,'en',0),(3115,0,0,0,0,0,0,0,0,0,0,0,0,0,'en',0),(3116,0,0,0,0,0,0,0,0,0,0,0,0,0,'en',0),(3117,0,0,0,0,0,0,0,0,0,0,0,0,0,'en',0),(3118,0,0,0,0,0,0,0,0,0,0,0,0,0,'en',0),(3119,0,0,0,0,0,0,0,0,0,0,0,0,0,'en',0),(3120,0,0,0,0,0,0,0,0,0,0,0,0,0,'en',0),(3121,0,0,0,0,0,0,0,0,0,0,0,0,0,'en',0),(3122,0,0,0,0,0,0,0,0,0,0,0,0,0,'en',0),(3123,0,0,0,0,0,0,0,0,0,0,0,0,0,'en',0),(3124,0,0,0,0,0,0,0,0,0,0,0,0,0,'en',0),(3125,0,0,0,0,0,0,0,0,0,0,0,0,0,'en',0),(3126,0,0,0,0,0,0,0,0,0,0,0,0,0,'en',0),(3127,0,0,0,0,0,0,0,0,0,0,0,0,0,'en',0),(3128,0,0,0,0,0,0,0,0,0,0,0,0,0,'en',0),(3129,0,0,0,0,0,0,0,0,0,0,0,0,0,'en',0),(3130,0,0,0,0,0,0,0,0,0,0,0,0,0,'en',0),(3131,0,0,0,0,0,0,0,0,0,0,0,0,0,'en',0),(3132,0,0,0,0,0,0,0,0,0,0,0,0,0,'en',0),(3133,0,0,0,0,0,0,0,0,0,0,0,0,0,'en',0),(3134,0,0,0,0,0,0,0,0,0,0,0,0,0,'',0),(3135,0,0,0,0,0,0,0,0,0,0,0,0,0,'en',0),(3136,0,0,0,0,0,0,0,0,0,0,0,0,0,'en',0),(3137,0,0,0,0,0,0,0,0,0,0,0,0,0,'en',0),(3138,0,0,0,0,0,0,0,0,0,0,0,0,0,'en',0),(3139,0,0,0,0,0,0,0,0,0,0,0,0,0,'en',0),(3140,0,0,0,0,0,0,0,0,0,0,0,0,0,'en',0),(3141,0,0,0,0,0,0,0,0,0,0,0,0,0,'en',0),(3142,0,0,0,0,0,0,0,0,0,0,0,0,0,'en',0),(3143,0,0,0,0,0,0,0,0,0,0,0,0,0,'en',0),(3144,0,0,0,0,0,0,0,0,0,0,0,0,0,'en',0),(3145,0,0,0,0,0,0,0,0,0,0,0,0,0,'',0),(3146,0,0,0,0,0,0,0,0,0,0,0,0,0,'en',0),(3147,0,0,0,0,0,0,0,0,0,0,0,0,0,'en',0),(3148,0,0,0,0,0,0,0,0,0,0,0,0,0,'en',0),(3149,0,0,0,0,0,0,0,0,0,0,0,0,0,'',0),(3150,0,0,0,0,0,0,0,0,0,0,0,0,0,'en',0),(3151,0,0,0,0,0,0,0,0,0,0,0,0,0,'',0),(3152,0,0,0,0,0,0,0,0,0,0,0,0,0,'en',0),(3153,0,0,0,0,0,0,0,0,0,0,0,0,0,'en',0),(3154,0,0,0,0,0,0,0,0,0,0,0,0,0,'',0),(3155,0,0,0,0,0,0,0,0,0,0,0,0,0,'en',0),(3156,0,0,0,0,0,0,0,0,0,0,0,0,0,'en',0),(3157,0,0,0,0,0,0,0,0,0,0,0,0,0,'en',0),(3158,0,0,0,0,0,0,0,0,0,0,0,0,0,'en',0),(3159,0,0,0,0,0,0,0,0,0,0,0,0,0,'',0),(3160,0,0,0,0,0,0,0,0,0,0,0,0,0,'en',0),(3161,0,0,0,0,0,0,0,0,0,0,0,0,0,'',0),(3162,0,0,0,0,0,0,0,0,0,0,0,0,0,'en',0),(3163,0,0,0,0,0,0,0,0,0,0,0,0,0,'en',0),(3164,0,0,0,0,0,0,0,0,0,0,0,0,0,'en',0),(3165,0,0,0,0,0,0,0,0,0,0,0,0,0,'en',0),(3166,0,0,0,0,0,0,0,0,0,0,0,0,0,'',0),(3167,0,0,0,0,0,0,0,0,0,0,0,0,0,'en',0),(3168,0,0,0,0,0,0,0,0,0,0,0,0,0,'en',0),(3169,0,0,0,0,0,0,0,0,0,0,0,0,0,'en',0),(3170,0,0,0,0,0,0,0,0,0,0,0,0,0,'',0),(3171,0,0,0,0,0,0,0,0,0,0,0,0,0,'en',0),(3172,0,0,0,0,0,0,0,0,0,0,0,0,0,'en',0),(3173,0,0,0,0,0,0,0,0,0,0,0,0,0,'en',0),(3174,0,0,0,0,0,0,0,0,0,0,0,0,0,'en',0),(3175,0,0,0,0,0,0,0,0,0,0,0,0,0,'en',0),(3176,0,0,0,0,0,0,0,0,0,0,0,0,0,'en',0),(3177,0,0,0,0,0,0,0,0,0,0,0,0,0,'',0),(3178,0,0,0,0,0,0,0,0,0,0,0,0,0,'en',0),(3179,0,0,0,0,0,0,0,0,0,0,0,0,0,'en',0),(3180,0,0,0,0,0,0,0,0,0,0,0,0,0,'',0),(3181,0,0,0,0,0,0,0,0,0,0,0,0,0,'en',0),(3182,0,0,0,0,0,0,0,0,0,0,0,0,0,'en',0),(3183,0,0,0,0,0,0,0,0,0,0,0,0,0,'en',0),(3184,0,0,0,0,0,0,0,0,0,0,0,0,0,'en',0),(3185,0,0,0,0,0,0,0,0,0,0,0,0,0,'en',0),(3186,0,0,0,0,0,0,0,0,0,0,0,0,0,'en',0),(3187,0,0,0,0,0,0,0,0,0,0,0,0,0,'',0),(3188,0,0,0,0,0,0,0,0,0,0,0,0,0,'en',0),(3189,0,0,0,0,0,0,0,0,0,0,0,0,0,'en',0),(3190,0,0,0,0,0,0,0,0,0,0,0,0,0,'en',0),(3191,0,0,0,0,0,0,0,0,0,0,0,0,0,'en',0),(3192,0,0,0,0,0,0,0,0,0,0,0,0,0,'en',0),(3193,0,0,0,0,0,0,0,0,0,0,0,0,0,'en',0),(3194,0,0,0,0,0,0,0,0,0,0,0,0,0,'en',0),(3195,0,0,0,0,0,0,0,0,0,0,0,0,0,'en',0),(3196,0,0,0,0,0,0,0,0,0,0,0,0,0,'',0),(3197,0,0,0,0,0,0,0,0,0,0,0,0,0,'en',0),(3198,0,0,0,0,0,0,0,0,0,0,0,0,0,'en',0),(3199,0,0,0,0,0,0,0,0,0,0,0,0,0,'en',0),(3200,0,0,0,0,0,0,0,0,0,0,0,0,0,'',0),(3201,0,0,0,0,0,0,0,0,0,0,0,0,0,'en',0),(3202,0,0,0,0,0,0,0,0,0,0,0,0,0,'',0),(3203,0,0,0,0,0,0,0,0,0,0,0,0,0,'en',0),(3204,0,0,0,0,0,0,0,0,0,0,0,0,0,'en',0),(3205,0,0,0,0,0,0,0,0,0,0,0,0,0,'en',0),(3206,0,0,0,0,0,0,0,0,0,0,0,0,0,'en',0),(3207,0,0,0,0,0,0,0,0,0,0,0,0,0,'en',0),(3208,0,0,0,0,0,0,0,0,0,0,0,0,0,'en',0),(3209,0,0,0,0,0,0,0,0,0,0,0,0,0,'en',0),(3210,0,0,0,0,0,0,0,0,0,0,0,0,0,'en',0),(3211,0,0,0,0,0,0,0,0,0,0,0,0,0,'en',0),(3212,0,0,0,0,0,0,0,0,0,0,0,0,0,'en',0),(3213,0,0,0,0,0,0,0,0,0,0,0,0,0,'en',0),(3214,0,0,0,0,0,0,0,0,0,0,0,0,0,'en',0),(3215,0,0,0,0,0,0,0,0,0,0,0,0,0,'en',0),(3216,0,0,0,0,0,0,0,0,0,0,0,0,0,'en',0),(3217,0,0,0,0,0,0,0,0,0,0,0,0,0,'en',0),(3218,0,0,0,0,0,0,0,0,0,0,0,0,0,'en',0),(3219,0,0,0,0,0,0,0,0,0,0,0,0,0,'en',0),(3220,0,0,0,0,0,0,0,0,0,0,0,0,0,'en',0),(3221,0,0,0,0,0,0,0,0,0,0,0,0,0,'en',0),(3222,0,0,0,0,0,0,0,0,0,0,0,0,0,'en',0),(3223,0,0,0,0,0,0,0,0,0,0,0,0,0,'en',0),(3224,0,0,0,0,0,0,0,0,0,0,0,0,0,'en',0),(3225,0,0,0,0,0,0,0,0,0,0,0,0,0,'en',0),(3226,0,0,0,0,0,0,0,0,0,0,0,0,0,'',0),(3227,0,0,0,0,0,0,0,0,0,0,0,0,0,'en',0),(3228,0,0,0,0,0,0,0,0,0,0,0,0,0,'en',0),(3229,0,0,0,0,0,0,0,0,0,0,0,0,0,'',0),(3230,0,0,0,0,0,0,0,0,0,0,0,0,0,'en',0),(3231,0,0,0,0,0,0,0,0,0,0,0,0,0,'en',0),(3232,0,0,0,0,0,0,0,0,0,0,0,0,0,'en',0),(3233,0,0,0,0,0,0,0,0,0,0,0,0,0,'en',0),(3234,0,0,0,0,0,0,0,0,0,0,0,0,0,'en',0),(3235,0,0,0,0,0,0,0,0,0,0,0,0,0,'',0),(3236,0,0,0,0,0,0,0,0,0,0,0,0,0,'en',0),(3237,0,0,0,0,0,0,0,0,0,0,0,0,0,'en',0),(3238,0,0,0,0,0,0,0,0,0,0,0,0,0,'en',0),(3239,0,0,0,0,0,0,0,0,0,0,0,0,0,'en',0),(3240,0,0,0,0,0,0,0,0,0,0,0,0,0,'',0),(3241,0,0,0,0,0,0,0,0,0,0,0,0,0,'en',0),(3242,3,3,0,0,0,0,0,0,0,0,0,0,0,'es',0),(3243,0,0,0,0,0,0,0,0,0,0,0,0,0,'',0),(3244,0,0,0,0,0,0,0,0,0,0,0,0,0,'',0),(3245,0,0,0,0,0,0,0,0,0,0,0,0,0,'',0),(3246,0,0,0,1,1024,1024,24,0,1,0,0,0,0,'',0),(3247,0,0,0,1,1024,1024,24,0,1,0,0,0,0,'',0),(3248,0,0,0,0,0,0,0,0,0,0,0,0,0,'',0),(3249,0,0,0,0,0,0,0,0,0,0,0,0,0,'en',0),(3250,0,0,0,0,0,0,0,0,0,0,0,0,0,'en',0),(3251,5,1,0,1,375,667,24,0,0,0,0,0,0,'',1),(3252,0,0,0,0,0,0,0,0,0,0,0,0,0,'',0),(3253,0,0,0,0,0,0,0,0,0,0,0,0,0,'',0),(3254,3,10,0,0,0,0,0,0,0,0,0,0,0,'',0),(3255,5,1,0,1,768,1024,32,0,0,0,0,0,0,'en-us',1),(3256,0,0,0,0,0,0,0,0,0,0,0,0,0,'en',0),(3257,0,0,0,1,1024,1024,24,0,1,0,0,0,0,'',0),(3258,0,0,0,0,0,0,0,0,0,0,0,0,0,'',0),(3259,0,0,0,0,0,0,0,0,0,0,0,0,0,'',0),(3260,0,0,0,0,0,0,0,0,0,0,0,0,0,'',0),(3261,0,0,0,0,0,0,0,0,0,0,0,0,0,'',0),(3262,0,0,0,0,0,0,0,0,0,0,0,0,0,'',0),(3263,0,0,0,0,0,0,0,0,0,0,0,0,0,'',0),(3264,0,0,0,0,0,0,0,0,0,0,0,0,0,'',0),(3265,0,0,0,0,0,0,0,0,0,0,0,0,0,'',0),(3266,0,0,0,0,0,0,0,0,0,0,0,0,0,'',0),(3267,0,0,0,0,0,0,0,0,0,0,0,0,0,'',0),(3268,0,0,0,0,0,0,0,0,0,0,0,0,0,'',0),(3269,0,0,0,0,0,0,0,0,0,0,0,0,0,'',0),(3270,0,0,0,0,0,0,0,0,0,0,0,0,0,'',0),(3271,0,0,0,0,0,0,0,0,0,0,0,0,0,'',0),(3272,0,0,0,0,0,0,0,0,0,0,0,0,0,'',0),(3273,0,0,0,0,0,0,0,0,0,0,0,0,0,'',0),(3274,0,0,0,0,0,0,0,0,0,0,0,0,0,'',0),(3275,0,0,0,0,0,0,0,0,0,0,0,0,0,'',0),(3276,0,0,0,1,1024,1024,24,0,1,0,0,0,0,'',0),(3277,0,0,0,1,1024,1024,24,0,1,0,0,0,0,'',0),(3278,0,0,0,1,1024,1024,24,0,1,0,0,0,0,'',0),(3279,0,0,0,0,0,0,0,0,0,0,0,0,0,'',0),(3280,0,0,0,0,0,0,0,0,0,0,0,0,0,'',0),(3281,0,0,0,0,0,0,0,0,0,0,0,0,0,'',0),(3282,0,0,0,0,0,0,0,0,0,0,0,0,0,'',0),(3283,0,0,0,0,0,0,0,0,0,0,0,0,0,'',0),(3284,0,0,0,0,0,0,0,0,0,0,0,0,0,'',0),(3285,0,0,0,0,0,0,0,0,0,0,0,0,0,'',0),(3286,0,0,0,0,0,0,0,0,0,0,0,0,0,'',0),(3287,0,0,0,0,0,0,0,0,0,0,0,0,0,'',0),(3288,0,0,0,0,0,0,0,0,0,0,0,0,0,'',0),(3289,0,0,0,0,0,0,0,0,0,0,0,0,0,'',0),(3290,0,0,0,0,0,0,0,0,0,0,0,0,0,'',0),(3291,0,0,0,0,0,0,0,0,0,0,0,0,0,'',0),(3292,0,0,0,0,0,0,0,0,0,0,0,0,0,'',0),(3293,0,0,0,0,0,0,0,0,0,0,0,0,0,'',0),(3294,0,0,0,0,0,0,0,0,0,0,0,0,0,'',0),(3295,0,0,0,0,0,0,0,0,0,0,0,0,0,'',0),(3296,0,0,0,0,0,0,0,0,0,0,0,0,0,'',0),(3297,0,0,0,0,0,0,0,0,0,0,0,0,0,'',0),(3298,0,0,0,0,0,0,0,0,0,0,0,0,0,'',0),(3299,0,0,0,0,0,0,0,0,0,0,0,0,0,'',0),(3300,0,0,0,0,0,0,0,0,0,0,0,0,0,'',0),(3301,0,0,0,1,1024,1024,24,0,1,0,0,0,0,'',0),(3302,0,0,0,0,0,0,0,0,0,0,0,0,0,'',0),(3303,0,0,0,0,0,0,0,0,0,0,0,0,0,'en',0),(3304,0,0,0,0,0,0,0,0,0,0,0,0,0,'en',0),(3305,0,0,0,0,0,0,0,0,0,0,0,0,0,'en',0),(3306,0,0,0,0,0,0,0,0,0,0,0,0,0,'en',0),(3307,0,0,0,0,0,0,0,0,0,0,0,0,0,'en',0),(3308,0,0,0,0,0,0,0,0,0,0,0,0,0,'en',0),(3309,0,0,0,0,0,0,0,0,0,0,0,0,0,'en',0),(3310,0,0,0,0,0,0,0,0,0,0,0,0,0,'en',0),(3311,0,0,0,0,0,0,0,0,0,0,0,0,0,'en',0),(3312,0,0,0,0,0,0,0,0,0,0,0,0,0,'en',0),(3313,0,0,0,0,0,0,0,0,0,0,0,0,0,'en',0),(3314,0,0,0,0,0,0,0,0,0,0,0,0,0,'en',0),(3315,0,0,0,0,0,0,0,0,0,0,0,0,0,'en',0),(3316,0,0,0,0,0,0,0,0,0,0,0,0,0,'en',0),(3317,0,0,0,0,0,0,0,0,0,0,0,0,0,'en',0),(3318,0,0,0,0,0,0,0,0,0,0,0,0,0,'en',0),(3319,0,0,0,0,0,0,0,0,0,0,0,0,0,'en',0),(3320,0,0,0,0,0,0,0,0,0,0,0,0,0,'en',0),(3321,0,0,0,0,0,0,0,0,0,0,0,0,0,'en',0),(3322,0,0,0,0,0,0,0,0,0,0,0,0,0,'en',0),(3323,0,0,0,0,0,0,0,0,0,0,0,0,0,'en',0),(3324,0,0,0,0,0,0,0,0,0,0,0,0,0,'en',0),(3325,0,0,0,0,0,0,0,0,0,0,0,0,0,'en',0),(3326,0,0,0,0,0,0,0,0,0,0,0,0,0,'en',0),(3327,0,0,0,0,0,0,0,0,0,0,0,0,0,'en',0),(3328,0,0,0,0,0,0,0,0,0,0,0,0,0,'en',0),(3329,0,0,0,0,0,0,0,0,0,0,0,0,0,'en',0),(3330,0,0,0,0,0,0,0,0,0,0,0,0,0,'en',0),(3331,0,0,0,0,0,0,0,0,0,0,0,0,0,'en',0),(3332,0,0,0,0,0,0,0,0,0,0,0,0,0,'en',0),(3333,0,0,0,0,0,0,0,0,0,0,0,0,0,'en',0),(3334,0,0,0,0,0,0,0,0,0,0,0,0,0,'en',0),(3335,0,0,0,0,0,0,0,0,0,0,0,0,0,'en',0),(3336,0,0,0,0,0,0,0,0,0,0,0,0,0,'en',0),(3337,0,0,0,0,0,0,0,0,0,0,0,0,0,'en',0),(3338,0,0,0,0,0,0,0,0,0,0,0,0,0,'en',0),(3339,0,0,0,0,0,0,0,0,0,0,0,0,0,'en',0),(3340,0,0,0,0,0,0,0,0,0,0,0,0,0,'en',0),(3341,0,0,0,0,0,0,0,0,0,0,0,0,0,'en',0),(3342,0,0,0,0,0,0,0,0,0,0,0,0,0,'en',0),(3343,0,0,0,0,0,0,0,0,0,0,0,0,0,'en',0),(3344,0,0,0,0,0,0,0,0,0,0,0,0,0,'en',0),(3345,0,0,0,0,0,0,0,0,0,0,0,0,0,'en',0),(3346,0,0,0,0,0,0,0,0,0,0,0,0,0,'en',0),(3347,0,0,0,0,0,0,0,0,0,0,0,0,0,'en',0),(3348,0,0,0,0,0,0,0,0,0,0,0,0,0,'en',0),(3349,0,0,0,0,0,0,0,0,0,0,0,0,0,'en',0),(3350,0,0,0,0,0,0,0,0,0,0,0,0,0,'en',0),(3351,0,0,0,0,0,0,0,0,0,0,0,0,0,'en',0),(3352,0,0,0,0,0,0,0,0,0,0,0,0,0,'en',0),(3353,0,0,0,0,0,0,0,0,0,0,0,0,0,'en',0),(3354,0,0,0,0,0,0,0,0,0,0,0,0,0,'en',0),(3355,0,0,0,0,0,0,0,0,0,0,0,0,0,'en',0),(3356,0,0,0,0,0,0,0,0,0,0,0,0,0,'en',0),(3357,0,0,0,0,0,0,0,0,0,0,0,0,0,'en',0),(3358,0,0,0,0,0,0,0,0,0,0,0,0,0,'en',0),(3359,0,0,0,0,0,0,0,0,0,0,0,0,0,'en',0),(3360,0,0,0,0,0,0,0,0,0,0,0,0,0,'en',0),(3361,0,0,0,0,0,0,0,0,0,0,0,0,0,'en',0),(3362,0,0,0,0,0,0,0,0,0,0,0,0,0,'en',0),(3363,0,0,0,0,0,0,0,0,0,0,0,0,0,'en',0),(3364,0,0,0,0,0,0,0,0,0,0,0,0,0,'en',0),(3365,0,0,0,0,0,0,0,0,0,0,0,0,0,'en',0),(3366,0,0,0,0,0,0,0,0,0,0,0,0,0,'en',0),(3367,0,0,0,0,0,0,0,0,0,0,0,0,0,'en',0),(3368,0,0,0,0,0,0,0,0,0,0,0,0,0,'en',0),(3369,0,0,0,0,0,0,0,0,0,0,0,0,0,'en',0),(3370,0,0,0,0,0,0,0,0,0,0,0,0,0,'en',0),(3371,0,0,0,0,0,0,0,0,0,0,0,0,0,'en',0),(3372,0,0,0,0,0,0,0,0,0,0,0,0,0,'en',0),(3373,0,0,0,0,0,0,0,0,0,0,0,0,0,'en',0),(3374,0,0,0,0,0,0,0,0,0,0,0,0,0,'en',0),(3375,0,0,0,0,0,0,0,0,0,0,0,0,0,'en',0),(3376,0,0,0,0,0,0,0,0,0,0,0,0,0,'en',0),(3377,0,0,0,0,0,0,0,0,0,0,0,0,0,'en',0),(3378,0,0,0,0,0,0,0,0,0,0,0,0,0,'en',0),(3379,0,0,0,0,0,0,0,0,0,0,0,0,0,'en',0),(3380,0,0,0,0,0,0,0,0,0,0,0,0,0,'en',0),(3381,0,0,0,0,0,0,0,0,0,0,0,0,0,'en',0),(3382,0,0,0,0,0,0,0,0,0,0,0,0,0,'en',0),(3383,0,0,0,0,0,0,0,0,0,0,0,0,0,'en',0),(3384,0,0,0,0,0,0,0,0,0,0,0,0,0,'en',0),(3385,0,0,0,0,0,0,0,0,0,0,0,0,0,'en',0),(3386,0,0,0,0,0,0,0,0,0,0,0,0,0,'en',0),(3387,0,0,0,0,0,0,0,0,0,0,0,0,0,'en',0),(3388,0,0,0,0,0,0,0,0,0,0,0,0,0,'en',0),(3389,0,0,0,0,0,0,0,0,0,0,0,0,0,'en',0),(3390,0,0,0,0,0,0,0,0,0,0,0,0,0,'en',0),(3391,0,0,0,0,0,0,0,0,0,0,0,0,0,'en',0),(3392,0,0,0,0,0,0,0,0,0,0,0,0,0,'en',0),(3393,0,0,0,0,0,0,0,0,0,0,0,0,0,'en',0),(3394,0,0,0,0,0,0,0,0,0,0,0,0,0,'en',0),(3395,0,0,0,0,0,0,0,0,0,0,0,0,0,'en',0),(3396,0,0,0,0,0,0,0,0,0,0,0,0,0,'en',0),(3397,0,0,0,0,0,0,0,0,0,0,0,0,0,'en',0),(3398,0,0,0,0,0,0,0,0,0,0,0,0,0,'en',0),(3399,0,0,0,0,0,0,0,0,0,0,0,0,0,'en',0),(3400,0,0,0,0,0,0,0,0,0,0,0,0,0,'en',0),(3401,0,0,0,0,0,0,0,0,0,0,0,0,0,'en',0),(3402,0,0,0,0,0,0,0,0,0,0,0,0,0,'en',0),(3403,0,0,0,0,0,0,0,0,0,0,0,0,0,'en',0),(3404,0,0,0,0,0,0,0,0,0,0,0,0,0,'en',0),(3405,0,0,0,0,0,0,0,0,0,0,0,0,0,'en',0),(3406,0,0,0,0,0,0,0,0,0,0,0,0,0,'en',0),(3407,0,0,0,0,0,0,0,0,0,0,0,0,0,'en',0),(3408,0,0,0,0,0,0,0,0,0,0,0,0,0,'en',0),(3409,0,0,0,0,0,0,0,0,0,0,0,0,0,'en',0),(3410,0,0,0,0,0,0,0,0,0,0,0,0,0,'',0),(3411,0,0,0,0,0,0,0,0,0,0,0,0,0,'',0),(3412,0,0,0,0,0,0,0,0,0,0,0,0,0,'en',0),(3413,0,0,0,0,0,0,0,0,0,0,0,0,0,'',0),(3414,0,0,0,0,0,0,0,0,0,0,0,0,0,'',0),(3415,0,0,0,1,1024,1024,24,0,1,0,0,0,0,'',0),(3416,3,3,0,0,0,0,0,0,0,0,0,0,0,'es',0),(3417,3,3,0,0,0,0,0,0,0,0,0,0,0,'es',0),(3418,0,0,0,0,0,0,0,0,0,0,0,0,0,'',0),(3419,0,0,0,1,1024,1024,24,0,1,0,0,0,0,'',0),(3420,0,0,0,1,1024,1024,24,0,1,0,0,0,0,'',0),(3421,0,0,0,0,0,0,0,0,0,0,0,0,0,'ru',0),(3422,1,3,0,0,0,0,0,0,0,0,0,0,0,'zh-tw',0),(3423,0,0,0,0,0,0,0,0,0,0,0,0,0,'ru',0),(3424,0,0,0,0,0,0,0,0,0,0,0,0,0,'',0),(3425,0,0,0,0,0,0,0,0,0,0,0,0,0,'en',0),(3426,0,0,0,0,0,0,0,0,0,0,0,0,0,'en',0),(3427,0,0,0,0,0,0,0,0,0,0,0,0,0,'en',0),(3428,0,0,0,0,0,0,0,0,0,0,0,0,0,'en',0),(3429,0,0,0,0,0,0,0,0,0,0,0,0,0,'en',0),(3430,0,0,0,0,0,0,0,0,0,0,0,0,0,'en',0),(3431,0,0,0,0,0,0,0,0,0,0,0,0,0,'en',0),(3432,0,0,0,0,0,0,0,0,0,0,0,0,0,'en',0),(3433,0,0,0,0,0,0,0,0,0,0,0,0,0,'en',0),(3434,0,0,0,0,0,0,0,0,0,0,0,0,0,'en',0),(3435,0,0,0,0,0,0,0,0,0,0,0,0,0,'en',0),(3436,0,0,0,0,0,0,0,0,0,0,0,0,0,'en',0),(3437,0,0,0,0,0,0,0,0,0,0,0,0,0,'en',0),(3438,0,0,0,0,0,0,0,0,0,0,0,0,0,'en',0),(3439,0,0,0,0,0,0,0,0,0,0,0,0,0,'en',0),(3440,0,0,0,0,0,0,0,0,0,0,0,0,0,'en',0),(3441,0,0,0,0,0,0,0,0,0,0,0,0,0,'en',0),(3442,0,0,0,0,0,0,0,0,0,0,0,0,0,'en',0),(3443,0,0,0,0,0,0,0,0,0,0,0,0,0,'en',0),(3444,0,0,0,0,0,0,0,0,0,0,0,0,0,'en',0),(3445,0,0,0,0,0,0,0,0,0,0,0,0,0,'en',0),(3446,0,0,0,0,0,0,0,0,0,0,0,0,0,'en',0),(3447,0,0,0,0,0,0,0,0,0,0,0,0,0,'en',0),(3448,0,0,0,0,0,0,0,0,0,0,0,0,0,'en',0),(3449,0,0,0,0,0,0,0,0,0,0,0,0,0,'en',0),(3450,0,0,0,0,0,0,0,0,0,0,0,0,0,'en',0),(3451,0,0,0,0,0,0,0,0,0,0,0,0,0,'en',0),(3452,0,0,0,0,0,0,0,0,0,0,0,0,0,'en',0),(3453,0,0,0,0,0,0,0,0,0,0,0,0,0,'en',0),(3454,0,0,0,0,0,0,0,0,0,0,0,0,0,'en',0),(3455,0,0,0,0,0,0,0,0,0,0,0,0,0,'en',0),(3456,0,0,0,0,0,0,0,0,0,0,0,0,0,'en',0),(3457,0,0,0,0,0,0,0,0,0,0,0,0,0,'en',0),(3458,0,0,0,0,0,0,0,0,0,0,0,0,0,'en',0),(3459,0,0,0,0,0,0,0,0,0,0,0,0,0,'en',0),(3460,0,0,0,0,0,0,0,0,0,0,0,0,0,'en',0),(3461,0,0,0,0,0,0,0,0,0,0,0,0,0,'en',0),(3462,0,0,0,0,0,0,0,0,0,0,0,0,0,'en',0),(3463,0,0,0,0,0,0,0,0,0,0,0,0,0,'en',0),(3464,0,0,0,0,0,0,0,0,0,0,0,0,0,'en',0),(3465,0,0,0,0,0,0,0,0,0,0,0,0,0,'en',0),(3466,0,0,0,0,0,0,0,0,0,0,0,0,0,'en',0),(3467,0,0,0,0,0,0,0,0,0,0,0,0,0,'en',0),(3468,0,0,0,0,0,0,0,0,0,0,0,0,0,'en',0),(3469,0,0,0,0,0,0,0,0,0,0,0,0,0,'en',0),(3470,0,0,0,0,0,0,0,0,0,0,0,0,0,'en',0),(3471,0,0,0,0,0,0,0,0,0,0,0,0,0,'en',0),(3472,0,0,0,0,0,0,0,0,0,0,0,0,0,'en',0),(3473,0,0,0,0,0,0,0,0,0,0,0,0,0,'en',0),(3474,0,0,0,0,0,0,0,0,0,0,0,0,0,'en',0),(3475,0,0,0,0,0,0,0,0,0,0,0,0,0,'en',0),(3476,0,0,0,0,0,0,0,0,0,0,0,0,0,'en',0),(3477,0,0,0,0,0,0,0,0,0,0,0,0,0,'en',0),(3478,0,0,0,0,0,0,0,0,0,0,0,0,0,'en',0),(3479,0,0,0,0,0,0,0,0,0,0,0,0,0,'en',0),(3480,0,0,0,0,0,0,0,0,0,0,0,0,0,'en',0),(3481,0,0,0,0,0,0,0,0,0,0,0,0,0,'en',0),(3482,0,0,0,0,0,0,0,0,0,0,0,0,0,'en',0),(3483,0,0,0,0,0,0,0,0,0,0,0,0,0,'en',0),(3484,0,0,0,0,0,0,0,0,0,0,0,0,0,'en',0),(3485,0,0,0,0,0,0,0,0,0,0,0,0,0,'en',0),(3486,0,0,0,0,0,0,0,0,0,0,0,0,0,'en',0),(3487,0,0,0,0,0,0,0,0,0,0,0,0,0,'en',0),(3488,0,0,0,0,0,0,0,0,0,0,0,0,0,'en',0),(3489,0,0,0,0,0,0,0,0,0,0,0,0,0,'en',0),(3490,0,0,0,0,0,0,0,0,0,0,0,0,0,'en',0),(3491,0,0,0,0,0,0,0,0,0,0,0,0,0,'en',0),(3492,0,0,0,0,0,0,0,0,0,0,0,0,0,'en',0),(3493,0,0,0,0,0,0,0,0,0,0,0,0,0,'en',0),(3494,0,0,0,0,0,0,0,0,0,0,0,0,0,'en',0),(3495,0,0,0,0,0,0,0,0,0,0,0,0,0,'en',0),(3496,0,0,0,0,0,0,0,0,0,0,0,0,0,'en',0),(3497,0,0,0,0,0,0,0,0,0,0,0,0,0,'en',0),(3498,0,0,0,0,0,0,0,0,0,0,0,0,0,'en',0),(3499,0,0,0,0,0,0,0,0,0,0,0,0,0,'en',0),(3500,0,0,0,0,0,0,0,0,0,0,0,0,0,'en',0),(3501,0,0,0,0,0,0,0,0,0,0,0,0,0,'en',0),(3502,0,0,0,0,0,0,0,0,0,0,0,0,0,'en',0),(3503,0,0,0,0,0,0,0,0,0,0,0,0,0,'en',0),(3504,0,0,0,0,0,0,0,0,0,0,0,0,0,'en',0),(3505,0,0,0,0,0,0,0,0,0,0,0,0,0,'en',0),(3506,0,0,0,0,0,0,0,0,0,0,0,0,0,'en',0),(3507,0,0,0,0,0,0,0,0,0,0,0,0,0,'en',0),(3508,0,0,0,0,0,0,0,0,0,0,0,0,0,'en',0),(3509,0,0,0,0,0,0,0,0,0,0,0,0,0,'en',0),(3510,0,0,0,0,0,0,0,0,0,0,0,0,0,'en',0),(3511,0,0,0,0,0,0,0,0,0,0,0,0,0,'en',0),(3512,0,0,0,0,0,0,0,0,0,0,0,0,0,'en',0),(3513,0,0,0,0,0,0,0,0,0,0,0,0,0,'en',0),(3514,0,0,0,0,0,0,0,0,0,0,0,0,0,'en',0),(3515,0,0,0,0,0,0,0,0,0,0,0,0,0,'en',0),(3516,0,0,0,0,0,0,0,0,0,0,0,0,0,'en',0),(3517,0,0,0,0,0,0,0,0,0,0,0,0,0,'en',0),(3518,0,0,0,0,0,0,0,0,0,0,0,0,0,'en',0),(3519,0,0,0,0,0,0,0,0,0,0,0,0,0,'en',0),(3520,0,0,0,0,0,0,0,0,0,0,0,0,0,'en',0),(3521,0,0,0,0,0,0,0,0,0,0,0,0,0,'en',0),(3522,0,0,0,0,0,0,0,0,0,0,0,0,0,'en',0),(3523,0,0,0,0,0,0,0,0,0,0,0,0,0,'en',0),(3524,0,0,0,0,0,0,0,0,0,0,0,0,0,'en',0),(3525,0,0,0,0,0,0,0,0,0,0,0,0,0,'en',0),(3526,0,0,0,0,0,0,0,0,0,0,0,0,0,'en',0),(3527,0,0,0,0,0,0,0,0,0,0,0,0,0,'en',0),(3528,0,0,0,0,0,0,0,0,0,0,0,0,0,'en',0),(3529,0,0,0,0,0,0,0,0,0,0,0,0,0,'',0),(3530,0,0,0,0,0,0,0,0,0,0,0,0,0,'en',0),(3531,0,0,0,0,0,0,0,0,0,0,0,0,0,'en',0),(3532,0,0,0,0,0,0,0,0,0,0,0,0,0,'en',0),(3533,0,0,0,0,0,0,0,0,0,0,0,0,0,'en',0),(3534,0,0,0,0,0,0,0,0,0,0,0,0,0,'en',0),(3535,0,0,0,0,0,0,0,0,0,0,0,0,0,'en',0),(3536,0,0,0,0,0,0,0,0,0,0,0,0,0,'en',0),(3537,0,0,0,0,0,0,0,0,0,0,0,0,0,'en',0),(3538,0,0,0,0,0,0,0,0,0,0,0,0,0,'en',0),(3539,0,0,0,0,0,0,0,0,0,0,0,0,0,'en',0),(3540,0,0,0,0,0,0,0,0,0,0,0,0,0,'en',0),(3541,0,0,0,0,0,0,0,0,0,0,0,0,0,'en',0),(3542,0,0,0,0,0,0,0,0,0,0,0,0,0,'en',0),(3543,0,0,0,0,0,0,0,0,0,0,0,0,0,'en',0),(3544,0,0,0,0,0,0,0,0,0,0,0,0,0,'en',0),(3545,0,0,0,0,0,0,0,0,0,0,0,0,0,'en',0),(3546,0,0,0,0,0,0,0,0,0,0,0,0,0,'en',0),(3547,0,0,0,0,0,0,0,0,0,0,0,0,0,'en',0),(3548,0,0,0,0,0,0,0,0,0,0,0,0,0,'en',0),(3549,0,0,0,0,0,0,0,0,0,0,0,0,0,'en',0),(3550,0,0,0,0,0,0,0,0,0,0,0,0,0,'en',0),(3551,0,0,0,0,0,0,0,0,0,0,0,0,0,'en',0),(3552,0,0,0,0,0,0,0,0,0,0,0,0,0,'en',0),(3553,0,0,0,0,0,0,0,0,0,0,0,0,0,'',0),(3554,0,0,0,0,0,0,0,0,0,0,0,0,0,'en',0),(3555,0,0,0,0,0,0,0,0,0,0,0,0,0,'en',0),(3556,0,0,0,0,0,0,0,0,0,0,0,0,0,'en',0),(3557,0,0,0,0,0,0,0,0,0,0,0,0,0,'en',0),(3558,0,0,0,0,0,0,0,0,0,0,0,0,0,'en',0),(3559,0,0,0,0,0,0,0,0,0,0,0,0,0,'en',0),(3560,0,0,0,0,0,0,0,0,0,0,0,0,0,'en',0),(3561,0,0,0,0,0,0,0,0,0,0,0,0,0,'en',0),(3562,0,0,0,0,0,0,0,0,0,0,0,0,0,'en',0),(3563,0,0,0,0,0,0,0,0,0,0,0,0,0,'en',0),(3564,0,0,0,0,0,0,0,0,0,0,0,0,0,'en',0),(3565,0,0,0,0,0,0,0,0,0,0,0,0,0,'en',0),(3566,0,0,0,0,0,0,0,0,0,0,0,0,0,'en',0),(3567,0,0,0,0,0,0,0,0,0,0,0,0,0,'en',0),(3568,0,0,0,0,0,0,0,0,0,0,0,0,0,'en',0),(3569,0,0,0,0,0,0,0,0,0,0,0,0,0,'en',0),(3570,0,0,0,0,0,0,0,0,0,0,0,0,0,'en',0),(3571,0,0,0,0,0,0,0,0,0,0,0,0,0,'en',0),(3572,0,0,0,0,0,0,0,0,0,0,0,0,0,'en',0),(3573,0,0,0,0,0,0,0,0,0,0,0,0,0,'',0),(3574,0,0,0,0,0,0,0,0,0,0,0,0,0,'en',0),(3575,0,0,0,0,0,0,0,0,0,0,0,0,0,'en',0),(3576,0,0,0,0,0,0,0,0,0,0,0,0,0,'en',0),(3577,0,0,0,0,0,0,0,0,0,0,0,0,0,'',0),(3578,0,0,0,0,0,0,0,0,0,0,0,0,0,'en',0),(3579,0,0,0,0,0,0,0,0,0,0,0,0,0,'en',0),(3580,0,0,0,0,0,0,0,0,0,0,0,0,0,'en',0),(3581,0,0,0,0,0,0,0,0,0,0,0,0,0,'en',0),(3582,0,0,0,0,0,0,0,0,0,0,0,0,0,'en',0),(3583,0,0,0,0,0,0,0,0,0,0,0,0,0,'en',0),(3584,0,0,0,0,0,0,0,0,0,0,0,0,0,'ru',0),(3585,0,0,0,0,0,0,0,0,0,0,0,0,0,'ru',0),(3586,0,0,0,0,0,0,0,0,0,0,0,0,0,'',0),(3587,5,1,0,1,375,667,24,0,0,0,0,0,0,'',1),(3588,0,0,0,1,1024,1024,24,0,1,0,0,0,0,'',0),(3589,5,1,0,0,0,0,0,0,0,0,0,0,0,'',0),(3590,5,1,0,0,0,0,0,0,0,0,0,0,0,'',0),(3591,5,1,0,0,0,0,0,0,0,0,0,0,0,'',0),(3592,5,1,0,0,0,0,0,0,0,0,0,0,0,'',0),(3593,5,1,0,0,0,0,0,0,0,0,0,0,0,'',0),(3594,5,1,0,0,0,0,0,0,0,0,0,0,0,'',0),(3595,5,1,0,0,0,0,0,0,0,0,0,0,0,'',0),(3596,5,1,0,0,0,0,0,0,0,0,0,0,0,'',0),(3597,5,1,0,0,0,0,0,0,0,0,0,0,0,'',0),(3598,0,0,0,1,1024,1024,24,0,1,0,0,0,0,'',0),(3599,0,0,0,0,0,0,0,0,0,0,0,0,0,'',0),(3600,0,0,0,0,0,0,0,0,0,0,0,0,0,'',0),(3601,0,0,0,0,0,0,0,0,0,0,0,0,0,'',0),(3602,0,0,0,0,0,0,0,0,0,0,0,0,0,'',0),(3603,0,0,0,0,0,0,0,0,0,0,0,0,0,'',0),(3604,0,0,0,1,1024,1024,24,0,1,0,0,0,0,'',0),(3605,0,0,0,0,0,0,0,0,0,0,0,0,0,'',0),(3606,0,0,0,0,0,0,0,0,0,0,0,0,0,'',0),(3607,0,0,0,0,0,0,0,0,0,0,0,0,0,'en',0),(3608,0,0,0,0,0,0,0,0,0,0,0,0,0,'',0),(3609,0,0,0,0,0,0,0,0,0,0,0,0,0,'en',0),(3610,0,0,0,1,1024,1024,24,0,1,0,0,0,0,'',0),(3611,5,1,0,1,375,667,24,0,0,0,0,0,0,'',1),(3612,0,0,0,0,0,0,0,0,0,0,0,0,0,'',0),(3613,0,0,0,1,1024,1024,24,0,1,0,0,0,0,'',0),(3614,0,0,0,0,0,0,0,0,0,0,0,0,0,'',0),(3615,0,0,0,1,1024,1024,24,0,1,0,0,0,0,'',0),(3616,0,0,0,0,0,0,0,0,0,0,0,0,0,'',0),(3617,0,0,0,1,1024,1024,24,0,1,0,0,0,0,'',0),(3618,0,0,0,1,1024,1024,24,0,1,0,0,0,0,'',0),(3619,0,0,0,0,0,0,0,0,0,0,0,0,0,'',0),(3620,0,0,0,1,1024,1024,24,0,1,0,0,0,0,'',0),(3621,0,0,0,1,1024,1024,24,0,1,0,0,0,0,'',0),(3622,0,0,0,1,1024,1024,24,0,1,0,0,0,0,'',0),(3623,0,0,0,1,1024,1024,24,0,1,0,0,0,0,'',0),(3624,0,0,0,1,1024,1024,24,0,1,0,0,0,0,'',0),(3625,0,0,0,0,0,0,0,0,0,0,0,0,0,'en',0),(3626,0,0,0,0,0,0,0,0,0,0,0,0,0,'',0),(3627,3,3,0,0,0,0,0,0,0,0,0,0,0,'es',0),(3628,3,3,0,0,0,0,0,0,0,0,0,0,0,'es',0),(3629,0,0,0,0,0,0,0,0,0,0,0,0,0,'',0),(3630,0,0,0,1,1024,1024,24,0,1,0,0,0,0,'',0),(3631,0,0,0,1,1024,1024,24,0,1,0,0,0,0,'',0),(3632,0,0,0,0,0,0,0,0,0,0,0,0,0,'',0),(3633,0,0,0,0,0,0,0,0,0,0,0,0,0,'',0),(3634,0,0,0,0,0,0,0,0,0,0,0,0,0,'',0),(3635,0,0,0,0,0,0,0,0,0,0,0,0,0,'',0),(3636,0,0,0,0,0,0,0,0,0,0,0,0,0,'',0),(3637,0,0,0,0,0,0,0,0,0,0,0,0,0,'',0),(3638,0,0,0,0,0,0,0,0,0,0,0,0,0,'',0),(3639,0,0,0,0,0,0,0,0,0,0,0,0,0,'',0),(3640,0,0,0,0,0,0,0,0,0,0,0,0,0,'',0),(3641,0,0,0,0,0,0,0,0,0,0,0,0,0,'en',0),(3642,0,0,0,0,0,0,0,0,0,0,0,0,0,'en',0),(3643,0,0,0,0,0,0,0,0,0,0,0,0,0,'en',0),(3644,0,0,0,0,0,0,0,0,0,0,0,0,0,'en',0),(3645,0,0,0,1,1024,1024,24,0,1,0,0,0,0,'',0),(3646,0,0,0,0,0,0,0,0,0,0,0,0,0,'',0),(3647,0,0,0,1,1024,1024,24,0,1,0,0,0,0,'',0),(3648,5,1,0,0,0,0,0,0,0,0,0,0,0,'',1),(3649,0,0,0,0,0,0,0,0,0,0,0,0,0,'',0),(3650,0,0,0,0,0,0,0,0,0,0,0,0,0,'',0),(3651,0,0,0,0,0,0,0,0,0,0,0,0,0,'',0),(3652,0,0,0,1,1024,1024,24,0,1,0,0,0,0,'',0),(3653,0,0,0,0,0,0,0,0,0,0,0,0,0,'',0),(3654,0,0,0,0,0,0,0,0,0,0,0,0,0,'',0),(3655,0,0,0,0,0,0,0,0,0,0,0,0,0,'',0),(3656,0,0,0,0,0,0,0,0,0,0,0,0,0,'',0),(3657,0,0,0,0,0,0,0,0,0,0,0,0,0,'',0),(3658,0,0,0,0,0,0,0,0,0,0,0,0,0,'',0),(3659,5,1,0,1,375,667,24,0,0,0,0,0,0,'',1),(3660,0,0,0,0,0,0,0,0,0,0,0,0,0,'',0),(3661,0,0,0,0,0,0,0,0,0,0,0,0,0,'',0),(3662,0,0,0,1,1024,1024,24,0,1,0,0,0,0,'',0),(3663,0,0,0,1,1024,1024,24,0,1,0,0,0,0,'',0),(3664,0,0,0,1,1024,1024,24,0,1,0,0,0,0,'',0),(3665,0,0,0,0,0,0,0,0,0,0,0,0,0,'',0),(3666,0,0,0,0,0,0,0,0,0,0,0,0,0,'',0),(3667,0,0,0,0,0,0,0,0,0,0,0,0,0,'en',0),(3668,0,0,0,0,0,0,0,0,0,0,0,0,0,'',0),(3669,0,0,0,0,0,0,0,0,0,0,0,0,0,'',0),(3670,0,0,0,0,0,0,0,0,0,0,0,0,0,'en',0),(3671,0,0,0,0,0,0,0,0,0,0,0,0,0,'',0),(3672,0,0,0,1,1024,1024,24,0,1,0,0,0,0,'',0),(3673,0,0,0,1,1024,1024,24,0,1,0,0,0,0,'',0),(3674,5,11,0,1,1280,800,24,0,1,0,0,0,0,'',0),(3675,0,0,0,0,0,0,0,0,0,0,0,0,0,'',0),(3676,0,0,0,0,0,0,0,0,0,0,0,0,0,'en',0),(3677,0,0,0,0,0,0,0,0,0,0,0,0,0,'en',0),(3678,0,0,0,0,0,0,0,0,0,0,0,0,0,'en',0),(3679,0,0,0,0,0,0,0,0,0,0,0,0,0,'en',0),(3680,0,0,0,0,0,0,0,0,0,0,0,0,0,'',0),(3681,0,0,0,0,0,0,0,0,0,0,0,0,0,'',0),(3682,0,0,0,1,1024,1024,24,0,1,0,0,0,0,'',0),(3683,0,0,0,0,0,0,0,0,0,0,0,0,0,'en',0),(3684,0,0,0,0,0,0,0,0,0,0,0,0,0,'',0),(3685,0,0,0,0,0,0,0,0,0,0,0,0,0,'',0),(3686,3,3,0,0,0,0,0,0,0,0,0,0,0,'es',0),(3687,5,1,0,1,375,667,24,0,0,0,0,0,0,'',1),(3688,0,0,0,1,1024,1024,24,0,1,0,0,0,0,'',0),(3689,0,0,0,0,0,0,0,0,0,0,0,0,0,'',0),(3690,0,0,0,0,0,0,0,0,0,0,0,0,0,'en',0),(3691,0,0,0,0,0,0,0,0,0,0,0,0,0,'',0),(3692,0,0,0,0,0,0,0,0,0,0,0,0,0,'',0),(3693,0,0,0,0,0,0,0,0,0,0,0,0,0,'',0),(3694,0,0,0,0,0,0,0,0,0,0,0,0,0,'en',0),(3695,0,0,0,0,0,0,0,0,0,0,0,0,0,'en',0),(3696,0,0,0,0,0,0,0,0,0,0,0,0,0,'',0),(3697,0,0,0,0,0,0,0,0,0,0,0,0,0,'',0),(3698,0,0,0,0,0,0,0,0,0,0,0,0,0,'en',0),(3699,0,0,0,0,0,0,0,0,0,0,0,0,0,'en',0),(3700,0,0,0,0,0,0,0,0,0,0,0,0,0,'en',0),(3701,0,0,0,0,0,0,0,0,0,0,0,0,0,'en',0),(3702,0,0,0,0,0,0,0,0,0,0,0,0,0,'en',0),(3703,0,0,0,0,0,0,0,0,0,0,0,0,0,'en',0),(3704,0,0,0,0,0,0,0,0,0,0,0,0,0,'en',0),(3705,0,0,0,0,0,0,0,0,0,0,0,0,0,'en',0),(3706,0,0,0,0,0,0,0,0,0,0,0,0,0,'en',0),(3707,0,0,0,0,0,0,0,0,0,0,0,0,0,'en',0),(3708,0,0,0,0,0,0,0,0,0,0,0,0,0,'en',0),(3709,0,0,0,0,0,0,0,0,0,0,0,0,0,'en',0),(3710,0,0,0,0,0,0,0,0,0,0,0,0,0,'en',0),(3711,0,0,0,0,0,0,0,0,0,0,0,0,0,'en',0),(3712,0,0,0,0,0,0,0,0,0,0,0,0,0,'en',0),(3713,0,0,0,0,0,0,0,0,0,0,0,0,0,'en',0),(3714,0,0,0,0,0,0,0,0,0,0,0,0,0,'en',0),(3715,0,0,0,0,0,0,0,0,0,0,0,0,0,'en',0),(3716,0,0,0,0,0,0,0,0,0,0,0,0,0,'en',0),(3717,0,0,0,0,0,0,0,0,0,0,0,0,0,'en',0),(3718,0,0,0,0,0,0,0,0,0,0,0,0,0,'en',0),(3719,0,0,0,0,0,0,0,0,0,0,0,0,0,'en',0),(3720,0,0,0,0,0,0,0,0,0,0,0,0,0,'en',0),(3721,0,0,0,0,0,0,0,0,0,0,0,0,0,'en',0),(3722,0,0,0,0,0,0,0,0,0,0,0,0,0,'en',0),(3723,0,0,0,0,0,0,0,0,0,0,0,0,0,'en',0),(3724,0,0,0,0,0,0,0,0,0,0,0,0,0,'en',0),(3725,0,0,0,0,0,0,0,0,0,0,0,0,0,'en',0),(3726,0,0,0,0,0,0,0,0,0,0,0,0,0,'en',0),(3727,0,0,0,0,0,0,0,0,0,0,0,0,0,'en',0),(3728,0,0,0,0,0,0,0,0,0,0,0,0,0,'en',0),(3729,0,0,0,0,0,0,0,0,0,0,0,0,0,'en',0),(3730,0,0,0,0,0,0,0,0,0,0,0,0,0,'en',0),(3731,0,0,0,0,0,0,0,0,0,0,0,0,0,'en',0),(3732,0,0,0,0,0,0,0,0,0,0,0,0,0,'en',0),(3733,0,0,0,0,0,0,0,0,0,0,0,0,0,'en',0),(3734,0,0,0,0,0,0,0,0,0,0,0,0,0,'en',0),(3735,0,0,0,0,0,0,0,0,0,0,0,0,0,'en',0),(3736,0,0,0,0,0,0,0,0,0,0,0,0,0,'en',0),(3737,0,0,0,0,0,0,0,0,0,0,0,0,0,'en',0),(3738,0,0,0,0,0,0,0,0,0,0,0,0,0,'en',0),(3739,0,0,0,0,0,0,0,0,0,0,0,0,0,'en',0),(3740,0,0,0,0,0,0,0,0,0,0,0,0,0,'en',0),(3741,0,0,0,0,0,0,0,0,0,0,0,0,0,'en',0),(3742,0,0,0,0,0,0,0,0,0,0,0,0,0,'en',0),(3743,0,0,0,0,0,0,0,0,0,0,0,0,0,'en',0),(3744,0,0,0,0,0,0,0,0,0,0,0,0,0,'en',0),(3745,0,0,0,0,0,0,0,0,0,0,0,0,0,'en',0),(3746,0,0,0,0,0,0,0,0,0,0,0,0,0,'en',0),(3747,0,0,0,0,0,0,0,0,0,0,0,0,0,'en',0),(3748,0,0,0,0,0,0,0,0,0,0,0,0,0,'en',0),(3749,0,0,0,0,0,0,0,0,0,0,0,0,0,'en',0),(3750,0,0,0,0,0,0,0,0,0,0,0,0,0,'en',0),(3751,0,0,0,0,0,0,0,0,0,0,0,0,0,'en',0),(3752,0,0,0,0,0,0,0,0,0,0,0,0,0,'en',0),(3753,0,0,0,0,0,0,0,0,0,0,0,0,0,'en',0),(3754,0,0,0,0,0,0,0,0,0,0,0,0,0,'en',0),(3755,0,0,0,0,0,0,0,0,0,0,0,0,0,'en',0),(3756,0,0,0,0,0,0,0,0,0,0,0,0,0,'en',0),(3757,0,0,0,0,0,0,0,0,0,0,0,0,0,'en',0),(3758,0,0,0,0,0,0,0,0,0,0,0,0,0,'en',0),(3759,0,0,0,0,0,0,0,0,0,0,0,0,0,'en',0),(3760,0,0,0,0,0,0,0,0,0,0,0,0,0,'en',0),(3761,0,0,0,0,0,0,0,0,0,0,0,0,0,'en',0),(3762,0,0,0,0,0,0,0,0,0,0,0,0,0,'en',0),(3763,0,0,0,0,0,0,0,0,0,0,0,0,0,'en',0),(3764,0,0,0,0,0,0,0,0,0,0,0,0,0,'en',0),(3765,0,0,0,0,0,0,0,0,0,0,0,0,0,'en',0),(3766,0,0,0,0,0,0,0,0,0,0,0,0,0,'en',0),(3767,0,0,0,0,0,0,0,0,0,0,0,0,0,'en',0),(3768,0,0,0,0,0,0,0,0,0,0,0,0,0,'en',0),(3769,0,0,0,0,0,0,0,0,0,0,0,0,0,'en',0),(3770,0,0,0,0,0,0,0,0,0,0,0,0,0,'en',0),(3771,0,0,0,0,0,0,0,0,0,0,0,0,0,'en',0),(3772,0,0,0,0,0,0,0,0,0,0,0,0,0,'en',0),(3773,0,0,0,0,0,0,0,0,0,0,0,0,0,'en',0),(3774,0,0,0,0,0,0,0,0,0,0,0,0,0,'en',0),(3775,0,0,0,0,0,0,0,0,0,0,0,0,0,'en',0),(3776,0,0,0,0,0,0,0,0,0,0,0,0,0,'en',0),(3777,0,0,0,0,0,0,0,0,0,0,0,0,0,'en',0),(3778,0,0,0,0,0,0,0,0,0,0,0,0,0,'en',0),(3779,0,0,0,0,0,0,0,0,0,0,0,0,0,'en',0),(3780,0,0,0,0,0,0,0,0,0,0,0,0,0,'en',0),(3781,0,0,0,0,0,0,0,0,0,0,0,0,0,'en',0),(3782,0,0,0,0,0,0,0,0,0,0,0,0,0,'en',0),(3783,0,0,0,0,0,0,0,0,0,0,0,0,0,'en',0),(3784,0,0,0,0,0,0,0,0,0,0,0,0,0,'en',0),(3785,0,0,0,0,0,0,0,0,0,0,0,0,0,'en',0),(3786,0,0,0,0,0,0,0,0,0,0,0,0,0,'en',0),(3787,0,0,0,0,0,0,0,0,0,0,0,0,0,'en',0),(3788,0,0,0,0,0,0,0,0,0,0,0,0,0,'en',0),(3789,0,0,0,0,0,0,0,0,0,0,0,0,0,'en',0),(3790,0,0,0,0,0,0,0,0,0,0,0,0,0,'en',0),(3791,0,0,0,0,0,0,0,0,0,0,0,0,0,'en',0),(3792,0,0,0,0,0,0,0,0,0,0,0,0,0,'en',0),(3793,0,0,0,0,0,0,0,0,0,0,0,0,0,'en',0),(3794,0,0,0,0,0,0,0,0,0,0,0,0,0,'en',0),(3795,0,0,0,0,0,0,0,0,0,0,0,0,0,'en',0),(3796,0,0,0,1,1024,1024,24,0,1,0,0,0,0,'',0),(3797,0,0,0,0,0,0,0,0,0,0,0,0,0,'en',0),(3798,0,0,0,0,0,0,0,0,0,0,0,0,0,'en',0),(3799,0,0,0,0,0,0,0,0,0,0,0,0,0,'en',0),(3800,0,0,0,0,0,0,0,0,0,0,0,0,0,'en',0),(3801,0,0,0,0,0,0,0,0,0,0,0,0,0,'en',0),(3802,0,0,0,0,0,0,0,0,0,0,0,0,0,'en',0),(3803,0,0,0,0,0,0,0,0,0,0,0,0,0,'en',0),(3804,0,0,0,0,0,0,0,0,0,0,0,0,0,'en',0),(3805,0,0,0,0,0,0,0,0,0,0,0,0,0,'en',0),(3806,0,0,0,0,0,0,0,0,0,0,0,0,0,'en',0),(3807,0,0,0,0,0,0,0,0,0,0,0,0,0,'en',0),(3808,0,0,0,0,0,0,0,0,0,0,0,0,0,'en',0),(3809,0,0,0,0,0,0,0,0,0,0,0,0,0,'en',0),(3810,0,0,0,0,0,0,0,0,0,0,0,0,0,'en',0),(3811,0,0,0,0,0,0,0,0,0,0,0,0,0,'en',0),(3812,0,0,0,0,0,0,0,0,0,0,0,0,0,'en',0),(3813,0,0,0,0,0,0,0,0,0,0,0,0,0,'en',0),(3814,0,0,0,0,0,0,0,0,0,0,0,0,0,'en',0),(3815,0,0,0,0,0,0,0,0,0,0,0,0,0,'en',0),(3816,0,0,0,0,0,0,0,0,0,0,0,0,0,'en',0),(3817,0,0,0,0,0,0,0,0,0,0,0,0,0,'en',0),(3818,0,0,0,0,0,0,0,0,0,0,0,0,0,'en',0),(3819,0,0,0,0,0,0,0,0,0,0,0,0,0,'en',0),(3820,0,0,0,0,0,0,0,0,0,0,0,0,0,'en',0),(3821,0,0,0,0,0,0,0,0,0,0,0,0,0,'en',0),(3822,0,0,0,0,0,0,0,0,0,0,0,0,0,'en',0),(3823,0,0,0,0,0,0,0,0,0,0,0,0,0,'en',0),(3824,0,0,0,0,0,0,0,0,0,0,0,0,0,'en',0),(3825,0,0,0,0,0,0,0,0,0,0,0,0,0,'en',0),(3826,0,0,0,0,0,0,0,0,0,0,0,0,0,'en',0),(3827,0,0,0,0,0,0,0,0,0,0,0,0,0,'en',0),(3828,0,0,0,0,0,0,0,0,0,0,0,0,0,'en',0),(3829,0,0,0,0,0,0,0,0,0,0,0,0,0,'en',0),(3830,0,0,0,0,0,0,0,0,0,0,0,0,0,'en',0),(3831,0,0,0,0,0,0,0,0,0,0,0,0,0,'en',0),(3832,0,0,0,0,0,0,0,0,0,0,0,0,0,'en',0),(3833,0,0,0,0,0,0,0,0,0,0,0,0,0,'en',0),(3834,0,0,0,0,0,0,0,0,0,0,0,0,0,'en',0),(3835,0,0,0,0,0,0,0,0,0,0,0,0,0,'en',0),(3836,0,0,0,0,0,0,0,0,0,0,0,0,0,'en',0),(3837,0,0,0,0,0,0,0,0,0,0,0,0,0,'en',0),(3838,0,0,0,0,0,0,0,0,0,0,0,0,0,'en',0),(3839,0,0,0,0,0,0,0,0,0,0,0,0,0,'en',0),(3840,0,0,0,0,0,0,0,0,0,0,0,0,0,'en',0),(3841,0,0,0,0,0,0,0,0,0,0,0,0,0,'en',0),(3842,0,0,0,0,0,0,0,0,0,0,0,0,0,'en',0),(3843,0,0,0,0,0,0,0,0,0,0,0,0,0,'en',0),(3844,0,0,0,0,0,0,0,0,0,0,0,0,0,'en',0),(3845,0,0,0,0,0,0,0,0,0,0,0,0,0,'en',0),(3846,0,0,0,0,0,0,0,0,0,0,0,0,0,'en',0),(3847,0,0,0,0,0,0,0,0,0,0,0,0,0,'en',0),(3848,0,0,0,0,0,0,0,0,0,0,0,0,0,'en',0),(3849,0,0,0,0,0,0,0,0,0,0,0,0,0,'en',0),(3850,0,0,0,0,0,0,0,0,0,0,0,0,0,'en',0),(3851,0,0,0,0,0,0,0,0,0,0,0,0,0,'en',0),(3852,0,0,0,0,0,0,0,0,0,0,0,0,0,'en',0),(3853,0,0,0,0,0,0,0,0,0,0,0,0,0,'en',0),(3854,0,0,0,0,0,0,0,0,0,0,0,0,0,'en',0),(3855,0,0,0,0,0,0,0,0,0,0,0,0,0,'en',0),(3856,0,0,0,0,0,0,0,0,0,0,0,0,0,'en',0),(3857,0,0,0,0,0,0,0,0,0,0,0,0,0,'en',0),(3858,0,0,0,0,0,0,0,0,0,0,0,0,0,'en',0),(3859,0,0,0,0,0,0,0,0,0,0,0,0,0,'en',0),(3860,0,0,0,0,0,0,0,0,0,0,0,0,0,'en',0),(3861,0,0,0,0,0,0,0,0,0,0,0,0,0,'en',0),(3862,0,0,0,0,0,0,0,0,0,0,0,0,0,'en',0),(3863,0,0,0,0,0,0,0,0,0,0,0,0,0,'en',0),(3864,0,0,0,0,0,0,0,0,0,0,0,0,0,'en',0),(3865,0,0,0,0,0,0,0,0,0,0,0,0,0,'en',0),(3866,0,0,0,0,0,0,0,0,0,0,0,0,0,'en',0),(3867,0,0,0,0,0,0,0,0,0,0,0,0,0,'en',0),(3868,0,0,0,0,0,0,0,0,0,0,0,0,0,'en',0),(3869,0,0,0,0,0,0,0,0,0,0,0,0,0,'en',0),(3870,0,0,0,0,0,0,0,0,0,0,0,0,0,'en',0),(3871,0,0,0,0,0,0,0,0,0,0,0,0,0,'en',0),(3872,0,0,0,0,0,0,0,0,0,0,0,0,0,'en',0),(3873,0,0,0,0,0,0,0,0,0,0,0,0,0,'en',0),(3874,0,0,0,0,0,0,0,0,0,0,0,0,0,'en',0),(3875,0,0,0,0,0,0,0,0,0,0,0,0,0,'en',0),(3876,0,0,0,0,0,0,0,0,0,0,0,0,0,'en',0),(3877,0,0,0,0,0,0,0,0,0,0,0,0,0,'en',0),(3878,0,0,0,0,0,0,0,0,0,0,0,0,0,'en',0),(3879,0,0,0,0,0,0,0,0,0,0,0,0,0,'en',0),(3880,0,0,0,0,0,0,0,0,0,0,0,0,0,'en',0),(3881,0,0,0,0,0,0,0,0,0,0,0,0,0,'en',0),(3882,0,0,0,0,0,0,0,0,0,0,0,0,0,'en',0),(3883,0,0,0,0,0,0,0,0,0,0,0,0,0,'en',0),(3884,0,0,0,0,0,0,0,0,0,0,0,0,0,'en',0),(3885,0,0,0,0,0,0,0,0,0,0,0,0,0,'en',0),(3886,0,0,0,0,0,0,0,0,0,0,0,0,0,'en',0),(3887,0,0,0,0,0,0,0,0,0,0,0,0,0,'en',0),(3888,0,0,0,0,0,0,0,0,0,0,0,0,0,'en',0),(3889,0,0,0,0,0,0,0,0,0,0,0,0,0,'en',0),(3890,0,0,0,0,0,0,0,0,0,0,0,0,0,'en',0),(3891,0,0,0,0,0,0,0,0,0,0,0,0,0,'en',0),(3892,0,0,0,0,0,0,0,0,0,0,0,0,0,'en',0),(3893,0,0,0,0,0,0,0,0,0,0,0,0,0,'en',0),(3894,0,0,0,0,0,0,0,0,0,0,0,0,0,'en',0),(3895,0,0,0,0,0,0,0,0,0,0,0,0,0,'en',0),(3896,0,0,0,0,0,0,0,0,0,0,0,0,0,'en',0),(3897,0,0,0,0,0,0,0,0,0,0,0,0,0,'en',0),(3898,0,0,0,0,0,0,0,0,0,0,0,0,0,'en',0),(3899,0,0,0,0,0,0,0,0,0,0,0,0,0,'en',0),(3900,0,0,0,0,0,0,0,0,0,0,0,0,0,'en',0),(3901,0,0,0,0,0,0,0,0,0,0,0,0,0,'en',0),(3902,0,0,0,0,0,0,0,0,0,0,0,0,0,'en',0),(3903,0,0,0,0,0,0,0,0,0,0,0,0,0,'en',0),(3904,0,0,0,0,0,0,0,0,0,0,0,0,0,'en',0),(3905,0,0,0,0,0,0,0,0,0,0,0,0,0,'en',0),(3906,0,0,0,0,0,0,0,0,0,0,0,0,0,'en',0),(3907,0,0,0,0,0,0,0,0,0,0,0,0,0,'en',0),(3908,0,0,0,0,0,0,0,0,0,0,0,0,0,'en',0),(3909,0,0,0,0,0,0,0,0,0,0,0,0,0,'en',0),(3910,0,0,0,1,1024,1024,24,0,1,0,0,0,0,'',0),(3911,0,0,0,0,0,0,0,0,0,0,0,0,0,'',0),(3912,0,0,0,0,0,0,0,0,0,0,0,0,0,'',0),(3913,0,0,0,1,1024,1024,24,0,1,0,0,0,0,'',0),(3914,0,0,0,0,0,0,0,0,0,0,0,0,0,'',0),(3915,0,0,0,0,0,0,0,0,0,0,0,0,0,'',0),(3916,0,0,0,0,0,0,0,0,0,0,0,0,0,'',0),(3917,0,0,0,0,0,0,0,0,0,0,0,0,0,'',0),(3918,0,0,0,0,0,0,0,0,0,0,0,0,0,'',0),(3919,0,0,0,0,0,0,0,0,0,0,0,0,0,'',0),(3920,0,0,0,0,0,0,0,0,0,0,0,0,0,'',0),(3921,0,0,0,0,0,0,0,0,0,0,0,0,0,'',0),(3922,0,0,0,0,0,0,0,0,0,0,0,0,0,'',0),(3923,0,0,0,0,0,0,0,0,0,0,0,0,0,'',0),(3924,0,0,0,0,0,0,0,0,0,0,0,0,0,'en',0),(3925,0,0,0,0,0,0,0,0,0,0,0,0,0,'en',0),(3926,0,0,0,0,0,0,0,0,0,0,0,0,0,'en',0),(3927,0,0,0,0,0,0,0,0,0,0,0,0,0,'en',0),(3928,0,0,0,0,0,0,0,0,0,0,0,0,0,'en',0),(3929,0,0,0,0,0,0,0,0,0,0,0,0,0,'en',0),(3930,0,0,0,0,0,0,0,0,0,0,0,0,0,'en',0),(3931,0,0,0,0,0,0,0,0,0,0,0,0,0,'en',0),(3932,0,0,0,0,0,0,0,0,0,0,0,0,0,'en',0),(3933,0,0,0,0,0,0,0,0,0,0,0,0,0,'en',0),(3934,0,0,0,0,0,0,0,0,0,0,0,0,0,'en',0),(3935,0,0,0,0,0,0,0,0,0,0,0,0,0,'en',0),(3936,0,0,0,0,0,0,0,0,0,0,0,0,0,'en',0),(3937,0,0,0,0,0,0,0,0,0,0,0,0,0,'en',0),(3938,0,0,0,0,0,0,0,0,0,0,0,0,0,'en',0),(3939,0,0,0,0,0,0,0,0,0,0,0,0,0,'en',0),(3940,0,0,0,0,0,0,0,0,0,0,0,0,0,'en',0),(3941,0,0,0,0,0,0,0,0,0,0,0,0,0,'en',0),(3942,0,0,0,0,0,0,0,0,0,0,0,0,0,'en',0),(3943,0,0,0,0,0,0,0,0,0,0,0,0,0,'en',0),(3944,0,0,0,0,0,0,0,0,0,0,0,0,0,'en',0),(3945,0,0,0,0,0,0,0,0,0,0,0,0,0,'en',0),(3946,0,0,0,0,0,0,0,0,0,0,0,0,0,'en',0),(3947,0,0,0,0,0,0,0,0,0,0,0,0,0,'en',0),(3948,0,0,0,0,0,0,0,0,0,0,0,0,0,'en',0),(3949,0,0,0,0,0,0,0,0,0,0,0,0,0,'en',0),(3950,0,0,0,0,0,0,0,0,0,0,0,0,0,'en',0),(3951,0,0,0,0,0,0,0,0,0,0,0,0,0,'en',0),(3952,0,0,0,0,0,0,0,0,0,0,0,0,0,'en',0),(3953,0,0,0,0,0,0,0,0,0,0,0,0,0,'en',0),(3954,0,0,0,0,0,0,0,0,0,0,0,0,0,'en',0),(3955,0,0,0,0,0,0,0,0,0,0,0,0,0,'en',0),(3956,0,0,0,0,0,0,0,0,0,0,0,0,0,'en',0),(3957,0,0,0,0,0,0,0,0,0,0,0,0,0,'en',0),(3958,0,0,0,0,0,0,0,0,0,0,0,0,0,'en',0),(3959,0,0,0,0,0,0,0,0,0,0,0,0,0,'en',0),(3960,0,0,0,0,0,0,0,0,0,0,0,0,0,'en',0),(3961,0,0,0,0,0,0,0,0,0,0,0,0,0,'en',0),(3962,0,0,0,0,0,0,0,0,0,0,0,0,0,'en',0),(3963,0,0,0,0,0,0,0,0,0,0,0,0,0,'en',0),(3964,0,0,0,0,0,0,0,0,0,0,0,0,0,'en',0),(3965,0,0,0,0,0,0,0,0,0,0,0,0,0,'en',0),(3966,0,0,0,0,0,0,0,0,0,0,0,0,0,'en',0),(3967,0,0,0,0,0,0,0,0,0,0,0,0,0,'en',0),(3968,0,0,0,0,0,0,0,0,0,0,0,0,0,'en',0),(3969,0,0,0,0,0,0,0,0,0,0,0,0,0,'en',0),(3970,0,0,0,0,0,0,0,0,0,0,0,0,0,'en',0),(3971,0,0,0,0,0,0,0,0,0,0,0,0,0,'en',0),(3972,0,0,0,0,0,0,0,0,0,0,0,0,0,'en',0),(3973,0,0,0,0,0,0,0,0,0,0,0,0,0,'en',0),(3974,0,0,0,0,0,0,0,0,0,0,0,0,0,'en',0),(3975,0,0,0,0,0,0,0,0,0,0,0,0,0,'en',0),(3976,0,0,0,0,0,0,0,0,0,0,0,0,0,'en',0),(3977,0,0,0,0,0,0,0,0,0,0,0,0,0,'en',0),(3978,0,0,0,0,0,0,0,0,0,0,0,0,0,'en',0),(3979,0,0,0,0,0,0,0,0,0,0,0,0,0,'en',0),(3980,0,0,0,0,0,0,0,0,0,0,0,0,0,'en',0),(3981,0,0,0,0,0,0,0,0,0,0,0,0,0,'en',0),(3982,0,0,0,0,0,0,0,0,0,0,0,0,0,'en',0),(3983,0,0,0,0,0,0,0,0,0,0,0,0,0,'en',0),(3984,0,0,0,0,0,0,0,0,0,0,0,0,0,'en',0),(3985,0,0,0,0,0,0,0,0,0,0,0,0,0,'en',0),(3986,0,0,0,0,0,0,0,0,0,0,0,0,0,'en',0),(3987,0,0,0,0,0,0,0,0,0,0,0,0,0,'en',0),(3988,0,0,0,0,0,0,0,0,0,0,0,0,0,'en',0),(3989,0,0,0,0,0,0,0,0,0,0,0,0,0,'en',0),(3990,0,0,0,0,0,0,0,0,0,0,0,0,0,'en',0),(3991,0,0,0,0,0,0,0,0,0,0,0,0,0,'en',0),(3992,0,0,0,0,0,0,0,0,0,0,0,0,0,'en',0),(3993,0,0,0,0,0,0,0,0,0,0,0,0,0,'en',0),(3994,0,0,0,0,0,0,0,0,0,0,0,0,0,'en',0),(3995,0,0,0,0,0,0,0,0,0,0,0,0,0,'en',0),(3996,0,0,0,0,0,0,0,0,0,0,0,0,0,'en',0),(3997,0,0,0,0,0,0,0,0,0,0,0,0,0,'en',0),(3998,0,0,0,0,0,0,0,0,0,0,0,0,0,'en',0),(3999,0,0,0,0,0,0,0,0,0,0,0,0,0,'en',0),(4000,0,0,0,0,0,0,0,0,0,0,0,0,0,'en',0),(4001,0,0,0,0,0,0,0,0,0,0,0,0,0,'en',0),(4002,0,0,0,0,0,0,0,0,0,0,0,0,0,'en',0),(4003,0,0,0,0,0,0,0,0,0,0,0,0,0,'en',0),(4004,0,0,0,0,0,0,0,0,0,0,0,0,0,'en',0),(4005,0,0,0,0,0,0,0,0,0,0,0,0,0,'en',0),(4006,0,0,0,0,0,0,0,0,0,0,0,0,0,'en',0),(4007,0,0,0,0,0,0,0,0,0,0,0,0,0,'en',0),(4008,0,0,0,0,0,0,0,0,0,0,0,0,0,'en',0),(4009,0,0,0,0,0,0,0,0,0,0,0,0,0,'en',0),(4010,0,0,0,0,0,0,0,0,0,0,0,0,0,'en',0),(4011,0,0,0,0,0,0,0,0,0,0,0,0,0,'en',0),(4012,0,0,0,0,0,0,0,0,0,0,0,0,0,'en',0),(4013,0,0,0,0,0,0,0,0,0,0,0,0,0,'en',0),(4014,0,0,0,0,0,0,0,0,0,0,0,0,0,'en',0),(4015,0,0,0,0,0,0,0,0,0,0,0,0,0,'en',0),(4016,0,0,0,0,0,0,0,0,0,0,0,0,0,'en',0),(4017,0,0,0,0,0,0,0,0,0,0,0,0,0,'en',0),(4018,0,0,0,0,0,0,0,0,0,0,0,0,0,'en',0),(4019,0,0,0,0,0,0,0,0,0,0,0,0,0,'en',0),(4020,0,0,0,0,0,0,0,0,0,0,0,0,0,'en',0),(4021,0,0,0,0,0,0,0,0,0,0,0,0,0,'en',0),(4022,0,0,0,0,0,0,0,0,0,0,0,0,0,'en',0),(4023,0,0,0,0,0,0,0,0,0,0,0,0,0,'en',0),(4024,0,0,0,0,0,0,0,0,0,0,0,0,0,'en',0),(4025,0,0,0,0,0,0,0,0,0,0,0,0,0,'en',0),(4026,0,0,0,1,1024,1024,24,0,1,0,0,0,0,'',0),(4027,0,0,0,1,1024,1024,24,0,1,0,0,0,0,'',0),(4028,0,0,0,1,1024,1024,24,0,1,0,0,0,0,'',0),(4029,0,0,0,1,1024,1024,24,0,1,0,0,0,0,'',0),(4030,0,0,0,1,1024,1024,24,0,1,0,0,0,0,'',0),(4031,0,0,0,1,1024,1024,24,0,1,0,0,0,0,'',0),(4032,0,0,0,0,0,0,0,0,0,0,0,0,0,'',0),(4033,0,0,0,0,0,0,0,0,0,0,0,0,0,'',0),(4034,0,0,0,0,0,0,0,0,0,0,0,0,0,'',0),(4035,0,0,0,0,0,0,0,0,0,0,0,0,0,'en',0),(4036,0,0,0,1,1024,1024,24,0,1,0,0,0,0,'',0),(4037,0,0,0,1,1024,1024,24,0,1,0,0,0,0,'',0),(4038,0,0,0,0,0,0,0,0,0,0,0,0,0,'',0),(4039,0,0,0,0,0,0,0,0,0,0,0,0,0,'',0),(4040,0,0,0,0,0,0,0,0,0,0,0,0,0,'en',0),(4041,0,0,0,0,0,0,0,0,0,0,0,0,0,'',0),(4042,0,0,0,0,0,0,0,0,0,0,0,0,0,'en',0),(4043,0,0,0,0,0,0,0,0,0,0,0,0,0,'en',0),(4044,0,0,0,0,0,0,0,0,0,0,0,0,0,'en',0),(4045,0,0,0,0,0,0,0,0,0,0,0,0,0,'en',0),(4046,0,0,0,0,0,0,0,0,0,0,0,0,0,'',0),(4047,0,0,0,1,1024,1024,24,0,1,0,0,0,0,'',0),(4048,0,0,0,1,1024,1024,24,0,1,0,0,0,0,'',0),(4049,3,3,0,0,0,0,0,0,0,0,0,0,0,'es',0),(4050,3,3,0,0,0,0,0,0,0,0,0,0,0,'es',0),(4051,0,0,0,0,0,0,0,0,0,0,0,0,0,'',0),(4052,0,0,0,1,1024,1024,24,0,1,0,0,0,0,'',0),(4053,0,0,0,0,0,0,0,0,0,0,0,0,0,'',0),(4054,0,0,0,0,0,0,0,0,0,0,0,0,0,'en',0),(4055,0,0,0,0,0,0,0,0,0,0,0,0,0,'en',0),(4056,0,0,0,0,0,0,0,0,0,0,0,0,0,'en',0),(4057,0,0,0,0,0,0,0,0,0,0,0,0,0,'en',0),(4058,0,0,0,0,0,0,0,0,0,0,0,0,0,'en',0),(4059,0,0,0,0,0,0,0,0,0,0,0,0,0,'en',0),(4060,0,0,0,0,0,0,0,0,0,0,0,0,0,'en',0),(4061,0,0,0,0,0,0,0,0,0,0,0,0,0,'en',0),(4062,0,0,0,0,0,0,0,0,0,0,0,0,0,'en',0),(4063,0,0,0,0,0,0,0,0,0,0,0,0,0,'en',0),(4064,0,0,0,0,0,0,0,0,0,0,0,0,0,'en',0),(4065,0,0,0,0,0,0,0,0,0,0,0,0,0,'en',0),(4066,0,0,0,0,0,0,0,0,0,0,0,0,0,'en',0),(4067,0,0,0,0,0,0,0,0,0,0,0,0,0,'en',0),(4068,0,0,0,0,0,0,0,0,0,0,0,0,0,'en',0),(4069,0,0,0,0,0,0,0,0,0,0,0,0,0,'en',0),(4070,0,0,0,0,0,0,0,0,0,0,0,0,0,'en',0),(4071,0,0,0,0,0,0,0,0,0,0,0,0,0,'en',0),(4072,0,0,0,0,0,0,0,0,0,0,0,0,0,'en',0),(4073,0,0,0,0,0,0,0,0,0,0,0,0,0,'en',0),(4074,0,0,0,0,0,0,0,0,0,0,0,0,0,'en',0),(4075,0,0,0,0,0,0,0,0,0,0,0,0,0,'en',0),(4076,0,0,0,0,0,0,0,0,0,0,0,0,0,'en',0),(4077,0,0,0,0,0,0,0,0,0,0,0,0,0,'en',0),(4078,0,0,0,0,0,0,0,0,0,0,0,0,0,'en',0),(4079,0,0,0,0,0,0,0,0,0,0,0,0,0,'en',0),(4080,0,0,0,0,0,0,0,0,0,0,0,0,0,'en',0),(4081,0,0,0,0,0,0,0,0,0,0,0,0,0,'en',0),(4082,0,0,0,0,0,0,0,0,0,0,0,0,0,'en',0),(4083,0,0,0,0,0,0,0,0,0,0,0,0,0,'en',0),(4084,0,0,0,0,0,0,0,0,0,0,0,0,0,'en',0),(4085,0,0,0,0,0,0,0,0,0,0,0,0,0,'en',0),(4086,0,0,0,0,0,0,0,0,0,0,0,0,0,'en',0),(4087,0,0,0,0,0,0,0,0,0,0,0,0,0,'en',0),(4088,0,0,0,0,0,0,0,0,0,0,0,0,0,'en',0),(4089,0,0,0,0,0,0,0,0,0,0,0,0,0,'en',0),(4090,0,0,0,1,1024,1024,24,0,1,0,0,0,0,'',0),(4091,0,0,0,1,1024,1024,24,0,1,0,0,0,0,'',0),(4092,0,0,0,0,0,0,0,0,0,0,0,0,0,'',0),(4093,0,0,0,0,0,0,0,0,0,0,0,0,0,'',0),(4094,0,0,0,0,0,0,0,0,0,0,0,0,0,'',0),(4095,0,0,0,0,0,0,0,0,0,0,0,0,0,'',0),(4096,3,3,0,0,0,0,0,0,0,0,0,0,0,'es',0),(4097,3,3,0,0,0,0,0,0,0,0,0,0,0,'es',0),(4098,0,0,0,0,0,0,0,0,0,0,0,0,0,'',0),(4099,0,0,0,0,0,0,0,0,0,0,0,0,0,'',0),(4100,0,0,0,0,0,0,0,0,0,0,0,0,0,'',0),(4101,0,0,0,0,0,0,0,0,0,0,0,0,0,'',0),(4102,0,0,0,0,0,0,0,0,0,0,0,0,0,'',0),(4103,0,0,0,0,0,0,0,0,0,0,0,0,0,'',0),(4104,0,0,0,0,0,0,0,0,0,0,0,0,0,'en',0),(4105,0,0,0,0,0,0,0,0,0,0,0,0,0,'',0),(4106,0,0,0,1,1024,1024,24,0,1,0,0,0,0,'',0),(4107,0,0,0,0,0,0,0,0,0,0,0,0,0,'',0),(4108,0,0,0,0,0,0,0,0,0,0,0,0,0,'',0),(4109,0,0,0,1,1024,1024,24,0,1,0,0,0,0,'',0),(4110,0,0,0,0,0,0,0,0,0,0,0,0,0,'',0),(4111,0,0,0,0,0,0,0,0,0,0,0,0,0,'en',0),(4112,0,0,0,0,0,0,0,0,0,0,0,0,0,'en',0),(4113,0,0,0,0,0,0,0,0,0,0,0,0,0,'en',0),(4114,0,0,0,0,0,0,0,0,0,0,0,0,0,'en',0),(4115,0,0,0,0,0,0,0,0,0,0,0,0,0,'',0),(4116,0,11,0,0,0,0,0,0,0,0,0,0,0,'',0),(4117,0,11,0,1,1366,768,24,0,1,0,0,0,0,'',0),(4118,0,0,0,1,1024,1024,24,0,1,0,0,0,0,'',0),(4119,0,0,0,0,0,0,0,0,0,0,0,0,0,'',0),(4120,0,0,0,0,0,0,0,0,0,0,0,0,0,'en',0),(4121,0,0,0,0,0,0,0,0,0,0,0,0,0,'',0),(4122,0,0,0,0,0,0,0,0,0,0,0,0,0,'',0),(4123,3,10,0,1,1280,720,24,0,1,0,0,0,1,'en',0),(4124,0,0,0,0,0,0,0,0,0,0,0,0,0,'',0),(4125,0,0,0,0,0,0,0,0,0,0,0,0,0,'',0),(4126,0,0,0,0,0,0,0,0,0,0,0,0,0,'',0),(4127,0,0,0,0,0,0,0,0,0,0,0,0,0,'',0),(4128,3,11,22,1,1366,768,24,1,1,1,1,0,0,'',0),(4129,0,0,0,0,0,0,0,0,0,0,0,0,0,'',0),(4130,0,0,0,0,0,0,0,0,0,0,0,0,0,'',0),(4131,0,0,0,0,0,0,0,0,0,0,0,0,0,'',0),(4132,0,0,0,0,0,0,0,0,0,0,0,0,0,'',0),(4133,0,0,0,0,0,0,0,0,0,0,0,0,0,'en',0),(4134,0,0,0,1,1024,1024,24,0,1,0,0,0,0,'',0),(4135,0,0,0,0,0,0,0,0,0,0,0,0,0,'',0),(4136,0,0,0,0,0,0,0,0,0,0,0,0,0,'',0),(4137,0,3,0,0,0,0,0,0,0,0,0,0,0,'fr',0),(4138,0,0,0,1,1024,1024,24,0,1,0,0,0,0,'',0),(4139,0,0,0,1,1024,1024,24,0,1,0,0,0,0,'',0),(4140,0,0,0,1,1024,1024,24,0,1,0,0,0,0,'',0),(4141,0,0,0,0,0,0,0,0,0,0,0,0,0,'',0),(4142,0,0,0,0,0,0,0,0,0,0,0,0,0,'',0),(4143,0,0,0,0,0,0,0,0,0,0,0,0,0,'',0),(4144,0,0,0,1,1024,1024,24,0,1,0,0,0,0,'',0),(4145,0,0,0,0,0,0,0,0,0,0,0,0,0,'',0),(4146,0,0,0,0,0,0,0,0,0,0,0,0,0,'',0),(4147,0,0,0,0,0,0,0,0,0,0,0,0,0,'',0),(4148,0,0,0,0,0,0,0,0,0,0,0,0,0,'',0),(4149,0,0,0,0,0,0,0,0,0,0,0,0,0,'',0),(4150,0,0,0,0,0,0,0,0,0,0,0,0,0,'',0),(4151,0,0,0,0,0,0,0,0,0,0,0,0,0,'',0),(4152,0,0,0,0,0,0,0,0,0,0,0,0,0,'',0),(4153,0,0,0,0,0,0,0,0,0,0,0,0,0,'',0),(4154,0,0,0,0,0,0,0,0,0,0,0,0,0,'',0),(4155,0,0,0,0,0,0,0,0,0,0,0,0,0,'',0),(4156,0,0,0,0,0,0,0,0,0,0,0,0,0,'',0),(4157,0,0,0,0,0,0,0,0,0,0,0,0,0,'',0),(4158,0,0,0,0,0,0,0,0,0,0,0,0,0,'',0),(4159,0,0,0,0,0,0,0,0,0,0,0,0,0,'',0),(4160,0,0,0,0,0,0,0,0,0,0,0,0,0,'',0),(4161,0,0,0,0,0,0,0,0,0,0,0,0,0,'',0),(4162,0,0,0,0,0,0,0,0,0,0,0,0,0,'',0),(4163,0,0,0,0,0,0,0,0,0,0,0,0,0,'',0),(4164,0,0,0,0,0,0,0,0,0,0,0,0,0,'',0),(4165,0,0,0,0,0,0,0,0,0,0,0,0,0,'',0),(4166,0,0,0,0,0,0,0,0,0,0,0,0,0,'',0),(4167,0,0,0,0,0,0,0,0,0,0,0,0,0,'',0),(4168,0,0,0,0,0,0,0,0,0,0,0,0,0,'',0),(4169,0,0,0,0,0,0,0,0,0,0,0,0,0,'',0),(4170,0,0,0,0,0,0,0,0,0,0,0,0,0,'',0),(4171,0,0,0,0,0,0,0,0,0,0,0,0,0,'',0),(4172,0,0,0,0,0,0,0,0,0,0,0,0,0,'',0),(4173,0,0,0,0,0,0,0,0,0,0,0,0,0,'',0),(4174,0,0,0,0,0,0,0,0,0,0,0,0,0,'',0),(4175,0,0,0,0,0,0,0,0,0,0,0,0,0,'en',0),(4176,0,0,0,0,0,0,0,0,0,0,0,0,0,'',0),(4177,0,0,0,0,0,0,0,0,0,0,0,0,0,'ru',0),(4178,0,0,0,0,0,0,0,0,0,0,0,0,0,'ru',0),(4179,0,0,0,0,0,0,0,0,0,0,0,0,0,'ru',0),(4180,0,0,0,0,0,0,0,0,0,0,0,0,0,'ru',0),(4181,0,0,0,1,1024,1024,24,0,1,0,0,0,0,'',0),(4182,0,0,0,0,0,0,0,0,0,0,0,0,0,'',0),(4183,0,0,0,0,0,0,0,0,0,0,0,0,0,'',0),(4184,0,0,0,1,1024,1024,24,0,1,0,0,0,0,'',0),(4185,0,0,0,0,0,0,0,0,0,0,0,0,0,'ru',0),(4186,3,3,0,0,0,0,0,0,0,0,0,0,0,'es',0),(4187,3,3,0,0,0,0,0,0,0,0,0,0,0,'es',0),(4188,0,0,0,1,1024,1024,24,0,1,0,0,0,0,'',0),(4189,0,0,0,0,0,0,0,0,0,0,0,0,0,'',0),(4190,5,1,0,0,0,0,0,0,0,0,0,0,0,'en-us',1),(4191,0,0,0,0,0,0,0,0,0,0,0,0,0,'',0),(4192,0,0,0,0,0,0,0,0,0,0,0,0,0,'en',0),(4193,0,0,0,0,0,0,0,0,0,0,0,0,0,'',0),(4194,0,0,0,0,0,0,0,0,0,0,0,0,0,'',0),(4195,0,0,0,0,0,0,0,0,0,0,0,0,0,'',0),(4196,0,0,0,0,0,0,0,0,0,0,0,0,0,'',0),(4197,0,0,0,0,0,0,0,0,0,0,0,0,0,'',0),(4198,0,0,0,0,0,0,0,0,0,0,0,0,0,'',0),(4199,0,0,0,0,0,0,0,0,0,0,0,0,0,'',0),(4200,0,0,0,0,0,0,0,0,0,0,0,0,0,'',0),(4201,0,0,0,0,0,0,0,0,0,0,0,0,0,'',0),(4202,0,0,0,0,0,0,0,0,0,0,0,0,0,'',0),(4203,0,0,0,0,0,0,0,0,0,0,0,0,0,'',0),(4204,0,0,0,0,0,0,0,0,0,0,0,0,0,'',0),(4205,0,0,0,0,0,0,0,0,0,0,0,0,0,'',0),(4206,0,0,0,0,0,0,0,0,0,0,0,0,0,'',0),(4207,0,0,0,0,0,0,0,0,0,0,0,0,0,'',0),(4208,0,0,0,0,0,0,0,0,0,0,0,0,0,'ru',0),(4209,0,0,0,0,0,0,0,0,0,0,0,0,0,'ru',0),(4210,0,0,0,0,0,0,0,0,0,0,0,0,0,'',0),(4211,0,0,0,0,0,0,0,0,0,0,0,0,0,'',0),(4212,0,0,0,0,0,0,0,0,0,0,0,0,0,'',0),(4213,0,0,0,0,0,0,0,0,0,0,0,0,0,'',0),(4214,0,0,0,0,0,0,0,0,0,0,0,0,0,'en',0),(4215,0,0,0,0,0,0,0,0,0,0,0,0,0,'',0),(4216,0,0,0,0,0,0,0,0,0,0,0,0,0,'',0),(4217,0,0,0,0,0,0,0,0,0,0,0,0,0,'',0),(4218,0,0,0,0,0,0,0,0,0,0,0,0,0,'',0),(4219,0,0,0,0,0,0,0,0,0,0,0,0,0,'',0),(4220,0,0,0,0,0,0,0,0,0,0,0,0,0,'',0),(4221,0,0,0,0,0,0,0,0,0,0,0,0,0,'',0),(4222,0,0,0,0,0,0,0,0,0,0,0,0,0,'ru',0),(4223,0,0,0,0,0,0,0,0,0,0,0,0,0,'ru',0),(4224,0,0,0,0,0,0,0,0,0,0,0,0,0,'ru',0),(4225,0,0,0,0,0,0,0,0,0,0,0,0,0,'ru',0),(4226,0,0,0,0,0,0,0,0,0,0,0,0,0,'ru',0),(4227,0,0,0,0,0,0,0,0,0,0,0,0,0,'ru',0),(4228,0,11,0,0,0,0,0,0,0,0,0,0,0,'',0),(4229,0,11,0,0,0,0,0,0,0,0,0,0,0,'',0),(4230,0,11,0,0,0,0,0,0,0,0,0,0,0,'',0),(4231,0,11,0,0,0,0,0,0,0,0,0,0,0,'',0),(4232,0,11,0,0,0,0,0,0,0,0,0,0,0,'',0),(4233,0,11,0,1,1366,768,24,0,1,0,0,0,0,'',0),(4234,0,0,0,0,0,0,0,0,0,0,0,0,0,'',0),(4235,5,1,0,1,375,667,24,0,0,0,0,0,0,'',1),(4236,0,3,0,0,0,0,0,0,0,0,0,0,0,'fr',0),(4237,0,3,0,0,0,0,0,0,0,0,0,0,0,'fr',0),(4238,0,3,0,0,0,0,0,0,0,0,0,0,0,'fr',0),(4239,0,3,0,0,0,0,0,0,0,0,0,0,0,'fr',0),(4240,0,3,0,0,0,0,0,0,0,0,0,0,0,'fr',0),(4241,0,3,0,0,0,0,0,0,0,0,0,0,0,'fr',0),(4242,0,3,0,0,0,0,0,0,0,0,0,0,0,'fr',0),(4243,0,3,0,0,0,0,0,0,0,0,0,0,0,'fr',0),(4244,0,3,0,0,0,0,0,0,0,0,0,0,0,'fr',0),(4245,0,3,0,0,0,0,0,0,0,0,0,0,0,'fr',0),(4246,0,3,0,0,0,0,0,0,0,0,0,0,0,'fr',0),(4247,0,3,0,0,0,0,0,0,0,0,0,0,0,'fr',0),(4248,0,3,0,0,0,0,0,0,0,0,0,0,0,'fr',0),(4249,0,3,0,0,0,0,0,0,0,0,0,0,0,'fr',0),(4250,0,3,0,0,0,0,0,0,0,0,0,0,0,'fr',0),(4251,0,3,0,0,0,0,0,0,0,0,0,0,0,'fr',0),(4252,0,3,0,0,0,0,0,0,0,0,0,0,0,'fr',0),(4253,0,3,0,0,0,0,0,0,0,0,0,0,0,'fr',0),(4254,0,3,0,0,0,0,0,0,0,0,0,0,0,'fr',0),(4255,0,3,0,0,0,0,0,0,0,0,0,0,0,'fr',0),(4256,3,3,0,1,1600,900,24,1,1,1,0,0,0,'',0),(4257,0,0,0,0,0,0,0,0,0,0,0,0,0,'ru',0),(4258,4,3,0,1,1280,1024,24,1,1,0,0,0,0,'',0),(4259,2,10,0,0,0,0,0,0,0,0,0,0,0,'',0),(4260,2,10,0,0,0,0,0,0,0,0,0,0,0,'',0),(4261,2,10,0,0,0,0,0,0,0,0,0,0,0,'',0),(4262,2,10,0,0,0,0,0,0,0,0,0,0,0,'',0),(4263,0,0,0,0,0,0,0,0,0,0,0,0,0,'',0),(4264,0,0,0,0,0,0,0,0,0,0,0,0,0,'',0),(4265,0,0,0,0,0,0,0,0,0,0,0,0,0,'ru',0),(4266,7,11,0,1,320,534,32,0,0,0,0,0,0,'en',1),(4267,0,0,0,0,0,0,0,0,0,0,0,0,0,'ru',0),(4268,0,0,0,0,0,0,0,0,0,0,0,0,0,'ru',0),(4269,0,0,0,0,0,0,0,0,0,0,0,0,0,'',0),(4270,0,0,0,0,0,0,0,0,0,0,0,0,0,'en',0),(4271,0,0,0,0,0,0,0,0,0,0,0,0,0,'en',0),(4272,0,0,0,0,0,0,0,0,0,0,0,0,0,'en',0),(4273,0,0,0,0,0,0,0,0,0,0,0,0,0,'ru',0),(4274,0,0,0,0,0,0,0,0,0,0,0,0,0,'ru',0),(4275,0,0,0,0,0,0,0,0,0,0,0,0,0,'',0),(4276,0,0,0,0,0,0,0,0,0,0,0,0,0,'',0),(4277,0,0,0,0,0,0,0,0,0,0,0,0,0,'ru',0),(4278,0,0,0,0,0,0,0,0,0,0,0,0,0,'ru',0),(4279,0,0,0,0,0,0,0,0,0,0,0,0,0,'ru',0),(4280,0,0,0,0,0,0,0,0,0,0,0,0,0,'ru',0),(4281,0,0,0,0,0,0,0,0,0,0,0,0,0,'ru',0),(4282,0,0,0,0,0,0,0,0,0,0,0,0,0,'ru',0),(4283,0,3,0,1,1600,900,24,1,1,0,0,0,0,'fr',0),(4284,0,0,0,0,0,0,0,0,0,0,0,0,0,'ru',0),(4285,0,0,0,0,0,0,0,0,0,0,0,0,0,'ru',0),(4286,0,0,0,0,0,0,0,0,0,0,0,0,0,'en',0),(4287,0,0,0,0,0,0,0,0,0,0,0,0,0,'',0),(4288,0,0,0,0,0,0,0,0,0,0,0,0,0,'en',0),(4289,0,0,0,0,0,0,0,0,0,0,0,0,0,'en',0),(4290,0,0,0,0,0,0,0,0,0,0,0,0,0,'en',0),(4291,0,0,0,0,0,0,0,0,0,0,0,0,0,'en',0),(4292,0,0,0,0,0,0,0,0,0,0,0,0,0,'en',0),(4293,0,0,0,0,0,0,0,0,0,0,0,0,0,'en',0),(4294,0,0,0,0,0,0,0,0,0,0,0,0,0,'en',0),(4295,0,0,0,0,0,0,0,0,0,0,0,0,0,'en',0),(4296,0,0,0,0,0,0,0,0,0,0,0,0,0,'en',0),(4297,0,0,0,0,0,0,0,0,0,0,0,0,0,'en',0),(4298,0,0,0,0,0,0,0,0,0,0,0,0,0,'en',0),(4299,0,0,0,0,0,0,0,0,0,0,0,0,0,'en',0),(4300,0,0,0,0,0,0,0,0,0,0,0,0,0,'en',0),(4301,0,0,0,0,0,0,0,0,0,0,0,0,0,'en',0),(4302,0,0,0,0,0,0,0,0,0,0,0,0,0,'en',0),(4303,0,0,0,0,0,0,0,0,0,0,0,0,0,'en',0),(4304,0,0,0,0,0,0,0,0,0,0,0,0,0,'en',0),(4305,0,0,0,0,0,0,0,0,0,0,0,0,0,'en',0),(4306,0,0,0,0,0,0,0,0,0,0,0,0,0,'en',0),(4307,0,0,0,0,0,0,0,0,0,0,0,0,0,'en',0),(4308,0,0,0,0,0,0,0,0,0,0,0,0,0,'en',0),(4309,0,0,0,0,0,0,0,0,0,0,0,0,0,'en',0),(4310,0,0,0,0,0,0,0,0,0,0,0,0,0,'en',0),(4311,0,0,0,0,0,0,0,0,0,0,0,0,0,'en',0),(4312,0,0,0,0,0,0,0,0,0,0,0,0,0,'en',0),(4313,0,0,0,0,0,0,0,0,0,0,0,0,0,'en',0),(4314,0,0,0,0,0,0,0,0,0,0,0,0,0,'en',0),(4315,0,0,0,0,0,0,0,0,0,0,0,0,0,'en',0),(4316,0,0,0,0,0,0,0,0,0,0,0,0,0,'en',0),(4317,0,0,0,0,0,0,0,0,0,0,0,0,0,'',0),(4318,0,0,0,0,0,0,0,0,0,0,0,0,0,'',0),(4319,5,1,0,1,375,667,24,0,0,0,0,0,0,'',1),(4320,0,0,0,0,0,0,0,0,0,0,0,0,0,'',0),(4321,0,0,0,1,1024,1024,24,0,1,0,0,0,0,'',0),(4322,0,0,0,1,1024,1024,24,0,1,0,0,0,0,'',0),(4323,0,0,0,0,0,0,0,0,0,0,0,0,0,'',0),(4324,0,0,0,0,0,0,0,0,0,0,0,0,0,'',0),(4325,0,0,0,0,0,0,0,0,0,0,0,0,0,'',0),(4326,0,0,0,0,0,0,0,0,0,0,0,0,0,'',0),(4327,0,0,0,0,0,0,0,0,0,0,0,0,0,'',0),(4328,3,3,0,0,0,0,0,0,0,0,0,0,0,'es',0),(4329,0,0,0,0,0,0,0,0,0,0,0,0,0,'',0),(4330,0,0,0,0,0,0,0,0,0,0,0,0,0,'en',0),(4331,0,0,0,0,0,0,0,0,0,0,0,0,0,'en',0),(4332,0,0,0,0,0,0,0,0,0,0,0,0,0,'en',0),(4333,0,0,0,0,0,0,0,0,0,0,0,0,0,'en',0),(4334,0,0,0,0,0,0,0,0,0,0,0,0,0,'en',0),(4335,0,0,0,0,0,0,0,0,0,0,0,0,0,'en',0),(4336,0,0,0,0,0,0,0,0,0,0,0,0,0,'en',0),(4337,0,0,0,0,0,0,0,0,0,0,0,0,0,'en',0),(4338,0,0,0,0,0,0,0,0,0,0,0,0,0,'en',0),(4339,0,0,0,0,0,0,0,0,0,0,0,0,0,'en',0),(4340,0,0,0,0,0,0,0,0,0,0,0,0,0,'en',0),(4341,0,0,0,0,0,0,0,0,0,0,0,0,0,'en',0),(4342,0,0,0,0,0,0,0,0,0,0,0,0,0,'en',0),(4343,0,0,0,0,0,0,0,0,0,0,0,0,0,'en',0),(4344,0,0,0,0,0,0,0,0,0,0,0,0,0,'en',0),(4345,0,0,0,0,0,0,0,0,0,0,0,0,0,'en',0),(4346,0,0,0,0,0,0,0,0,0,0,0,0,0,'en',0),(4347,0,0,0,0,0,0,0,0,0,0,0,0,0,'en',0),(4348,0,0,0,0,0,0,0,0,0,0,0,0,0,'en',0),(4349,0,0,0,0,0,0,0,0,0,0,0,0,0,'en',0),(4350,0,0,0,0,0,0,0,0,0,0,0,0,0,'en',0),(4351,0,0,0,0,0,0,0,0,0,0,0,0,0,'en',0),(4352,0,0,0,0,0,0,0,0,0,0,0,0,0,'en',0),(4353,0,0,0,0,0,0,0,0,0,0,0,0,0,'en',0),(4354,0,0,0,0,0,0,0,0,0,0,0,0,0,'en',0),(4355,0,0,0,0,0,0,0,0,0,0,0,0,0,'en',0),(4356,0,0,0,0,0,0,0,0,0,0,0,0,0,'en',0),(4357,0,0,0,0,0,0,0,0,0,0,0,0,0,'',0),(4358,0,0,0,0,0,0,0,0,0,0,0,0,0,'en',0),(4359,0,0,0,0,0,0,0,0,0,0,0,0,0,'en',0),(4360,0,0,0,0,0,0,0,0,0,0,0,0,0,'en',0),(4361,0,0,0,0,0,0,0,0,0,0,0,0,0,'en',0),(4362,1,3,0,0,0,0,0,0,0,0,0,0,0,'zh-tw',0),(4363,0,0,0,0,0,0,0,0,0,0,0,0,0,'en',0),(4364,0,0,0,0,0,0,0,0,0,0,0,0,0,'',0),(4365,0,0,0,0,0,0,0,0,0,0,0,0,0,'',0),(4366,0,0,0,0,0,0,0,0,0,0,0,0,0,'',0),(4367,0,0,0,0,0,0,0,0,0,0,0,0,0,'',0),(4368,0,0,0,0,0,0,0,0,0,0,0,0,0,'en',0),(4369,0,0,0,0,0,0,0,0,0,0,0,0,0,'en',0),(4370,0,0,0,0,0,0,0,0,0,0,0,0,0,'en',0),(4371,0,0,0,0,0,0,0,0,0,0,0,0,0,'en',0),(4372,0,0,0,0,0,0,0,0,0,0,0,0,0,'en',0),(4373,0,0,0,0,0,0,0,0,0,0,0,0,0,'en',0),(4374,0,0,0,0,0,0,0,0,0,0,0,0,0,'en',0),(4375,0,0,0,0,0,0,0,0,0,0,0,0,0,'en',0),(4376,0,0,0,0,0,0,0,0,0,0,0,0,0,'en',0),(4377,0,0,0,0,0,0,0,0,0,0,0,0,0,'en',0),(4378,0,0,0,0,0,0,0,0,0,0,0,0,0,'en',0),(4379,0,0,0,0,0,0,0,0,0,0,0,0,0,'en',0),(4380,0,0,0,0,0,0,0,0,0,0,0,0,0,'en',0),(4381,0,0,0,0,0,0,0,0,0,0,0,0,0,'en',0),(4382,0,0,0,0,0,0,0,0,0,0,0,0,0,'en',0),(4383,0,0,0,0,0,0,0,0,0,0,0,0,0,'en',0),(4384,0,0,0,0,0,0,0,0,0,0,0,0,0,'en',0),(4385,0,0,0,0,0,0,0,0,0,0,0,0,0,'en',0),(4386,0,0,0,0,0,0,0,0,0,0,0,0,0,'en',0),(4387,0,0,0,0,0,0,0,0,0,0,0,0,0,'en',0),(4388,0,0,0,0,0,0,0,0,0,0,0,0,0,'en',0),(4389,0,0,0,0,0,0,0,0,0,0,0,0,0,'en',0),(4390,0,0,0,0,0,0,0,0,0,0,0,0,0,'en',0),(4391,0,0,0,0,0,0,0,0,0,0,0,0,0,'en',0),(4392,0,0,0,0,0,0,0,0,0,0,0,0,0,'en',0),(4393,0,0,0,0,0,0,0,0,0,0,0,0,0,'en',0),(4394,0,0,0,0,0,0,0,0,0,0,0,0,0,'en',0),(4395,0,0,0,0,0,0,0,0,0,0,0,0,0,'en',0),(4396,0,0,0,0,0,0,0,0,0,0,0,0,0,'en',0),(4397,0,0,0,0,0,0,0,0,0,0,0,0,0,'en',0),(4398,0,0,0,0,0,0,0,0,0,0,0,0,0,'en',0),(4399,0,0,0,0,0,0,0,0,0,0,0,0,0,'en',0),(4400,0,0,0,0,0,0,0,0,0,0,0,0,0,'en',0),(4401,0,0,0,0,0,0,0,0,0,0,0,0,0,'en',0),(4402,0,0,0,0,0,0,0,0,0,0,0,0,0,'en',0),(4403,0,0,0,0,0,0,0,0,0,0,0,0,0,'en',0),(4404,0,0,0,0,0,0,0,0,0,0,0,0,0,'en',0),(4405,0,0,0,0,0,0,0,0,0,0,0,0,0,'en',0),(4406,0,0,0,0,0,0,0,0,0,0,0,0,0,'en',0),(4407,0,0,0,0,0,0,0,0,0,0,0,0,0,'en',0),(4408,0,0,0,0,0,0,0,0,0,0,0,0,0,'en',0),(4409,0,0,0,0,0,0,0,0,0,0,0,0,0,'en',0),(4410,0,0,0,0,0,0,0,0,0,0,0,0,0,'en',0),(4411,0,0,0,0,0,0,0,0,0,0,0,0,0,'en',0),(4412,0,0,0,0,0,0,0,0,0,0,0,0,0,'en',0),(4413,0,0,0,0,0,0,0,0,0,0,0,0,0,'en',0),(4414,0,0,0,0,0,0,0,0,0,0,0,0,0,'en',0),(4415,0,0,0,0,0,0,0,0,0,0,0,0,0,'en',0),(4416,0,0,0,0,0,0,0,0,0,0,0,0,0,'en',0),(4417,0,0,0,0,0,0,0,0,0,0,0,0,0,'en',0),(4418,0,0,0,0,0,0,0,0,0,0,0,0,0,'en',0),(4419,0,0,0,0,0,0,0,0,0,0,0,0,0,'en',0),(4420,0,0,0,0,0,0,0,0,0,0,0,0,0,'en',0),(4421,0,0,0,0,0,0,0,0,0,0,0,0,0,'en',0),(4422,0,0,0,0,0,0,0,0,0,0,0,0,0,'en',0),(4423,0,0,0,0,0,0,0,0,0,0,0,0,0,'en',0),(4424,0,0,0,0,0,0,0,0,0,0,0,0,0,'en',0),(4425,0,0,0,0,0,0,0,0,0,0,0,0,0,'en',0),(4426,0,0,0,0,0,0,0,0,0,0,0,0,0,'en',0),(4427,0,0,0,0,0,0,0,0,0,0,0,0,0,'en',0),(4428,0,0,0,0,0,0,0,0,0,0,0,0,0,'en',0),(4429,0,0,0,0,0,0,0,0,0,0,0,0,0,'en',0),(4430,0,0,0,0,0,0,0,0,0,0,0,0,0,'en',0),(4431,0,0,0,0,0,0,0,0,0,0,0,0,0,'en',0),(4432,0,0,0,0,0,0,0,0,0,0,0,0,0,'en',0),(4433,0,0,0,0,0,0,0,0,0,0,0,0,0,'en',0),(4434,0,0,0,0,0,0,0,0,0,0,0,0,0,'en',0),(4435,0,0,0,0,0,0,0,0,0,0,0,0,0,'en',0),(4436,0,0,0,0,0,0,0,0,0,0,0,0,0,'en',0),(4437,0,0,0,0,0,0,0,0,0,0,0,0,0,'en',0),(4438,0,0,0,0,0,0,0,0,0,0,0,0,0,'',0),(4439,0,0,0,0,0,0,0,0,0,0,0,0,0,'',0),(4440,0,0,0,0,0,0,0,0,0,0,0,0,0,'',0),(4441,0,0,0,0,0,0,0,0,0,0,0,0,0,'',0),(4442,0,0,0,1,1024,1024,24,0,1,0,0,0,0,'',0),(4443,0,0,0,0,0,0,0,0,0,0,0,0,0,'',0),(4444,3,11,0,1,1366,768,24,0,1,0,0,0,0,'',0),(4445,0,0,0,0,0,0,0,0,0,0,0,0,0,'',0),(4446,0,0,0,0,0,0,0,0,0,0,0,0,0,'',0),(4447,0,0,0,0,0,0,0,0,0,0,0,0,0,'',0),(4448,0,0,0,1,1024,1024,24,0,1,0,0,0,0,'',0),(4449,0,0,0,1,1024,1024,24,0,1,0,0,0,0,'',0),(4450,5,1,0,1,375,667,32,0,0,0,0,0,0,'fr-fr',1),(4451,0,0,0,0,0,0,0,0,0,0,0,0,0,'en',0),(4452,0,0,0,1,1024,1024,24,0,1,0,0,0,0,'',0),(4453,0,0,0,1,1024,1024,24,0,1,0,0,0,0,'',0),(4454,0,0,0,1,1024,1024,24,0,1,0,0,0,0,'',0),(4455,0,0,0,1,1024,1024,24,0,1,0,0,0,0,'',0),(4456,0,0,0,1,1024,1024,24,0,1,0,0,0,0,'',0),(4457,0,0,0,0,0,0,0,0,0,0,0,0,0,'',0),(4458,0,0,0,0,0,0,0,0,0,0,0,0,0,'',0),(4459,0,0,0,1,1024,1024,24,0,1,0,0,0,0,'',0),(4460,0,0,0,0,0,0,0,0,0,0,0,0,0,'',0),(4461,0,0,0,0,0,0,0,0,0,0,0,0,0,'',0),(4462,0,0,0,0,0,0,0,0,0,0,0,0,0,'',0),(4463,0,0,0,1,1024,1024,24,0,1,0,0,0,0,'',0),(4464,7,11,0,1,360,640,32,0,0,0,0,0,0,'',1),(4465,0,0,0,0,0,0,0,0,0,0,0,0,0,'',0),(4466,0,0,0,0,0,0,0,0,0,0,0,0,0,'',0),(4467,0,0,0,0,0,0,0,0,0,0,0,0,0,'en',0),(4468,1,3,0,0,0,0,0,0,0,0,0,0,0,'zh-tw',0),(4469,0,0,0,0,0,0,0,0,0,0,0,0,0,'en',0),(4470,0,0,0,0,0,0,0,0,0,0,0,0,0,'',0),(4471,0,0,0,0,0,0,0,0,0,0,0,0,0,'',0),(4472,0,0,0,0,0,0,0,0,0,0,0,0,0,'',0),(4473,3,3,0,0,0,0,0,0,0,0,0,0,0,'es',0),(4474,0,0,0,1,1024,1024,24,0,1,0,0,0,0,'',0),(4475,0,0,0,0,0,0,0,0,0,0,0,0,0,'',0),(4476,0,0,0,0,0,0,0,0,0,0,0,0,0,'',0),(4477,0,0,0,1,1024,1024,24,0,1,0,0,0,0,'',0),(4478,0,0,0,0,0,0,0,0,0,0,0,0,0,'en',0),(4479,0,0,0,0,0,0,0,0,0,0,0,0,0,'',0),(4480,0,0,0,0,0,0,0,0,0,0,0,0,0,'',0),(4481,0,0,0,0,0,0,0,0,0,0,0,0,0,'',0),(4482,0,0,0,0,0,0,0,0,0,0,0,0,0,'en',0),(4483,0,0,0,0,0,0,0,0,0,0,0,0,0,'',0),(4484,0,0,0,0,0,0,0,0,0,0,0,0,0,'en',0),(4485,0,0,0,0,0,0,0,0,0,0,0,0,0,'en',0),(4486,0,0,0,0,0,0,0,0,0,0,0,0,0,'en',0),(4487,0,0,0,0,0,0,0,0,0,0,0,0,0,'en',0),(4488,5,1,0,1,375,667,24,0,0,0,0,0,0,'',1),(4489,0,0,0,0,0,0,0,0,0,0,0,0,0,'',0),(4490,0,0,0,0,0,0,0,0,0,0,0,0,0,'en',0),(4491,0,0,0,0,0,0,0,0,0,0,0,0,0,'en',0),(4492,0,0,0,0,0,0,0,0,0,0,0,0,0,'en',0),(4493,0,0,0,0,0,0,0,0,0,0,0,0,0,'en',0),(4494,0,0,0,0,0,0,0,0,0,0,0,0,0,'en',0),(4495,0,0,0,0,0,0,0,0,0,0,0,0,0,'',0),(4496,0,0,0,0,0,0,0,0,0,0,0,0,0,'',0),(4497,0,0,0,0,0,0,0,0,0,0,0,0,0,'',0),(4498,5,1,0,0,0,0,0,0,0,0,0,0,0,'',1),(4499,0,0,0,0,0,0,0,0,0,0,0,0,0,'',0),(4500,0,0,0,0,0,0,0,0,0,0,0,0,0,'',0),(4501,5,1,0,1,375,667,24,0,0,0,0,0,0,'',1),(4502,0,0,0,0,0,0,0,0,0,0,0,0,0,'',0),(4503,0,0,0,0,0,0,0,0,0,0,0,0,0,'en',0),(4504,0,0,0,0,0,0,0,0,0,0,0,0,0,'',0),(4505,0,0,0,0,0,0,0,0,0,0,0,0,0,'',0),(4506,3,3,0,0,0,0,0,0,0,0,0,0,0,'es',0),(4507,0,0,0,0,0,0,0,0,0,0,0,0,0,'',0),(4508,0,0,0,0,0,0,0,0,0,0,0,0,0,'en',0),(4509,0,0,0,0,0,0,0,0,0,0,0,0,0,'en',0),(4510,0,0,0,0,0,0,0,0,0,0,0,0,0,'en',0),(4511,0,0,0,0,0,0,0,0,0,0,0,0,0,'en',0),(4512,0,0,0,0,0,0,0,0,0,0,0,0,0,'',0),(4513,0,0,0,0,0,0,0,0,0,0,0,0,0,'',0),(4514,0,0,0,0,0,0,0,0,0,0,0,0,0,'',0),(4515,0,0,0,0,0,0,0,0,0,0,0,0,0,'',0),(4516,0,0,0,0,0,0,0,0,0,0,0,0,0,'en',0),(4517,0,0,0,0,0,0,0,0,0,0,0,0,0,'',0),(4518,0,0,0,0,0,0,0,0,0,0,0,0,0,'',0),(4519,0,0,0,0,0,0,0,0,0,0,0,0,0,'',0),(4520,0,0,0,0,0,0,0,0,0,0,0,0,0,'',0),(4521,0,0,0,0,0,0,0,0,0,0,0,0,0,'en',0),(4522,0,0,0,0,0,0,0,0,0,0,0,0,0,'en',0),(4523,0,0,0,0,0,0,0,0,0,0,0,0,0,'en',0),(4524,0,0,0,0,0,0,0,0,0,0,0,0,0,'en',0),(4525,0,0,0,0,0,0,0,0,0,0,0,0,0,'en',0),(4526,0,0,0,0,0,0,0,0,0,0,0,0,0,'en',0),(4527,0,0,0,0,0,0,0,0,0,0,0,0,0,'en',0),(4528,0,0,0,0,0,0,0,0,0,0,0,0,0,'en',0),(4529,0,0,0,0,0,0,0,0,0,0,0,0,0,'en',0),(4530,0,0,0,0,0,0,0,0,0,0,0,0,0,'en',0),(4531,0,0,0,0,0,0,0,0,0,0,0,0,0,'en',0),(4532,0,0,0,0,0,0,0,0,0,0,0,0,0,'en',0),(4533,0,0,0,0,0,0,0,0,0,0,0,0,0,'en',0),(4534,0,0,0,0,0,0,0,0,0,0,0,0,0,'en',0),(4535,0,0,0,0,0,0,0,0,0,0,0,0,0,'en',0),(4536,0,0,0,0,0,0,0,0,0,0,0,0,0,'en',0),(4537,0,0,0,0,0,0,0,0,0,0,0,0,0,'en',0),(4538,0,0,0,0,0,0,0,0,0,0,0,0,0,'en',0),(4539,0,0,0,0,0,0,0,0,0,0,0,0,0,'en',0),(4540,0,0,0,0,0,0,0,0,0,0,0,0,0,'en',0),(4541,0,0,0,0,0,0,0,0,0,0,0,0,0,'en',0),(4542,0,0,0,0,0,0,0,0,0,0,0,0,0,'en',0),(4543,0,0,0,0,0,0,0,0,0,0,0,0,0,'en',0),(4544,0,0,0,0,0,0,0,0,0,0,0,0,0,'en',0),(4545,0,0,0,0,0,0,0,0,0,0,0,0,0,'en',0),(4546,0,0,0,0,0,0,0,0,0,0,0,0,0,'en',0),(4547,0,0,0,0,0,0,0,0,0,0,0,0,0,'en',0),(4548,0,0,0,0,0,0,0,0,0,0,0,0,0,'en',0),(4549,0,0,0,0,0,0,0,0,0,0,0,0,0,'en',0),(4550,0,0,0,0,0,0,0,0,0,0,0,0,0,'en',0),(4551,0,0,0,0,0,0,0,0,0,0,0,0,0,'en',0),(4552,0,0,0,0,0,0,0,0,0,0,0,0,0,'en',0),(4553,0,0,0,0,0,0,0,0,0,0,0,0,0,'en',0),(4554,0,0,0,0,0,0,0,0,0,0,0,0,0,'en',0),(4555,0,0,0,0,0,0,0,0,0,0,0,0,0,'en',0),(4556,0,0,0,0,0,0,0,0,0,0,0,0,0,'en',0),(4557,0,0,0,0,0,0,0,0,0,0,0,0,0,'en',0),(4558,0,0,0,0,0,0,0,0,0,0,0,0,0,'en',0),(4559,0,0,0,0,0,0,0,0,0,0,0,0,0,'en',0),(4560,0,0,0,0,0,0,0,0,0,0,0,0,0,'en',0),(4561,0,0,0,0,0,0,0,0,0,0,0,0,0,'en',0),(4562,0,0,0,0,0,0,0,0,0,0,0,0,0,'en',0),(4563,0,0,0,0,0,0,0,0,0,0,0,0,0,'en',0),(4564,0,0,0,0,0,0,0,0,0,0,0,0,0,'en',0),(4565,0,0,0,0,0,0,0,0,0,0,0,0,0,'en',0),(4566,0,0,0,0,0,0,0,0,0,0,0,0,0,'en',0),(4567,0,0,0,0,0,0,0,0,0,0,0,0,0,'en',0),(4568,0,0,0,0,0,0,0,0,0,0,0,0,0,'en',0),(4569,0,0,0,0,0,0,0,0,0,0,0,0,0,'en',0),(4570,0,0,0,0,0,0,0,0,0,0,0,0,0,'en',0),(4571,0,0,0,0,0,0,0,0,0,0,0,0,0,'en',0),(4572,0,0,0,0,0,0,0,0,0,0,0,0,0,'en',0),(4573,0,0,0,0,0,0,0,0,0,0,0,0,0,'en',0),(4574,0,0,0,0,0,0,0,0,0,0,0,0,0,'en',0),(4575,0,0,0,0,0,0,0,0,0,0,0,0,0,'en',0),(4576,0,0,0,0,0,0,0,0,0,0,0,0,0,'en',0),(4577,0,0,0,0,0,0,0,0,0,0,0,0,0,'en',0),(4578,0,0,0,0,0,0,0,0,0,0,0,0,0,'en',0),(4579,0,0,0,0,0,0,0,0,0,0,0,0,0,'en',0),(4580,0,0,0,0,0,0,0,0,0,0,0,0,0,'en',0),(4581,0,0,0,0,0,0,0,0,0,0,0,0,0,'en',0),(4582,0,0,0,0,0,0,0,0,0,0,0,0,0,'en',0),(4583,0,0,0,0,0,0,0,0,0,0,0,0,0,'en',0),(4584,0,0,0,0,0,0,0,0,0,0,0,0,0,'en',0),(4585,0,0,0,0,0,0,0,0,0,0,0,0,0,'en',0),(4586,0,0,0,0,0,0,0,0,0,0,0,0,0,'en',0),(4587,0,0,0,0,0,0,0,0,0,0,0,0,0,'en',0),(4588,0,0,0,0,0,0,0,0,0,0,0,0,0,'en',0),(4589,0,0,0,0,0,0,0,0,0,0,0,0,0,'en',0),(4590,0,0,0,0,0,0,0,0,0,0,0,0,0,'en',0),(4591,0,0,0,0,0,0,0,0,0,0,0,0,0,'en',0),(4592,0,0,0,0,0,0,0,0,0,0,0,0,0,'en',0),(4593,0,0,0,0,0,0,0,0,0,0,0,0,0,'en',0),(4594,0,0,0,0,0,0,0,0,0,0,0,0,0,'en',0),(4595,0,0,0,0,0,0,0,0,0,0,0,0,0,'en',0),(4596,0,0,0,0,0,0,0,0,0,0,0,0,0,'en',0),(4597,0,0,0,0,0,0,0,0,0,0,0,0,0,'en',0),(4598,0,0,0,0,0,0,0,0,0,0,0,0,0,'en',0),(4599,0,0,0,0,0,0,0,0,0,0,0,0,0,'en',0),(4600,0,0,0,0,0,0,0,0,0,0,0,0,0,'en',0),(4601,0,0,0,0,0,0,0,0,0,0,0,0,0,'en',0),(4602,0,0,0,0,0,0,0,0,0,0,0,0,0,'en',0),(4603,0,0,0,0,0,0,0,0,0,0,0,0,0,'en',0),(4604,0,0,0,0,0,0,0,0,0,0,0,0,0,'en',0),(4605,0,0,0,0,0,0,0,0,0,0,0,0,0,'en',0),(4606,0,0,0,0,0,0,0,0,0,0,0,0,0,'en',0),(4607,0,0,0,0,0,0,0,0,0,0,0,0,0,'en',0),(4608,0,0,0,0,0,0,0,0,0,0,0,0,0,'en',0),(4609,0,0,0,0,0,0,0,0,0,0,0,0,0,'en',0),(4610,0,0,0,0,0,0,0,0,0,0,0,0,0,'en',0),(4611,0,0,0,0,0,0,0,0,0,0,0,0,0,'en',0),(4612,0,0,0,0,0,0,0,0,0,0,0,0,0,'en',0),(4613,3,10,0,0,0,0,0,0,0,0,0,0,0,'',0),(4614,0,0,0,0,0,0,0,0,0,0,0,0,0,'en',0),(4615,0,0,0,0,0,0,0,0,0,0,0,0,0,'en',0),(4616,0,0,0,0,0,0,0,0,0,0,0,0,0,'en',0),(4617,0,0,0,0,0,0,0,0,0,0,0,0,0,'en',0),(4618,0,0,0,0,0,0,0,0,0,0,0,0,0,'en',0),(4619,0,0,0,0,0,0,0,0,0,0,0,0,0,'en',0),(4620,0,0,0,0,0,0,0,0,0,0,0,0,0,'en',0),(4621,0,0,0,0,0,0,0,0,0,0,0,0,0,'en',0),(4622,0,0,0,0,0,0,0,0,0,0,0,0,0,'en',0),(4623,0,0,0,0,0,0,0,0,0,0,0,0,0,'en',0),(4624,0,0,0,0,0,0,0,0,0,0,0,0,0,'en',0),(4625,0,0,0,0,0,0,0,0,0,0,0,0,0,'en',0),(4626,0,0,0,0,0,0,0,0,0,0,0,0,0,'en',0),(4627,0,0,0,0,0,0,0,0,0,0,0,0,0,'en',0),(4628,0,0,0,0,0,0,0,0,0,0,0,0,0,'en',0),(4629,0,0,0,0,0,0,0,0,0,0,0,0,0,'en',0),(4630,0,0,0,0,0,0,0,0,0,0,0,0,0,'en',0),(4631,0,0,0,0,0,0,0,0,0,0,0,0,0,'en',0),(4632,0,0,0,0,0,0,0,0,0,0,0,0,0,'en',0),(4633,0,0,0,0,0,0,0,0,0,0,0,0,0,'en',0),(4634,0,0,0,0,0,0,0,0,0,0,0,0,0,'en',0),(4635,0,0,0,0,0,0,0,0,0,0,0,0,0,'en',0),(4636,0,0,0,0,0,0,0,0,0,0,0,0,0,'en',0),(4637,0,0,0,0,0,0,0,0,0,0,0,0,0,'en',0),(4638,0,0,0,0,0,0,0,0,0,0,0,0,0,'en',0),(4639,0,0,0,0,0,0,0,0,0,0,0,0,0,'en',0),(4640,0,0,0,0,0,0,0,0,0,0,0,0,0,'en',0),(4641,0,0,0,0,0,0,0,0,0,0,0,0,0,'en',0),(4642,0,0,0,0,0,0,0,0,0,0,0,0,0,'en',0),(4643,0,0,0,0,0,0,0,0,0,0,0,0,0,'en',0),(4644,0,0,0,0,0,0,0,0,0,0,0,0,0,'en',0),(4645,0,0,0,0,0,0,0,0,0,0,0,0,0,'en',0),(4646,0,0,0,0,0,0,0,0,0,0,0,0,0,'en',0),(4647,0,0,0,0,0,0,0,0,0,0,0,0,0,'en',0),(4648,0,0,0,0,0,0,0,0,0,0,0,0,0,'',0),(4649,0,0,0,1,1024,1024,24,0,1,0,0,0,0,'',0),(4650,0,0,0,0,0,0,0,0,0,0,0,0,0,'',0),(4651,0,0,0,0,0,0,0,0,0,0,0,0,0,'',0),(4652,0,0,0,0,0,0,0,0,0,0,0,0,0,'',0),(4653,0,0,0,0,0,0,0,0,0,0,0,0,0,'',0),(4654,0,0,0,0,0,0,0,0,0,0,0,0,0,'',0),(4655,0,0,0,0,0,0,0,0,0,0,0,0,0,'',0),(4656,0,0,0,0,0,0,0,0,0,0,0,0,0,'',0),(4657,0,0,0,0,0,0,0,0,0,0,0,0,0,'',0),(4658,0,0,0,0,0,0,0,0,0,0,0,0,0,'',0),(4659,0,0,0,0,0,0,0,0,0,0,0,0,0,'',0),(4660,0,0,0,0,0,0,0,0,0,0,0,0,0,'',0),(4661,0,0,0,0,0,0,0,0,0,0,0,0,0,'',0),(4662,0,0,0,0,0,0,0,0,0,0,0,0,0,'',0),(4663,0,0,0,0,0,0,0,0,0,0,0,0,0,'',0),(4664,0,0,0,0,0,0,0,0,0,0,0,0,0,'',0),(4665,0,0,0,0,0,0,0,0,0,0,0,0,0,'',0),(4666,0,0,0,0,0,0,0,0,0,0,0,0,0,'',0),(4667,0,0,0,0,0,0,0,0,0,0,0,0,0,'en',0),(4668,0,0,0,0,0,0,0,0,0,0,0,0,0,'en',0),(4669,0,0,0,0,0,0,0,0,0,0,0,0,0,'en',0),(4670,0,0,0,0,0,0,0,0,0,0,0,0,0,'',0),(4671,5,1,0,0,0,0,0,0,0,0,0,0,0,'',1),(4672,0,0,0,0,0,0,0,0,0,0,0,0,0,'',0),(4673,0,0,0,0,0,0,0,0,0,0,0,0,0,'',0),(4674,0,11,0,1,1680,1050,24,0,1,0,0,0,0,'fr',0),(4675,0,0,0,0,0,0,0,0,0,0,0,0,0,'',0),(4676,0,0,0,0,0,0,0,0,0,0,0,0,0,'en',0),(4677,5,1,0,1,414,736,32,0,0,0,0,0,0,'en-us',1),(4678,0,0,0,1,1024,1024,24,0,1,0,0,0,0,'',0),(4679,1,3,0,0,0,0,0,0,0,0,0,0,0,'en-us',0),(4680,1,3,0,0,0,0,0,0,0,0,0,0,0,'en-us',0),(4681,0,0,0,0,0,0,0,0,0,0,0,0,0,'',0),(4682,0,0,0,0,0,0,0,0,0,0,0,0,0,'',0),(4683,0,0,0,0,0,0,0,0,0,0,0,0,0,'',0),(4684,0,0,0,0,0,0,0,0,0,0,0,0,0,'',0),(4685,0,0,0,1,1024,1024,24,0,1,0,0,0,0,'',0),(4686,0,0,0,0,0,0,0,0,0,0,0,0,0,'',0),(4687,0,0,0,0,0,0,0,0,0,0,0,0,0,'',0),(4688,0,0,0,0,0,0,0,0,0,0,0,0,0,'',0),(4689,5,3,0,0,0,0,0,0,0,0,0,0,0,'',0),(4690,5,3,0,0,0,0,0,0,0,0,0,0,0,'',0),(4691,5,3,0,1,1280,800,24,0,1,0,0,0,0,'',0),(4692,5,3,0,0,0,0,0,0,0,0,0,0,0,'',0),(4693,5,3,0,0,0,0,0,0,0,0,0,0,0,'',0),(4694,5,3,0,0,0,0,0,0,0,0,0,0,0,'',0),(4695,5,3,0,0,0,0,0,0,0,0,0,0,0,'',0),(4696,5,3,0,0,0,0,0,0,0,0,0,0,0,'',0),(4697,5,3,0,0,0,0,0,0,0,0,0,0,0,'',0),(4698,0,0,0,0,0,0,0,0,0,0,0,0,0,'',0),(4699,0,0,0,0,0,0,0,0,0,0,0,0,0,'',0),(4700,0,0,0,0,0,0,0,0,0,0,0,0,0,'en',0),(4701,0,0,0,0,0,0,0,0,0,0,0,0,0,'en',0),(4702,0,0,0,0,0,0,0,0,0,0,0,0,0,'en',0),(4703,0,0,0,0,0,0,0,0,0,0,0,0,0,'en',0),(4704,0,0,0,0,0,0,0,0,0,0,0,0,0,'en',0),(4705,0,0,0,0,0,0,0,0,0,0,0,0,0,'en',0),(4706,0,0,0,0,0,0,0,0,0,0,0,0,0,'en',0),(4707,0,0,0,0,0,0,0,0,0,0,0,0,0,'en',0),(4708,0,0,0,0,0,0,0,0,0,0,0,0,0,'en',0),(4709,0,0,0,0,0,0,0,0,0,0,0,0,0,'en',0),(4710,0,0,0,0,0,0,0,0,0,0,0,0,0,'en',0),(4711,0,0,0,0,0,0,0,0,0,0,0,0,0,'en',0),(4712,0,0,0,0,0,0,0,0,0,0,0,0,0,'en',0),(4713,0,0,0,0,0,0,0,0,0,0,0,0,0,'en',0),(4714,0,0,0,0,0,0,0,0,0,0,0,0,0,'en',0),(4715,0,0,0,0,0,0,0,0,0,0,0,0,0,'en',0),(4716,0,0,0,0,0,0,0,0,0,0,0,0,0,'en',0),(4717,0,0,0,0,0,0,0,0,0,0,0,0,0,'en',0),(4718,0,0,0,0,0,0,0,0,0,0,0,0,0,'en',0),(4719,0,0,0,0,0,0,0,0,0,0,0,0,0,'en',0),(4720,0,0,0,0,0,0,0,0,0,0,0,0,0,'en',0),(4721,0,0,0,0,0,0,0,0,0,0,0,0,0,'en',0),(4722,0,0,0,0,0,0,0,0,0,0,0,0,0,'en',0),(4723,0,0,0,0,0,0,0,0,0,0,0,0,0,'en',0),(4724,0,0,0,0,0,0,0,0,0,0,0,0,0,'en',0),(4725,0,0,0,0,0,0,0,0,0,0,0,0,0,'en',0),(4726,0,0,0,0,0,0,0,0,0,0,0,0,0,'en',0),(4727,0,0,0,0,0,0,0,0,0,0,0,0,0,'en',0),(4728,0,0,0,0,0,0,0,0,0,0,0,0,0,'en',0),(4729,0,0,0,0,0,0,0,0,0,0,0,0,0,'en',0),(4730,0,0,0,0,0,0,0,0,0,0,0,0,0,'en',0),(4731,0,0,0,0,0,0,0,0,0,0,0,0,0,'en',0),(4732,0,0,0,0,0,0,0,0,0,0,0,0,0,'en',0),(4733,0,0,0,0,0,0,0,0,0,0,0,0,0,'en',0),(4734,0,0,0,0,0,0,0,0,0,0,0,0,0,'en',0),(4735,0,0,0,0,0,0,0,0,0,0,0,0,0,'en',0),(4736,0,0,0,0,0,0,0,0,0,0,0,0,0,'en',0),(4737,0,0,0,0,0,0,0,0,0,0,0,0,0,'en',0),(4738,0,0,0,0,0,0,0,0,0,0,0,0,0,'en',0),(4739,0,0,0,0,0,0,0,0,0,0,0,0,0,'en',0),(4740,0,0,0,0,0,0,0,0,0,0,0,0,0,'en',0),(4741,0,0,0,0,0,0,0,0,0,0,0,0,0,'en',0),(4742,0,0,0,0,0,0,0,0,0,0,0,0,0,'en',0),(4743,0,0,0,0,0,0,0,0,0,0,0,0,0,'en',0),(4744,0,0,0,0,0,0,0,0,0,0,0,0,0,'en',0),(4745,0,0,0,0,0,0,0,0,0,0,0,0,0,'en',0),(4746,0,0,0,0,0,0,0,0,0,0,0,0,0,'en',0),(4747,0,0,0,0,0,0,0,0,0,0,0,0,0,'en',0),(4748,0,0,0,0,0,0,0,0,0,0,0,0,0,'en',0),(4749,0,0,0,0,0,0,0,0,0,0,0,0,0,'en',0),(4750,0,0,0,0,0,0,0,0,0,0,0,0,0,'en',0),(4751,0,0,0,0,0,0,0,0,0,0,0,0,0,'en',0),(4752,0,0,0,0,0,0,0,0,0,0,0,0,0,'en',0),(4753,0,0,0,0,0,0,0,0,0,0,0,0,0,'en',0),(4754,0,0,0,0,0,0,0,0,0,0,0,0,0,'en',0),(4755,0,0,0,0,0,0,0,0,0,0,0,0,0,'en',0),(4756,0,0,0,0,0,0,0,0,0,0,0,0,0,'en',0),(4757,0,0,0,0,0,0,0,0,0,0,0,0,0,'en',0),(4758,0,0,0,0,0,0,0,0,0,0,0,0,0,'en',0),(4759,0,0,0,0,0,0,0,0,0,0,0,0,0,'en',0),(4760,0,0,0,0,0,0,0,0,0,0,0,0,0,'en',0),(4761,0,0,0,0,0,0,0,0,0,0,0,0,0,'en',0),(4762,0,0,0,0,0,0,0,0,0,0,0,0,0,'en',0),(4763,0,0,0,0,0,0,0,0,0,0,0,0,0,'en',0),(4764,0,0,0,0,0,0,0,0,0,0,0,0,0,'en',0),(4765,0,0,0,0,0,0,0,0,0,0,0,0,0,'en',0),(4766,0,0,0,0,0,0,0,0,0,0,0,0,0,'en',0),(4767,0,0,0,0,0,0,0,0,0,0,0,0,0,'en',0),(4768,0,0,0,0,0,0,0,0,0,0,0,0,0,'en',0),(4769,0,0,0,0,0,0,0,0,0,0,0,0,0,'en',0),(4770,0,0,0,0,0,0,0,0,0,0,0,0,0,'en',0),(4771,0,0,0,0,0,0,0,0,0,0,0,0,0,'en',0),(4772,0,0,0,0,0,0,0,0,0,0,0,0,0,'en',0),(4773,0,0,0,0,0,0,0,0,0,0,0,0,0,'en',0),(4774,0,0,0,0,0,0,0,0,0,0,0,0,0,'en',0),(4775,0,0,0,0,0,0,0,0,0,0,0,0,0,'en',0),(4776,0,0,0,0,0,0,0,0,0,0,0,0,0,'en',0),(4777,0,0,0,0,0,0,0,0,0,0,0,0,0,'en',0),(4778,0,0,0,0,0,0,0,0,0,0,0,0,0,'en',0),(4779,0,0,0,0,0,0,0,0,0,0,0,0,0,'en',0),(4780,0,0,0,0,0,0,0,0,0,0,0,0,0,'en',0),(4781,0,0,0,0,0,0,0,0,0,0,0,0,0,'en',0),(4782,0,0,0,0,0,0,0,0,0,0,0,0,0,'en',0),(4783,0,0,0,0,0,0,0,0,0,0,0,0,0,'en',0),(4784,0,0,0,0,0,0,0,0,0,0,0,0,0,'en',0),(4785,0,0,0,0,0,0,0,0,0,0,0,0,0,'en',0),(4786,0,0,0,0,0,0,0,0,0,0,0,0,0,'en',0),(4787,0,0,0,0,0,0,0,0,0,0,0,0,0,'en',0),(4788,0,0,0,0,0,0,0,0,0,0,0,0,0,'en',0),(4789,0,0,0,0,0,0,0,0,0,0,0,0,0,'en',0),(4790,0,0,0,0,0,0,0,0,0,0,0,0,0,'en',0),(4791,0,0,0,0,0,0,0,0,0,0,0,0,0,'en',0),(4792,0,0,0,0,0,0,0,0,0,0,0,0,0,'en',0),(4793,0,0,0,0,0,0,0,0,0,0,0,0,0,'en',0),(4794,0,0,0,0,0,0,0,0,0,0,0,0,0,'en',0),(4795,0,0,0,0,0,0,0,0,0,0,0,0,0,'en',0),(4796,0,0,0,0,0,0,0,0,0,0,0,0,0,'en',0),(4797,0,0,0,0,0,0,0,0,0,0,0,0,0,'en',0),(4798,0,0,0,0,0,0,0,0,0,0,0,0,0,'en',0),(4799,0,0,0,0,0,0,0,0,0,0,0,0,0,'en',0),(4800,0,0,0,1,1024,1024,24,0,1,0,0,0,0,'',0),(4801,0,0,0,0,0,0,0,0,0,0,0,0,0,'',0),(4802,0,0,0,0,0,0,0,0,0,0,0,0,0,'',0),(4803,6,3,0,0,0,0,0,0,0,0,0,0,0,'',0),(4804,0,0,0,0,0,0,0,0,0,0,0,0,0,'',0),(4805,0,0,0,0,0,0,0,0,0,0,0,0,0,'',0),(4806,0,0,0,0,0,0,0,0,0,0,0,0,0,'en',0),(4807,0,0,0,0,0,0,0,0,0,0,0,0,0,'en',0),(4808,3,3,0,0,0,0,0,0,0,0,0,0,0,'es',0),(4809,0,0,0,1,1024,1024,24,0,1,0,0,0,0,'',0),(4810,0,0,0,0,0,0,0,0,0,0,0,0,0,'',0),(4811,0,0,0,0,0,0,0,0,0,0,0,0,0,'',0),(4812,0,0,0,0,0,0,0,0,0,0,0,0,0,'',0),(4813,0,0,0,1,1024,1024,24,0,1,0,0,0,0,'',0),(4814,0,0,0,0,0,0,0,0,0,0,0,0,0,'',0),(4815,0,0,0,0,0,0,0,0,0,0,0,0,0,'',0),(4816,0,0,0,0,0,0,0,0,0,0,0,0,0,'',0),(4817,0,0,0,0,0,0,0,0,0,0,0,0,0,'',0),(4818,0,0,0,0,0,0,0,0,0,0,0,0,0,'',0),(4819,0,0,0,0,0,0,0,0,0,0,0,0,0,'',0),(4820,0,0,0,0,0,0,0,0,0,0,0,0,0,'',0),(4821,0,0,0,0,0,0,0,0,0,0,0,0,0,'',0),(4822,0,0,0,0,0,0,0,0,0,0,0,0,0,'',0),(4823,0,0,0,0,0,0,0,0,0,0,0,0,0,'zh-cn',0),(4824,0,0,0,0,0,0,0,0,0,0,0,0,0,'zh-cn',0),(4825,0,0,0,1,1024,1024,24,0,1,0,0,0,0,'',0),(4826,0,0,0,0,0,0,0,0,0,0,0,0,0,'',0),(4827,0,0,0,0,0,0,0,0,0,0,0,0,0,'',0),(4828,0,0,0,1,1024,1024,24,0,1,0,0,0,0,'',0),(4829,0,0,0,0,0,0,0,0,0,0,0,0,0,'',0),(4830,0,0,0,1,1024,1024,24,0,1,0,0,0,0,'',0),(4831,0,0,0,0,0,0,0,0,0,0,0,0,0,'',0),(4832,0,0,0,0,0,0,0,0,0,0,0,0,0,'',0),(4833,0,0,0,0,0,0,0,0,0,0,0,0,0,'',0),(4834,0,0,0,0,0,0,0,0,0,0,0,0,0,'en',0),(4835,0,11,0,0,0,0,0,0,0,0,0,0,0,'',0),(4836,0,11,0,1,1366,768,24,0,1,0,0,0,0,'',0),(4837,0,0,0,0,0,0,0,0,0,0,0,0,0,'',0),(4838,0,0,0,1,1024,1024,24,0,1,0,0,0,0,'',0),(4839,0,0,0,0,0,0,0,0,0,0,0,0,0,'',0),(4840,5,1,0,1,375,667,24,0,0,0,0,0,0,'',1),(4841,0,0,0,0,0,0,0,0,0,0,0,0,0,'',0),(4842,0,0,0,0,0,0,0,0,0,0,0,0,0,'',0),(4843,0,0,0,0,0,0,0,0,0,0,0,0,0,'en',0),(4844,0,0,0,1,1024,1024,24,0,1,0,0,0,0,'',0),(4845,0,0,0,0,0,0,0,0,0,0,0,0,0,'',0),(4846,0,0,0,0,0,0,0,0,0,0,0,0,0,'',0),(4847,0,0,0,0,0,0,0,0,0,0,0,0,0,'',0),(4848,0,0,0,0,0,0,0,0,0,0,0,0,0,'en',0),(4849,0,0,0,0,0,0,0,0,0,0,0,0,0,'',0),(4850,0,0,0,0,0,0,0,0,0,0,0,0,0,'en',0),(4851,0,0,0,1,1024,1024,24,0,1,0,0,0,0,'',0),(4852,3,3,0,0,0,0,0,0,0,0,0,0,0,'es',0),(4853,0,0,0,0,0,0,0,0,0,0,0,0,0,'',0),(4854,0,0,0,0,0,0,0,0,0,0,0,0,0,'en',0),(4855,0,0,0,0,0,0,0,0,0,0,0,0,0,'en',0),(4856,0,0,0,0,0,0,0,0,0,0,0,0,0,'en',0),(4857,0,0,0,0,0,0,0,0,0,0,0,0,0,'en',0),(4858,5,1,0,1,375,667,24,0,0,0,0,0,0,'',1),(4859,5,1,0,1,375,667,24,0,0,0,0,0,0,'',1),(4860,0,0,0,0,0,0,0,0,0,0,0,0,0,'',0),(4861,0,0,0,0,0,0,0,0,0,0,0,0,0,'',0),(4862,0,0,0,0,0,0,0,0,0,0,0,0,0,'',0),(4863,0,0,0,0,0,0,0,0,0,0,0,0,0,'',0),(4864,0,0,0,0,0,0,0,0,0,0,0,0,0,'',0),(4865,0,0,0,0,0,0,0,0,0,0,0,0,0,'',0),(4866,5,1,0,1,375,667,24,0,0,0,0,0,0,'',1),(4867,0,0,0,0,0,0,0,0,0,0,0,0,0,'',0),(4868,0,0,0,0,0,0,0,0,0,0,0,0,0,'',0),(4869,0,0,0,0,0,0,0,0,0,0,0,0,0,'',0),(4870,0,0,0,0,0,0,0,0,0,0,0,0,0,'',0),(4871,0,0,0,0,0,0,0,0,0,0,0,0,0,'',0),(4872,0,0,0,0,0,0,0,0,0,0,0,0,0,'',0),(4873,0,0,0,0,0,0,0,0,0,0,0,0,0,'',0),(4874,0,0,0,0,0,0,0,0,0,0,0,0,0,'en',0),(4875,0,0,0,0,0,0,0,0,0,0,0,0,0,'',0),(4876,0,0,0,1,1024,1024,24,0,1,0,0,0,0,'',0),(4877,0,0,0,0,0,0,0,0,0,0,0,0,0,'',0),(4878,0,0,0,0,0,0,0,0,0,0,0,0,0,'en',0),(4879,0,0,0,0,0,0,0,0,0,0,0,0,0,'en',0),(4880,0,0,0,0,0,0,0,0,0,0,0,0,0,'',0),(4881,0,0,0,0,0,0,0,0,0,0,0,0,0,'en',0),(4882,0,0,0,0,0,0,0,0,0,0,0,0,0,'en',0),(4883,0,0,0,0,0,0,0,0,0,0,0,0,0,'',0),(4884,0,0,0,0,0,0,0,0,0,0,0,0,0,'en',0),(4885,0,0,0,0,0,0,0,0,0,0,0,0,0,'en',0),(4886,0,0,0,0,0,0,0,0,0,0,0,0,0,'en',0),(4887,0,0,0,0,0,0,0,0,0,0,0,0,0,'en',0),(4888,0,0,0,0,0,0,0,0,0,0,0,0,0,'en',0),(4889,0,0,0,0,0,0,0,0,0,0,0,0,0,'',0),(4890,0,0,0,0,0,0,0,0,0,0,0,0,0,'en',0),(4891,0,0,0,0,0,0,0,0,0,0,0,0,0,'en',0),(4892,0,0,0,0,0,0,0,0,0,0,0,0,0,'en',0),(4893,0,0,0,0,0,0,0,0,0,0,0,0,0,'',0),(4894,0,0,0,0,0,0,0,0,0,0,0,0,0,'en',0),(4895,0,0,0,0,0,0,0,0,0,0,0,0,0,'',0),(4896,0,0,0,0,0,0,0,0,0,0,0,0,0,'en',0),(4897,0,0,0,0,0,0,0,0,0,0,0,0,0,'en',0),(4898,0,0,0,0,0,0,0,0,0,0,0,0,0,'en',0),(4899,0,0,0,0,0,0,0,0,0,0,0,0,0,'en',0),(4900,0,0,0,0,0,0,0,0,0,0,0,0,0,'en',0),(4901,0,0,0,0,0,0,0,0,0,0,0,0,0,'',0),(4902,0,0,0,0,0,0,0,0,0,0,0,0,0,'en',0),(4903,0,0,0,0,0,0,0,0,0,0,0,0,0,'en',0),(4904,0,0,0,0,0,0,0,0,0,0,0,0,0,'en',0),(4905,0,0,0,0,0,0,0,0,0,0,0,0,0,'en',0),(4906,0,0,0,0,0,0,0,0,0,0,0,0,0,'en',0),(4907,0,0,0,0,0,0,0,0,0,0,0,0,0,'en',0),(4908,0,0,0,0,0,0,0,0,0,0,0,0,0,'',0),(4909,0,0,0,0,0,0,0,0,0,0,0,0,0,'en',0),(4910,0,0,0,0,0,0,0,0,0,0,0,0,0,'en',0),(4911,0,0,0,0,0,0,0,0,0,0,0,0,0,'en',0),(4912,0,0,0,0,0,0,0,0,0,0,0,0,0,'en',0),(4913,0,0,0,0,0,0,0,0,0,0,0,0,0,'en',0),(4914,0,0,0,0,0,0,0,0,0,0,0,0,0,'en',0),(4915,0,0,0,0,0,0,0,0,0,0,0,0,0,'',0),(4916,0,0,0,0,0,0,0,0,0,0,0,0,0,'en',0),(4917,0,0,0,0,0,0,0,0,0,0,0,0,0,'en',0),(4918,0,0,0,0,0,0,0,0,0,0,0,0,0,'en',0),(4919,0,0,0,0,0,0,0,0,0,0,0,0,0,'en',0),(4920,0,0,0,0,0,0,0,0,0,0,0,0,0,'en',0),(4921,0,0,0,0,0,0,0,0,0,0,0,0,0,'en',0),(4922,0,0,0,0,0,0,0,0,0,0,0,0,0,'en',0),(4923,0,0,0,0,0,0,0,0,0,0,0,0,0,'en',0),(4924,0,0,0,0,0,0,0,0,0,0,0,0,0,'',0),(4925,0,0,0,0,0,0,0,0,0,0,0,0,0,'en',0),(4926,0,0,0,0,0,0,0,0,0,0,0,0,0,'en',0),(4927,0,0,0,0,0,0,0,0,0,0,0,0,0,'en',0),(4928,0,0,0,0,0,0,0,0,0,0,0,0,0,'en',0),(4929,0,0,0,0,0,0,0,0,0,0,0,0,0,'en',0),(4930,0,0,0,0,0,0,0,0,0,0,0,0,0,'en',0),(4931,0,0,0,0,0,0,0,0,0,0,0,0,0,'en',0),(4932,0,0,0,0,0,0,0,0,0,0,0,0,0,'en',0),(4933,0,0,0,0,0,0,0,0,0,0,0,0,0,'en',0),(4934,0,0,0,0,0,0,0,0,0,0,0,0,0,'en',0),(4935,0,0,0,0,0,0,0,0,0,0,0,0,0,'en',0),(4936,0,0,0,0,0,0,0,0,0,0,0,0,0,'',0),(4937,0,0,0,0,0,0,0,0,0,0,0,0,0,'en',0),(4938,0,0,0,0,0,0,0,0,0,0,0,0,0,'en',0),(4939,0,0,0,0,0,0,0,0,0,0,0,0,0,'en',0),(4940,0,0,0,0,0,0,0,0,0,0,0,0,0,'en',0),(4941,0,0,0,0,0,0,0,0,0,0,0,0,0,'en',0),(4942,0,0,0,0,0,0,0,0,0,0,0,0,0,'en',0),(4943,0,0,0,0,0,0,0,0,0,0,0,0,0,'en',0),(4944,0,0,0,0,0,0,0,0,0,0,0,0,0,'',0),(4945,0,0,0,0,0,0,0,0,0,0,0,0,0,'',0),(4946,0,0,0,0,0,0,0,0,0,0,0,0,0,'',0),(4947,0,0,0,0,0,0,0,0,0,0,0,0,0,'',0),(4948,0,0,0,1,1024,1024,24,0,1,0,0,0,0,'',0),(4949,7,11,0,1,1024,600,32,0,0,0,0,0,0,'fr',1),(4950,5,1,0,1,375,667,24,0,0,0,0,0,0,'',1),(4951,0,0,0,0,0,0,0,0,0,0,0,0,0,'en',0),(4952,5,1,0,1,768,1024,32,0,0,0,0,0,0,'en-sg',1),(4953,0,0,0,1,1024,1024,24,0,1,0,0,0,0,'',0),(4954,0,0,0,0,0,0,0,0,0,0,0,0,0,'',0),(4955,0,0,0,0,0,0,0,0,0,0,0,0,0,'',0),(4956,0,0,0,0,0,0,0,0,0,0,0,0,0,'',0),(4957,0,0,0,0,0,0,0,0,0,0,0,0,0,'',0),(4958,0,0,0,0,0,0,0,0,0,0,0,0,0,'',0),(4959,0,0,0,0,0,0,0,0,0,0,0,0,0,'',0),(4960,0,0,0,0,0,0,0,0,0,0,0,0,0,'',0),(4961,0,0,0,0,0,0,0,0,0,0,0,0,0,'en',0),(4962,0,0,0,1,1024,1024,24,0,1,0,0,0,0,'',0),(4963,0,0,0,0,0,0,0,0,0,0,0,0,0,'',0),(4964,0,0,0,1,1024,1024,24,0,1,0,0,0,0,'',0),(4965,0,0,0,0,0,0,0,0,0,0,0,0,0,'',0),(4966,0,0,0,0,0,0,0,0,0,0,0,0,0,'',0),(4967,5,1,0,1,375,667,24,0,0,0,0,0,0,'',1),(4968,0,0,0,0,0,0,0,0,0,0,0,0,0,'',0),(4969,0,0,0,0,0,0,0,0,0,0,0,0,0,'',0),(4970,0,0,0,1,1024,1024,24,0,1,0,0,0,0,'',0),(4971,0,0,0,0,0,0,0,0,0,0,0,0,0,'',0),(4972,0,0,0,1,1024,1024,24,0,1,0,0,0,0,'',0),(4973,0,0,0,0,0,0,0,0,0,0,0,0,0,'',0),(4974,0,0,0,0,0,0,0,0,0,0,0,0,0,'en',0),(4975,0,0,0,0,0,0,0,0,0,0,0,0,0,'',0),(4976,0,0,0,1,1024,1024,24,0,1,0,0,0,0,'',0),(4977,0,0,0,0,0,0,0,0,0,0,0,0,0,'',0),(4978,0,0,0,0,0,0,0,0,0,0,0,0,0,'',0),(4979,0,0,0,0,0,0,0,0,0,0,0,0,0,'',0),(4980,0,0,0,1,1024,1024,24,0,1,0,0,0,0,'',0),(4981,0,0,0,0,0,0,0,0,0,0,0,0,0,'en',0),(4982,0,0,0,1,1024,1024,24,0,1,0,0,0,0,'',0),(4983,0,0,0,0,0,0,0,0,0,0,0,0,0,'',0),(4984,0,0,0,1,1024,1024,24,0,1,0,0,0,0,'',0),(4985,0,0,0,0,0,0,0,0,0,0,0,0,0,'',0),(4986,0,0,0,0,0,0,0,0,0,0,0,0,0,'',0),(4987,0,0,0,0,0,0,0,0,0,0,0,0,0,'',0);

--
