-- Table structure for table `ps_specific_price`
--

CREATE TABLE `ps_specific_price` (
  `id_specific_price` int(10) unsigned NOT NULL AUTO_INCREMENT,
  `id_specific_price_rule` int(11) unsigned NOT NULL,
  `id_cart` int(11) unsigned NOT NULL,
  `id_product` int(10) unsigned NOT NULL,
  `id_shop` int(11) unsigned NOT NULL DEFAULT '1',
  `id_shop_group` int(11) unsigned NOT NULL,
  `id_currency` int(10) unsigned NOT NULL,
  `id_country` int(10) unsigned NOT NULL,
  `id_group` int(10) unsigned NOT NULL,
  `id_customer` int(10) unsigned NOT NULL,
  `id_product_attribute` int(10) unsigned NOT NULL,
  `price` decimal(20,6) NOT NULL,
  `from_quantity` mediumint(8) unsigned NOT NULL,
  `reduction` decimal(20,6) NOT NULL,
  `reduction_tax` tinyint(1) NOT NULL DEFAULT '1',
  `reduction_type` enum('amount','percentage') NOT NULL,
  `from` datetime NOT NULL,
  `to` datetime NOT NULL,
  PRIMARY KEY (`id_specific_price`),
  UNIQUE KEY `id_product_2` (`id_product`,`id_shop`,`id_shop_group`,`id_currency`,`id_country`,`id_group`,`id_customer`,`id_product_attribute`,`from_quantity`,`id_specific_price_rule`,`from`,`to`),
  KEY `id_product` (`id_product`,`id_shop`,`id_currency`,`id_country`,`id_group`,`id_customer`,`from_quantity`,`from`,`to`),
  KEY `from_quantity` (`from_quantity`),
  KEY `id_specific_price_rule` (`id_specific_price_rule`),
  KEY `id_cart` (`id_cart`)
) ENGINE=InnoDB DEFAULT CHARSET=utf8;

--
-- Dumping data for table `ps_specific_price`
--


--
-- Table structure for table `ps_specific_price_priority`
--

CREATE TABLE `ps_specific_price_priority` (
  `id_specific_price_priority` int(11) NOT NULL AUTO_INCREMENT,
  `id_product` int(11) NOT NULL,
  `priority` varchar(80) NOT NULL,
  PRIMARY KEY (`id_specific_price_priority`,`id_product`),
  UNIQUE KEY `id_product` (`id_product`)
) ENGINE=InnoDB AUTO_INCREMENT=2136 DEFAULT CHARSET=utf8;

--
-- Dumping data for table `ps_specific_price_priority`
--

INSERT INTO `ps_specific_price_priority` (`id_specific_price_priority`, `id_product`, `priority`) VALUES (1,8,'id_shop;id_currency;id_country;id_group'),(6,1,'id_shop;id_currency;id_country;id_group'),(26,9,'id_shop;id_currency;id_country;id_group'),(30,10,'id_shop;id_currency;id_country;id_group'),(52,11,'id_shop;id_currency;id_country;id_group'),(59,12,'id_shop;id_currency;id_country;id_group'),(64,13,'id_shop;id_currency;id_country;id_group'),(69,14,'id_shop;id_currency;id_country;id_group'),(75,15,'id_shop;id_currency;id_country;id_group'),(80,16,'id_shop;id_currency;id_country;id_group'),(85,17,'id_shop;id_currency;id_country;id_group'),(91,18,'id_shop;id_currency;id_country;id_group'),(97,19,'id_shop;id_currency;id_country;id_group'),(109,20,'id_shop;id_currency;id_country;id_group'),(114,21,'id_shop;id_currency;id_country;id_group'),(118,22,'id_shop;id_currency;id_country;id_group'),(124,23,'id_shop;id_currency;id_country;id_group'),(127,24,'id_shop;id_currency;id_country;id_group'),(132,25,'id_shop;id_currency;id_country;id_group'),(137,26,'id_shop;id_currency;id_country;id_group'),(143,27,'id_shop;id_currency;id_country;id_group'),(148,28,'id_shop;id_currency;id_country;id_group'),(154,29,'id_shop;id_currency;id_country;id_group'),(159,30,'id_shop;id_currency;id_country;id_group'),(163,31,'id_shop;id_currency;id_country;id_group'),(167,32,'id_shop;id_currency;id_country;id_group'),(175,33,'id_shop;id_currency;id_country;id_group'),(216,34,'id_shop;id_currency;id_country;id_group'),(221,35,'id_shop;id_currency;id_country;id_group'),(227,36,'id_shop;id_currency;id_country;id_group'),(240,37,'id_shop;id_currency;id_country;id_group'),(247,38,'id_shop;id_currency;id_country;id_group'),(251,39,'id_shop;id_currency;id_country;id_group'),(256,40,'id_shop;id_currency;id_country;id_group'),(263,41,'id_shop;id_currency;id_country;id_group'),(268,42,'id_shop;id_currency;id_country;id_group'),(271,43,'id_shop;id_currency;id_country;id_group'),(277,44,'id_shop;id_currency;id_country;id_group'),(281,45,'id_shop;id_currency;id_country;id_group'),(288,46,'id_shop;id_currency;id_country;id_group'),(293,47,'id_shop;id_currency;id_country;id_group'),(298,48,'id_shop;id_currency;id_country;id_group'),(304,49,'id_shop;id_currency;id_country;id_group'),(309,50,'id_shop;id_currency;id_country;id_group'),(314,51,'id_shop;id_currency;id_country;id_group'),(318,52,'id_shop;id_currency;id_country;id_group'),(323,53,'id_shop;id_currency;id_country;id_group'),(327,54,'id_shop;id_currency;id_country;id_group'),(332,55,'id_shop;id_currency;id_country;id_group'),(337,56,'id_shop;id_currency;id_country;id_group'),(343,57,'id_shop;id_currency;id_country;id_group'),(348,58,'id_shop;id_currency;id_country;id_group'),(357,59,'id_shop;id_currency;id_country;id_group'),(362,60,'id_shop;id_currency;id_country;id_group'),(368,61,'id_shop;id_currency;id_country;id_group'),(373,62,'id_shop;id_currency;id_country;id_group'),(378,63,'id_shop;id_currency;id_country;id_group'),(382,64,'id_shop;id_currency;id_country;id_group'),(391,65,'id_shop;id_currency;id_country;id_group'),(395,66,'id_shop;id_currency;id_country;id_group'),(410,67,'id_shop;id_currency;id_country;id_group'),(418,68,'id_shop;id_currency;id_country;id_group'),(425,69,'id_shop;id_currency;id_country;id_group'),(431,70,'id_shop;id_currency;id_country;id_group'),(435,71,'id_shop;id_currency;id_country;id_group'),(439,72,'id_shop;id_currency;id_country;id_group'),(443,73,'id_shop;id_currency;id_country;id_group'),(447,74,'id_shop;id_currency;id_country;id_group'),(458,75,'id_shop;id_currency;id_country;id_group'),(467,76,'id_shop;id_currency;id_country;id_group'),(472,77,'id_shop;id_currency;id_country;id_group'),(479,78,'id_shop;id_currency;id_country;id_group'),(484,79,'id_shop;id_currency;id_country;id_group'),(491,80,'id_shop;id_currency;id_country;id_group'),(496,81,'id_shop;id_currency;id_country;id_group'),(500,82,'id_shop;id_currency;id_country;id_group'),(504,83,'id_shop;id_currency;id_country;id_group'),(523,84,'id_shop;id_currency;id_country;id_group'),(537,85,'id_shop;id_currency;id_country;id_group'),(546,86,'id_shop;id_currency;id_country;id_group'),(551,87,'id_shop;id_currency;id_country;id_group'),(557,88,'id_shop;id_currency;id_country;id_group'),(565,89,'id_shop;id_currency;id_country;id_group'),(573,90,'id_shop;id_currency;id_country;id_group'),(584,91,'id_shop;id_currency;id_country;id_group'),(592,92,'id_shop;id_currency;id_country;id_group'),(596,93,'id_shop;id_currency;id_country;id_group'),(600,94,'id_shop;id_currency;id_country;id_group'),(604,95,'id_shop;id_currency;id_country;id_group'),(608,96,'id_shop;id_currency;id_country;id_group'),(612,97,'id_shop;id_currency;id_country;id_group'),(616,98,'id_shop;id_currency;id_country;id_group'),(622,99,'id_shop;id_currency;id_country;id_group'),(626,100,'id_shop;id_currency;id_country;id_group'),(630,101,'id_shop;id_currency;id_country;id_group'),(633,102,'id_shop;id_currency;id_country;id_group'),(653,103,'id_shop;id_currency;id_country;id_group'),(660,105,'id_shop;id_currency;id_country;id_group'),(670,106,'id_shop;id_currency;id_country;id_group'),(674,107,'id_shop;id_currency;id_country;id_group'),(678,108,'id_shop;id_currency;id_country;id_group'),(682,109,'id_shop;id_currency;id_country;id_group'),(685,110,'id_shop;id_currency;id_country;id_group'),(693,111,'id_shop;id_currency;id_country;id_group'),(697,112,'id_shop;id_currency;id_country;id_group'),(701,113,'id_shop;id_currency;id_country;id_group'),(704,114,'id_shop;id_currency;id_country;id_group'),(708,115,'id_shop;id_currency;id_country;id_group'),(711,116,'id_shop;id_currency;id_country;id_group'),(718,117,'id_shop;id_currency;id_country;id_group'),(1059,119,'id_shop;id_currency;id_country;id_group'),(1066,118,'id_shop;id_currency;id_country;id_group'),(1076,120,'id_shop;id_currency;id_country;id_group'),(1083,121,'id_shop;id_currency;id_country;id_group'),(1107,122,'id_shop;id_currency;id_country;id_group'),(1115,123,'id_shop;id_currency;id_country;id_group'),(1117,124,'id_shop;id_currency;id_country;id_group'),(1123,125,'id_shop;id_currency;id_country;id_group'),(1147,126,'id_shop;id_currency;id_country;id_group'),(1155,127,'id_shop;id_currency;id_country;id_group'),(1162,128,'id_shop;id_currency;id_country;id_group'),(1171,129,'id_shop;id_currency;id_country;id_group'),(1209,130,'id_shop;id_currency;id_country;id_group'),(1222,131,'id_shop;id_currency;id_country;id_group'),(1230,132,'id_shop;id_currency;id_country;id_group'),(1235,133,'id_shop;id_currency;id_country;id_group'),(1239,134,'id_shop;id_currency;id_country;id_group'),(1248,135,'id_shop;id_currency;id_country;id_group'),(1252,136,'id_shop;id_currency;id_country;id_group'),(1261,137,'id_shop;id_currency;id_country;id_group'),(1446,138,'id_shop;id_currency;id_country;id_group'),(1451,139,'id_shop;id_currency;id_country;id_group'),(1457,140,'id_shop;id_currency;id_country;id_group'),(1464,141,'id_shop;id_currency;id_country;id_group'),(1473,142,'id_shop;id_currency;id_country;id_group'),(1479,143,'id_shop;id_currency;id_country;id_group'),(1485,144,'id_shop;id_currency;id_country;id_group'),(1505,145,'id_shop;id_currency;id_country;id_group'),(1527,146,'id_shop;id_currency;id_country;id_group'),(1535,147,'id_shop;id_currency;id_country;id_group'),(1544,148,'id_shop;id_currency;id_country;id_group'),(1545,149,'id_shop;id_currency;id_country;id_group'),(1548,150,'id_shop;id_currency;id_country;id_group'),(1565,151,'id_shop;id_currency;id_country;id_group'),(1586,152,'id_shop;id_currency;id_country;id_group'),(1640,153,'id_shop;id_currency;id_country;id_group'),(1655,154,'id_shop;id_currency;id_country;id_group'),(1663,155,'id_shop;id_currency;id_country;id_group'),(1670,156,'id_shop;id_currency;id_country;id_group'),(1678,157,'id_shop;id_currency;id_country;id_group'),(1685,158,'id_shop;id_currency;id_country;id_group'),(1694,159,'id_shop;id_currency;id_country;id_group'),(1702,160,'id_shop;id_currency;id_country;id_group'),(1710,161,'id_shop;id_currency;id_country;id_group'),(1715,162,'id_shop;id_currency;id_country;id_group'),(1724,163,'id_shop;id_currency;id_country;id_group'),(1733,164,'id_shop;id_currency;id_country;id_group'),(1741,165,'id_shop;id_currency;id_country;id_group'),(1749,167,'id_shop;id_currency;id_country;id_group'),(1759,168,'id_shop;id_currency;id_country;id_group'),(1766,169,'id_shop;id_currency;id_country;id_group'),(1774,170,'id_shop;id_currency;id_country;id_group'),(1779,171,'id_shop;id_currency;id_country;id_group'),(1789,172,'id_shop;id_currency;id_country;id_group'),(1822,173,'id_shop;id_currency;id_country;id_group'),(1831,174,'id_shop;id_currency;id_country;id_group'),(1835,175,'id_shop;id_currency;id_country;id_group'),(1840,176,'id_shop;id_currency;id_country;id_group'),(1847,177,'id_shop;id_currency;id_country;id_group'),(1851,178,'id_shop;id_currency;id_country;id_group'),(1952,179,'id_shop;id_currency;id_country;id_group'),(1959,180,'id_shop;id_currency;id_country;id_group'),(1965,181,'id_shop;id_currency;id_country;id_group'),(1973,183,'id_shop;id_currency;id_country;id_group'),(1979,182,'id_shop;id_currency;id_country;id_group'),(1986,184,'id_shop;id_currency;id_country;id_group'),(1992,185,'id_shop;id_currency;id_country;id_group'),(1996,186,'id_shop;id_currency;id_country;id_group'),(2003,187,'id_shop;id_currency;id_country;id_group'),(2007,188,'id_shop;id_currency;id_country;id_group'),(2028,189,'id_shop;id_currency;id_country;id_group'),(2034,190,'id_shop;id_currency;id_country;id_group'),(2039,191,'id_shop;id_currency;id_country;id_group'),(2060,192,'id_shop;id_currency;id_country;id_group'),(2135,193,'id_shop;id_currency;id_country;id_group');

--
-- Table structure for table `ps_specific_price_rule`
--

CREATE TABLE `ps_specific_price_rule` (
  `id_specific_price_rule` int(10) unsigned NOT NULL AUTO_INCREMENT,
  `name` varchar(255) NOT NULL,
  `id_shop` int(11) unsigned NOT NULL DEFAULT '1',
  `id_currency` int(10) unsigned NOT NULL,
  `id_country` int(10) unsigned NOT NULL,
  `id_group` int(10) unsigned NOT NULL,
  `from_quantity` mediumint(8) unsigned NOT NULL,
  `price` decimal(20,6) DEFAULT NULL,
  `reduction` decimal(20,6) NOT NULL,
  `reduction_tax` tinyint(1) NOT NULL DEFAULT '1',
  `reduction_type` enum('amount','percentage') NOT NULL,
  `from` datetime NOT NULL,
  `to` datetime NOT NULL,
  PRIMARY KEY (`id_specific_price_rule`),
  KEY `id_product` (`id_shop`,`id_currency`,`id_country`,`id_group`,`from_quantity`,`from`,`to`)
) ENGINE=InnoDB DEFAULT CHARSET=utf8;

--
-- Dumping data for table `ps_specific_price_rule`
--


--
-- Table structure for table `ps_specific_price_rule_condition`
--

CREATE TABLE `ps_specific_price_rule_condition` (
  `id_specific_price_rule_condition` int(11) unsigned NOT NULL AUTO_INCREMENT,
  `id_specific_price_rule_condition_group` int(11) unsigned NOT NULL,
  `type` varchar(255) NOT NULL,
  `value` varchar(255) NOT NULL,
  PRIMARY KEY (`id_specific_price_rule_condition`),
  KEY `id_specific_price_rule_condition_group` (`id_specific_price_rule_condition_group`)
) ENGINE=InnoDB DEFAULT CHARSET=utf8;

--
-- Dumping data for table `ps_specific_price_rule_condition`
--


--
-- Table structure for table `ps_specific_price_rule_condition_group`
--

CREATE TABLE `ps_specific_price_rule_condition_group` (
  `id_specific_price_rule_condition_group` int(11) unsigned NOT NULL AUTO_INCREMENT,
  `id_specific_price_rule` int(11) unsigned NOT NULL,
  PRIMARY KEY (`id_specific_price_rule_condition_group`,`id_specific_price_rule`)
) ENGINE=InnoDB DEFAULT CHARSET=utf8;

--
-- Dumping data for table `ps_specific_price_rule_condition_group`
--


--
-- Table structure for table `ps_state`
--

CREATE TABLE `ps_state` (
  `id_state` int(10) unsigned NOT NULL AUTO_INCREMENT,
  `id_country` int(11) unsigned NOT NULL,
  `id_zone` int(11) unsigned NOT NULL,
  `name` varchar(64) NOT NULL,
  `iso_code` varchar(7) NOT NULL,
  `tax_behavior` smallint(1) NOT NULL DEFAULT '0',
  `active` tinyint(1) NOT NULL DEFAULT '0',
  PRIMARY KEY (`id_state`),
  KEY `id_country` (`id_country`),
  KEY `name` (`name`),
  KEY `id_zone` (`id_zone`)
) ENGINE=InnoDB AUTO_INCREMENT=329 DEFAULT CHARSET=utf8;

--
-- Dumping data for table `ps_state`
--

INSERT INTO `ps_state` (`id_state`, `id_country`, `id_zone`, `name`, `iso_code`, `tax_behavior`, `active`) VALUES (1,21,2,'Alabama','AL',0,0),(2,21,2,'Alaska','AK',0,0),(3,21,2,'Arizona','AZ',0,0),(4,21,2,'Arkansas','AR',0,0),(5,21,2,'California','CA',0,0),(6,21,2,'Colorado','CO',0,0),(7,21,2,'Connecticut','CT',0,0),(8,21,2,'Delaware','DE',0,0),(9,21,2,'Florida','FL',0,0),(10,21,2,'Georgia','GA',0,0),(11,21,2,'Hawaii','HI',0,0),(12,21,2,'Idaho','ID',0,0),(13,21,2,'Illinois','IL',0,0),(14,21,2,'Indiana','IN',0,0),(15,21,2,'Iowa','IA',0,0),(16,21,2,'Kansas','KS',0,0),(17,21,2,'Kentucky','KY',0,0),(18,21,2,'Louisiana','LA',0,0),(19,21,2,'Maine','ME',0,0),(20,21,2,'Maryland','MD',0,0),(21,21,2,'Massachusetts','MA',0,0),(22,21,2,'Michigan','MI',0,0),(23,21,2,'Minnesota','MN',0,0),(24,21,2,'Mississippi','MS',0,0),(25,21,2,'Missouri','MO',0,0),(26,21,2,'Montana','MT',0,0),(27,21,2,'Nebraska','NE',0,0),(28,21,2,'Nevada','NV',0,0),(29,21,2,'New Hampshire','NH',0,0),(30,21,2,'New Jersey','NJ',0,0),(31,21,2,'New Mexico','NM',0,0),(32,21,2,'New York','NY',0,0),(33,21,2,'North Carolina','NC',0,0),(34,21,2,'North Dakota','ND',0,0),(35,21,2,'Ohio','OH',0,0),(36,21,2,'Oklahoma','OK',0,0),(37,21,2,'Oregon','OR',0,0),(38,21,2,'Pennsylvania','PA',0,0),(39,21,2,'Rhode Island','RI',0,0),(40,21,2,'South Carolina','SC',0,0),(41,21,2,'South Dakota','SD',0,0),(42,21,2,'Tennessee','TN',0,0),(43,21,2,'Texas','TX',0,0),(44,21,2,'Utah','UT',0,0),(45,21,2,'Vermont','VT',0,0),(46,21,2,'Virginia','VA',0,0),(47,21,2,'Washington','WA',0,0),(48,21,2,'West Virginia','WV',0,0),(49,21,2,'Wisconsin','WI',0,0),(50,21,2,'Wyoming','WY',0,0),(51,21,2,'Puerto Rico','PR',0,0),(52,21,2,'US Virgin Islands','VI',0,0),(53,21,2,'District of Columbia','DC',0,0),(54,145,2,'Aguascalientes','AGS',0,0),(55,145,2,'Baja California','BCN',0,0),(56,145,2,'Baja California Sur','BCS',0,0),(57,145,2,'Campeche','CAM',0,0),(58,145,2,'Chiapas','CHP',0,0),(59,145,2,'Chihuahua','CHH',0,0),(60,145,2,'Coahuila','COA',0,0),(61,145,2,'Colima','COL',0,0),(62,145,2,'Distrito Federal','DIF',0,0),(63,145,2,'Durango','DUR',0,0),(64,145,2,'Guanajuato','GUA',0,0),(65,145,2,'Guerrero','GRO',0,0),(66,145,2,'Hidalgo','HID',0,0),(67,145,2,'Jalisco','JAL',0,0),(68,145,2,'Estado de México','MEX',0,0),(69,145,2,'Michoacán','MIC',0,0),(70,145,2,'Morelos','MOR',0,0),(71,145,2,'Nayarit','NAY',0,0),(72,145,2,'Nuevo León','NLE',0,0),(73,145,2,'Oaxaca','OAX',0,0),(74,145,2,'Puebla','PUE',0,0),(75,145,2,'Querétaro','QUE',0,0),(76,145,2,'Quintana Roo','ROO',0,0),(77,145,2,'San Luis Potosí','SLP',0,0),(78,145,2,'Sinaloa','SIN',0,0),(79,145,2,'Sonora','SON',0,0),(80,145,2,'Tabasco','TAB',0,0),(81,145,2,'Tamaulipas','TAM',0,0),(82,145,2,'Tlaxcala','TLA',0,0),(83,145,2,'Veracruz','VER',0,0),(84,145,2,'Yucatán','YUC',0,0),(85,145,2,'Zacatecas','ZAC',0,0),(86,4,2,'Ontario','ON',0,0),(87,4,2,'Quebec','QC',0,0),(88,4,2,'British Columbia','BC',0,0),(89,4,2,'Alberta','AB',0,0),(90,4,2,'Manitoba','MB',0,0),(91,4,2,'Saskatchewan','SK',0,0),(92,4,2,'Nova Scotia','NS',0,0),(93,4,2,'New Brunswick','NB',0,0),(94,4,2,'Newfoundland and Labrador','NL',0,0),(95,4,2,'Prince Edward Island','PE',0,0),(96,4,2,'Northwest Territories','NT',0,0),(97,4,2,'Yukon','YT',0,0),(98,4,2,'Nunavut','NU',0,0),(99,44,6,'Buenos Aires','B',0,0),(100,44,6,'Catamarca','K',0,0),(101,44,6,'Chaco','H',0,0),(102,44,6,'Chubut','U',0,0),(103,44,6,'Ciudad de Buenos Aires','C',0,0),(104,44,6,'Córdoba','X',0,0),(105,44,6,'Corrientes','W',0,0),(106,44,6,'Entre Ríos','E',0,0),(107,44,6,'Formosa','P',0,0),(108,44,6,'Jujuy','Y',0,0),(109,44,6,'La Pampa','L',0,0),(110,44,6,'La Rioja','F',0,0),(111,44,6,'Mendoza','M',0,0),(112,44,6,'Misiones','N',0,0),(113,44,6,'Neuquén','Q',0,0),(114,44,6,'Río Negro','R',0,0),(115,44,6,'Salta','A',0,0),(116,44,6,'San Juan','J',0,0),(117,44,6,'San Luis','D',0,0),(118,44,6,'Santa Cruz','Z',0,0),(119,44,6,'Santa Fe','S',0,0),(120,44,6,'Santiago del Estero','G',0,0),(121,44,6,'Tierra del Fuego','V',0,0),(122,44,6,'Tucumán','T',0,0),(123,10,1,'Agrigento','AG',0,0),(124,10,1,'Alessandria','AL',0,0),(125,10,1,'Ancona','AN',0,0),(126,10,1,'Aosta','AO',0,0),(127,10,1,'Arezzo','AR',0,0),(128,10,1,'Ascoli Piceno','AP',0,0),(129,10,1,'Asti','AT',0,0),(130,10,1,'Avellino','AV',0,0),(131,10,1,'Bari','BA',0,0),(132,10,1,'Barletta-Andria-Trani','BT',0,0),(133,10,1,'Belluno','BL',0,0),(134,10,1,'Benevento','BN',0,0),(135,10,1,'Bergamo','BG',0,0),(136,10,1,'Biella','BI',0,0),(137,10,1,'Bologna','BO',0,0),(138,10,1,'Bolzano','BZ',0,0),(139,10,1,'Brescia','BS',0,0),(140,10,1,'Brindisi','BR',0,0),(141,10,1,'Cagliari','CA',0,0),(142,10,1,'Caltanissetta','CL',0,0),(143,10,1,'Campobasso','CB',0,0),(144,10,1,'Carbonia-Iglesias','CI',0,0),(145,10,1,'Caserta','CE',0,0),(146,10,1,'Catania','CT',0,0),(147,10,1,'Catanzaro','CZ',0,0),(148,10,1,'Chieti','CH',0,0),(149,10,1,'Como','CO',0,0),(150,10,1,'Cosenza','CS',0,0),(151,10,1,'Cremona','CR',0,0),(152,10,1,'Crotone','KR',0,0),(153,10,1,'Cuneo','CN',0,0),(154,10,1,'Enna','EN',0,0),(155,10,1,'Fermo','FM',0,0),(156,10,1,'Ferrara','FE',0,0),(157,10,1,'Firenze','FI',0,0),(158,10,1,'Foggia','FG',0,0),(159,10,1,'Forlì-Cesena','FC',0,0),(160,10,1,'Frosinone','FR',0,0),(161,10,1,'Genova','GE',0,0),(162,10,1,'Gorizia','GO',0,0),(163,10,1,'Grosseto','GR',0,0),(164,10,1,'Imperia','IM',0,0),(165,10,1,'Isernia','IS',0,0),(166,10,1,'L\'Aquila','AQ',0,0),(167,10,1,'La Spezia','SP',0,0),(168,10,1,'Latina','LT',0,0),(169,10,1,'Lecce','LE',0,0),(170,10,1,'Lecco','LC',0,0),(171,10,1,'Livorno','LI',0,0),(172,10,1,'Lodi','LO',0,0),(173,10,1,'Lucca','LU',0,0),(174,10,1,'Macerata','MC',0,0),(175,10,1,'Mantova','MN',0,0),(176,10,1,'Massa','MS',0,0),(177,10,1,'Matera','MT',0,0),(178,10,1,'Medio Campidano','VS',0,0),(179,10,1,'Messina','ME',0,0),(180,10,1,'Milano','MI',0,0),(181,10,1,'Modena','MO',0,0),(182,10,1,'Monza e della Brianza','MB',0,0),(183,10,1,'Napoli','NA',0,0),(184,10,1,'Novara','NO',0,0),(185,10,1,'Nuoro','NU',0,0),(186,10,1,'Ogliastra','OG',0,0),(187,10,1,'Olbia-Tempio','OT',0,0),(188,10,1,'Oristano','OR',0,0),(189,10,1,'Padova','PD',0,0),(190,10,1,'Palermo','PA',0,0),(191,10,1,'Parma','PR',0,0),(192,10,1,'Pavia','PV',0,0),(193,10,1,'Perugia','PG',0,0),(194,10,1,'Pesaro-Urbino','PU',0,0),(195,10,1,'Pescara','PE',0,0),(196,10,1,'Piacenza','PC',0,0),(197,10,1,'Pisa','PI',0,0),(198,10,1,'Pistoia','PT',0,0),(199,10,1,'Pordenone','PN',0,0),(200,10,1,'Potenza','PZ',0,0),(201,10,1,'Prato','PO',0,0),(202,10,1,'Ragusa','RG',0,0),(203,10,1,'Ravenna','RA',0,0),(204,10,1,'Reggio Calabria','RC',0,0),(205,10,1,'Reggio Emilia','RE',0,0),(206,10,1,'Rieti','RI',0,0),(207,10,1,'Rimini','RN',0,0),(208,10,1,'Roma','RM',0,0),(209,10,1,'Rovigo','RO',0,0),(210,10,1,'Salerno','SA',0,0),(211,10,1,'Sassari','SS',0,0),(212,10,1,'Savona','SV',0,0),(213,10,1,'Siena','SI',0,0),(214,10,1,'Siracusa','SR',0,0),(215,10,1,'Sondrio','SO',0,0),(216,10,1,'Taranto','TA',0,0),(217,10,1,'Teramo','TE',0,0),(218,10,1,'Terni','TR',0,0),(219,10,1,'Torino','TO',0,0),(220,10,1,'Trapani','TP',0,0),(221,10,1,'Trento','TN',0,0),(222,10,1,'Treviso','TV',0,0),(223,10,1,'Trieste','TS',0,0),(224,10,1,'Udine','UD',0,0),(225,10,1,'Varese','VA',0,0),(226,10,1,'Venezia','VE',0,0),(227,10,1,'Verbano-Cusio-Ossola','VB',0,0),(228,10,1,'Vercelli','VC',0,0),(229,10,1,'Verona','VR',0,0),(230,10,1,'Vibo Valentia','VV',0,0),(231,10,1,'Vicenza','VI',0,0),(232,10,1,'Viterbo','VT',0,0),(233,111,3,'Aceh','AC',0,0),(234,111,3,'Bali','BA',0,0),(235,111,3,'Bangka','BB',0,0),(236,111,3,'Banten','BT',0,0),(237,111,3,'Bengkulu','BE',0,0),(238,111,3,'Central Java','JT',0,0),(239,111,3,'Central Kalimantan','KT',0,0),(240,111,3,'Central Sulawesi','ST',0,0),(241,111,3,'Coat of arms of East Java','JI',0,0),(242,111,3,'East kalimantan','KI',0,0),(243,111,3,'East Nusa Tenggara','NT',0,0),(244,111,3,'Lambang propinsi','GO',0,0),(245,111,3,'Jakarta','JK',0,0),(246,111,3,'Jambi','JA',0,0),(247,111,3,'Lampung','LA',0,0),(248,111,3,'Maluku','MA',0,0),(249,111,3,'North Maluku','MU',0,0),(250,111,3,'North Sulawesi','SA',0,0),(251,111,3,'North Sumatra','SU',0,0),(252,111,3,'Papua','PA',0,0),(253,111,3,'Riau','RI',0,0),(254,111,3,'Lambang Riau','KR',0,0),(255,111,3,'Southeast Sulawesi','SG',0,0),(256,111,3,'South Kalimantan','KS',0,0),(257,111,3,'South Sulawesi','SN',0,0),(258,111,3,'South Sumatra','SS',0,0),(259,111,3,'West Java','JB',0,0),(260,111,3,'West Kalimantan','KB',0,0),(261,111,3,'West Nusa Tenggara','NB',0,0),(262,111,3,'Lambang Provinsi Papua Barat','PB',0,0),(263,111,3,'West Sulawesi','SR',0,0),(264,111,3,'West Sumatra','SB',0,0),(265,111,3,'Yogyakarta','YO',0,0),(266,11,3,'Aichi','23',0,0),(267,11,3,'Akita','05',0,0),(268,11,3,'Aomori','02',0,0),(269,11,3,'Chiba','12',0,0),(270,11,3,'Ehime','38',0,0),(271,11,3,'Fukui','18',0,0),(272,11,3,'Fukuoka','40',0,0),(273,11,3,'Fukushima','07',0,0),(274,11,3,'Gifu','21',0,0),(275,11,3,'Gunma','10',0,0),(276,11,3,'Hiroshima','34',0,0),(277,11,3,'Hokkaido','01',0,0),(278,11,3,'Hyogo','28',0,0),(279,11,3,'Ibaraki','08',0,0),(280,11,3,'Ishikawa','17',0,0),(281,11,3,'Iwate','03',0,0),(282,11,3,'Kagawa','37',0,0),(283,11,3,'Kagoshima','46',0,0),(284,11,3,'Kanagawa','14',0,0),(285,11,3,'Kochi','39',0,0),(286,11,3,'Kumamoto','43',0,0),(287,11,3,'Kyoto','26',0,0),(288,11,3,'Mie','24',0,0),(289,11,3,'Miyagi','04',0,0),(290,11,3,'Miyazaki','45',0,0),(291,11,3,'Nagano','20',0,0),(292,11,3,'Nagasaki','42',0,0),(293,11,3,'Nara','29',0,0),(294,11,3,'Niigata','15',0,0),(295,11,3,'Oita','44',0,0),(296,11,3,'Okayama','33',0,0),(297,11,3,'Okinawa','47',0,0),(298,11,3,'Osaka','27',0,0),(299,11,3,'Saga','41',0,0),(300,11,3,'Saitama','11',0,0),(301,11,3,'Shiga','25',0,0),(302,11,3,'Shimane','32',0,0),(303,11,3,'Shizuoka','22',0,0),(304,11,3,'Tochigi','09',0,0),(305,11,3,'Tokushima','36',0,0),(306,11,3,'Tokyo','13',0,0),(307,11,3,'Tottori','31',0,0),(308,11,3,'Toyama','16',0,0),(309,11,3,'Wakayama','30',0,0),(310,11,3,'Yamagata','06',0,0),(311,11,3,'Yamaguchi','35',0,0),(312,11,3,'Yamanashi','19',0,0),(313,136,10,'W.P Kuala Lumpur','MY-14',0,1),(314,136,9,'W.P Labuan','MY-15',0,1),(315,136,10,'W.P Putrajaya','MY-16',0,1),(316,136,10,'Johor','MY-01',0,1),(317,136,10,'Kedah','MY-02',0,1),(318,136,10,'Kelantan','MY-03',0,1),(319,136,10,'Melaka','MY-04',0,1),(320,136,10,'Negeri Sembilan','MY-05',0,1),(321,136,10,'Pahang','MY-06',0,1),(322,136,10,'Perak','MY-08',0,1),(323,136,10,'Perlis','MY-09',0,1),(324,136,10,'Pulau Pinang','MY-07',0,1),(325,136,9,'Sabah','MY-12',0,1),(326,136,10,'Sarawak','MY-13',0,1),(327,136,10,'Selangor','MY-10',0,1),(328,136,10,'Terengganu','MY-11',0,1);

--
-- Table structure for table `ps_statssearch`
--

CREATE TABLE `ps_statssearch` (
  `id_statssearch` int(10) unsigned NOT NULL AUTO_INCREMENT,
  `id_shop` int(10) unsigned NOT NULL DEFAULT '1',
  `id_shop_group` int(10) unsigned NOT NULL DEFAULT '1',
  `keywords` varchar(255) NOT NULL,
  `results` int(6) NOT NULL DEFAULT '0',
  `date_add` datetime NOT NULL,
  PRIMARY KEY (`id_statssearch`)
) ENGINE=InnoDB AUTO_INCREMENT=221 DEFAULT CHARSET=utf8;

--
-- Dumping data for table `ps_statssearch`
--

INSERT INTO `ps_statssearch` (`id_statssearch`, `id_shop`, `id_shop_group`, `keywords`, `results`, `date_add`) VALUES (1,1,1,'activity doll',8,'2015-08-31 19:08:52'),(2,1,1,'DC123',0,'2015-09-11 18:56:16'),(3,1,1,'DC1238',1,'2015-09-11 18:56:16'),(4,1,1,'DC1238',1,'2015-09-11 18:56:17'),(5,1,1,'DC1238',1,'2015-09-11 18:56:17'),(6,1,1,'blanket',2,'2015-09-17 17:43:58'),(7,1,1,'blanket',2,'2015-09-17 17:43:58'),(8,1,1,'2514',1,'2015-09-17 17:46:19'),(9,1,1,'doudo',0,'2015-09-21 15:27:58'),(10,1,1,'doudou',22,'2015-09-21 15:27:58'),(11,1,1,'doudou ',22,'2015-09-21 15:27:58'),(12,1,1,'doudou pop',4,'2015-09-21 15:28:00'),(13,1,1,'doudou pop]',4,'2015-09-21 15:28:00'),(14,1,1,'doudou pop',4,'2015-09-21 15:28:01'),(15,1,1,'doudou pop',4,'2015-09-21 15:28:01'),(16,1,1,'Rabbit Bonbon Small - 20 cm - Blue',0,'2015-10-10 19:02:54'),(17,1,1,'Rabbit Bonbon Small - 20 cm - Blue',0,'2015-10-10 19:02:54'),(18,1,1,'dRabbit Bonbon Small - 20 cm - Blue',0,'2015-10-10 19:03:07'),(19,1,1,'doRabbit Bonbon Small - 20 cm - Blue',0,'2015-10-10 19:03:07'),(20,1,1,'douRabbit Bonbon Small - 20 cm - Blue',0,'2015-10-10 19:03:07'),(21,1,1,'doudRabbit Bonbon Small - 20 cm - Blue',0,'2015-10-10 19:03:08'),(22,1,1,'doudoRabbit Bonbon Small - 20 cm - Blue',0,'2015-10-10 19:03:08'),(23,1,1,'doudouRabbit Bonbon Small - 20 cm - Blue',0,'2015-10-10 19:03:08'),(24,1,1,'doudou Rabbit Bonbon Small - 20 cm - Blue',0,'2015-10-10 19:03:09'),(25,1,1,'doudou Rabbit Bonbon Small - 20 cm - Blue',0,'2015-10-10 19:03:10'),(26,1,1,'doudou Rabbit Bonbon Small - 20 cm - Blue',0,'2015-10-10 19:03:10'),(27,1,1,'doudou Rabbit Bonbon Small ',0,'2015-10-10 19:03:16'),(28,1,1,'doudou Rabbit Bonbon Small ',0,'2015-10-10 19:03:17'),(29,1,1,'doudou Rabbit Bonbon Small ',0,'2015-10-10 19:03:17'),(30,1,1,'Rabbit Cerise with Dummy holder',0,'2015-10-13 12:54:00'),(31,1,1,'Rabbit Cerise with Dummy holder',0,'2015-10-13 12:54:02'),(32,1,1,'doudo',0,'2015-10-26 15:54:56'),(33,1,1,'doudou ',1,'2015-10-26 15:54:56'),(34,1,1,'doudou ',1,'2015-10-26 15:54:56'),(35,1,1,'doudou c',1,'2015-10-26 15:54:56'),(36,1,1,'doudou cu',1,'2015-10-26 15:54:56'),(37,1,1,'doudou',1,'2015-10-26 15:54:56'),(38,1,1,'doudou cue',0,'2015-10-26 15:54:56'),(39,1,1,'doudou cueilletes mouse',0,'2015-10-26 15:54:58'),(40,1,1,'doudou cueilletes mouse',0,'2015-10-26 15:54:58'),(41,1,1,'mouse',1,'2015-10-26 15:55:05'),(42,1,1,'mouse',1,'2015-10-26 15:55:05'),(43,1,1,'mouse',1,'2015-10-26 15:55:05'),(44,1,1,'mouse',1,'2015-10-26 15:55:05'),(45,1,1,'couco',0,'2015-10-26 15:55:29'),(46,1,1,'coucou',0,'2015-10-26 15:55:29'),(47,1,1,'coucou',0,'2015-10-26 15:55:29'),(48,1,1,'coucou cu',0,'2015-10-26 15:55:30'),(49,1,1,'coucou ',0,'2015-10-26 15:55:30'),(50,1,1,'coucou c',0,'2015-10-26 15:55:30'),(51,1,1,'coucou cuei',0,'2015-10-26 15:55:31'),(52,1,1,'coucou cueil',0,'2015-10-26 15:55:31'),(53,1,1,'coucou cueill',0,'2015-10-26 15:55:31'),(54,1,1,'coucou cueillet',0,'2015-10-26 15:55:32'),(55,1,1,'coucou cueillettes',0,'2015-10-26 15:55:32'),(56,1,1,'coucou cueillettes',0,'2015-10-26 15:55:32'),(57,1,1,'Animals',5,'2015-11-06 13:39:49'),(58,1,1,'Animals',5,'2015-11-06 13:39:51'),(59,1,1,'Animals',5,'2015-11-06 13:40:36'),(60,1,1,'animal',0,'2015-11-08 13:47:18'),(61,1,1,'anima',0,'2015-11-08 13:47:18'),(62,1,1,'animals gra',0,'2015-11-08 13:47:19'),(63,1,1,'animals gra',0,'2015-11-08 13:47:20'),(64,1,1,'animals graffi',0,'2015-11-08 13:47:22'),(65,1,1,'animals graff',0,'2015-11-08 13:47:22'),(66,1,1,'animals graf',0,'2015-11-08 13:47:22'),(67,1,1,'animals graffiti',0,'2015-11-08 13:47:22'),(68,1,1,'animals graffit',0,'2015-11-08 13:47:23'),(69,1,1,'animals graffitis',5,'2015-11-08 13:47:24'),(70,1,1,'animals g',5,'2015-11-08 13:47:24'),(71,1,1,'animals ',5,'2015-11-08 13:47:24'),(72,1,1,'animals',5,'2015-11-08 13:47:24'),(73,1,1,'animals graffitis',5,'2015-11-08 13:47:24'),(74,1,1,'lapin',0,'2015-11-11 13:11:51'),(75,1,1,'lapin',0,'2015-11-11 13:11:51'),(76,1,1,'lapin',0,'2015-11-11 13:11:51'),(77,1,1,'rattl',0,'2015-11-11 13:12:42'),(78,1,1,'rattle',7,'2015-11-11 13:12:42'),(79,1,1,'rattle',7,'2015-11-11 13:12:43'),(80,1,1,'rattle',7,'2015-11-11 13:12:43'),(81,1,1,'Rabbit  Bonbon Large ',2,'2015-11-13 17:52:23'),(82,1,1,'Rabbit  Bonbon Large ',2,'2015-11-13 17:52:23'),(83,1,1,'Rabbit  Bonbon Large ',2,'2015-11-13 17:52:23'),(84,1,1,'LAMB',0,'2015-11-26 18:10:36'),(85,1,1,'RED P',3,'2015-11-26 18:11:06'),(86,1,1,'RED PADAN',0,'2015-11-26 18:11:06'),(87,1,1,'RED PADAN',0,'2015-11-26 18:11:07'),(88,1,1,'RED PADAN',0,'2015-11-26 18:11:07'),(89,1,1,'RED PADAN',0,'2015-11-26 18:11:16'),(90,1,1,'RED PAD',0,'2015-11-26 18:11:18'),(91,1,1,'RED PA',3,'2015-11-26 18:11:18'),(92,1,1,'RED PAN',0,'2015-11-26 18:11:18'),(93,1,1,'RED PANDA',1,'2015-11-26 18:11:19'),(94,1,1,'RED PANDA',1,'2015-11-26 18:11:19'),(95,1,1,'Bear',21,'2015-11-29 22:13:32'),(96,1,1,'Bear',21,'2015-11-29 22:13:51'),(97,1,1,'3700335223989',1,'2015-12-01 02:31:03'),(98,1,1,'3700335223989',1,'2015-12-01 02:31:03'),(99,1,1,'3700335223989',1,'2015-12-01 02:31:03'),(100,1,1,'3700335223989',1,'2015-12-01 02:31:03'),(101,1,1,'mon do',0,'2015-12-01 02:31:21'),(102,1,1,'mon d',0,'2015-12-01 02:31:22'),(103,1,1,'mon doudo',0,'2015-12-01 02:31:22'),(104,1,1,'mon doudou',0,'2015-12-01 02:31:22'),(105,1,1,'mon doudou',0,'2015-12-01 02:31:23'),(106,1,1,'mon doudou',0,'2015-12-01 02:31:23'),(107,1,1,'caplin',0,'2015-12-03 12:41:53'),(108,1,1,'copai',0,'2015-12-03 12:42:13'),(109,1,1,'copain',7,'2015-12-03 12:42:14'),(110,1,1,'copain',7,'2015-12-03 12:42:14'),(111,1,1,'copai',0,'2015-12-03 12:42:53'),(112,1,1,'2436',1,'2015-12-03 12:42:56'),(113,1,1,'Elephant ',4,'2015-12-03 13:23:36'),(114,1,1,'Elephant ',4,'2015-12-03 13:23:52'),(115,1,1,'303',0,'2015-12-03 14:47:16'),(116,1,1,'rabbi',0,'2015-12-03 14:47:24'),(117,1,1,'rabbit',38,'2015-12-03 14:47:24'),(118,1,1,'rabbit',38,'2015-12-03 14:47:25'),(119,1,1,'rabbit',38,'2015-12-03 14:47:25'),(120,1,1,'rabbit',38,'2015-12-03 14:47:39'),(121,1,1,'rabbit',38,'2015-12-03 14:47:46'),(122,1,1,'rabbit',38,'2015-12-03 14:47:53'),(123,1,1,'doudou',58,'2015-12-03 14:47:59'),(124,1,1,'doudou',58,'2015-12-03 14:47:59'),(125,1,1,'doudou',58,'2015-12-03 14:47:59'),(126,1,1,'doudou',58,'2015-12-03 14:47:59'),(127,1,1,'doudou',58,'2015-12-03 14:48:03'),(128,1,1,'doudou',58,'2015-12-03 14:55:32'),(129,1,1,'doudou',58,'2015-12-03 14:55:51'),(130,1,1,'rabbit',38,'2015-12-04 12:41:42'),(131,1,1,'rabbit',38,'2015-12-04 12:41:42'),(132,1,1,'rabbit',38,'2015-12-04 12:41:54'),(133,1,1,'rabbit',38,'2015-12-04 12:42:09'),(134,1,1,'rabbit',38,'2015-12-04 12:42:22'),(135,1,1,'rabbi',0,'2015-12-04 12:51:05'),(136,1,1,'2581',0,'2015-12-04 12:51:07'),(137,1,1,'128',0,'2015-12-04 13:00:56'),(138,1,1,'Rabbi',0,'2015-12-07 13:50:30'),(139,1,1,'Rabbit',38,'2015-12-07 13:50:30'),(140,1,1,'Shop',23,'2015-12-07 14:00:03'),(141,1,1,'doudou',1,'2015-12-08 04:26:59'),(142,1,1,'doudou',1,'2015-12-08 04:27:06'),(143,1,1,'Rabbi',0,'2015-12-09 15:51:35'),(144,1,1,'Rabbit',1,'2015-12-09 15:51:35'),(145,1,1,'Rabbit ',1,'2015-12-09 15:51:35'),(146,1,1,'Rabbit p',1,'2015-12-09 15:51:36'),(147,1,1,'Rabbit po',1,'2015-12-09 15:51:36'),(148,1,1,'Rabbit pom',0,'2015-12-09 15:51:38'),(149,1,1,'Rabbit pomp',0,'2015-12-09 15:51:39'),(150,1,1,'Rabbit pompo',0,'2015-12-09 15:51:39'),(151,1,1,'Rabbit pompon',1,'2015-12-09 15:51:40'),(152,1,1,'Rabbit pompon ',1,'2015-12-09 15:51:40'),(153,1,1,'Rabbit pompon l',1,'2015-12-09 15:51:41'),(154,1,1,'Rabbit pompon la',1,'2015-12-09 15:51:41'),(155,1,1,'Rabbit pompon lava',0,'2015-12-09 15:51:43'),(156,1,1,'Rabbit pompon lav',0,'2015-12-09 15:51:43'),(157,1,1,'Rabbit pompon lavam',0,'2015-12-09 15:51:44'),(158,1,1,'Rabbit pompon lavamde',0,'2015-12-09 15:51:44'),(159,1,1,'Rabbit pompon lavamd',0,'2015-12-09 15:51:44'),(160,1,1,'Rabbit pompon lavamder',0,'2015-12-09 15:51:44'),(161,1,1,'Rabbit pompon lavamde',0,'2015-12-09 15:51:45'),(162,1,1,'Rabbit pompon lavamd',0,'2015-12-09 15:51:45'),(163,1,1,'Rabbit pompon lavam',0,'2015-12-09 15:51:46'),(164,1,1,'Rabbit pompon lava',0,'2015-12-09 15:51:46'),(165,1,1,'Rabbit pompon lavan',0,'2015-12-09 15:51:46'),(166,1,1,'Rabbit pompon lavand',0,'2015-12-09 15:51:47'),(167,1,1,'Rabbit pompon lavande',0,'2015-12-09 15:51:47'),(168,1,1,'Rabbit pompon lavander',0,'2015-12-09 15:51:47'),(169,1,1,'Rabbit pompon lavander',0,'2015-12-09 15:51:49'),(170,1,1,'Pyjam',0,'2015-12-13 23:38:25'),(171,1,1,'Pyjamas bag',0,'2015-12-13 23:38:25'),(172,1,1,'Pyjamas bag',0,'2015-12-13 23:38:25'),(173,1,1,'Pyjamas bag',0,'2015-12-13 23:38:25'),(174,1,1,'Pyjamas',0,'2015-12-13 23:38:25'),(175,1,1,'Pyjamas b',0,'2015-12-13 23:38:25'),(176,1,1,'Pyjamas ',0,'2015-12-13 23:38:25'),(177,1,1,'Pyjama',2,'2015-12-13 23:38:25'),(178,1,1,'Pyjamas bag',0,'2015-12-13 23:39:22'),(179,1,1,'rabbit',0,'2015-12-22 18:32:46'),(180,1,1,'rabbi',0,'2015-12-22 18:32:46'),(181,1,1,'rabbit',0,'2015-12-22 18:32:46'),(182,1,1,'Histoire d\'Ours Rabbit Pompon',0,'2015-12-30 16:35:16'),(183,1,1,'Histoire d\'Ours Rabbit Pompon',0,'2015-12-30 16:35:16'),(184,1,1,'Histoire d\'Ours Rabbit Pompon',0,'2015-12-30 16:35:16'),(185,1,1,'Histoire d\'Ours Rabbit Pompon',0,'2015-12-30 16:35:16'),(186,1,1,'copai',0,'2015-12-30 16:35:30'),(187,1,1,'copain',7,'2015-12-30 16:35:31'),(188,1,1,'copains ca',8,'2015-12-30 16:35:32'),(189,1,1,'copains',8,'2015-12-30 16:35:32'),(190,1,1,'copains c',8,'2015-12-30 16:35:32'),(191,1,1,'copains caa',0,'2015-12-30 16:35:34'),(192,1,1,'copains caal',0,'2015-12-30 16:35:35'),(193,1,1,'copains caali',0,'2015-12-30 16:35:35'),(194,1,1,'copains caalin',0,'2015-12-30 16:35:35'),(195,1,1,'copains caalins',0,'2015-12-30 16:35:35'),(196,1,1,'copains caalin',0,'2015-12-30 16:35:36'),(197,1,1,'copains caali',0,'2015-12-30 16:35:37'),(198,1,1,'copains caa',0,'2015-12-30 16:35:37'),(199,1,1,'copains caal',0,'2015-12-30 16:35:37'),(200,1,1,'copains caak',0,'2015-12-30 16:35:37'),(201,1,1,'copains caa',0,'2015-12-30 16:35:37'),(202,1,1,'copains ca',8,'2015-12-30 16:35:38'),(203,1,1,'copains cali',0,'2015-12-30 16:35:38'),(204,1,1,'copains cal',0,'2015-12-30 16:35:39'),(205,1,1,'copains calin',7,'2015-12-30 16:35:39'),(206,1,1,'copains calins',0,'2015-12-30 16:35:39'),(207,1,1,'copains calins',0,'2015-12-30 16:35:39'),(208,1,1,'copains calins',0,'2015-12-30 16:35:39'),(209,1,1,'spiral',0,'2015-12-31 10:18:53'),(210,1,1,'spira',0,'2015-12-31 10:18:53'),(211,1,1,'spiral',0,'2015-12-31 10:18:53'),(212,1,1,'spiral',0,'2015-12-31 10:18:53'),(213,1,1,'spirals',1,'2015-12-31 10:18:57'),(214,1,1,'spirals',1,'2015-12-31 10:18:58'),(215,1,1,'spirals',1,'2015-12-31 10:18:58'),(216,1,1,'ho203',0,'2016-01-05 14:51:08'),(217,1,1,'ho2038',1,'2016-01-05 14:51:08'),(218,1,1,'ho2038',1,'2016-01-05 14:51:09'),(219,1,1,'ho2038',1,'2016-01-05 14:51:10'),(220,1,1,'The Z\'Animoos',3,'2016-01-05 14:51:36');

--
-- Table structure for table `ps_stock`
--

CREATE TABLE `ps_stock` (
  `id_stock` int(11) unsigned NOT NULL AUTO_INCREMENT,
  `id_warehouse` int(11) unsigned NOT NULL,
  `id_product` int(11) unsigned NOT NULL,
  `id_product_attribute` int(11) unsigned NOT NULL,
  `reference` varchar(32) NOT NULL,
  `ean13` varchar(13) DEFAULT NULL,
  `upc` varchar(12) DEFAULT NULL,
  `physical_quantity` int(11) unsigned NOT NULL,
  `usable_quantity` int(11) unsigned NOT NULL,
  `price_te` decimal(20,6) DEFAULT '0.000000',
  PRIMARY KEY (`id_stock`),
  KEY `id_warehouse` (`id_warehouse`),
  KEY `id_product` (`id_product`),
  KEY `id_product_attribute` (`id_product_attribute`)
) ENGINE=InnoDB AUTO_INCREMENT=431 DEFAULT CHARSET=utf8;

--
-- Dumping data for table `ps_stock`
--

INSERT INTO `ps_stock` (`id_stock`, `id_warehouse`, `id_product`, `id_product_attribute`, `reference`, `ean13`, `upc`, `physical_quantity`, `usable_quantity`, `price_te`) VALUES (1,1,1,0,'DC1239','3700335212396','',0,0,50.000000),(2,1,8,0,'DC1238','3700335212389','',0,0,50.000000),(3,1,9,0,'DC2701','3700335227017','',0,0,50.000000),(4,1,10,0,'DC2703','3700335227031','',6,0,50.000000),(5,1,11,0,'DC2705','3700335227055','',6,0,50.000000),(6,1,12,0,'DC2714','3700335227147','',0,0,50.000000),(7,1,13,0,'DC2716','3700335227161','',0,0,50.000000),(8,1,14,0,'DC2718','3700335227185','',0,0,50.000000),(9,1,15,0,'DC2738','3700335227383','',6,0,50.000000),(10,1,16,0,'DC2740','3700335227406','',3,3,50.000000),(11,1,17,0,'DC1242','3700335212426','',0,0,50.000000),(12,1,18,0,'DC1241','3700335212419','',0,0,50.000000),(13,1,19,0,'DC2584','3700335225846','',0,0,50.000000),(14,1,20,0,'DC2791','3700335227918','',0,0,4.000000),(15,1,21,0,'DC2792','3700335227925','',8,0,50.000000),(16,1,22,0,'DC2793','3700335227932','',8,0,50.000000),(17,1,23,0,'DC2794','3700335227949','',0,0,50.000000),(18,1,24,0,'DC2804','3700335228045','',0,0,50.000000),(19,1,25,0,'DC2805','3700335228052','',0,0,50.000000),(20,1,26,0,'DC2808','3700335228083','',0,0,50.000000),(21,1,27,0,'DC2809','3700335228090','',0,0,50.000000),(22,1,57,0,'DC1243','3700335212433','',2,2,50.000000),(23,1,58,0,'DC1060','3700335210606','',0,0,50.000000),(24,1,59,0,'DC1062','3700335210620','',5,5,50.000000),(25,1,28,47,'HO2315 Mouse','','',6,0,50.000000),(26,1,28,48,'HO2315 Rabbit','','',6,6,50.000000),(27,1,28,46,'HO2315 Bear','','',6,0,6.000000),(28,1,29,0,'HO2145','3700349321459','',3,3,50.000000),(29,1,30,0,'HO2146','3700349321466','',9,0,50.000000),(30,1,31,0,'HO2513','3700349325136','',0,0,50.000000),(31,1,32,0,'HO2451','3700349324511','',0,0,50.000000),(32,1,33,0,'HO2452','3700349324528','',0,0,50.000000),(33,1,34,0,'HO2453','3700349324535','',0,0,50.000000),(34,1,35,0,'HO1058','3700349310583','',0,0,50.000000),(35,1,36,0,'HO1057','3700349310576','',0,0,50.000000),(36,1,37,0,'HO2309','3700349323095','',8,8,50.000000),(37,1,38,0,'HO2431','3700349324313','',0,0,50.000000),(38,1,39,0,'HO2432','3700349324320','',0,0,50.000000),(39,1,40,50,'HO2332 White','','',1,1,50.000000),(40,1,40,49,'HO2332 Beige','','',0,0,50.000000),(41,1,41,0,'HO2319','3700349323194','',5,5,50.000000),(42,1,42,0,'HO2320','3700349323200','',2,2,50.000000),(43,1,43,0,'HO2514','3700349325143','',0,0,50.000000),(44,1,44,0,'HO2297','3700349322975','',0,0,50.000000),(45,1,45,0,'HO2061','3700349320612','',0,0,50.000000),(46,1,46,0,'HO2290','3700349322906','',2,2,50.000000),(47,1,47,0,'HO2294','3700349322944','',1,1,50.000000),(48,1,48,0,'HO2375','3700349323750','',4,4,50.000000),(49,1,49,0,'HO2373','3700349323736','',0,0,50.000000),(50,1,50,0,'HO2136','3700349321367','',3,3,50.000000),(51,1,51,0,'HO1260','3700349312600','',4,4,50.000000),(52,1,52,0,'HO1258','3700349312587','',0,0,50.000000),(53,1,53,0,'HO2210','3700349322104','',0,0,50.000000),(54,1,54,0,'HO2216','3700349322166','',0,0,50.000000),(55,1,55,0,'HO2217','3700349322173','',0,0,50.000000),(56,1,56,0,'HO2218','3700349322180','',0,0,50.000000),(57,1,60,0,'DC1445','3700335214451','',0,0,50.000000),(58,1,61,0,'DC2216','3700335222166','',0,0,50.000000),(59,1,62,0,'DC2398','3700335223989','',4,4,50.000000),(60,1,63,0,'DC2400','3700335224009','',2,2,50.000000),(61,1,64,0,'DC2402','3700335224023','',0,0,50.000000),(62,1,65,0,'DC2583','3700335225839','',4,4,50.000000),(63,1,66,0,'DC2682','3700335226829','',0,0,50.000000),(64,1,67,0,'DC2684','3700335226843','',0,0,50.000000),(65,1,68,0,'DC2686','3700335226867','',0,0,50.000000),(66,1,69,0,'DC2685','3700335226850','',0,0,50.000000),(67,1,70,0,'DC2687','3700335226874','',2,2,50.000000),(68,1,71,0,'DC2706','3700335227062','',1,1,50.000000),(69,1,72,0,'DC2713','3700335227130','',4,4,50.000000),(70,1,73,0,'DC2717','3700335227178','',0,0,50.000000),(71,1,74,0,'DC2795','3700335227956','',0,0,50.000000),(72,1,75,0,'DC2796','3700335227963','',0,0,50.000000),(73,1,76,0,'DC2797','3700335227970','',0,0,50.000000),(74,1,77,0,'DC2800','3700335228007','',1,1,50.000000),(75,1,78,0,'DC2801','3700335228014','',0,0,50.000000),(76,1,79,0,'DC2802','3700335228021','',1,1,50.000000),(77,1,80,0,'DC2803','3700335228038','',1,1,50.000000),(78,1,81,0,'DC2491','3700335224917','',0,0,10.000000),(79,1,82,0,'DC2490','3700335224900','',0,0,10.000000),(80,1,83,52,'DC2725 Blue','','',3,3,10.000000),(81,1,83,53,'DC2725 Bear Head','','',3,3,10.000000),(82,1,83,54,'DC2725 Ptit Bout','','',3,3,10.000000),(83,1,83,51,'DC2725 Stripes','','',3,3,10.000000),(84,1,84,60,'DC2727 Shoe Imitation','','',3,3,10.000000),(85,1,84,61,'DC2727 Pink','','',3,3,10.000000),(86,1,84,62,'DC2727 Bebe d Amour','','',3,3,10.000000),(87,1,84,59,'DC2727 Dancing Shoes','','',3,3,10.000000),(88,1,85,68,'DC2726 Shoe Imitation','','',3,3,10.000000),(89,1,85,69,'DC2727 Stripes','','',3,3,10.000000),(90,1,85,70,'DC2726 Brown','','',3,3,10.000000),(91,1,85,67,'DC2726 Bear Head','','',3,3,10.000000),(92,1,86,0,'DC2730','3700335227307','',4,4,50.000000),(93,1,87,0,'DC2732','3700335227321','',4,4,50.000000),(94,1,88,72,'DC2755 Pink','','',0,0,50.000000),(95,1,88,73,'DC2755 Brown','','',0,0,50.000000),(96,1,88,74,'DC2755 Ivory','','',0,0,50.000000),(97,1,88,71,'DC2755 Blue','','',0,0,50.000000),(98,1,89,76,'DC2752 Flower White','','',0,0,50.000000),(99,1,89,77,'DC2752 Wind Mill Beige','','',0,0,50.000000),(100,1,89,78,'DC2752 Wind Mill Blue','','',0,0,50.000000),(101,1,89,75,'DC2752 Flower Coral','','',0,0,50.000000),(102,1,90,80,'DC2771 Camelia','','',1,1,50.000000),(103,1,90,81,'DC2771 Fraise','','',1,1,50.000000),(104,1,90,82,'DC2771 Hortensia','','',1,1,50.000000),(105,1,90,83,'DC2771 Orchidee','','',1,1,50.000000),(106,1,90,84,'DC2771 Peche','','',1,1,50.000000),(107,1,90,79,'DC2771 Blanche','','',1,1,50.000000),(108,1,91,0,'DC2773','3700335227734','',4,4,50.000000),(109,1,92,0,'DC2774','3700335227741','',4,4,50.000000),(110,1,93,0,'DC2775','3700335227758','',4,4,50.000000),(111,1,94,0,'DC2776','3700335227765','',4,4,50.000000),(112,1,95,0,'DC2146','3700335221466','',0,0,50.000000),(113,1,96,0,'DC1321','3700335213218','',0,0,50.000000),(114,1,97,0,'DC1492','3700335214925','',0,0,50.000000),(115,1,98,0,'DC1493','3700335214932','',6,6,50.000000),(116,1,99,0,'DC1563','3700335215632','',0,0,50.000000),(117,1,100,0,'DC1564','3700335215649','',0,0,50.000000),(118,1,101,0,'DC1623','3561860016237','',0,0,50.000000),(119,1,102,85,'DC2784 Bear','','',0,0,50.000000),(120,1,102,86,'DC2784 Donkey','','',0,0,50.000000),(121,1,102,88,'DC2784 Ladybird','','',0,0,50.000000),(122,1,102,89,'DC2784 Mouse','','',0,0,50.000000),(123,1,102,90,'DC2784 Panda','','',0,0,50.000000),(124,1,102,91,'DC2784 Penguin','','',0,0,50.000000),(125,1,102,92,'DC2784 Rabbit','','',0,0,50.000000),(126,1,102,87,'DC2784 Hippo','','',0,0,50.000000),(127,1,103,0,'DC2806','3700335228069','',4,4,50.000000),(128,1,105,0,'DC2350','3700335223507','',6,6,50.000000),(129,1,106,0,'DC2562','3700335225624','',8,8,50.000000),(130,1,107,0,'DC2564','3700335225648','',8,8,50.000000),(131,1,108,0,'DC2567','3700335225679','',8,8,50.000000),(132,1,109,0,'DC2570','3700335225709','',8,8,50.000000),(133,1,110,0,'DC2550','3700335225501','',3,3,50.000000),(134,1,111,0,'DC2551','3700335225518','',3,3,50.000000),(135,1,112,0,'DC2552','3700335225525','',3,3,50.000000),(136,1,113,0,'DC2553','3700335225532','',3,3,50.000000),(137,1,114,0,'DC2554','3700335225549','',6,6,50.000000),(138,1,115,0,'DC2556','3700335225563','',3,3,50.000000),(139,1,116,0,'DC2557','3700335225570','',3,3,50.000000),(140,1,117,0,'DC2558','3700335225587','',5,5,50.000000),(141,1,119,0,'DC2630','3700335226300','',4,4,50.000000),(142,1,118,0,'DC2631','3700335226317','',4,4,50.000000),(143,1,120,0,'DC2633','3700335226331','',3,3,50.000000),(144,1,121,0,'DC2643','3700335226430','',4,4,50.000000),(145,1,122,0,'DC2147','3700335221473','',3,3,50.000000),(146,1,123,0,'DC2807','3700335228076','',2,2,50.000000),(147,1,124,0,'DC2555','3700335225556','',3,3,50.000000),(148,1,125,94,'DC2372 Blue Bear','','',2,2,50.000000),(149,1,125,95,'DC2372 Multicolor Bear','','',2,2,50.000000),(150,1,125,96,'DC2372 Multicolor Rabbit','','',2,2,50.000000),(151,1,125,97,'DC2372 Pink Rabbit','','',2,2,50.000000),(152,1,125,98,'DC2372 Purple Bear','','',2,2,50.000000),(153,1,125,93,'DC2372 Grey Rabbit','','',2,2,50.000000),(154,1,126,0,'DC2809','3700335228090','',2,2,50.000000),(155,1,127,0,'DC2397','3700335223972','',2,2,50.000000),(156,1,128,0,'HO2321','3700349323217','',0,0,50.000000),(157,1,129,0,'HO2359','3700349323590','',1,1,50.000000),(158,1,130,0,'DC2705','3700335227055','',2,2,50.000000),(159,1,131,99,'HO2315 Mouse','','',2,2,50.000000),(160,1,131,100,'HO2315 Rabbit','','',2,2,50.000000),(161,1,131,101,'HO2315 Bear','','',2,2,50.000000),(162,2,33,0,'HO2452','3700349324528','',1,1,50.000000),(163,2,34,0,'HO2453','3700349324535','',0,0,50.000000),(164,2,36,0,'HO1057','3700349310576','',2,2,50.000000),(165,2,38,0,'HO2431','3700349324313','',2,2,50.000000),(166,2,128,0,'HO2321','3700349323217','',0,0,50.000000),(167,1,134,0,'DC2743','3700335227437','',0,0,272.400000),(168,1,135,0,'DC2744','3700335227444','',0,0,272.400000),(169,1,136,0,'DC2745','3700335227451','',0,0,272.400000),(170,1,137,0,'DC2746','3700335227468','',0,0,272.400000),(171,1,132,0,'DC2792','3700335227925','',0,0,696.320000),(172,1,133,0,'DC2793','3700335227932','',0,0,696.320000),(173,1,138,0,'DC1561','3700335215618','',0,0,143.880000),(174,1,139,0,'DC1568','3700335215687','',0,0,143.880000),(175,1,141,0,'DC1618','3561860016183','',0,0,140.680000),(176,1,140,0,'DC1608','3700335216080','',0,0,140.680000),(177,1,142,0,'DC2352','3700335223521','',0,0,140.680000),(178,1,143,0,'DC2353','3700335223538','',0,0,140.680000),(179,1,144,102,'DC2356 Elephant','','',0,0,75.720000),(180,1,144,103,'DC2356 Lion','','',0,0,75.720000),(181,1,144,104,'DC2356 Panda','','',0,0,75.720000),(182,1,144,105,'DC2356 Rabbit','','',0,0,75.720000),(183,1,145,106,'DC2576 Blue Rabbit','','',0,0,75.720000),(184,1,145,107,'DC2576 Pink Mouse','','',0,0,75.720000),(185,1,145,108,'DC2576 Green Bear','','',0,0,37.860000),(186,1,145,109,'DC2576 Purple Rabbit','','',0,0,37.860000),(187,1,145,110,'DC2576 Red Dog','','',0,0,37.860000),(188,1,145,111,'DC2576 Yellow Bear','','',0,0,37.860000),(189,1,146,0,'DC2614','3700335226140','',0,0,278.100000),(190,1,147,0,'DC2615','3700335226157','',0,0,134.280000),(191,1,148,0,'DC2616','3700335226164','',0,0,144.690000),(192,1,149,0,'DC2635','3700335226355','',0,0,181.620000),(193,1,151,120,'DC2698 Rabbit','','',0,0,109.760000),(194,1,151,121,'DC2698 Bear','','',0,0,109.760000),(195,1,151,122,'DC2698 Cat','','',0,0,109.760000),(196,1,151,123,'DC2698 Fox','','',0,0,109.760000),(197,1,151,124,'DC2698 Sheep','','',0,0,109.760000),(198,1,151,125,'DC2698 Mouse','','',0,0,109.760000),(199,1,150,112,'DC2385 Blue Bear','','',0,0,70.340000),(200,1,150,113,'DC2385 Cat','','',0,0,70.340000),(201,1,150,114,'DC2385 Peach Bear','','',0,0,70.340000),(202,1,150,115,'DC2385 Mouse','','',0,0,93.820000),(203,1,152,126,'DC2509 Amerindian Bear','','',0,0,11.880000),(204,1,152,127,'DC2509 Amerindian Rabbit','','',0,0,11.880000),(205,1,152,128,'DC2509 Baby Rabbit','','',0,0,11.880000),(206,1,152,129,'DC2509 Blue Bear','','',0,0,11.880000),(207,1,152,130,'DC2509 Blue Rabbit','','',0,0,11.880000),(208,1,152,131,'DC2509 Brown Bear','','',0,0,11.880000),(209,1,152,132,'DC2509 Celeste Rabbit','','',0,0,11.880000),(210,1,152,133,'DC2509 Joker Bear','','',0,0,11.880000),(211,1,152,134,'DC2509 Ladybird','','',0,0,11.880000),(212,1,152,135,'DC2509 Multicoloured Mouse','','',0,0,11.880000),(213,1,152,136,'DC2509 Orange Blue Bear','','',0,0,11.880000),(214,1,152,137,'DC2509 Orange Dog','','',0,0,11.880000),(215,1,152,138,'DC2509 Pink Orange Rabbit','','',0,0,11.880000),(216,1,152,139,'DC2509 Pink Rabbit','','',0,0,11.880000),(217,1,152,140,'DC2509 Sleeping Bear','','',0,0,11.880000),(218,1,152,141,'DC2509 Sleeping Mouse','','',0,0,11.880000),(219,1,172,0,'HO2515','3700349325150','',0,0,35.850000),(220,1,164,0,'HO2361','3700349323613','',0,0,37.450000),(221,1,162,0,'HO2305','3700349323057','',0,0,18.730000),(222,1,154,0,'HO1284','3700349312846','',0,0,41.840000),(223,1,163,0,'HO2316','3700349323163','',0,0,32.100000),(224,1,161,0,'HO2300','3700349323002','',0,0,16.850000),(225,1,160,0,'HO2214','3700349322142','',0,0,16.850000),(226,1,159,0,'HO2188','3700349321886','',0,0,23.540000),(227,1,168,0,'HO2434','3700349324344','',0,0,64.200000),(228,1,169,0,'HO2436','3700349324368','',0,0,85.600000),(229,1,167,0,'HO2430','3700349324306','',0,0,64.200000),(230,1,170,0,'HO2444','3700349324443','',0,0,32.100000),(231,1,171,0,'HO2505','3700349325051','',0,0,48.160000),(232,1,165,0,'HO2409','3700349324092','',0,0,26.750000),(233,1,158,0,'HO2062','3700349320629','',0,0,28.680000),(234,1,153,0,'HO1263','3700349312631','',0,0,38.520000),(235,1,155,0,'HO1285','3700349312853','',0,0,38.520000),(236,1,157,0,'HO2038','3700349325136','',0,0,52.860000),(237,1,156,0,'HO1454','3700349314543','',0,0,18.200000),(238,1,180,0,'HO2416','3700349324160','',0,0,16.050000),(239,1,181,0,'HO2417','3700349324177','',0,0,53.500000),(240,1,183,0,'HO2445','3700349324450','',0,0,57.800000),(241,1,179,0,'HO2399','3700349323996','',0,0,32.100000),(242,1,182,0,'DC2592','3700335225921','',0,0,24.620000),(243,1,184,0,'DC2680','3700335226805','',0,0,36.930000),(244,1,185,0,'DC2683','3700335226836','',0,0,36.930000),(245,1,186,142,'DC2810 Brown Rabbit','','',0,0,11.770000),(246,1,186,143,'DC2810 Blue Bear','','',0,0,11.770000),(247,1,186,144,'DC2810 Pink Bear','','',0,0,11.770000),(248,1,186,145,'DC2810 Mint Rabbit','','',0,0,11.770000),(249,1,186,146,'DC2810 Pink Rabbit','','',0,0,11.770000),(250,1,186,147,'DC2810 Purple Bear','','',0,0,11.770000),(251,1,82,0,'DC2490','3700335224900','',18,18,37.860000),(252,1,81,0,'DC2491','3700335224917','',18,18,37.860000),(253,1,132,0,'DC2792','3700335227925','',11,11,43.520000),(254,1,133,0,'DC2793','3700335227932','',11,11,43.520000),(255,1,60,0,'DC1445','3700335214451','',7,7,46.350000),(256,1,61,0,'DC2216','3700335222166','',10,10,46.350000),(257,1,74,0,'DC2795','3700335227956','',16,16,43.520000),(258,1,75,0,'DC2796','3700335227963','',16,16,43.520000),(259,1,73,0,'DC2717','3700335227178','',16,16,54.880000),(260,1,76,0,'DC2797','3700335227970','',16,16,43.520000),(261,1,39,0,'HO2432','3700349324320','',5,5,75.670000),(262,1,134,0,'DC2743','3700335227437','',3,3,45.400000),(263,1,32,0,'HO2451','3700349324511','',0,0,41.630000),(264,1,38,0,'HO2431','3700349324313','',0,0,51.110000),(265,1,146,0,'DC2614','3700335226140','',12,12,46.350000),(266,1,66,0,'DC2682','3700335226829','',2,2,43.520000),(267,1,137,0,'DC2746','3700335227468','',3,3,45.400000),(268,1,135,0,'DC2744','3700335227444','',3,3,45.400000),(269,1,136,0,'DC2745','3700335227451','',3,3,45.400000),(270,1,14,0,'DC2718','3700335227185','',2,2,54.880000),(271,1,13,0,'DC2716','3700335227161','',3,3,47.340000),(272,1,1,0,'DC1239','3700335212396','',4,4,36.730000),(273,1,8,0,'DC1238','3700335212389','',3,3,36.730000),(274,1,143,0,'DC2353','3700335223538','',3,3,35.170000),(275,1,126,0,'DC2809','3700335228090','',8,8,37.860000),(276,1,142,0,'DC2352','3700335223521','',2,2,35.170000),(277,1,96,0,'DC1321','3700335213218','',6,6,35.170000),(278,1,140,0,'DC1608','3700335216080','',3,3,35.170000),(279,1,141,0,'DC1618','3561860016183','',1,1,35.170000),(280,1,97,0,'DC1492','3700335214925','',5,5,35.170000),(281,1,99,0,'DC1563','3700335215632','',6,6,35.170000),(282,1,139,0,'DC1568','3700335215687','',4,4,35.970000),(283,1,138,0,'DC1561','3700335215618','',0,0,35.970000),(284,1,100,0,'DC1564','3700335215649','',4,4,35.170000),(285,1,9,0,'DC2701','3700335227017','',0,0,29.510000),(286,1,67,0,'DC2684','3700335226843','',0,0,66.240000),(287,1,68,0,'DC2686','3700335226867','',2,2,66.240000),(288,1,25,0,'DC2805','3700335228052','',2,2,37.860000),(289,1,69,0,'DC2685','3700335226850','',1,1,66.240000),(290,1,70,0,'DC2687','3700335226874','',8,8,66.240000),(291,1,24,0,'DC2804','3700335228045','',2,2,37.860000),(292,1,18,0,'DC1241','3700335212419','',2,2,60.540000),(293,1,58,0,'DC1060','3700335210606','',4,4,35.170000),(294,1,17,0,'DC1242','3700335212426','',2,2,60.540000),(295,1,12,0,'DC2714','3700335227147','',4,4,29.510000),(296,1,23,0,'DC2794','3700335227949','',6,6,43.520000),(297,1,149,0,'DC2635','3700335226355','',6,6,60.540000),(298,1,148,0,'DC2616','3700335226164','',6,6,48.230000),(299,1,150,115,'DC2385 Mouse','','',4,4,46.910000),(300,1,150,114,'DC2385 Peach Bear','','',4,4,35.170000),(301,1,150,113,'DC2385 Cat','','',4,4,35.170000),(302,1,150,112,'DC2385 Blue Bear','','',4,4,35.170000),(303,1,151,125,'DC2698 Mouse','','',0,0,54.880000),(304,1,151,124,'DC2698 Sheep','','',0,0,54.880000),(305,1,151,123,'DC2698 Fox','','',0,0,54.880000),(306,1,151,122,'DC2698 Cat','','',0,0,54.880000),(307,1,151,121,'DC2698 Bear','','',0,0,54.880000),(308,1,151,120,'DC2698 Rabbit','','',0,0,54.880000),(309,1,144,103,'DC2356 Lion','','',0,0,37.860000),(310,1,147,0,'DC2615','3700335226157','',4,4,67.140000),(311,1,145,107,'DC2576 Pink Mouse','','',0,0,37.860000),(312,1,144,105,'DC2356 Rabbit','','',1,1,37.860000),(313,1,144,104,'DC2356 Panda','','',0,0,37.860000),(314,1,145,106,'DC2576 Blue Rabbit','','',0,0,37.860000),(315,1,144,102,'DC2356 Elephant','','',0,0,37.860000),(316,1,26,0,'DC2808','3700335228083','',2,2,37.860000),(317,1,130,0,'DC2705','3700335227055','',4,4,54.880000),(318,1,43,0,'HO2514','3700349325143','',0,0,75.670000),(319,1,33,0,'HO2452','3700349324528','',2,2,75.670000),(320,1,31,0,'HO2513','3700349325136','',4,4,51.110000),(321,1,89,75,'DC2752 Flower Coral','','',4,4,37.860000),(322,1,89,76,'DC2752 Flower White','','',4,4,37.860000),(323,1,89,77,'DC2752 Wind Mill Beige','','',4,4,37.860000),(324,1,89,78,'DC2752 Wind Mill Blue','','',4,4,37.860000),(325,1,64,0,'DC2402','3700335224023','',0,0,87.030000),(326,1,71,0,'DC2706','3700335227062','',2,2,88.920000),(327,1,77,0,'DC2800','3700335228007','',2,2,66.240000),(328,1,78,0,'DC2801','3700335228014','',2,2,66.240000),(329,1,79,0,'DC2802','3700335228021','',2,2,66.240000),(330,1,80,0,'DC2803','3700335228038','',2,2,66.240000),(331,1,88,71,'DC2755 Blue','','',2,2,37.860000),(332,1,88,72,'DC2755 Pink','','',2,2,37.860000),(333,1,88,74,'DC2755 Ivory','','',2,2,37.860000),(334,1,88,73,'DC2755 Brown','','',2,2,37.860000),(335,1,168,0,'HO2434','3700349324344','',12,12,50.447902),(336,1,167,0,'HO2430','3700349324306','',12,12,50.447902),(337,1,183,0,'HO2445','3700349324450','',8,8,68.128241),(338,1,169,0,'HO2436','3700349324368','',1,1,100.895804),(339,1,184,0,'DC2680','3700335226805','',6,6,58.038661),(340,1,170,0,'HO2444','3700349324443','',6,6,50.447902),(341,1,185,0,'DC2683','3700335226836','',6,6,58.038661),(342,1,163,0,'HO2316','3700349323163','',3,3,50.447902),(343,1,156,0,'HO1454','3700349314543','',0,0,42.904290),(344,1,157,0,'HO2038','3700349325136','',4,4,124.611033),(345,1,158,0,'HO2062','3700349320629','',0,0,67.609618),(346,1,152,126,'DC2509 Amerindian Bear','','',4,4,28.005658),(347,1,171,0,'HO2505','3700349325051','',3,3,113.531353),(348,1,182,0,'DC2592','3700335225921','',4,4,58.038661),(349,1,154,0,'HO1284','3700349312846','',4,4,98.632720),(350,1,152,141,'DC2509 Sleeping Mouse','','',4,4,28.005658),(351,1,181,0,'HO2417','3700349324177','',4,4,126.119755),(352,1,152,134,'DC2509 Ladybird','','',4,4,28.005658),(353,1,152,132,'DC2509 Celeste Rabbit','','',4,4,28.005658),(354,1,152,131,'DC2509 Brown Bear','','',4,4,28.005658),(355,1,152,135,'DC2509 Multicoloured Mouse','','',4,4,28.005658),(356,1,152,130,'DC2509 Blue Rabbit','','',4,4,28.005658),(357,1,152,129,'DC2509 Blue Bear','','',4,4,28.005658),(358,1,152,128,'DC2509 Baby Rabbit','','',4,4,28.005658),(359,1,152,127,'DC2509 Amerindian Rabbit','','',4,4,28.005658),(360,1,152,136,'DC2509 Orange Blue Bear','','',4,4,28.005658),(361,1,152,137,'DC2509 Orange Dog','','',4,4,28.005658),(362,1,152,138,'DC2509 Pink Orange Rabbit','','',4,4,28.005658),(363,1,152,139,'DC2509 Pink Rabbit','','',4,4,28.005658),(364,1,152,140,'DC2509 Sleeping Bear','','',4,4,28.005658),(365,1,152,133,'DC2509 Joker Bear','','',4,4,28.005658),(366,1,179,0,'HO2399','3700349323996','',0,0,151.343706),(367,1,186,142,'DC2810 Brown Rabbit','','',2,2,55.492692),(368,1,186,143,'DC2810 Blue Bear','','',2,2,55.492692),(369,1,186,144,'DC2810 Pink Bear','','',2,2,55.492692),(370,1,186,145,'DC2810 Mint Rabbit','','',2,2,55.492692),(371,1,186,146,'DC2810 Pink Rabbit','','',2,2,55.492692),(372,1,186,147,'DC2810 Purple Bear','','',2,2,55.492692),(373,1,180,0,'HO2416','3700349324160','',2,2,75.671853),(374,1,159,0,'HO2188','3700349321886','',2,2,110.985384),(375,1,160,0,'HO2214','3700349322142','',0,0,79.443659),(376,1,161,0,'HO2300','3700349323002','',0,0,79.443659),(377,1,162,0,'HO2305','3700349323057','',2,2,88.307402),(378,1,164,0,'HO2361','3700349323613','',2,2,176.567657),(379,1,165,0,'HO2409','3700349324092','',0,0,126.119755),(380,1,155,0,'HO1285','3700349312853','',2,2,181.612447),(381,1,172,0,'HO2515','3700349325150','',2,2,169.024045),(382,1,153,0,'HO1263','3700349312631','',2,2,181.612447),(383,3,161,0,'HO2300','3700349323002','',1,1,79.443659),(384,3,160,0,'HO2214','3700349322142','',1,1,79.443659),(385,3,53,0,'HO2210','3700349322104','',2,2,50.000000),(386,3,54,0,'HO2216','3700349322166','',1,1,50.000000),(387,3,55,0,'HO2217','3700349322173','',1,1,50.000000),(388,3,56,0,'HO2218','3700349322180','',1,1,50.000000),(389,3,158,0,'HO2062','3700349320629','',2,2,67.609618),(390,3,40,49,'HO2332 Beige','','',2,2,50.000000),(391,3,32,0,'HO2451','3700349324511','',3,3,50.000000),(392,3,163,0,'HO2316','3700349323163','',3,3,50.447902),(393,3,35,0,'HO1058','3700349310583','',3,3,50.000000),(394,1,187,0,'DC2738','3700335227383','',1,1,49.174917),(395,1,188,0,'DC2584','3700335225846','',0,0,66.855257),(396,4,179,0,'HO2399','3700349323996','',1,1,151.343706),(397,5,165,0,'HO2409','3700349324092','',2,2,126.119755),(398,5,169,0,'HO2436','3700349324368','',2,2,100.895804),(399,5,38,0,'HO2431','3700349324313','',2,2,51.110000),(400,5,39,0,'HO2432','3700349324320','',2,2,75.670000),(401,5,67,0,'DC2684','3700335226843','',2,2,66.240000),(402,5,69,0,'DC2685','3700335226850','',2,2,66.240000),(403,5,134,0,'DC2743','3700335227437','',3,3,45.400000),(404,5,135,0,'DC2744','3700335227444','',3,3,45.400000),(405,5,136,0,'DC2745','3700335227451','',3,3,45.400000),(406,5,132,0,'DC2792','3700335227925','',4,4,43.520000),(407,5,145,107,'DC2576 Pink Mouse','','',2,2,37.860000),(408,5,145,108,'DC2576 Green Bear','','',1,1,37.860000),(409,5,145,109,'DC2576 Purple Rabbit','','',1,1,37.860000),(410,5,145,111,'DC2576 Yellow Bear','','',1,1,37.860000),(411,5,145,110,'DC2576 Red Dog','','',1,1,37.860000),(412,5,145,106,'DC2576 Blue Rabbit','','',2,2,37.860000),(413,1,189,0,'DC2794','3700335227949','',0,0,58.038661),(414,5,189,0,'DC2794','3700335227949','',4,4,58.038661),(415,5,151,120,'DC2698 Rabbit','','',1,1,54.880000),(416,5,151,121,'DC2698 Bear','','',1,1,54.880000),(417,5,151,122,'DC2698 Cat','','',1,1,54.880000),(418,5,151,124,'DC2698 Sheep','','',1,1,54.880000),(419,5,151,125,'DC2698 Mouse','','',1,1,54.880000),(420,5,151,123,'DC2698 Fox','','',1,1,54.880000),(421,5,137,0,'DC2746','3700335227468','',3,3,45.400000),(422,5,133,0,'DC2793','3700335227932','',4,4,43.520000),(423,2,33,0,'HO2452','3700349324528','',1,1,75.670000),(424,2,156,0,'HO1454','3700349314543','',2,2,42.904290),(425,1,190,0,'DC1239','3700335212396','',4,4,48.939180),(426,1,95,0,'DC2146','3700335221466','',3,3,61.527581),(427,1,192,0,'HO2146','3700349321466','',3,3,37.859500),(428,1,32,0,'HO2451','3700349324511','',3,3,55.492692),(429,1,38,0,'HO2431','3700349324313','',2,2,14.450000),(430,1,193,0,'DC2684','3700335226843','',1,1,66.242339);

--
-- Table structure for table `ps_stock_available`
--

CREATE TABLE `ps_stock_available` (
  `id_stock_available` int(11) unsigned NOT NULL AUTO_INCREMENT,
  `id_product` int(11) unsigned NOT NULL,
  `id_product_attribute` int(11) unsigned NOT NULL,
  `id_shop` int(11) unsigned NOT NULL,
  `id_shop_group` int(11) unsigned NOT NULL,
  `quantity` int(10) NOT NULL DEFAULT '0',
  `depends_on_stock` tinyint(1) unsigned NOT NULL DEFAULT '0',
  `out_of_stock` tinyint(1) unsigned NOT NULL DEFAULT '0',
  PRIMARY KEY (`id_stock_available`),
  UNIQUE KEY `product_sqlstock` (`id_product`,`id_product_attribute`,`id_shop`,`id_shop_group`),
  KEY `id_shop` (`id_shop`),
  KEY `id_shop_group` (`id_shop_group`),
  KEY `id_product` (`id_product`),
  KEY `id_product_attribute` (`id_product_attribute`)
) ENGINE=InnoDB AUTO_INCREMENT=357 DEFAULT CHARSET=utf8;

--
-- Dumping data for table `ps_stock_available`
--

INSERT INTO `ps_stock_available` (`id_stock_available`, `id_product`, `id_product_attribute`, `id_shop`, `id_shop_group`, `quantity`, `depends_on_stock`, `out_of_stock`) VALUES (53,8,0,1,0,3,1,1),(54,2,0,1,0,0,0,0),(55,3,0,1,0,0,0,0),(56,4,0,1,0,0,0,0),(57,5,0,1,0,0,0,0),(58,6,0,1,0,0,0,0),(59,7,0,1,0,0,0,0),(60,9,0,1,0,0,1,1),(63,12,0,1,0,4,1,1),(64,13,0,1,0,3,1,1),(65,14,0,1,0,2,1,1),(67,16,0,1,0,3,1,2),(68,17,0,1,0,2,1,1),(69,18,0,1,0,2,1,1),(71,20,0,1,0,0,1,2),(75,24,0,1,0,2,1,1),(76,25,0,1,0,2,1,1),(77,26,0,1,0,2,1,2),(83,29,0,1,0,3,1,2),(85,31,0,1,0,4,1,1),(86,32,0,1,0,6,1,1),(87,33,0,1,0,4,1,1),(88,34,0,1,0,0,1,2),(89,35,0,1,0,3,1,2),(90,36,0,1,0,2,1,2),(91,37,0,1,0,8,1,2),(92,38,0,1,0,6,1,1),(93,39,0,1,0,7,1,1),(94,40,0,1,0,3,1,2),(95,40,49,1,0,2,0,2),(96,41,0,1,0,5,1,2),(97,42,0,1,0,2,1,2),(98,43,0,1,0,0,1,1),(99,44,0,1,0,0,1,2),(100,45,0,1,0,0,1,2),(101,46,0,1,0,2,1,2),(102,47,0,1,0,1,1,2),(103,48,0,1,0,4,1,2),(104,49,0,1,0,0,1,2),(105,50,0,1,0,3,1,2),(106,51,0,1,0,4,1,2),(107,52,0,1,0,0,1,2),(108,53,0,1,0,2,1,2),(109,54,0,1,0,1,1,2),(110,55,0,1,0,1,1,2),(111,56,0,1,0,1,1,2),(112,57,0,1,0,2,1,2),(113,58,0,1,0,4,1,1),(114,59,0,1,0,5,1,2),(115,60,0,1,0,7,1,1),(116,61,0,1,0,10,1,1),(117,62,0,1,0,4,1,2),(118,63,0,1,0,2,1,2),(119,64,0,1,0,0,1,1),(120,65,0,1,0,4,1,2),(121,66,0,1,0,2,1,1),(123,68,0,1,0,2,1,1),(124,69,0,1,0,3,1,1),(125,70,0,1,0,10,1,1),(126,71,0,1,0,3,1,1),(127,72,0,1,0,4,1,2),(128,73,0,1,0,16,1,1),(129,74,0,1,0,16,1,1),(130,75,0,1,0,16,1,1),(131,76,0,1,0,16,1,1),(132,77,0,1,0,3,1,1),(133,78,0,1,0,2,1,1),(134,79,0,1,0,3,1,1),(135,80,0,1,0,3,1,1),(136,81,0,1,0,18,1,1),(137,82,0,1,0,18,1,1),(138,83,0,1,0,12,1,2),(139,40,50,1,0,1,0,2),(140,83,51,1,0,3,0,2),(141,83,52,1,0,3,0,2),(142,83,53,1,0,3,0,2),(143,83,54,1,0,3,0,2),(144,84,0,1,0,12,1,2),(149,84,59,1,0,3,0,2),(150,84,60,1,0,3,0,2),(151,84,61,1,0,3,0,2),(152,84,62,1,0,3,0,2),(153,85,0,1,0,12,1,2),(158,85,67,1,0,3,0,2),(159,85,68,1,0,3,0,2),(160,85,69,1,0,3,0,2),(161,85,70,1,0,3,0,2),(162,86,0,1,0,4,1,2),(163,87,0,1,0,4,1,2),(164,88,0,1,0,8,1,1),(165,88,71,1,0,2,0,1),(166,88,72,1,0,2,0,1),(167,88,73,1,0,2,0,1),(168,88,74,1,0,2,1,1),(169,89,0,1,0,16,1,1),(170,89,75,1,0,4,0,1),(171,89,76,1,0,4,0,1),(172,89,77,1,0,4,0,1),(173,89,78,1,0,4,0,1),(174,90,0,1,0,6,1,2),(175,90,79,1,0,1,0,2),(176,90,80,1,0,1,0,2),(177,90,81,1,0,1,0,2),(178,90,82,1,0,1,0,2),(179,90,83,1,0,1,0,2),(180,90,84,1,0,1,0,2),(181,91,0,1,0,4,1,2),(182,92,0,1,0,4,1,2),(183,93,0,1,0,4,1,2),(184,94,0,1,0,4,1,2),(185,95,0,1,0,3,1,2),(186,96,0,1,0,6,1,1),(187,97,0,1,0,5,1,1),(188,98,0,1,0,6,1,2),(189,99,0,1,0,6,1,1),(190,100,0,1,0,4,1,1),(191,101,0,1,0,0,1,2),(192,102,0,1,0,0,1,2),(193,102,85,1,0,0,0,2),(194,102,86,1,0,0,0,2),(195,102,87,1,0,0,0,2),(196,102,88,1,0,0,0,2),(197,102,89,1,0,0,0,2),(198,102,90,1,0,0,0,2),(199,102,91,1,0,0,0,2),(200,102,92,1,0,0,0,2),(201,103,0,1,0,4,1,2),(211,104,0,1,0,0,0,0),(212,105,0,1,0,6,1,2),(213,106,0,1,0,8,1,2),(214,107,0,1,0,8,1,2),(215,108,0,1,0,8,1,2),(216,109,0,1,0,8,1,2),(217,110,0,1,0,3,1,2),(218,111,0,1,0,3,1,2),(219,112,0,1,0,3,1,2),(220,113,0,1,0,3,1,2),(221,114,0,1,0,6,1,2),(222,115,0,1,0,3,1,2),(223,116,0,1,0,3,1,2),(224,117,0,1,0,5,1,2),(225,118,0,1,0,4,1,2),(226,119,0,1,0,4,1,2),(227,120,0,1,0,3,1,2),(228,121,0,1,0,4,1,2),(229,122,0,1,0,3,1,2),(230,123,0,1,0,2,1,2),(231,124,0,1,0,3,1,2),(232,125,0,1,0,12,1,2),(233,125,93,1,0,2,1,2),(234,125,94,1,0,2,1,2),(235,125,95,1,0,2,1,2),(236,125,96,1,0,2,1,2),(237,125,97,1,0,2,1,2),(238,125,98,1,0,2,1,2),(239,126,0,1,0,10,1,1),(240,127,0,1,0,2,1,2),(241,128,0,1,0,0,1,2),(242,129,0,1,0,1,1,2),(243,130,0,1,0,6,1,1),(244,131,0,1,0,6,1,1),(245,131,99,1,0,2,0,1),(246,131,100,1,0,2,0,1),(247,131,101,1,0,2,0,1),(248,28,0,1,0,0,0,0),(249,132,0,1,0,15,1,1),(250,133,0,1,0,15,1,1),(251,134,0,1,0,6,1,1),(252,135,0,1,0,6,1,1),(253,136,0,1,0,6,1,1),(254,137,0,1,0,6,1,1),(255,138,0,1,0,0,1,1),(256,139,0,1,0,4,1,1),(257,140,0,1,0,3,1,1),(258,141,0,1,0,1,1,1),(259,142,0,1,0,2,1,1),(260,143,0,1,0,3,1,1),(261,144,0,1,0,1,1,1),(262,144,102,1,0,0,0,1),(263,144,103,1,0,0,0,1),(264,144,104,1,0,0,0,1),(265,144,105,1,0,1,0,1),(266,145,0,1,0,8,1,1),(267,145,106,1,0,2,0,1),(268,145,107,1,0,2,0,1),(269,145,108,1,0,1,0,1),(270,145,109,1,0,1,0,1),(271,145,110,1,0,1,0,1),(272,145,111,1,0,1,0,1),(273,146,0,1,0,12,1,1),(274,147,0,1,0,4,1,1),(275,148,0,1,0,6,1,1),(276,149,0,1,0,6,1,1),(277,150,0,1,0,16,1,1),(278,150,112,1,0,4,1,1),(279,150,113,1,0,4,1,1),(280,150,114,1,0,4,1,1),(281,150,115,1,0,4,1,1),(286,151,0,1,0,6,1,1),(287,151,120,1,0,1,1,1),(288,151,121,1,0,1,1,1),(289,151,122,1,0,1,1,1),(290,151,123,1,0,1,1,1),(291,151,124,1,0,1,1,1),(292,151,125,1,0,1,1,1),(293,152,0,1,0,64,1,1),(294,152,126,1,0,4,1,1),(295,152,127,1,0,4,1,1),(296,152,128,1,0,4,1,1),(297,152,129,1,0,4,1,1),(298,152,130,1,0,4,1,1),(299,152,131,1,0,4,1,1),(300,152,132,1,0,4,1,1),(301,152,133,1,0,4,1,1),(302,152,134,1,0,4,1,1),(303,152,135,1,0,4,1,1),(304,152,136,1,0,4,1,1),(305,152,137,1,0,4,1,1),(306,152,138,1,0,4,1,1),(307,152,139,1,0,4,1,1),(308,152,140,1,0,4,1,1),(309,152,141,1,0,4,1,1),(310,153,0,1,0,2,1,1),(311,154,0,1,0,4,1,1),(312,155,0,1,0,2,1,1),(313,156,0,1,0,2,1,1),(314,157,0,1,0,4,1,1),(315,158,0,1,0,2,1,1),(316,159,0,1,0,2,1,1),(317,160,0,1,0,1,1,1),(318,161,0,1,0,1,1,1),(319,162,0,1,0,2,1,1),(320,163,0,1,0,6,1,1),(321,164,0,1,0,2,1,1),(322,165,0,1,0,2,1,1),(324,167,0,1,0,12,1,1),(325,168,0,1,0,12,1,1),(326,169,0,1,0,3,1,1),(327,170,0,1,0,6,1,1),(328,171,0,1,0,3,1,1),(329,172,0,1,0,2,1,1),(330,173,0,1,0,0,1,1),(331,174,0,1,0,0,1,1),(332,175,0,1,0,0,1,1),(333,176,0,1,0,0,1,1),(334,177,0,1,0,0,1,1),(335,178,0,1,0,0,1,1),(336,179,0,1,0,1,1,1),(337,180,0,1,0,2,1,1),(338,181,0,1,0,4,1,1),(339,182,0,1,0,4,1,1),(340,183,0,1,0,8,1,1),(341,184,0,1,0,6,1,1),(342,185,0,1,0,6,1,1),(343,186,0,1,0,12,1,1),(344,186,142,1,0,2,1,1),(345,186,143,1,0,2,1,1),(346,186,144,1,0,2,1,1),(347,186,145,1,0,2,1,1),(348,186,146,1,0,2,1,1),(349,186,147,1,0,2,1,1),(350,187,0,1,0,1,1,1),(351,188,0,1,0,0,1,1),(352,189,0,1,0,4,1,1),(353,190,0,1,0,4,1,1),(354,191,0,1,0,0,1,1),(355,192,0,1,0,3,1,1),(356,193,0,1,0,1,1,1);

--
-- Table structure for table `ps_stock_image`
--

CREATE TABLE `ps_stock_image` (
  `id_stock_image` int(11) NOT NULL AUTO_INCREMENT,
  `name` varchar(50) NOT NULL,
  `date_add` datetime NOT NULL,
  `type_stock` int(11) NOT NULL,
  PRIMARY KEY (`id_stock_image`)
) ENGINE=InnoDB DEFAULT CHARSET=latin1;

--
-- Dumping data for table `ps_stock_image`
--


--
-- Table structure for table `ps_stock_image_content`
--

CREATE TABLE `ps_stock_image_content` (
  `id_stock_image_content` int(11) NOT NULL AUTO_INCREMENT,
  `id_product` int(11) NOT NULL,
  `id_product_attribute` int(11) NOT NULL,
  `id_stock_image` int(11) NOT NULL,
  `wholesale_price` int(11) NOT NULL,
  `price_te` int(11) NOT NULL,
  `valuation` varchar(10) NOT NULL,
  `quantity` int(11) DEFAULT NULL,
  `physical_quantity` int(11) DEFAULT NULL,
  `usable_quantity` int(11) DEFAULT NULL,
  `real_quantity` int(11) DEFAULT NULL,
  `location` varchar(250) DEFAULT NULL,
  PRIMARY KEY (`id_stock_image_content`)
) ENGINE=InnoDB DEFAULT CHARSET=latin1;

--
-- Dumping data for table `ps_stock_image_content`
--


--
-- Table structure for table `ps_stock_mvt`
--

CREATE TABLE `ps_stock_mvt` (
  `id_stock_mvt` bigint(20) unsigned NOT NULL AUTO_INCREMENT,
  `id_stock` int(11) unsigned NOT NULL,
  `id_order` int(11) unsigned DEFAULT NULL,
  `id_supply_order` int(11) unsigned DEFAULT NULL,
  `id_stock_mvt_reason` int(11) unsigned NOT NULL,
  `id_employee` int(11) unsigned NOT NULL,
  `employee_lastname` varchar(32) DEFAULT '',
  `employee_firstname` varchar(32) DEFAULT '',
  `physical_quantity` int(11) unsigned NOT NULL,
  `date_add` datetime NOT NULL,
  `sign` tinyint(1) NOT NULL DEFAULT '1',
  `price_te` decimal(20,6) DEFAULT '0.000000',
  `last_wa` decimal(20,6) DEFAULT '0.000000',
  `current_wa` decimal(20,6) DEFAULT '0.000000',
  `referer` bigint(20) unsigned DEFAULT NULL,
  PRIMARY KEY (`id_stock_mvt`),
  KEY `id_stock` (`id_stock`),
  KEY `id_stock_mvt_reason` (`id_stock_mvt_reason`)
) ENGINE=InnoDB AUTO_INCREMENT=750 DEFAULT CHARSET=utf8;

--
-- Dumping data for table `ps_stock_mvt`
--

INSERT INTO `ps_stock_mvt` (`id_stock_mvt`, `id_stock`, `id_order`, `id_supply_order`, `id_stock_mvt_reason`, `id_employee`, `employee_lastname`, `employee_firstname`, `physical_quantity`, `date_add`, `sign`, `price_te`, `last_wa`, `current_wa`, `referer`) VALUES (1,1,0,0,1,1,'Perrocheau','Olivier',3,'2015-09-05 05:38:43',1,50.000000,0.000000,0.000000,0),(2,2,0,0,1,1,'Perrocheau','Olivier',3,'2015-09-05 05:39:13',1,50.000000,0.000000,0.000000,0),(3,3,0,0,1,1,'Perrocheau','Olivier',4,'2015-09-05 05:40:23',1,50.000000,0.000000,0.000000,0),(4,4,0,0,1,1,'Perrocheau','Olivier',6,'2015-09-05 05:40:51',1,50.000000,0.000000,0.000000,0),(5,5,0,0,1,1,'Perrocheau','Olivier',6,'2015-09-05 05:41:21',1,50.000000,0.000000,0.000000,0),(6,6,0,0,1,1,'Perrocheau','Olivier',4,'2015-09-05 05:42:16',1,50.000000,0.000000,0.000000,0),(7,7,0,0,1,1,'Perrocheau','Olivier',6,'2015-09-05 05:43:07',1,50.000000,0.000000,0.000000,0),(8,8,0,0,1,1,'Perrocheau','Olivier',2,'2015-09-05 05:43:50',1,50.000000,0.000000,0.000000,0),(9,9,0,0,1,1,'Perrocheau','Olivier',6,'2015-09-05 05:44:30',1,50.000000,0.000000,0.000000,0),(10,10,0,0,1,1,'Perrocheau','Olivier',6,'2015-09-05 05:45:13',1,50.000000,0.000000,0.000000,0),(11,11,0,0,1,1,'Perrocheau','Olivier',4,'2015-09-05 05:45:54',1,50.000000,0.000000,0.000000,0),(12,12,0,0,1,1,'Perrocheau','Olivier',4,'2015-09-05 05:46:27',1,50.000000,0.000000,0.000000,0),(13,13,0,0,1,1,'Perrocheau','Olivier',6,'2015-09-05 05:47:01',1,50.000000,0.000000,0.000000,0),(14,14,0,0,1,1,'Perrocheau','Olivier',8,'2015-09-05 05:47:38',1,4.000000,0.000000,0.000000,0),(15,15,0,0,1,1,'Perrocheau','Olivier',8,'2015-09-05 05:48:17',1,50.000000,0.000000,0.000000,0),(16,16,0,0,1,1,'Perrocheau','Olivier',8,'2015-09-05 05:48:46',1,50.000000,0.000000,0.000000,0),(17,17,0,0,1,1,'Perrocheau','Olivier',8,'2015-09-05 05:49:16',1,50.000000,0.000000,0.000000,0),(18,18,0,0,1,1,'Perrocheau','Olivier',2,'2015-09-05 05:50:01',1,50.000000,0.000000,0.000000,0),(19,19,0,0,1,1,'Perrocheau','Olivier',2,'2015-09-05 05:50:43',1,50.000000,0.000000,0.000000,0),(20,20,0,0,1,1,'Perrocheau','Olivier',2,'2015-09-05 05:51:26',1,50.000000,0.000000,0.000000,0),(21,21,0,0,1,1,'Perrocheau','Olivier',2,'2015-09-05 05:52:01',1,50.000000,0.000000,0.000000,0),(22,22,0,0,1,1,'Perrocheau','Olivier',4,'2015-09-05 05:53:46',1,50.000000,0.000000,0.000000,0),(23,23,0,0,1,1,'Perrocheau','Olivier',8,'2015-09-05 05:54:37',1,50.000000,0.000000,0.000000,0),(24,24,0,0,1,1,'Perrocheau','Olivier',8,'2015-09-05 05:55:18',1,50.000000,0.000000,0.000000,0),(25,25,0,0,1,1,'Perrocheau','Olivier',6,'2015-09-05 05:56:33',1,50.000000,0.000000,0.000000,0),(26,26,0,0,1,1,'Perrocheau','Olivier',6,'2015-09-05 05:57:02',1,50.000000,0.000000,0.000000,0),(27,27,0,0,1,1,'Perrocheau','Olivier',6,'2015-09-05 05:57:37',1,6.000000,0.000000,0.000000,0),(28,28,0,0,1,1,'Perrocheau','Olivier',9,'2015-09-05 05:58:15',1,50.000000,0.000000,0.000000,0),(29,29,0,0,1,1,'Perrocheau','Olivier',9,'2015-09-05 05:59:06',1,50.000000,0.000000,0.000000,0),(30,30,0,0,1,1,'Perrocheau','Olivier',2,'2015-09-05 05:59:46',1,50.000000,0.000000,0.000000,0),(31,31,0,0,1,1,'Perrocheau','Olivier',6,'2015-09-05 06:00:25',1,50.000000,0.000000,0.000000,0),(32,32,0,0,1,1,'Perrocheau','Olivier',2,'2015-09-05 06:00:58',1,50.000000,0.000000,0.000000,0),(33,33,0,0,1,1,'Perrocheau','Olivier',1,'2015-09-05 06:01:33',1,50.000000,0.000000,0.000000,0),(34,34,0,0,1,1,'Perrocheau','Olivier',3,'2015-09-05 06:02:17',1,50.000000,0.000000,0.000000,0),(35,35,0,0,1,1,'Perrocheau','Olivier',2,'2015-09-05 06:02:49',1,50.000000,0.000000,0.000000,0),(36,36,0,0,1,1,'Perrocheau','Olivier',9,'2015-09-05 06:03:31',1,50.000000,0.000000,0.000000,0),(37,37,0,0,1,1,'Perrocheau','Olivier',2,'2015-09-05 06:04:16',1,50.000000,0.000000,0.000000,0),(38,38,0,0,1,1,'Perrocheau','Olivier',1,'2015-09-05 06:04:42',1,50.000000,0.000000,0.000000,0),(39,39,0,0,1,1,'Perrocheau','Olivier',2,'2015-09-05 06:05:31',1,50.000000,0.000000,0.000000,0),(40,40,0,0,1,1,'Perrocheau','Olivier',2,'2015-09-05 06:06:03',1,50.000000,0.000000,0.000000,0),(41,41,0,0,1,1,'Perrocheau','Olivier',8,'2015-09-05 06:07:07',1,50.000000,0.000000,0.000000,0),(42,42,0,0,1,1,'Perrocheau','Olivier',4,'2015-09-05 06:07:33',1,50.000000,0.000000,0.000000,0),(43,43,0,0,1,1,'Perrocheau','Olivier',2,'2015-09-05 06:10:24',1,50.000000,0.000000,0.000000,0),(44,44,0,0,1,1,'Perrocheau','Olivier',1,'2015-09-05 06:11:07',1,50.000000,0.000000,0.000000,0),(45,45,0,0,1,1,'Perrocheau','Olivier',2,'2015-09-05 06:11:36',1,50.000000,0.000000,0.000000,0),(46,46,0,0,1,1,'Perrocheau','Olivier',2,'2015-09-05 06:12:21',1,50.000000,0.000000,0.000000,0),(47,47,0,0,1,1,'Perrocheau','Olivier',2,'2015-09-05 06:13:09',1,50.000000,0.000000,0.000000,0),(48,48,0,0,1,1,'Perrocheau','Olivier',4,'2015-09-05 09:50:03',1,50.000000,0.000000,0.000000,0),(49,49,0,0,1,1,'Perrocheau','Olivier',4,'2015-09-05 09:50:49',1,50.000000,0.000000,0.000000,0),(50,50,0,0,1,1,'Perrocheau','Olivier',4,'2015-09-05 09:51:50',1,50.000000,0.000000,0.000000,0),(51,51,0,0,1,1,'Perrocheau','Olivier',4,'2015-09-05 09:53:16',1,50.000000,0.000000,0.000000,0),(52,52,0,0,1,1,'Perrocheau','Olivier',4,'2015-09-05 09:53:46',1,50.000000,0.000000,0.000000,0),(53,53,0,0,1,1,'Perrocheau','Olivier',2,'2015-09-05 09:54:26',1,50.000000,0.000000,0.000000,0),(54,54,0,0,1,1,'Perrocheau','Olivier',1,'2015-09-05 09:55:04',1,50.000000,0.000000,0.000000,0),(55,55,0,0,1,1,'Perrocheau','Olivier',1,'2015-09-05 09:55:38',1,50.000000,0.000000,0.000000,0),(56,56,0,0,1,1,'Perrocheau','Olivier',1,'2015-09-05 09:56:09',1,50.000000,0.000000,0.000000,0),(57,57,0,0,1,1,'Perrocheau','Olivier',6,'2015-09-05 09:58:34',1,50.000000,0.000000,0.000000,0),(58,58,0,0,1,1,'Perrocheau','Olivier',6,'2015-09-05 10:01:23',1,50.000000,0.000000,0.000000,0),(59,59,0,0,1,1,'Perrocheau','Olivier',8,'2015-09-05 10:02:09',1,50.000000,0.000000,0.000000,0),(60,60,0,0,1,1,'Perrocheau','Olivier',4,'2015-09-05 10:03:15',1,50.000000,0.000000,0.000000,0),(61,61,0,0,1,1,'Perrocheau','Olivier',2,'2015-09-05 10:03:53',1,50.000000,0.000000,0.000000,0),(62,62,0,0,1,1,'Perrocheau','Olivier',6,'2015-09-05 10:04:44',1,50.000000,0.000000,0.000000,0),(63,63,0,0,1,1,'Perrocheau','Olivier',3,'2015-09-05 10:05:28',1,50.000000,0.000000,0.000000,0),(64,64,0,0,1,1,'Perrocheau','Olivier',2,'2015-09-05 10:06:10',1,50.000000,0.000000,0.000000,0),(65,65,0,0,1,1,'Perrocheau','Olivier',2,'2015-09-05 10:06:51',1,50.000000,0.000000,0.000000,0),(66,65,0,0,1,1,'Perrocheau','Olivier',4,'2015-09-05 10:09:06',1,50.000000,0.000000,0.000000,0),(67,66,0,0,1,1,'Perrocheau','Olivier',2,'2015-09-05 10:09:46',1,50.000000,0.000000,0.000000,0),(68,67,0,0,1,1,'Perrocheau','Olivier',2,'2015-09-05 10:10:32',1,50.000000,0.000000,0.000000,0),(69,68,0,0,1,1,'Perrocheau','Olivier',2,'2015-09-05 10:11:16',1,50.000000,0.000000,0.000000,0),(70,69,0,0,1,1,'Perrocheau','Olivier',4,'2015-09-05 10:11:54',1,50.000000,0.000000,0.000000,0),(71,70,0,0,1,1,'Perrocheau','Olivier',4,'2015-09-05 10:12:32',1,50.000000,0.000000,0.000000,0),(72,71,0,0,1,1,'Perrocheau','Olivier',4,'2015-09-05 10:14:49',1,50.000000,0.000000,0.000000,0),(73,72,0,0,1,1,'Perrocheau','Olivier',4,'2015-09-05 10:15:26',1,50.000000,0.000000,0.000000,0),(74,73,0,0,1,1,'Perrocheau','Olivier',4,'2015-09-05 10:16:10',1,50.000000,0.000000,0.000000,0),(75,74,0,0,1,1,'Perrocheau','Olivier',1,'2015-09-05 10:16:47',1,50.000000,0.000000,0.000000,0),(76,75,0,0,1,1,'Perrocheau','Olivier',1,'2015-09-05 10:17:18',1,50.000000,0.000000,0.000000,0),(77,76,0,0,1,1,'Perrocheau','Olivier',1,'2015-09-05 10:18:06',1,50.000000,0.000000,0.000000,0),(78,77,0,0,1,1,'Perrocheau','Olivier',1,'2015-09-05 10:19:00',1,50.000000,0.000000,0.000000,0),(79,78,0,0,1,1,'Perrocheau','Olivier',6,'2015-09-05 10:20:04',1,10.000000,0.000000,0.000000,0),(80,79,0,0,1,1,'Perrocheau','Olivier',6,'2015-09-05 10:20:34',1,10.000000,0.000000,0.000000,0),(81,80,0,0,1,1,'Perrocheau','Olivier',3,'2015-09-05 10:21:23',1,10.000000,0.000000,0.000000,0),(82,81,0,0,1,1,'Perrocheau','Olivier',3,'2015-09-05 10:23:11',1,10.000000,0.000000,0.000000,0),(83,82,0,0,1,1,'Perrocheau','Olivier',3,'2015-09-05 10:23:46',1,10.000000,0.000000,0.000000,0),(84,83,0,0,1,1,'Perrocheau','Olivier',3,'2015-09-05 10:24:29',1,10.000000,0.000000,0.000000,0),(85,84,0,0,1,1,'Perrocheau','Olivier',3,'2015-09-05 10:25:44',1,10.000000,0.000000,0.000000,0),(86,85,0,0,1,1,'Perrocheau','Olivier',3,'2015-09-05 10:26:19',1,10.000000,0.000000,0.000000,0),(87,86,0,0,1,1,'Perrocheau','Olivier',3,'2015-09-05 10:26:58',1,10.000000,0.000000,0.000000,0),(88,87,0,0,1,1,'Perrocheau','Olivier',3,'2015-09-05 10:27:38',1,10.000000,0.000000,0.000000,0),(89,88,0,0,1,1,'Perrocheau','Olivier',3,'2015-09-05 10:28:13',1,10.000000,0.000000,0.000000,0),(90,89,0,0,1,1,'Perrocheau','Olivier',3,'2015-09-05 10:28:46',1,10.000000,0.000000,0.000000,0),(91,90,0,0,1,1,'Perrocheau','Olivier',3,'2015-09-05 10:29:39',1,10.000000,0.000000,0.000000,0),(92,91,0,0,1,1,'Perrocheau','Olivier',3,'2015-09-05 10:30:18',1,10.000000,0.000000,0.000000,0),(93,92,0,0,1,1,'Perrocheau','Olivier',4,'2015-09-05 10:31:13',1,50.000000,0.000000,0.000000,0),(94,93,0,0,1,1,'Perrocheau','Olivier',4,'2015-09-05 10:31:50',1,50.000000,0.000000,0.000000,0),(95,94,0,0,1,1,'Perrocheau','Olivier',1,'2015-09-05 10:32:35',1,50.000000,0.000000,0.000000,0),(96,95,0,0,1,1,'Perrocheau','Olivier',1,'2015-09-05 10:33:22',1,50.000000,0.000000,0.000000,0),(97,96,0,0,1,1,'Perrocheau','Olivier',1,'2015-09-05 10:35:52',1,50.000000,0.000000,0.000000,0),(98,97,0,0,1,1,'Perrocheau','Olivier',1,'2015-09-05 10:36:37',1,50.000000,0.000000,0.000000,0),(99,98,0,0,1,1,'Perrocheau','Olivier',1,'2015-09-05 10:37:16',1,50.000000,0.000000,0.000000,0),(100,99,0,0,1,1,'Perrocheau','Olivier',1,'2015-09-05 10:38:24',1,50.000000,0.000000,0.000000,0),(101,100,0,0,1,1,'Perrocheau','Olivier',1,'2015-09-05 10:39:35',1,50.000000,0.000000,0.000000,0),(102,101,0,0,1,1,'Perrocheau','Olivier',1,'2015-09-05 10:40:06',1,50.000000,0.000000,0.000000,0),(103,102,0,0,1,1,'Perrocheau','Olivier',1,'2015-09-05 10:40:40',1,50.000000,0.000000,0.000000,0),(104,103,0,0,1,1,'Perrocheau','Olivier',1,'2015-09-05 10:41:50',1,50.000000,0.000000,0.000000,0),(105,104,0,0,1,1,'Perrocheau','Olivier',1,'2015-09-05 10:42:34',1,50.000000,0.000000,0.000000,0),(106,105,0,0,1,1,'Perrocheau','Olivier',1,'2015-09-05 10:43:14',1,50.000000,0.000000,0.000000,0),(107,106,0,0,1,1,'Perrocheau','Olivier',1,'2015-09-05 10:44:00',1,50.000000,0.000000,0.000000,0),(108,107,0,0,1,1,'Perrocheau','Olivier',1,'2015-09-05 10:44:56',1,50.000000,0.000000,0.000000,0),(109,108,0,0,1,1,'Perrocheau','Olivier',4,'2015-09-05 10:45:59',1,50.000000,0.000000,0.000000,0),(110,109,0,0,1,1,'Perrocheau','Olivier',4,'2015-09-05 10:46:52',1,50.000000,0.000000,0.000000,0),(111,110,0,0,1,1,'Perrocheau','Olivier',4,'2015-09-05 10:48:16',1,50.000000,0.000000,0.000000,0),(112,111,0,0,1,1,'Perrocheau','Olivier',4,'2015-09-05 10:48:56',1,50.000000,0.000000,0.000000,0),(113,112,0,0,1,1,'Perrocheau','Olivier',3,'2015-09-05 10:49:49',1,50.000000,0.000000,0.000000,0),(114,113,0,0,1,1,'Perrocheau','Olivier',8,'2015-09-05 10:50:49',1,50.000000,0.000000,0.000000,0),(115,114,0,0,1,1,'Perrocheau','Olivier',8,'2015-09-05 10:51:16',1,50.000000,0.000000,0.000000,0),(116,115,0,0,1,1,'Perrocheau','Olivier',8,'2015-09-05 10:51:48',1,50.000000,0.000000,0.000000,0),(117,116,0,0,1,1,'Perrocheau','Olivier',8,'2015-09-05 10:52:27',1,50.000000,0.000000,0.000000,0),(118,117,0,0,1,1,'Perrocheau','Olivier',8,'2015-09-05 10:53:04',1,50.000000,0.000000,0.000000,0),(119,118,0,0,1,1,'Perrocheau','Olivier',8,'2015-09-05 10:53:53',1,50.000000,0.000000,0.000000,0),(120,119,0,0,1,1,'Perrocheau','Olivier',1,'2015-09-05 10:58:53',1,50.000000,0.000000,0.000000,0),(121,120,0,0,1,1,'Perrocheau','Olivier',1,'2015-09-05 10:59:34',1,50.000000,0.000000,0.000000,0),(122,121,0,0,1,1,'Perrocheau','Olivier',1,'2015-09-05 11:00:15',1,50.000000,0.000000,0.000000,0),(123,122,0,0,1,1,'Perrocheau','Olivier',1,'2015-09-05 11:00:56',1,50.000000,0.000000,0.000000,0),(124,123,0,0,1,1,'Perrocheau','Olivier',1,'2015-09-05 11:01:37',1,50.000000,0.000000,0.000000,0),(125,124,0,0,1,1,'Perrocheau','Olivier',1,'2015-09-05 11:02:21',1,50.000000,0.000000,0.000000,0),(126,125,0,0,1,1,'Perrocheau','Olivier',1,'2015-09-05 11:02:59',1,50.000000,0.000000,0.000000,0),(127,126,0,0,1,1,'Perrocheau','Olivier',1,'2015-09-05 11:03:41',1,50.000000,0.000000,0.000000,0),(128,127,0,0,1,1,'Perrocheau','Olivier',4,'2015-09-05 11:05:08',1,50.000000,0.000000,0.000000,0),(129,128,0,0,1,1,'Perrocheau','Olivier',8,'2015-09-05 11:06:20',1,50.000000,0.000000,0.000000,0),(130,129,0,0,1,1,'Perrocheau','Olivier',8,'2015-09-05 11:06:59',1,50.000000,0.000000,0.000000,0),(131,130,0,0,1,1,'Perrocheau','Olivier',8,'2015-09-05 11:07:41',1,50.000000,0.000000,0.000000,0),(132,131,0,0,1,1,'Perrocheau','Olivier',8,'2015-09-05 11:08:54',1,50.000000,0.000000,0.000000,0),(133,132,0,0,1,1,'Perrocheau','Olivier',8,'2015-09-05 11:09:39',1,50.000000,0.000000,0.000000,0),(134,133,0,0,1,1,'Perrocheau','Olivier',3,'2015-09-05 11:10:08',1,50.000000,0.000000,0.000000,0),(135,134,0,0,1,1,'Perrocheau','Olivier',3,'2015-09-05 11:10:32',1,50.000000,0.000000,0.000000,0),(136,135,0,0,1,1,'Perrocheau','Olivier',3,'2015-09-05 11:11:06',1,50.000000,0.000000,0.000000,0),(137,136,0,0,1,1,'Perrocheau','Olivier',3,'2015-09-05 11:11:53',1,50.000000,0.000000,0.000000,0),(138,137,0,0,1,1,'Perrocheau','Olivier',6,'2015-09-05 11:12:32',1,50.000000,0.000000,0.000000,0),(139,138,0,0,1,1,'Perrocheau','Olivier',6,'2015-09-05 11:13:05',1,50.000000,0.000000,0.000000,0),(140,139,0,0,1,1,'Perrocheau','Olivier',6,'2015-09-05 11:13:32',1,50.000000,0.000000,0.000000,0),(141,140,0,0,1,1,'Perrocheau','Olivier',6,'2015-09-05 11:14:12',1,50.000000,0.000000,0.000000,0),(142,141,0,0,1,1,'Perrocheau','Olivier',4,'2015-09-06 18:23:30',1,50.000000,0.000000,0.000000,0),(143,142,0,0,1,1,'Perrocheau','Olivier',4,'2015-09-06 18:40:15',1,50.000000,0.000000,0.000000,0),(144,143,0,0,1,1,'Perrocheau','Olivier',4,'2015-09-06 18:57:11',1,50.000000,0.000000,0.000000,0),(145,143,0,0,1,1,'Perrocheau','Olivier',2,'2015-09-06 18:58:46',1,50.000000,0.000000,0.000000,0),(146,144,0,0,1,1,'Perrocheau','Olivier',4,'2015-09-06 19:09:53',1,50.000000,0.000000,0.000000,0),(147,2,0,0,2,1,'','',3,'2015-09-06 22:02:53',-1,50.000000,0.000000,0.000000,2),(148,2,0,0,1,1,'Perrocheau','Olivier',3,'2015-09-06 22:04:02',1,50.000000,0.000000,0.000000,0),(149,6,0,0,2,1,'','',4,'2015-09-06 22:06:28',-1,50.000000,0.000000,0.000000,6),(150,6,0,0,1,1,'Perrocheau','Olivier',4,'2015-09-06 22:06:45',1,50.000000,0.000000,0.000000,0),(151,21,0,0,1,1,'Perrocheau','Olivier',2,'2015-09-06 22:19:48',1,50.000000,0.000000,0.000000,0),(152,21,0,0,2,1,'','',2,'2015-09-06 22:23:02',-1,50.000000,0.000000,0.000000,21),(153,21,0,0,2,1,'','',2,'2015-09-06 22:23:02',-1,50.000000,0.000000,0.000000,151),(154,145,0,0,1,1,'Perrocheau','Olivier',3,'2015-09-09 20:56:51',1,50.000000,0.000000,0.000000,0),(155,146,0,0,1,1,'Perrocheau','Olivier',2,'2015-09-09 21:22:29',1,50.000000,0.000000,0.000000,0),(156,147,0,0,1,1,'Perrocheau','Olivier',6,'2015-09-11 17:16:51',1,50.000000,0.000000,0.000000,0),(157,148,0,0,1,1,'Perrocheau','Olivier',2,'2015-09-11 18:24:18',1,50.000000,0.000000,0.000000,0),(158,149,0,0,1,1,'Perrocheau','Olivier',2,'2015-09-11 18:24:59',1,50.000000,0.000000,0.000000,0),(159,150,0,0,1,1,'Perrocheau','Olivier',2,'2015-09-11 18:25:43',1,50.000000,0.000000,0.000000,0),(160,151,0,0,1,1,'Perrocheau','Olivier',2,'2015-09-11 18:26:21',1,50.000000,0.000000,0.000000,0),(161,152,0,0,1,1,'Perrocheau','Olivier',2,'2015-09-11 18:27:01',1,50.000000,0.000000,0.000000,0),(162,153,0,0,1,1,'Perrocheau','Olivier',2,'2015-09-11 18:27:46',1,50.000000,0.000000,0.000000,0),(163,154,0,0,1,1,'Perrocheau','Olivier',2,'2015-09-11 18:47:08',1,50.000000,0.000000,0.000000,0),(164,155,0,0,1,1,'Perrocheau','Olivier',4,'2015-09-11 19:16:55',1,50.000000,0.000000,0.000000,0),(165,156,0,0,1,1,'Perrocheau','Olivier',1,'2015-09-11 19:36:17',1,50.000000,0.000000,0.000000,0),(166,157,0,0,1,1,'Perrocheau','Olivier',3,'2015-09-11 19:56:44',1,50.000000,0.000000,0.000000,0),(167,38,9,0,3,1,'','',1,'2015-10-07 09:41:00',-1,50.000000,0.000000,0.000000,38),(168,155,9,0,3,1,'','',1,'2015-10-07 09:41:00',-1,50.000000,0.000000,0.000000,164),(169,63,9,0,3,1,'','',1,'2015-10-07 09:41:00',-1,50.000000,0.000000,0.000000,63),(170,43,8,0,3,1,'','',1,'2015-10-07 09:42:11',-1,50.000000,0.000000,0.000000,43),(171,63,7,0,3,1,'','',1,'2015-10-07 09:42:48',-1,50.000000,0.000000,0.000000,63),(172,97,10,0,3,1,'','',1,'2015-10-23 18:35:14',-1,50.000000,0.000000,0.000000,98),(173,96,10,0,3,1,'','',1,'2015-10-23 18:35:15',-1,50.000000,0.000000,0.000000,97),(174,30,0,0,2,1,'','',2,'2015-10-24 19:31:44',-1,50.000000,0.000000,0.000000,30),(175,43,0,0,2,1,'','',1,'2015-10-24 20:27:25',-1,50.000000,0.000000,0.000000,43),(176,157,0,0,2,1,'','',2,'2015-10-24 20:30:22',-1,50.000000,0.000000,0.000000,166),(177,94,0,0,2,1,'','',1,'2015-10-24 20:33:23',-1,50.000000,0.000000,0.000000,95),(178,95,0,0,2,1,'','',1,'2015-10-24 20:34:15',-1,50.000000,0.000000,0.000000,96),(179,75,0,0,2,1,'','',1,'2015-10-24 20:36:07',-1,50.000000,0.000000,0.000000,76),(180,44,0,0,2,1,'','',1,'2015-10-24 20:46:35',-1,50.000000,0.000000,0.000000,44),(181,62,0,0,2,1,'','',2,'2015-10-24 20:47:27',-1,50.000000,0.000000,0.000000,62),(182,64,0,0,2,1,'','',2,'2015-10-24 20:48:10',-1,50.000000,0.000000,0.000000,64),(183,66,0,0,2,1,'','',2,'2015-10-24 20:48:42',-1,50.000000,0.000000,0.000000,67),(184,65,0,0,2,1,'','',2,'2015-10-24 20:49:09',-1,50.000000,0.000000,0.000000,65),(185,59,0,0,2,1,'','',4,'2015-10-24 20:50:39',-1,50.000000,0.000000,0.000000,59),(186,113,0,0,2,1,'','',4,'2015-10-24 20:52:01',-1,50.000000,0.000000,0.000000,114),(187,118,0,0,2,1,'','',4,'2015-10-24 20:53:05',-1,50.000000,0.000000,0.000000,119),(188,143,0,0,2,1,'','',3,'2015-10-24 20:57:56',-1,50.000000,0.000000,0.000000,144),(189,147,0,0,2,1,'','',3,'2015-10-24 20:59:00',-1,50.000000,0.000000,0.000000,156),(190,138,0,0,2,1,'','',3,'2015-10-24 20:59:38',-1,50.000000,0.000000,0.000000,139),(191,139,0,0,2,1,'','',3,'2015-10-24 21:00:13',-1,50.000000,0.000000,0.000000,140),(192,119,0,0,2,1,'','',1,'2015-10-24 21:01:19',-1,50.000000,0.000000,0.000000,120),(193,120,0,0,2,1,'','',1,'2015-10-24 21:01:50',-1,50.000000,0.000000,0.000000,121),(194,121,0,0,2,1,'','',1,'2015-10-24 21:02:23',-1,50.000000,0.000000,0.000000,122),(195,122,0,0,2,1,'','',1,'2015-10-24 21:02:56',-1,50.000000,0.000000,0.000000,123),(196,123,0,0,2,1,'','',1,'2015-10-24 21:03:34',-1,50.000000,0.000000,0.000000,124),(197,124,0,0,2,1,'','',1,'2015-10-24 21:04:09',-1,50.000000,0.000000,0.000000,125),(198,125,0,0,2,1,'','',1,'2015-10-24 21:04:46',-1,50.000000,0.000000,0.000000,126),(199,126,0,0,2,1,'','',1,'2015-10-24 21:05:23',-1,50.000000,0.000000,0.000000,127),(200,114,0,0,2,1,'','',4,'2015-10-24 21:06:12',-1,50.000000,0.000000,0.000000,115),(201,158,0,0,1,1,'Perrocheau','Olivier',2,'2015-10-24 21:19:44',1,50.000000,0.000000,0.000000,0),(202,159,0,0,1,1,'Perrocheau','Olivier',2,'2015-10-24 21:26:33',1,50.000000,0.000000,0.000000,0),(203,160,0,0,1,1,'Perrocheau','Olivier',2,'2015-10-24 21:27:09',1,50.000000,0.000000,0.000000,0),(204,161,0,0,1,1,'Perrocheau','Olivier',2,'2015-10-24 21:27:38',1,50.000000,0.000000,0.000000,0),(205,70,0,0,2,1,'','',4,'2015-10-24 21:39:08',-1,50.000000,0.000000,0.000000,71),(206,61,0,0,2,1,'','',1,'2015-10-24 21:39:44',-1,50.000000,0.000000,0.000000,61),(207,14,0,0,2,1,'','',4,'2015-10-24 21:40:18',-1,4.000000,0.000000,0.000000,14),(208,71,0,0,2,1,'','',4,'2015-10-24 21:42:20',-1,50.000000,0.000000,0.000000,72),(209,72,0,0,2,1,'','',4,'2015-10-24 21:42:46',-1,50.000000,0.000000,0.000000,73),(210,73,0,0,2,1,'','',4,'2015-10-24 21:43:12',-1,50.000000,0.000000,0.000000,74),(211,57,0,0,2,1,'','',3,'2015-10-24 21:43:48',-1,50.000000,0.000000,0.000000,57),(212,58,0,0,2,1,'','',3,'2015-10-24 21:44:11',-1,50.000000,0.000000,0.000000,58),(213,98,0,0,2,1,'','',1,'2015-10-24 21:45:29',-1,50.000000,0.000000,0.000000,99),(214,99,0,0,2,1,'','',1,'2015-10-24 21:46:06',-1,50.000000,0.000000,0.000000,100),(215,100,0,0,2,1,'','',1,'2015-10-24 21:47:03',-1,50.000000,0.000000,0.000000,101),(216,101,0,0,2,1,'','',1,'2015-10-24 21:47:47',-1,50.000000,0.000000,0.000000,102),(217,78,0,0,2,1,'','',6,'2015-10-24 21:48:29',-1,10.000000,0.000000,0.000000,79),(218,79,0,0,2,1,'','',6,'2015-10-24 21:48:55',-1,10.000000,0.000000,0.000000,80),(219,32,0,0,6,1,'','',1,'2015-10-25 12:13:20',-1,50.000000,0.000000,0.000000,32),(220,162,0,0,7,1,'Perrocheau','Olivier',1,'2015-10-25 12:13:20',1,50.000000,0.000000,0.000000,0),(221,33,0,0,6,1,'','',1,'2015-10-25 12:13:51',-1,50.000000,0.000000,0.000000,33),(222,163,0,0,7,1,'Perrocheau','Olivier',1,'2015-10-25 12:13:51',1,50.000000,0.000000,0.000000,0),(223,35,0,0,6,1,'','',2,'2015-10-25 12:14:15',-1,50.000000,0.000000,0.000000,35),(224,164,0,0,7,1,'Perrocheau','Olivier',2,'2015-10-25 12:14:16',1,50.000000,0.000000,0.000000,0),(225,37,0,0,6,1,'','',2,'2015-10-25 12:15:38',-1,50.000000,0.000000,0.000000,37),(226,165,0,0,7,1,'Perrocheau','Olivier',2,'2015-10-25 12:15:38',1,50.000000,0.000000,0.000000,0),(227,156,0,0,6,1,'','',1,'2015-10-25 12:16:32',-1,50.000000,0.000000,0.000000,165),(228,166,0,0,7,1,'Perrocheau','Olivier',1,'2015-10-25 12:16:32',1,50.000000,0.000000,0.000000,0),(229,155,0,0,2,1,'','',1,'2015-10-25 12:20:17',-1,50.000000,0.000000,0.000000,164),(230,63,0,0,2,1,'','',1,'2015-10-25 12:21:27',-1,50.000000,0.000000,0.000000,63),(231,140,12,0,3,1,'','',1,'2015-11-09 16:35:05',-1,50.000000,0.000000,0.000000,141),(232,251,0,1,8,1,'Perrocheau','Olivier',18,'2015-11-23 20:16:27',1,37.860000,0.000000,0.000000,0),(233,252,0,1,8,1,'Perrocheau','Olivier',18,'2015-11-23 20:16:28',1,37.860000,0.000000,0.000000,0),(234,253,0,1,8,1,'Perrocheau','Olivier',16,'2015-11-23 20:18:25',1,43.520000,0.000000,0.000000,0),(235,254,0,1,8,1,'Perrocheau','Olivier',16,'2015-11-23 20:18:25',1,43.520000,0.000000,0.000000,0),(236,255,0,1,8,1,'Perrocheau','Olivier',10,'2015-11-23 20:18:25',1,46.350000,0.000000,0.000000,0),(237,256,0,1,8,1,'Perrocheau','Olivier',10,'2015-11-23 20:18:25',1,46.350000,0.000000,0.000000,0),(238,257,0,1,8,1,'Perrocheau','Olivier',8,'2015-11-23 20:18:25',1,43.520000,0.000000,0.000000,0),(239,258,0,1,8,1,'Perrocheau','Olivier',8,'2015-11-23 20:18:25',1,43.520000,0.000000,0.000000,0),(240,259,0,1,8,1,'Perrocheau','Olivier',8,'2015-11-23 20:18:25',1,54.880000,0.000000,0.000000,0),(241,260,0,1,8,1,'Perrocheau','Olivier',8,'2015-11-23 20:18:25',1,43.520000,0.000000,0.000000,0),(242,261,0,1,8,1,'Perrocheau','Olivier',8,'2015-11-23 20:18:25',1,75.670000,0.000000,0.000000,0),(243,262,0,1,8,1,'Perrocheau','Olivier',6,'2015-11-23 20:18:25',1,45.400000,0.000000,0.000000,0),(244,263,0,1,8,1,'Perrocheau','Olivier',6,'2015-11-23 20:18:25',1,41.630000,0.000000,0.000000,0),(245,264,0,1,8,1,'Perrocheau','Olivier',6,'2015-11-23 20:18:25',1,51.110000,0.000000,0.000000,0),(246,265,0,1,8,1,'Perrocheau','Olivier',6,'2015-11-23 20:18:25',1,46.350000,0.000000,0.000000,0),(247,266,0,1,8,1,'Perrocheau','Olivier',6,'2015-11-23 20:18:25',1,43.520000,0.000000,0.000000,0),(248,267,0,1,8,1,'Perrocheau','Olivier',6,'2015-11-23 20:18:26',1,45.400000,0.000000,0.000000,0),(249,268,0,1,8,1,'Perrocheau','Olivier',6,'2015-11-23 20:18:26',1,45.400000,0.000000,0.000000,0),(250,269,0,1,8,1,'Perrocheau','Olivier',6,'2015-11-23 20:18:26',1,45.400000,0.000000,0.000000,0),(251,270,0,1,8,1,'Perrocheau','Olivier',6,'2015-11-23 20:18:26',1,54.880000,0.000000,0.000000,0),(252,271,0,1,8,1,'Perrocheau','Olivier',6,'2015-11-23 20:18:26',1,47.340000,0.000000,0.000000,0),(253,272,0,1,8,1,'Perrocheau','Olivier',6,'2015-11-23 20:18:26',1,36.730000,0.000000,0.000000,0),(254,273,0,1,8,1,'Perrocheau','Olivier',6,'2015-11-23 20:18:26',1,36.730000,0.000000,0.000000,0),(255,274,0,1,8,1,'Perrocheau','Olivier',4,'2015-11-23 20:18:26',1,35.170000,0.000000,0.000000,0),(256,275,0,1,8,1,'Perrocheau','Olivier',4,'2015-11-23 20:18:26',1,37.860000,0.000000,0.000000,0),(257,276,0,1,8,1,'Perrocheau','Olivier',4,'2015-11-23 20:18:26',1,35.170000,0.000000,0.000000,0),(258,277,0,1,8,1,'Perrocheau','Olivier',4,'2015-11-23 20:18:26',1,35.170000,0.000000,0.000000,0),(259,278,0,1,8,1,'Perrocheau','Olivier',4,'2015-11-23 20:18:26',1,35.170000,0.000000,0.000000,0),(260,279,0,1,8,1,'Perrocheau','Olivier',4,'2015-11-23 20:18:26',1,35.170000,0.000000,0.000000,0),(261,280,0,1,8,1,'Perrocheau','Olivier',4,'2015-11-23 20:18:27',1,35.170000,0.000000,0.000000,0),(262,281,0,1,8,1,'Perrocheau','Olivier',4,'2015-11-23 20:18:27',1,35.170000,0.000000,0.000000,0),(263,282,0,1,8,1,'Perrocheau','Olivier',4,'2015-11-23 20:18:27',1,35.970000,0.000000,0.000000,0),(264,283,0,1,8,1,'Perrocheau','Olivier',4,'2015-11-23 20:18:27',1,35.970000,0.000000,0.000000,0),(265,284,0,1,8,1,'Perrocheau','Olivier',4,'2015-11-23 20:18:27',1,35.170000,0.000000,0.000000,0),(266,285,0,1,8,1,'Perrocheau','Olivier',4,'2015-11-23 20:18:27',1,29.510000,0.000000,0.000000,0),(267,286,0,1,8,1,'Perrocheau','Olivier',4,'2015-11-23 20:18:27',1,66.240000,0.000000,0.000000,0),(268,287,0,1,8,1,'Perrocheau','Olivier',4,'2015-11-23 20:18:27',1,66.240000,0.000000,0.000000,0),(269,288,0,1,8,1,'Perrocheau','Olivier',4,'2015-11-23 20:18:27',1,37.860000,0.000000,0.000000,0),(270,289,0,1,8,1,'Perrocheau','Olivier',4,'2015-11-23 20:18:27',1,66.240000,0.000000,0.000000,0),(271,290,0,1,8,1,'Perrocheau','Olivier',4,'2015-11-23 20:18:27',1,66.240000,0.000000,0.000000,0),(272,291,0,1,8,1,'Perrocheau','Olivier',4,'2015-11-23 20:18:27',1,37.860000,0.000000,0.000000,0),(273,292,0,1,8,1,'Perrocheau','Olivier',4,'2015-11-23 20:18:27',1,60.540000,0.000000,0.000000,0),(274,293,0,1,8,1,'Perrocheau','Olivier',4,'2015-11-23 20:18:27',1,35.170000,0.000000,0.000000,0),(275,294,0,1,8,1,'Perrocheau','Olivier',4,'2015-11-23 20:18:27',1,60.540000,0.000000,0.000000,0),(276,295,0,1,8,1,'Perrocheau','Olivier',4,'2015-11-23 20:18:27',1,29.510000,0.000000,0.000000,0),(277,296,0,1,8,1,'Perrocheau','Olivier',4,'2015-11-23 20:18:27',1,43.520000,0.000000,0.000000,0),(278,297,0,1,8,1,'Perrocheau','Olivier',3,'2015-11-23 20:18:28',1,60.540000,0.000000,0.000000,0),(279,298,0,1,8,1,'Perrocheau','Olivier',3,'2015-11-23 20:18:28',1,48.230000,0.000000,0.000000,0),(280,299,0,1,8,1,'Perrocheau','Olivier',2,'2015-11-23 20:18:29',1,46.910000,0.000000,0.000000,0),(281,300,0,1,8,1,'Perrocheau','Olivier',2,'2015-11-23 20:18:33',1,35.170000,0.000000,0.000000,0),(282,301,0,1,8,1,'Perrocheau','Olivier',2,'2015-11-23 20:18:36',1,35.170000,0.000000,0.000000,0),(283,302,0,1,8,1,'Perrocheau','Olivier',2,'2015-11-23 20:18:39',1,35.170000,0.000000,0.000000,0),(284,303,0,1,8,1,'Perrocheau','Olivier',2,'2015-11-23 20:18:41',1,54.880000,0.000000,0.000000,0),(285,304,0,1,8,1,'Perrocheau','Olivier',2,'2015-11-23 20:18:44',1,54.880000,0.000000,0.000000,0),(286,305,0,1,8,1,'Perrocheau','Olivier',2,'2015-11-23 20:18:50',1,54.880000,0.000000,0.000000,0),(287,306,0,1,8,1,'Perrocheau','Olivier',2,'2015-11-23 20:18:53',1,54.880000,0.000000,0.000000,0),(288,307,0,1,8,1,'Perrocheau','Olivier',2,'2015-11-23 20:18:57',1,54.880000,0.000000,0.000000,0),(289,308,0,1,8,1,'Perrocheau','Olivier',2,'2015-11-23 20:19:01',1,54.880000,0.000000,0.000000,0),(290,309,0,1,8,1,'Perrocheau','Olivier',2,'2015-11-23 20:19:10',1,37.860000,0.000000,0.000000,0),(291,310,0,1,8,1,'Perrocheau','Olivier',2,'2015-11-23 20:19:13',1,67.140000,0.000000,0.000000,0),(292,311,0,1,8,1,'Perrocheau','Olivier',2,'2015-11-23 20:19:14',1,37.860000,0.000000,0.000000,0),(293,312,0,1,8,1,'Perrocheau','Olivier',2,'2015-11-23 20:19:17',1,37.860000,0.000000,0.000000,0),(294,313,0,1,8,1,'Perrocheau','Olivier',2,'2015-11-23 20:19:18',1,37.860000,0.000000,0.000000,0),(295,314,0,1,8,1,'Perrocheau','Olivier',2,'2015-11-23 20:19:20',1,37.860000,0.000000,0.000000,0),(296,315,0,1,8,1,'Perrocheau','Olivier',2,'2015-11-23 20:19:24',1,37.860000,0.000000,0.000000,0),(297,316,0,1,8,1,'Perrocheau','Olivier',2,'2015-11-23 20:19:26',1,37.860000,0.000000,0.000000,0),(298,317,0,1,8,1,'Perrocheau','Olivier',2,'2015-11-23 20:19:26',1,54.880000,0.000000,0.000000,0),(299,318,0,1,8,1,'Perrocheau','Olivier',2,'2015-11-23 20:19:26',1,75.670000,0.000000,0.000000,0),(300,319,0,1,8,1,'Perrocheau','Olivier',2,'2015-11-23 20:19:27',1,75.670000,0.000000,0.000000,0),(301,320,0,1,8,1,'Perrocheau','Olivier',2,'2015-11-23 20:19:27',1,51.110000,0.000000,0.000000,0),(302,321,0,1,8,1,'Perrocheau','Olivier',2,'2015-11-23 20:19:28',1,37.860000,0.000000,0.000000,0),(303,322,0,1,8,1,'Perrocheau','Olivier',2,'2015-11-23 20:19:30',1,37.860000,0.000000,0.000000,0),(304,323,0,1,8,1,'Perrocheau','Olivier',2,'2015-11-23 20:19:32',1,37.860000,0.000000,0.000000,0),(305,324,0,1,8,1,'Perrocheau','Olivier',2,'2015-11-23 20:19:35',1,37.860000,0.000000,0.000000,0),(306,325,0,1,8,1,'Perrocheau','Olivier',1,'2015-11-23 20:19:37',1,87.030000,0.000000,0.000000,0),(307,326,0,1,8,1,'Perrocheau','Olivier',1,'2015-11-23 20:19:37',1,88.920000,0.000000,0.000000,0),(308,327,0,1,8,1,'Perrocheau','Olivier',1,'2015-11-23 20:19:38',1,66.240000,0.000000,0.000000,0),(309,328,0,1,8,1,'Perrocheau','Olivier',1,'2015-11-23 20:19:39',1,66.240000,0.000000,0.000000,0),(310,329,0,1,8,1,'Perrocheau','Olivier',1,'2015-11-23 20:19:39',1,66.240000,0.000000,0.000000,0),(311,253,0,1,8,1,'Perrocheau','Olivier',16,'2015-11-23 20:19:42',1,43.520000,0.000000,0.000000,0),(312,254,0,1,8,1,'Perrocheau','Olivier',16,'2015-11-23 20:19:42',1,43.520000,0.000000,0.000000,0),(313,330,0,1,8,1,'Perrocheau','Olivier',1,'2015-11-23 20:19:42',1,66.240000,0.000000,0.000000,0),(314,255,0,1,8,1,'Perrocheau','Olivier',10,'2015-11-23 20:19:42',1,46.350000,0.000000,0.000000,0),(315,256,0,1,8,1,'Perrocheau','Olivier',10,'2015-11-23 20:19:42',1,46.350000,0.000000,0.000000,0),(316,257,0,1,8,1,'Perrocheau','Olivier',8,'2015-11-23 20:19:43',1,43.520000,0.000000,0.000000,0),(317,331,0,1,8,1,'Perrocheau','Olivier',1,'2015-11-23 20:19:43',1,37.860000,0.000000,0.000000,0),(318,258,0,1,8,1,'Perrocheau','Olivier',8,'2015-11-23 20:19:43',1,43.520000,0.000000,0.000000,0),(319,259,0,1,8,1,'Perrocheau','Olivier',8,'2015-11-23 20:19:43',1,54.880000,0.000000,0.000000,0),(320,260,0,1,8,1,'Perrocheau','Olivier',8,'2015-11-23 20:19:44',1,43.520000,0.000000,0.000000,0),(321,261,0,1,8,1,'Perrocheau','Olivier',8,'2015-11-23 20:19:44',1,75.670000,0.000000,0.000000,0),(322,262,0,1,8,1,'Perrocheau','Olivier',6,'2015-11-23 20:19:45',1,45.400000,0.000000,0.000000,0),(323,263,0,1,8,1,'Perrocheau','Olivier',6,'2015-11-23 20:19:46',1,41.630000,0.000000,0.000000,0),(324,332,0,1,8,1,'Perrocheau','Olivier',1,'2015-11-23 20:19:46',1,37.860000,0.000000,0.000000,0),(325,264,0,1,8,1,'Perrocheau','Olivier',6,'2015-11-23 20:19:47',1,51.110000,0.000000,0.000000,0),(326,265,0,1,8,1,'Perrocheau','Olivier',6,'2015-11-23 20:19:47',1,46.350000,0.000000,0.000000,0),(327,266,0,1,8,1,'Perrocheau','Olivier',6,'2015-11-23 20:19:47',1,43.520000,0.000000,0.000000,0),(328,267,0,1,8,1,'Perrocheau','Olivier',6,'2015-11-23 20:19:48',1,45.400000,0.000000,0.000000,0),(329,268,0,1,8,1,'Perrocheau','Olivier',6,'2015-11-23 20:19:48',1,45.400000,0.000000,0.000000,0),(330,269,0,1,8,1,'Perrocheau','Olivier',6,'2015-11-23 20:19:48',1,45.400000,0.000000,0.000000,0),(331,270,0,1,8,1,'Perrocheau','Olivier',6,'2015-11-23 20:19:49',1,54.880000,0.000000,0.000000,0),(332,333,0,1,8,1,'Perrocheau','Olivier',1,'2015-11-23 20:19:49',1,37.860000,0.000000,0.000000,0),(333,271,0,1,8,1,'Perrocheau','Olivier',6,'2015-11-23 20:19:49',1,47.340000,0.000000,0.000000,0),(334,272,0,1,8,1,'Perrocheau','Olivier',6,'2015-11-23 20:19:49',1,36.730000,0.000000,0.000000,0),(335,273,0,1,8,1,'Perrocheau','Olivier',6,'2015-11-23 20:19:50',1,36.730000,0.000000,0.000000,0),(336,274,0,1,8,1,'Perrocheau','Olivier',4,'2015-11-23 20:19:50',1,35.170000,0.000000,0.000000,0),(337,275,0,1,8,1,'Perrocheau','Olivier',4,'2015-11-23 20:19:50',1,37.860000,0.000000,0.000000,0),(338,276,0,1,8,1,'Perrocheau','Olivier',4,'2015-11-23 20:19:50',1,35.170000,0.000000,0.000000,0),(339,277,0,1,8,1,'Perrocheau','Olivier',4,'2015-11-23 20:19:51',1,35.170000,0.000000,0.000000,0),(340,278,0,1,8,1,'Perrocheau','Olivier',4,'2015-11-23 20:19:51',1,35.170000,0.000000,0.000000,0),(341,188,0,1,8,1,'Perrocheau','Olivier',1,'2015-11-23 20:19:51',1,37.860000,0.000000,0.000000,0),(342,279,0,1,8,1,'Perrocheau','Olivier',4,'2015-11-23 20:19:52',1,35.170000,0.000000,0.000000,0),(343,280,0,1,8,1,'Perrocheau','Olivier',4,'2015-11-23 20:19:52',1,35.170000,0.000000,0.000000,0),(344,281,0,1,8,1,'Perrocheau','Olivier',4,'2015-11-23 20:19:52',1,35.170000,0.000000,0.000000,0),(345,282,0,1,8,1,'Perrocheau','Olivier',4,'2015-11-23 20:19:53',1,35.970000,0.000000,0.000000,0),(346,283,0,1,8,1,'Perrocheau','Olivier',4,'2015-11-23 20:19:53',1,35.970000,0.000000,0.000000,0),(347,284,0,1,8,1,'Perrocheau','Olivier',4,'2015-11-23 20:19:53',1,35.170000,0.000000,0.000000,0),(348,285,0,1,8,1,'Perrocheau','Olivier',4,'2015-11-23 20:19:54',1,29.510000,0.000000,0.000000,0),(349,286,0,1,8,1,'Perrocheau','Olivier',4,'2015-11-23 20:19:54',1,66.240000,0.000000,0.000000,0),(350,287,0,1,8,1,'Perrocheau','Olivier',4,'2015-11-23 20:19:54',1,66.240000,0.000000,0.000000,0),(351,288,0,1,8,1,'Perrocheau','Olivier',4,'2015-11-23 20:19:55',1,37.860000,0.000000,0.000000,0),(352,187,0,1,8,1,'Perrocheau','Olivier',1,'2015-11-23 20:19:55',1,37.860000,0.000000,0.000000,0),(353,289,0,1,8,1,'Perrocheau','Olivier',4,'2015-11-23 20:19:55',1,66.240000,0.000000,0.000000,0),(354,290,0,1,8,1,'Perrocheau','Olivier',4,'2015-11-23 20:19:55',1,66.240000,0.000000,0.000000,0),(355,291,0,1,8,1,'Perrocheau','Olivier',4,'2015-11-23 20:19:56',1,37.860000,0.000000,0.000000,0),(356,292,0,1,8,1,'Perrocheau','Olivier',4,'2015-11-23 20:19:56',1,60.540000,0.000000,0.000000,0),(357,293,0,1,8,1,'Perrocheau','Olivier',4,'2015-11-23 20:19:56',1,35.170000,0.000000,0.000000,0),(358,294,0,1,8,1,'Perrocheau','Olivier',4,'2015-11-23 20:19:57',1,60.540000,0.000000,0.000000,0),(359,295,0,1,8,1,'Perrocheau','Olivier',4,'2015-11-23 20:19:58',1,29.510000,0.000000,0.000000,0),(360,296,0,1,8,1,'Perrocheau','Olivier',4,'2015-11-23 20:19:58',1,43.520000,0.000000,0.000000,0),(361,297,0,1,8,1,'Perrocheau','Olivier',3,'2015-11-23 20:19:59',1,60.540000,0.000000,0.000000,0),(362,298,0,1,8,1,'Perrocheau','Olivier',3,'2015-11-23 20:19:59',1,48.230000,0.000000,0.000000,0),(363,186,0,1,8,1,'Perrocheau','Olivier',1,'2015-11-23 20:19:59',1,37.860000,0.000000,0.000000,0),(364,299,0,1,8,1,'Perrocheau','Olivier',2,'2015-11-23 20:19:59',1,46.910000,0.000000,0.000000,0),(365,300,0,1,8,1,'Perrocheau','Olivier',2,'2015-11-23 20:20:14',1,35.170000,0.000000,0.000000,0),(366,301,0,1,8,1,'Perrocheau','Olivier',2,'2015-11-23 20:20:15',1,35.170000,0.000000,0.000000,0),(367,185,0,1,8,1,'Perrocheau','Olivier',1,'2015-11-23 20:20:16',1,37.860000,0.000000,0.000000,0),(368,302,0,1,8,1,'Perrocheau','Olivier',2,'2015-11-23 20:20:16',1,35.170000,0.000000,0.000000,0),(369,303,0,1,8,1,'Perrocheau','Olivier',2,'2015-11-23 20:20:17',1,54.880000,0.000000,0.000000,0),(370,334,0,1,8,1,'Perrocheau','Olivier',1,'2015-11-23 20:20:20',1,37.860000,0.000000,0.000000,0),(371,304,0,1,8,1,'Perrocheau','Olivier',2,'2015-11-23 20:20:21',1,54.880000,0.000000,0.000000,0),(372,305,0,1,8,1,'Perrocheau','Olivier',2,'2015-11-23 20:20:25',1,54.880000,0.000000,0.000000,0),(373,306,0,1,8,1,'Perrocheau','Olivier',2,'2015-11-23 20:20:27',1,54.880000,0.000000,0.000000,0),(374,307,0,1,8,1,'Perrocheau','Olivier',2,'2015-11-23 20:20:28',1,54.880000,0.000000,0.000000,0),(375,308,0,1,8,1,'Perrocheau','Olivier',2,'2015-11-23 20:20:29',1,54.880000,0.000000,0.000000,0),(376,309,0,1,8,1,'Perrocheau','Olivier',2,'2015-11-23 20:20:29',1,37.860000,0.000000,0.000000,0),(377,310,0,1,8,1,'Perrocheau','Olivier',2,'2015-11-23 20:20:31',1,67.140000,0.000000,0.000000,0),(378,311,0,1,8,1,'Perrocheau','Olivier',2,'2015-11-23 20:20:31',1,37.860000,0.000000,0.000000,0),(379,312,0,1,8,1,'Perrocheau','Olivier',2,'2015-11-23 20:20:33',1,37.860000,0.000000,0.000000,0),(380,313,0,1,8,1,'Perrocheau','Olivier',2,'2015-11-23 20:20:35',1,37.860000,0.000000,0.000000,0),(381,314,0,1,8,1,'Perrocheau','Olivier',2,'2015-11-23 20:20:36',1,37.860000,0.000000,0.000000,0),(382,315,0,1,8,1,'Perrocheau','Olivier',2,'2015-11-23 20:20:38',1,37.860000,0.000000,0.000000,0),(383,316,0,1,8,1,'Perrocheau','Olivier',2,'2015-11-23 20:20:38',1,37.860000,0.000000,0.000000,0),(384,317,0,1,8,1,'Perrocheau','Olivier',2,'2015-11-23 20:20:38',1,54.880000,0.000000,0.000000,0),(385,318,0,1,8,1,'Perrocheau','Olivier',2,'2015-11-23 20:20:38',1,75.670000,0.000000,0.000000,0),(386,319,0,1,8,1,'Perrocheau','Olivier',2,'2015-11-23 20:20:38',1,75.670000,0.000000,0.000000,0),(387,320,0,1,8,1,'Perrocheau','Olivier',2,'2015-11-23 20:20:38',1,51.110000,0.000000,0.000000,0),(388,321,0,1,8,1,'Perrocheau','Olivier',2,'2015-11-23 20:20:39',1,37.860000,0.000000,0.000000,0),(389,322,0,1,8,1,'Perrocheau','Olivier',2,'2015-11-23 20:20:40',1,37.860000,0.000000,0.000000,0),(390,323,0,1,8,1,'Perrocheau','Olivier',2,'2015-11-23 20:20:48',1,37.860000,0.000000,0.000000,0),(391,324,0,1,8,1,'Perrocheau','Olivier',2,'2015-11-23 20:20:49',1,37.860000,0.000000,0.000000,0),(392,325,0,1,8,1,'Perrocheau','Olivier',1,'2015-11-23 20:20:49',1,87.030000,0.000000,0.000000,0),(393,326,0,1,8,1,'Perrocheau','Olivier',1,'2015-11-23 20:20:49',1,88.920000,0.000000,0.000000,0),(394,327,0,1,8,1,'Perrocheau','Olivier',1,'2015-11-23 20:20:50',1,66.240000,0.000000,0.000000,0),(395,328,0,1,8,1,'Perrocheau','Olivier',1,'2015-11-23 20:20:50',1,66.240000,0.000000,0.000000,0),(396,329,0,1,8,1,'Perrocheau','Olivier',1,'2015-11-23 20:20:51',1,66.240000,0.000000,0.000000,0),(397,330,0,1,8,1,'Perrocheau','Olivier',1,'2015-11-23 20:20:51',1,66.240000,0.000000,0.000000,0),(398,331,0,1,8,1,'Perrocheau','Olivier',1,'2015-11-23 20:20:52',1,37.860000,0.000000,0.000000,0),(399,332,0,1,8,1,'Perrocheau','Olivier',1,'2015-11-23 20:20:54',1,37.860000,0.000000,0.000000,0),(400,333,0,1,8,1,'Perrocheau','Olivier',1,'2015-11-23 20:20:56',1,37.860000,0.000000,0.000000,0),(401,188,0,1,8,1,'Perrocheau','Olivier',1,'2015-11-23 20:20:58',1,37.860000,0.000000,0.000000,0),(402,187,0,1,8,1,'Perrocheau','Olivier',1,'2015-11-23 20:21:01',1,37.860000,0.000000,0.000000,0),(403,186,0,1,8,1,'Perrocheau','Olivier',1,'2015-11-23 20:21:04',1,37.860000,0.000000,0.000000,0),(404,185,0,1,8,1,'Perrocheau','Olivier',1,'2015-11-23 20:21:06',1,37.860000,0.000000,0.000000,0),(405,334,0,1,8,1,'Perrocheau','Olivier',1,'2015-11-23 20:21:08',1,37.860000,0.000000,0.000000,0),(406,335,0,2,8,1,'Perrocheau','Olivier',6,'2015-11-23 20:22:37',1,50.447902,0.000000,0.000000,0),(407,336,0,2,8,1,'Perrocheau','Olivier',6,'2015-11-23 20:22:37',1,50.447902,0.000000,0.000000,0),(408,337,0,2,8,1,'Perrocheau','Olivier',4,'2015-11-23 20:22:37',1,68.128241,0.000000,0.000000,0),(409,338,0,2,8,1,'Perrocheau','Olivier',4,'2015-11-23 20:22:37',1,100.895804,0.000000,0.000000,0),(410,339,0,2,8,1,'Perrocheau','Olivier',3,'2015-11-23 20:22:37',1,58.038661,0.000000,0.000000,0),(411,340,0,2,8,1,'Perrocheau','Olivier',3,'2015-11-23 20:22:38',1,50.447902,0.000000,0.000000,0),(412,341,0,2,8,1,'Perrocheau','Olivier',3,'2015-11-23 20:22:39',1,58.038661,0.000000,0.000000,0),(413,342,0,2,8,1,'Perrocheau','Olivier',3,'2015-11-23 20:22:39',1,50.447902,0.000000,0.000000,0),(414,343,0,2,8,1,'Perrocheau','Olivier',2,'2015-11-23 20:22:40',1,42.904290,0.000000,0.000000,0),(415,344,0,2,8,1,'Perrocheau','Olivier',2,'2015-11-23 20:22:40',1,124.611033,0.000000,0.000000,0),(416,345,0,2,8,1,'Perrocheau','Olivier',2,'2015-11-23 20:22:41',1,67.609618,0.000000,0.000000,0),(417,346,0,2,8,1,'Perrocheau','Olivier',2,'2015-11-23 20:22:41',1,28.005658,0.000000,0.000000,0),(418,347,0,2,8,1,'Perrocheau','Olivier',2,'2015-11-23 20:22:50',1,113.531353,0.000000,0.000000,0),(419,348,0,2,8,1,'Perrocheau','Olivier',2,'2015-11-23 20:22:50',1,58.038661,0.000000,0.000000,0),(420,349,0,2,8,1,'Perrocheau','Olivier',2,'2015-11-23 20:22:51',1,98.632720,0.000000,0.000000,0),(421,350,0,2,8,1,'Perrocheau','Olivier',2,'2015-11-23 20:22:52',1,28.005658,0.000000,0.000000,0),(422,351,0,2,8,1,'Perrocheau','Olivier',2,'2015-11-23 20:23:00',1,126.119755,0.000000,0.000000,0),(423,352,0,2,8,1,'Perrocheau','Olivier',2,'2015-11-23 20:23:00',1,28.005658,0.000000,0.000000,0),(424,353,0,2,8,1,'Perrocheau','Olivier',2,'2015-11-23 20:23:11',1,28.005658,0.000000,0.000000,0),(425,354,0,2,8,1,'Perrocheau','Olivier',2,'2015-11-23 20:23:19',1,28.005658,0.000000,0.000000,0),(426,355,0,2,8,1,'Perrocheau','Olivier',2,'2015-11-23 20:23:28',1,28.005658,0.000000,0.000000,0),(427,356,0,2,8,1,'Perrocheau','Olivier',2,'2015-11-23 20:23:37',1,28.005658,0.000000,0.000000,0),(428,357,0,2,8,1,'Perrocheau','Olivier',2,'2015-11-23 20:23:46',1,28.005658,0.000000,0.000000,0),(429,335,0,2,8,1,'Perrocheau','Olivier',6,'2015-11-23 20:23:54',1,50.447902,0.000000,0.000000,0),(430,336,0,2,8,1,'Perrocheau','Olivier',6,'2015-11-23 20:23:54',1,50.447902,0.000000,0.000000,0),(431,337,0,2,8,1,'Perrocheau','Olivier',4,'2015-11-23 20:23:54',1,68.128241,0.000000,0.000000,0),(432,338,0,2,8,1,'Perrocheau','Olivier',4,'2015-11-23 20:23:55',1,100.895804,0.000000,0.000000,0),(433,339,0,2,8,1,'Perrocheau','Olivier',3,'2015-11-23 20:23:55',1,58.038661,0.000000,0.000000,0),(434,340,0,2,8,1,'Perrocheau','Olivier',3,'2015-11-23 20:23:55',1,50.447902,0.000000,0.000000,0),(435,358,0,2,8,1,'Perrocheau','Olivier',2,'2015-11-23 20:23:55',1,28.005658,0.000000,0.000000,0),(436,341,0,2,8,1,'Perrocheau','Olivier',3,'2015-11-23 20:23:56',1,58.038661,0.000000,0.000000,0),(437,342,0,2,8,1,'Perrocheau','Olivier',3,'2015-11-23 20:23:56',1,50.447902,0.000000,0.000000,0),(438,343,0,2,8,1,'Perrocheau','Olivier',2,'2015-11-23 20:23:56',1,42.904290,0.000000,0.000000,0),(439,344,0,2,8,1,'Perrocheau','Olivier',2,'2015-11-23 20:23:57',1,124.611033,0.000000,0.000000,0),(440,345,0,2,8,1,'Perrocheau','Olivier',2,'2015-11-23 20:23:57',1,67.609618,0.000000,0.000000,0),(441,346,0,2,8,1,'Perrocheau','Olivier',2,'2015-11-23 20:23:57',1,28.005658,0.000000,0.000000,0),(442,359,0,2,8,1,'Perrocheau','Olivier',2,'2015-11-23 20:24:11',1,28.005658,0.000000,0.000000,0),(443,347,0,2,8,1,'Perrocheau','Olivier',2,'2015-11-23 20:24:13',1,113.531353,0.000000,0.000000,0),(444,348,0,2,8,1,'Perrocheau','Olivier',2,'2015-11-23 20:24:13',1,58.038661,0.000000,0.000000,0),(445,349,0,2,8,1,'Perrocheau','Olivier',2,'2015-11-23 20:24:13',1,98.632720,0.000000,0.000000,0),(446,350,0,2,8,1,'Perrocheau','Olivier',2,'2015-11-23 20:24:14',1,28.005658,0.000000,0.000000,0),(447,360,0,2,8,1,'Perrocheau','Olivier',2,'2015-11-23 20:24:24',1,28.005658,0.000000,0.000000,0),(448,351,0,2,8,1,'Perrocheau','Olivier',2,'2015-11-23 20:24:26',1,126.119755,0.000000,0.000000,0),(449,352,0,2,8,1,'Perrocheau','Olivier',2,'2015-11-23 20:24:26',1,28.005658,0.000000,0.000000,0),(450,361,0,2,8,1,'Perrocheau','Olivier',2,'2015-11-23 20:24:34',1,28.005658,0.000000,0.000000,0),(451,353,0,2,8,1,'Perrocheau','Olivier',2,'2015-11-23 20:24:38',1,28.005658,0.000000,0.000000,0),(452,362,0,2,8,1,'Perrocheau','Olivier',2,'2015-11-23 20:24:45',1,28.005658,0.000000,0.000000,0),(453,354,0,2,8,1,'Perrocheau','Olivier',2,'2015-11-23 20:24:47',1,28.005658,0.000000,0.000000,0),(454,363,0,2,8,1,'Perrocheau','Olivier',2,'2015-11-23 20:24:55',1,28.005658,0.000000,0.000000,0),(455,355,0,2,8,1,'Perrocheau','Olivier',2,'2015-11-23 20:24:56',1,28.005658,0.000000,0.000000,0),(456,364,0,2,8,1,'Perrocheau','Olivier',2,'2015-11-23 20:25:06',1,28.005658,0.000000,0.000000,0),(457,356,0,2,8,1,'Perrocheau','Olivier',2,'2015-11-23 20:25:09',1,28.005658,0.000000,0.000000,0),(458,365,0,2,8,1,'Perrocheau','Olivier',2,'2015-11-23 20:25:15',1,28.005658,0.000000,0.000000,0),(459,357,0,2,8,1,'Perrocheau','Olivier',2,'2015-11-23 20:25:18',1,28.005658,0.000000,0.000000,0),(460,366,0,2,8,1,'Perrocheau','Olivier',1,'2015-11-23 20:25:24',1,151.343706,0.000000,0.000000,0),(461,367,0,2,8,1,'Perrocheau','Olivier',1,'2015-11-23 20:25:26',1,55.492692,0.000000,0.000000,0),(462,358,0,2,8,1,'Perrocheau','Olivier',2,'2015-11-23 20:25:26',1,28.005658,0.000000,0.000000,0),(463,368,0,2,8,1,'Perrocheau','Olivier',1,'2015-11-23 20:25:31',1,55.492692,0.000000,0.000000,0),(464,359,0,2,8,1,'Perrocheau','Olivier',2,'2015-11-23 20:25:33',1,28.005658,0.000000,0.000000,0),(465,369,0,2,8,1,'Perrocheau','Olivier',1,'2015-11-23 20:25:36',1,55.492692,0.000000,0.000000,0),(466,360,0,2,8,1,'Perrocheau','Olivier',2,'2015-11-23 20:25:40',1,28.005658,0.000000,0.000000,0),(467,370,0,2,8,1,'Perrocheau','Olivier',1,'2015-11-23 20:25:42',1,55.492692,0.000000,0.000000,0),(468,361,0,2,8,1,'Perrocheau','Olivier',2,'2015-11-23 20:25:45',1,28.005658,0.000000,0.000000,0),(469,371,0,2,8,1,'Perrocheau','Olivier',1,'2015-11-23 20:25:48',1,55.492692,0.000000,0.000000,0),(470,362,0,2,8,1,'Perrocheau','Olivier',2,'2015-11-23 20:25:51',1,28.005658,0.000000,0.000000,0),(471,372,0,2,8,1,'Perrocheau','Olivier',1,'2015-11-23 20:25:54',1,55.492692,0.000000,0.000000,0),(472,363,0,2,8,1,'Perrocheau','Olivier',2,'2015-11-23 20:25:55',1,28.005658,0.000000,0.000000,0),(473,364,0,2,8,1,'Perrocheau','Olivier',2,'2015-11-23 20:25:58',1,28.005658,0.000000,0.000000,0),(474,373,0,2,8,1,'Perrocheau','Olivier',1,'2015-11-23 20:26:00',1,75.671853,0.000000,0.000000,0),(475,365,0,2,8,1,'Perrocheau','Olivier',2,'2015-11-23 20:26:00',1,28.005658,0.000000,0.000000,0),(476,374,0,2,8,1,'Perrocheau','Olivier',1,'2015-11-23 20:26:01',1,110.985384,0.000000,0.000000,0),(477,366,0,2,8,1,'Perrocheau','Olivier',1,'2015-11-23 20:26:02',1,151.343706,0.000000,0.000000,0),(478,375,0,2,8,1,'Perrocheau','Olivier',1,'2015-11-23 20:26:03',1,79.443659,0.000000,0.000000,0),(479,367,0,2,8,1,'Perrocheau','Olivier',1,'2015-11-23 20:26:04',1,55.492692,0.000000,0.000000,0),(480,376,0,2,8,1,'Perrocheau','Olivier',1,'2015-11-23 20:26:05',1,79.443659,0.000000,0.000000,0),(481,377,0,2,8,1,'Perrocheau','Olivier',1,'2015-11-23 20:26:08',1,88.307402,0.000000,0.000000,0),(482,378,0,2,8,1,'Perrocheau','Olivier',1,'2015-11-23 20:26:09',1,176.567657,0.000000,0.000000,0),(483,379,0,2,8,1,'Perrocheau','Olivier',1,'2015-11-23 20:26:10',1,126.119755,0.000000,0.000000,0),(484,380,0,2,8,1,'Perrocheau','Olivier',1,'2015-11-23 20:26:11',1,181.612447,0.000000,0.000000,0),(485,368,0,2,8,1,'Perrocheau','Olivier',1,'2015-11-23 20:26:11',1,55.492692,0.000000,0.000000,0),(486,381,0,2,8,1,'Perrocheau','Olivier',1,'2015-11-23 20:26:12',1,169.024045,0.000000,0.000000,0),(487,382,0,2,8,1,'Perrocheau','Olivier',1,'2015-11-23 20:26:14',1,181.612447,0.000000,0.000000,0),(488,369,0,2,8,1,'Perrocheau','Olivier',1,'2015-11-23 20:26:19',1,55.492692,0.000000,0.000000,0),(489,370,0,2,8,1,'Perrocheau','Olivier',1,'2015-11-23 20:26:23',1,55.492692,0.000000,0.000000,0),(490,371,0,2,8,1,'Perrocheau','Olivier',1,'2015-11-23 20:26:26',1,55.492692,0.000000,0.000000,0),(491,372,0,2,8,1,'Perrocheau','Olivier',1,'2015-11-23 20:26:30',1,55.492692,0.000000,0.000000,0),(492,373,0,2,8,1,'Perrocheau','Olivier',1,'2015-11-23 20:26:33',1,75.671853,0.000000,0.000000,0),(493,374,0,2,8,1,'Perrocheau','Olivier',1,'2015-11-23 20:26:34',1,110.985384,0.000000,0.000000,0),(494,375,0,2,8,1,'Perrocheau','Olivier',1,'2015-11-23 20:26:35',1,79.443659,0.000000,0.000000,0),(495,376,0,2,8,1,'Perrocheau','Olivier',1,'2015-11-23 20:26:35',1,79.443659,0.000000,0.000000,0),(496,377,0,2,8,1,'Perrocheau','Olivier',1,'2015-11-23 20:26:36',1,88.307402,0.000000,0.000000,0),(497,378,0,2,8,1,'Perrocheau','Olivier',1,'2015-11-23 20:26:37',1,176.567657,0.000000,0.000000,0),(498,379,0,2,8,1,'Perrocheau','Olivier',1,'2015-11-23 20:26:38',1,126.119755,0.000000,0.000000,0),(499,380,0,2,8,1,'Perrocheau','Olivier',1,'2015-11-23 20:26:39',1,181.612447,0.000000,0.000000,0),(500,381,0,2,8,1,'Perrocheau','Olivier',1,'2015-11-23 20:26:39',1,169.024045,0.000000,0.000000,0),(501,382,0,2,8,1,'Perrocheau','Olivier',1,'2015-11-23 20:26:40',1,181.612447,0.000000,0.000000,0),(502,376,0,0,6,1,'','',1,'2015-11-25 12:29:16',-1,79.443659,0.000000,0.000000,480),(503,383,0,0,7,1,'Perrocheau','Olivier',1,'2015-11-25 12:29:16',1,79.443659,0.000000,79.443659,0),(504,376,0,0,2,1,'','',1,'2015-11-25 12:29:44',-1,79.443659,0.000000,0.000000,495),(505,375,0,0,2,1,'','',1,'2015-11-25 12:30:19',-1,79.443659,0.000000,0.000000,478),(506,375,0,0,6,1,'','',1,'2015-11-25 12:30:44',-1,79.443659,0.000000,0.000000,494),(507,384,0,0,7,1,'Perrocheau','Olivier',1,'2015-11-25 12:30:44',1,79.443659,0.000000,79.443659,0),(508,53,0,0,2,1,'','',1,'2015-11-25 12:31:12',-1,50.000000,0.000000,0.000000,53),(509,53,0,0,1,1,'Perrocheau','Olivier',1,'2015-11-25 12:31:49',1,50.000000,0.000000,0.000000,0),(510,53,0,0,6,1,'','',1,'2015-11-25 12:32:07',-1,50.000000,0.000000,0.000000,53),(511,53,0,0,6,1,'','',1,'2015-11-25 12:32:07',-1,50.000000,0.000000,0.000000,509),(512,385,0,0,7,1,'Perrocheau','Olivier',2,'2015-11-25 12:32:07',1,50.000000,0.000000,50.000000,0),(513,54,0,0,6,1,'','',1,'2015-11-25 12:32:40',-1,50.000000,0.000000,0.000000,54),(514,386,0,0,7,1,'Perrocheau','Olivier',1,'2015-11-25 12:32:40',1,50.000000,0.000000,50.000000,0),(515,55,0,0,6,1,'','',1,'2015-11-25 12:33:09',-1,50.000000,0.000000,0.000000,55),(516,387,0,0,7,1,'Perrocheau','Olivier',1,'2015-11-25 12:33:09',1,50.000000,0.000000,50.000000,0),(517,56,0,0,6,1,'','',1,'2015-11-25 12:33:36',-1,50.000000,0.000000,0.000000,56),(518,388,0,0,7,1,'Perrocheau','Olivier',1,'2015-11-25 12:33:37',1,50.000000,0.000000,50.000000,0),(519,345,0,0,2,1,'','',2,'2015-11-25 12:34:01',-1,67.609618,0.000000,0.000000,416),(520,345,0,0,6,1,'','',2,'2015-11-25 12:34:20',-1,67.609618,0.000000,0.000000,440),(521,389,0,0,7,1,'Perrocheau','Olivier',2,'2015-11-25 12:34:20',1,67.609618,0.000000,67.609618,0),(522,40,0,0,6,1,'','',2,'2015-11-25 12:34:52',-1,50.000000,0.000000,0.000000,40),(523,390,0,0,7,1,'Perrocheau','Olivier',2,'2015-11-25 12:34:52',1,50.000000,0.000000,50.000000,0),(524,31,0,0,6,1,'','',3,'2015-11-25 12:35:23',-1,50.000000,0.000000,0.000000,31),(525,391,0,0,7,1,'Perrocheau','Olivier',3,'2015-11-25 12:35:23',1,50.000000,0.000000,50.000000,0),(526,342,0,0,6,1,'','',3,'2015-11-25 12:35:57',-1,50.447902,0.000000,0.000000,413),(527,392,0,0,7,1,'Perrocheau','Olivier',3,'2015-11-25 12:35:57',1,50.447902,0.000000,50.447902,0),(528,34,0,0,6,1,'','',3,'2015-11-25 12:36:22',-1,50.000000,0.000000,0.000000,34),(529,393,0,0,7,1,'Perrocheau','Olivier',3,'2015-11-25 12:36:22',1,50.000000,0.000000,50.000000,0),(530,394,0,0,1,1,'Perrocheau','Olivier',3,'2015-12-07 22:21:20',1,49.174917,0.000000,0.000000,0),(531,68,11,0,3,1,'','',1,'2015-12-09 22:07:11',-1,50.000000,0.000000,0.000000,69),(532,17,17,0,3,1,'','',1,'2015-12-14 13:19:57',-1,50.000000,0.000000,0.000000,17),(533,17,16,0,3,1,'','',1,'2015-12-14 13:20:51',-1,50.000000,0.000000,0.000000,17),(534,13,0,0,2,1,'','',6,'2015-12-14 13:30:02',-1,50.000000,0.000000,0.000000,13),(535,395,0,0,1,1,'Perrocheau','Olivier',2,'2015-12-14 13:33:25',1,66.855257,0.000000,0.000000,0),(536,394,14,0,3,1,'','',1,'2015-12-17 18:23:15',-1,49.174917,0.000000,0.000000,530),(537,57,15,0,3,1,'','',1,'2015-12-17 18:23:44',-1,50.000000,0.000000,0.000000,57),(538,395,18,0,3,1,'','',1,'2015-12-21 22:07:41',-1,66.855257,0.000000,0.000000,535),(539,347,19,0,3,1,'','',1,'2015-12-23 22:13:08',-1,113.531353,0.000000,0.000000,418),(540,395,20,0,3,1,'','',1,'2015-12-23 22:22:54',-1,66.855257,0.000000,0.000000,535),(541,394,20,0,3,1,'','',1,'2015-12-23 22:22:54',-1,49.174917,0.000000,0.000000,530),(542,42,22,0,3,1,'','',1,'2015-12-29 12:59:20',-1,50.000000,0.000000,0.000000,42),(543,366,0,0,2,1,'','',1,'2015-12-29 17:45:48',-1,151.343706,0.000000,0.000000,460),(544,366,0,0,6,1,'','',1,'2015-12-29 17:46:56',-1,151.343706,0.000000,0.000000,477),(545,396,0,0,7,1,'Perrocheau','Olivier',1,'2015-12-29 17:46:56',1,151.343706,0.000000,151.343706,0),(546,379,0,0,6,1,'','',1,'2015-12-29 18:00:05',-1,126.119755,0.000000,0.000000,483),(547,379,0,0,6,1,'','',1,'2015-12-29 18:00:05',-1,126.119755,0.000000,0.000000,498),(548,397,0,0,7,1,'Perrocheau','Olivier',2,'2015-12-29 18:00:06',1,126.119755,0.000000,0.000000,0),(549,338,0,0,2,1,'','',4,'2015-12-29 18:01:00',-1,100.895804,0.000000,0.000000,409),(550,338,0,0,2,1,'','',1,'2015-12-29 18:01:01',-1,100.895804,0.000000,0.000000,432),(551,338,0,0,6,1,'','',2,'2015-12-29 18:01:25',-1,100.895804,0.000000,0.000000,432),(552,398,0,0,7,1,'Perrocheau','Olivier',2,'2015-12-29 18:01:25',1,100.895804,0.000000,0.000000,0),(553,264,0,0,2,1,'','',6,'2015-12-29 18:02:41',-1,51.110000,0.000000,0.000000,245),(554,264,0,0,2,1,'','',4,'2015-12-29 18:02:41',-1,51.110000,0.000000,0.000000,325),(555,264,0,0,6,1,'','',2,'2015-12-29 18:02:57',-1,51.110000,0.000000,0.000000,325),(556,399,0,0,7,1,'Perrocheau','Olivier',2,'2015-12-29 18:02:58',1,51.110000,0.000000,0.000000,0),(557,261,0,0,2,1,'','',8,'2015-12-29 18:03:41',-1,75.670000,0.000000,0.000000,242),(558,261,0,0,2,1,'','',1,'2015-12-29 18:03:42',-1,75.670000,0.000000,0.000000,321),(559,261,0,0,6,1,'','',2,'2015-12-29 18:04:00',-1,75.670000,0.000000,0.000000,321),(560,400,0,0,7,1,'Perrocheau','Olivier',2,'2015-12-29 18:04:00',1,75.670000,0.000000,0.000000,0),(561,286,0,0,2,1,'','',4,'2015-12-29 18:05:01',-1,66.240000,0.000000,0.000000,267),(562,286,0,0,2,1,'','',1,'2015-12-29 18:05:03',-1,66.240000,0.000000,0.000000,349),(563,286,0,0,6,1,'','',2,'2015-12-29 18:05:22',-1,66.240000,0.000000,0.000000,349),(564,401,0,0,7,1,'Perrocheau','Olivier',2,'2015-12-29 18:05:23',1,66.240000,0.000000,0.000000,0),(565,289,0,0,2,1,'','',4,'2015-12-29 18:05:54',-1,66.240000,0.000000,0.000000,270),(566,289,0,0,2,1,'','',1,'2015-12-29 18:05:54',-1,66.240000,0.000000,0.000000,353),(567,289,0,0,6,1,'','',2,'2015-12-29 18:06:13',-1,66.240000,0.000000,0.000000,353),(568,402,0,0,7,1,'Perrocheau','Olivier',2,'2015-12-29 18:06:13',1,66.240000,0.000000,0.000000,0),(569,262,0,0,2,1,'','',6,'2015-12-29 18:06:44',-1,45.400000,0.000000,0.000000,243),(570,262,0,0,6,1,'','',3,'2015-12-29 18:07:04',-1,45.400000,0.000000,0.000000,322),(571,403,0,0,7,1,'Perrocheau','Olivier',3,'2015-12-29 18:07:04',1,45.400000,0.000000,0.000000,0),(572,268,0,0,2,1,'','',6,'2015-12-29 18:07:42',-1,45.400000,0.000000,0.000000,249),(573,268,0,0,6,1,'','',3,'2015-12-29 18:08:03',-1,45.400000,0.000000,0.000000,329),(574,404,0,0,7,1,'Perrocheau','Olivier',3,'2015-12-29 18:08:03',1,45.400000,0.000000,0.000000,0),(575,269,0,0,2,1,'','',6,'2015-12-29 18:08:46',-1,45.400000,0.000000,0.000000,250),(576,269,0,0,6,1,'','',3,'2015-12-29 18:09:03',-1,45.400000,0.000000,0.000000,330),(577,405,0,0,7,1,'Perrocheau','Olivier',3,'2015-12-29 18:09:04',1,45.400000,0.000000,0.000000,0),(578,311,0,0,2,1,'','',2,'2015-12-29 18:10:04',-1,37.860000,0.000000,0.000000,292),(579,185,0,0,2,1,'','',1,'2015-12-29 18:10:46',-1,37.860000,0.000000,0.000000,367),(580,253,0,0,2,1,'','',16,'2015-12-29 18:11:18',-1,43.520000,0.000000,0.000000,234),(581,253,0,0,2,1,'','',1,'2015-12-29 18:11:18',-1,43.520000,0.000000,0.000000,311),(582,253,0,0,6,1,'','',4,'2015-12-29 18:11:49',-1,43.520000,0.000000,0.000000,311),(583,406,0,0,7,1,'Perrocheau','Olivier',4,'2015-12-29 18:11:49',1,43.520000,0.000000,0.000000,0),(584,186,0,0,2,1,'','',1,'2015-12-29 18:12:07',-1,37.860000,0.000000,0.000000,363),(585,187,0,0,2,1,'','',1,'2015-12-29 18:12:28',-1,37.860000,0.000000,0.000000,352),(586,188,0,0,2,1,'','',1,'2015-12-29 18:13:06',-1,37.860000,0.000000,0.000000,341),(587,254,0,0,2,1,'','',16,'2015-12-29 18:13:25',-1,43.520000,0.000000,0.000000,235),(588,254,0,0,2,1,'','',1,'2015-12-29 18:13:26',-1,43.520000,0.000000,0.000000,312),(589,314,0,0,2,1,'','',2,'2015-12-29 18:14:00',-1,37.860000,0.000000,0.000000,295),(590,311,0,0,6,1,'','',2,'2015-12-29 18:16:41',-1,37.860000,0.000000,0.000000,378),(591,407,0,0,7,1,'Perrocheau','Olivier',2,'2015-12-29 18:16:41',1,37.860000,0.000000,0.000000,0),(592,185,0,0,6,1,'','',1,'2015-12-29 18:17:22',-1,37.860000,0.000000,0.000000,404),(593,408,0,0,7,1,'Perrocheau','Olivier',1,'2015-12-29 18:17:22',1,37.860000,0.000000,0.000000,0),(594,186,0,0,6,1,'','',1,'2015-12-29 18:18:06',-1,37.860000,0.000000,0.000000,403),(595,409,0,0,7,1,'Perrocheau','Olivier',1,'2015-12-29 18:18:07',1,37.860000,0.000000,0.000000,0),(596,188,0,0,6,1,'','',1,'2015-12-29 18:18:45',-1,37.860000,0.000000,0.000000,401),(597,410,0,0,7,1,'Perrocheau','Olivier',1,'2015-12-29 18:18:46',1,37.860000,0.000000,0.000000,0),(598,187,0,0,6,1,'','',1,'2015-12-29 18:19:05',-1,37.860000,0.000000,0.000000,402),(599,411,0,0,7,1,'Perrocheau','Olivier',1,'2015-12-29 18:19:05',1,37.860000,0.000000,0.000000,0),(600,314,0,0,6,1,'','',2,'2015-12-29 18:19:34',-1,37.860000,0.000000,0.000000,381),(601,412,0,0,7,1,'Perrocheau','Olivier',2,'2015-12-29 18:19:35',1,37.860000,0.000000,0.000000,0),(602,17,0,0,2,1,'','',6,'2015-12-29 18:21:45',-1,50.000000,0.000000,0.000000,17),(603,296,0,0,2,1,'','',2,'2015-12-29 18:21:45',-1,43.520000,0.000000,0.000000,277),(604,413,0,0,1,1,'Perrocheau','Olivier',4,'2015-12-29 18:26:39',1,58.038661,0.000000,0.000000,0),(605,413,0,0,6,1,'','',4,'2015-12-29 18:27:16',-1,58.038661,0.000000,0.000000,604),(606,414,0,0,7,1,'Perrocheau','Olivier',4,'2015-12-29 18:27:16',1,58.038661,0.000000,0.000000,0),(607,308,0,0,2,1,'','',2,'2015-12-29 18:28:16',-1,54.880000,0.000000,0.000000,289),(608,308,0,0,2,1,'','',1,'2015-12-29 18:28:17',-1,54.880000,0.000000,0.000000,375),(609,307,0,0,2,1,'','',2,'2015-12-29 18:28:40',-1,54.880000,0.000000,0.000000,288),(610,307,0,0,2,1,'','',1,'2015-12-29 18:28:41',-1,54.880000,0.000000,0.000000,374),(611,306,0,0,2,1,'','',2,'2015-12-29 18:29:04',-1,54.880000,0.000000,0.000000,287),(612,306,0,0,2,1,'','',1,'2015-12-29 18:29:04',-1,54.880000,0.000000,0.000000,373),(613,304,0,0,2,1,'','',2,'2015-12-29 18:29:28',-1,54.880000,0.000000,0.000000,285),(614,304,0,0,2,1,'','',1,'2015-12-29 18:29:28',-1,54.880000,0.000000,0.000000,371),(615,303,0,0,2,1,'','',2,'2015-12-29 18:29:51',-1,54.880000,0.000000,0.000000,284),(616,303,0,0,2,1,'','',1,'2015-12-29 18:29:51',-1,54.880000,0.000000,0.000000,369),(617,305,0,0,2,1,'','',2,'2015-12-29 18:30:16',-1,54.880000,0.000000,0.000000,286),(618,305,0,0,2,1,'','',1,'2015-12-29 18:30:17',-1,54.880000,0.000000,0.000000,372),(619,308,0,0,6,1,'','',1,'2015-12-29 18:30:50',-1,54.880000,0.000000,0.000000,375),(620,415,0,0,7,1,'Perrocheau','Olivier',1,'2015-12-29 18:30:50',1,54.880000,0.000000,0.000000,0),(621,307,0,0,6,1,'','',1,'2015-12-29 18:31:27',-1,54.880000,0.000000,0.000000,374),(622,416,0,0,7,1,'Perrocheau','Olivier',1,'2015-12-29 18:31:28',1,54.880000,0.000000,0.000000,0),(623,306,0,0,6,1,'','',1,'2015-12-29 18:32:24',-1,54.880000,0.000000,0.000000,373),(624,417,0,0,7,1,'Perrocheau','Olivier',1,'2015-12-29 18:32:24',1,54.880000,0.000000,0.000000,0),(625,304,0,0,6,1,'','',1,'2015-12-29 18:33:00',-1,54.880000,0.000000,0.000000,371),(626,418,0,0,7,1,'Perrocheau','Olivier',1,'2015-12-29 18:33:00',1,54.880000,0.000000,0.000000,0),(627,303,0,0,6,1,'','',1,'2015-12-29 18:33:38',-1,54.880000,0.000000,0.000000,369),(628,419,0,0,7,1,'Perrocheau','Olivier',1,'2015-12-29 18:33:39',1,54.880000,0.000000,0.000000,0),(629,305,0,0,6,1,'','',1,'2015-12-29 18:34:15',-1,54.880000,0.000000,0.000000,372),(630,420,0,0,7,1,'Perrocheau','Olivier',1,'2015-12-29 18:34:16',1,54.880000,0.000000,0.000000,0),(631,267,0,0,2,1,'','',6,'2015-12-29 18:37:52',-1,45.400000,0.000000,0.000000,248),(632,267,0,0,6,1,'','',3,'2015-12-29 18:38:22',-1,45.400000,0.000000,0.000000,328),(633,421,0,0,7,1,'Perrocheau','Olivier',3,'2015-12-29 18:38:22',1,45.400000,0.000000,0.000000,0),(634,254,0,0,6,1,'','',4,'2015-12-29 18:39:26',-1,43.520000,0.000000,0.000000,312),(635,422,0,0,7,1,'Perrocheau','Olivier',4,'2015-12-29 18:39:27',1,43.520000,0.000000,0.000000,0),(636,163,0,0,2,1,'','',1,'2015-12-29 18:42:21',-1,50.000000,0.000000,0.000000,222),(637,166,0,0,2,1,'','',1,'2015-12-29 18:45:49',-1,50.000000,0.000000,0.000000,228),(638,32,0,0,2,1,'','',1,'2015-12-29 18:49:03',-1,50.000000,0.000000,0.000000,32),(639,319,0,0,2,1,'','',1,'2015-12-29 18:49:03',-1,75.670000,0.000000,0.000000,300),(640,319,0,0,6,1,'','',1,'2015-12-29 18:49:18',-1,75.670000,0.000000,0.000000,300),(641,423,0,0,7,1,'Perrocheau','Olivier',1,'2015-12-29 18:49:18',1,75.670000,0.000000,0.000000,0),(642,343,0,0,2,1,'','',2,'2015-12-29 18:51:24',-1,42.904290,0.000000,0.000000,414),(643,343,0,0,6,1,'','',2,'2015-12-29 18:51:44',-1,42.904290,0.000000,0.000000,438),(644,424,0,0,7,1,'Perrocheau','Olivier',2,'2015-12-29 18:51:45',1,42.904290,0.000000,0.000000,0),(645,23,0,0,2,1,'','',8,'2015-12-29 19:25:46',-1,50.000000,0.000000,0.000000,23),(646,293,0,0,2,1,'','',4,'2015-12-29 19:25:48',-1,35.170000,0.000000,0.000000,274),(647,24,0,0,2,1,'','',3,'2015-12-29 19:27:03',-1,50.000000,0.000000,0.000000,24),(648,2,0,0,2,1,'','',3,'2015-12-29 19:29:00',-1,50.000000,0.000000,0.000000,148),(649,273,0,0,2,1,'','',6,'2015-12-29 19:29:01',-1,36.730000,0.000000,0.000000,254),(650,273,0,0,2,1,'','',3,'2015-12-29 19:29:01',-1,36.730000,0.000000,0.000000,335),(651,1,0,0,2,1,'','',3,'2015-12-29 19:31:45',-1,50.000000,0.000000,0.000000,1),(652,272,0,0,2,1,'','',6,'2015-12-29 19:31:46',-1,36.730000,0.000000,0.000000,253),(653,272,0,0,2,1,'','',2,'2015-12-29 19:31:47',-1,36.730000,0.000000,0.000000,334),(654,425,0,0,1,1,'Perrocheau','Olivier',4,'2015-12-29 19:41:32',1,48.939180,0.000000,0.000000,0),(655,12,0,0,2,1,'','',4,'2015-12-29 19:46:41',-1,50.000000,0.000000,0.000000,12),(656,292,0,0,2,1,'','',4,'2015-12-29 19:46:41',-1,60.540000,0.000000,0.000000,273),(657,292,0,0,2,1,'','',2,'2015-12-29 19:47:15',-1,60.540000,0.000000,0.000000,356),(658,11,0,0,2,1,'','',4,'2015-12-29 19:47:57',-1,50.000000,0.000000,0.000000,11),(659,294,0,0,2,1,'','',4,'2015-12-29 19:48:23',-1,60.540000,0.000000,0.000000,275),(660,294,0,0,2,1,'','',2,'2015-12-29 19:48:23',-1,60.540000,0.000000,0.000000,358),(661,22,0,0,2,1,'','',2,'2015-12-29 19:49:17',-1,50.000000,0.000000,0.000000,22),(662,113,0,0,2,1,'','',4,'2015-12-29 19:50:02',-1,50.000000,0.000000,0.000000,114),(663,277,0,0,2,1,'','',2,'2015-12-29 19:50:02',-1,35.170000,0.000000,0.000000,258),(664,57,0,0,2,1,'','',2,'2015-12-29 19:50:44',-1,50.000000,0.000000,0.000000,57),(665,255,0,0,2,1,'','',10,'2015-12-29 19:50:46',-1,46.350000,0.000000,0.000000,236),(666,255,0,0,2,1,'','',3,'2015-12-29 19:50:46',-1,46.350000,0.000000,0.000000,314),(667,114,0,0,2,1,'','',4,'2015-12-29 19:51:29',-1,50.000000,0.000000,0.000000,115),(668,280,0,0,2,1,'','',3,'2015-12-29 19:51:30',-1,35.170000,0.000000,0.000000,261),(669,115,0,0,2,1,'','',2,'2015-12-29 19:51:53',-1,50.000000,0.000000,0.000000,116),(670,283,0,0,2,1,'','',4,'2015-12-29 19:52:14',-1,35.970000,0.000000,0.000000,264),(671,283,0,0,2,1,'','',4,'2015-12-29 19:52:14',-1,35.970000,0.000000,0.000000,346),(672,116,0,0,2,1,'','',8,'2015-12-29 19:52:38',-1,50.000000,0.000000,0.000000,117),(673,281,0,0,2,1,'','',2,'2015-12-29 19:52:38',-1,35.170000,0.000000,0.000000,262),(674,117,0,0,2,1,'','',8,'2015-12-29 19:53:19',-1,50.000000,0.000000,0.000000,118),(675,284,0,0,2,1,'','',4,'2015-12-29 19:53:19',-1,35.170000,0.000000,0.000000,265),(676,282,0,0,2,1,'','',4,'2015-12-29 19:53:47',-1,35.970000,0.000000,0.000000,263),(677,278,0,0,2,1,'','',4,'2015-12-29 19:54:16',-1,35.170000,0.000000,0.000000,259),(678,278,0,0,2,1,'','',1,'2015-12-29 19:54:16',-1,35.170000,0.000000,0.000000,340),(679,279,0,0,2,1,'','',4,'2015-12-29 19:54:44',-1,35.170000,0.000000,0.000000,260),(680,279,0,0,2,1,'','',3,'2015-12-29 19:54:44',-1,35.170000,0.000000,0.000000,342),(681,118,0,0,2,1,'','',4,'2015-12-29 19:55:22',-1,50.000000,0.000000,0.000000,119),(682,112,0,0,2,1,'','',3,'2015-12-29 19:55:43',-1,50.000000,0.000000,0.000000,113),(683,426,0,0,1,1,'Perrocheau','Olivier',3,'2015-12-29 19:56:51',1,61.527581,0.000000,0.000000,0),(684,58,0,0,2,1,'','',3,'2015-12-29 19:57:38',-1,50.000000,0.000000,0.000000,58),(685,256,0,0,2,1,'','',10,'2015-12-29 19:57:39',-1,46.350000,0.000000,0.000000,237),(686,128,0,0,2,1,'','',2,'2015-12-29 19:58:04',-1,50.000000,0.000000,0.000000,129),(687,276,0,0,2,1,'','',4,'2015-12-29 19:58:22',-1,35.170000,0.000000,0.000000,257),(688,276,0,0,2,1,'','',2,'2015-12-29 19:58:22',-1,35.170000,0.000000,0.000000,338),(689,274,0,0,2,1,'','',4,'2015-12-29 19:58:42',-1,35.170000,0.000000,0.000000,255),(690,274,0,0,2,1,'','',1,'2015-12-29 19:58:43',-1,35.170000,0.000000,0.000000,336),(691,313,0,0,2,1,'','',2,'2015-12-29 19:59:27',-1,37.860000,0.000000,0.000000,294),(692,313,0,0,2,1,'','',2,'2015-12-29 19:59:27',-1,37.860000,0.000000,0.000000,380),(693,309,0,0,2,1,'','',2,'2015-12-29 19:59:43',-1,37.860000,0.000000,0.000000,290),(694,309,0,0,2,1,'','',2,'2015-12-29 19:59:44',-1,37.860000,0.000000,0.000000,376),(695,315,0,0,2,1,'','',2,'2015-12-29 20:00:17',-1,37.860000,0.000000,0.000000,296),(696,315,0,0,2,1,'','',2,'2015-12-29 20:00:19',-1,37.860000,0.000000,0.000000,382),(697,312,0,0,2,1,'','',2,'2015-12-29 20:00:43',-1,37.860000,0.000000,0.000000,293),(698,312,0,0,2,1,'','',1,'2015-12-29 20:00:44',-1,37.860000,0.000000,0.000000,379),(699,3,0,0,2,1,'','',4,'2015-12-30 16:43:16',-1,50.000000,0.000000,0.000000,3),(700,285,0,0,2,1,'','',4,'2015-12-30 16:43:49',-1,29.510000,0.000000,0.000000,266),(701,285,0,0,2,1,'','',4,'2015-12-30 16:43:49',-1,29.510000,0.000000,0.000000,348),(702,6,0,0,2,1,'','',4,'2015-12-31 18:28:59',-1,50.000000,0.000000,0.000000,150),(703,295,0,0,2,1,'','',4,'2015-12-31 18:29:18',-1,29.510000,0.000000,0.000000,276),(704,7,0,0,2,1,'','',6,'2015-12-31 18:31:54',-1,50.000000,0.000000,0.000000,7),(705,271,0,0,2,1,'','',6,'2015-12-31 18:32:21',-1,47.340000,0.000000,0.000000,252),(706,271,0,0,2,1,'','',3,'2015-12-31 18:32:21',-1,47.340000,0.000000,0.000000,333),(707,8,0,0,2,1,'','',2,'2015-12-31 18:33:56',-1,50.000000,0.000000,0.000000,8),(708,270,0,0,2,1,'','',2,'2015-12-31 18:34:21',-1,54.880000,0.000000,0.000000,251),(709,270,0,0,2,1,'','',4,'2015-12-31 18:34:34',-1,54.880000,0.000000,0.000000,251),(710,270,0,0,2,1,'','',4,'2015-12-31 18:34:35',-1,54.880000,0.000000,0.000000,331),(711,10,0,0,2,1,'','',3,'2015-12-31 18:36:15',-1,50.000000,0.000000,0.000000,10),(712,14,0,0,2,1,'','',4,'2015-12-31 18:41:29',-1,4.000000,0.000000,0.000000,14),(713,18,0,0,2,1,'','',2,'2015-12-31 18:43:51',-1,50.000000,0.000000,0.000000,18),(714,291,0,0,2,1,'','',4,'2015-12-31 18:44:02',-1,37.860000,0.000000,0.000000,272),(715,291,0,0,2,1,'','',2,'2015-12-31 18:44:02',-1,37.860000,0.000000,0.000000,355),(716,19,0,0,2,1,'','',2,'2015-12-31 18:46:01',-1,50.000000,0.000000,0.000000,19),(717,288,0,0,2,1,'','',4,'2015-12-31 18:46:01',-1,37.860000,0.000000,0.000000,269),(718,288,0,0,2,1,'','',2,'2015-12-31 18:46:01',-1,37.860000,0.000000,0.000000,351),(719,20,0,0,2,1,'','',2,'2015-12-31 18:47:10',-1,50.000000,0.000000,0.000000,20),(720,316,0,0,2,1,'','',2,'2015-12-31 18:47:10',-1,37.860000,0.000000,0.000000,297),(721,28,0,0,2,1,'','',6,'2015-12-31 18:48:56',-1,50.000000,0.000000,0.000000,28),(722,427,0,0,1,1,'Perrocheau','Olivier',3,'2015-12-31 18:54:11',1,37.859500,0.000000,0.000000,0),(723,31,0,0,2,1,'','',3,'2015-12-31 18:57:39',-1,50.000000,0.000000,0.000000,31),(724,263,0,0,2,1,'','',6,'2015-12-31 18:57:50',-1,41.630000,0.000000,0.000000,244),(725,263,0,0,2,1,'','',6,'2015-12-31 18:57:50',-1,41.630000,0.000000,0.000000,323),(726,428,0,0,1,1,'Perrocheau','Olivier',3,'2015-12-31 19:00:25',1,55.492692,0.000000,0.000000,0),(727,36,0,0,2,1,'','',1,'2015-12-31 19:09:41',-1,50.000000,0.000000,0.000000,36),(728,429,0,0,1,1,'Perrocheau','Olivier',2,'2015-12-31 19:12:02',1,14.450000,0.000000,0.000000,0),(729,39,0,0,2,1,'','',1,'2015-12-31 19:18:31',-1,50.000000,0.000000,0.000000,39),(730,41,0,0,2,1,'','',3,'2015-12-31 19:20:20',-1,50.000000,0.000000,0.000000,41),(731,42,0,0,2,1,'','',1,'2015-12-31 19:21:52',-1,50.000000,0.000000,0.000000,42),(732,318,0,0,2,1,'','',2,'2015-12-31 19:24:30',-1,75.670000,0.000000,0.000000,299),(733,318,0,0,2,1,'','',2,'2015-12-31 19:24:30',-1,75.670000,0.000000,0.000000,385),(734,45,0,0,2,1,'','',2,'2015-12-31 19:28:24',-1,50.000000,0.000000,0.000000,45),(735,47,0,0,2,1,'','',1,'2015-12-31 19:32:09',-1,50.000000,0.000000,0.000000,47),(736,49,0,0,2,1,'','',4,'2015-12-31 19:36:14',-1,50.000000,0.000000,0.000000,49),(737,50,0,0,2,1,'','',1,'2015-12-31 19:39:42',-1,50.000000,0.000000,0.000000,50),(738,52,0,0,2,1,'','',4,'2015-12-31 19:43:21',-1,50.000000,0.000000,0.000000,52),(739,60,0,0,2,1,'','',2,'2015-12-31 19:56:12',-1,50.000000,0.000000,0.000000,60),(740,61,0,0,2,1,'','',1,'2015-12-31 19:57:42',-1,50.000000,0.000000,0.000000,61),(741,325,0,0,2,1,'','',1,'2015-12-31 19:57:42',-1,87.030000,0.000000,0.000000,306),(742,325,0,0,2,1,'','',1,'2015-12-31 19:57:42',-1,87.030000,0.000000,0.000000,392),(743,266,0,0,2,1,'','',6,'2015-12-31 20:00:52',-1,43.520000,0.000000,0.000000,247),(744,266,0,0,2,1,'','',4,'2015-12-31 20:00:52',-1,43.520000,0.000000,0.000000,327),(745,286,0,0,2,1,'','',1,'2015-12-31 20:02:27',-1,66.240000,0.000000,0.000000,349),(746,430,0,0,1,1,'Perrocheau','Olivier',1,'2015-12-31 20:05:40',1,66.242339,0.000000,0.000000,0),(747,65,0,0,2,1,'','',4,'2015-12-31 20:07:19',-1,50.000000,0.000000,0.000000,66),(748,287,0,0,2,1,'','',4,'2015-12-31 20:07:20',-1,66.240000,0.000000,0.000000,268),(749,287,0,0,2,1,'','',2,'2015-12-31 20:07:20',-1,66.240000,0.000000,0.000000,350);

--
-- Table structure for table `ps_stock_mvt_reason`
--

CREATE TABLE `ps_stock_mvt_reason` (
  `id_stock_mvt_reason` int(11) unsigned NOT NULL AUTO_INCREMENT,
  `sign` tinyint(1) NOT NULL DEFAULT '1',
  `date_add` datetime NOT NULL,
  `date_upd` datetime NOT NULL,
  `deleted` tinyint(1) unsigned NOT NULL DEFAULT '0',
  PRIMARY KEY (`id_stock_mvt_reason`)
) ENGINE=InnoDB AUTO_INCREMENT=12 DEFAULT CHARSET=utf8;

--
-- Dumping data for table `ps_stock_mvt_reason`
--

INSERT INTO `ps_stock_mvt_reason` (`id_stock_mvt_reason`, `sign`, `date_add`, `date_upd`, `deleted`) VALUES (1,1,'2015-08-17 20:31:51','2015-09-05 02:13:57',0),(2,-1,'2015-08-17 20:31:51','2015-08-17 20:31:51',0),(3,-1,'2015-08-17 20:31:51','2015-08-17 20:31:51',0),(4,-1,'2015-08-17 20:31:52','2015-08-17 20:31:52',0),(5,1,'2015-08-17 20:31:52','2015-08-17 20:31:52',0),(6,-1,'2015-08-17 20:31:52','2015-08-17 20:31:52',0),(7,1,'2015-08-17 20:31:52','2015-08-17 20:31:52',0),(8,1,'2015-08-17 20:31:52','2015-08-17 20:31:52',0),(9,1,'2015-08-30 21:27:30','2015-08-30 21:27:30',0),(10,-1,'2015-08-30 21:27:30','2015-08-30 21:27:30',0),(11,-1,'2015-08-30 21:27:30','2015-08-30 21:27:30',0);

--
-- Table structure for table `ps_stock_mvt_reason_lang`
--

CREATE TABLE `ps_stock_mvt_reason_lang` (
  `id_stock_mvt_reason` int(11) unsigned NOT NULL,
  `id_lang` int(11) unsigned NOT NULL,
  `name` varchar(255) NOT NULL,
  PRIMARY KEY (`id_stock_mvt_reason`,`id_lang`)
) ENGINE=InnoDB DEFAULT CHARSET=utf8;

--
-- Dumping data for table `ps_stock_mvt_reason_lang`
--

INSERT INTO `ps_stock_mvt_reason_lang` (`id_stock_mvt_reason`, `id_lang`, `name`) VALUES (1,1,'Increase'),(1,2,'Increase'),(2,1,'Decrease'),(2,2,'Decrease'),(3,1,'Customer Order'),(3,2,'Customer Order'),(4,1,'Regulation following an inventory of stock'),(4,2,'Regulation following an inventory of stock'),(5,1,'Regulation following an inventory of stock'),(5,2,'Regulation following an inventory of stock'),(6,1,'Transfer to another warehouse'),(6,2,'Transfer to another warehouse'),(7,1,'Transfer from another warehouse'),(7,2,'Transfer from another warehouse'),(8,1,'Supply Order'),(8,2,'Supply Order'),(9,1,'Increase of inventory'),(9,2,'Increase of inventory'),(10,1,'Decrease of inventory'),(10,2,'Decrease of inventory'),(11,1,'Cancellation of reception'),(11,2,'Cancellation of reception');

--
-- Table structure for table `ps_store`
--

CREATE TABLE `ps_store` (
  `id_store` int(10) unsigned NOT NULL AUTO_INCREMENT,
  `id_country` int(10) unsigned NOT NULL,
  `id_state` int(10) unsigned DEFAULT NULL,
  `name` varchar(128) NOT NULL,
  `address1` varchar(128) NOT NULL,
  `address2` varchar(128) DEFAULT NULL,
  `city` varchar(64) NOT NULL,
  `postcode` varchar(12) NOT NULL,
  `latitude` decimal(13,8) DEFAULT NULL,
  `longitude` decimal(13,8) DEFAULT NULL,
  `hours` varchar(254) DEFAULT NULL,
  `phone` varchar(16) DEFAULT NULL,
  `fax` varchar(16) DEFAULT NULL,
  `email` varchar(128) DEFAULT NULL,
  `note` text,
  `active` tinyint(1) unsigned NOT NULL DEFAULT '0',
  `date_add` datetime NOT NULL,
  `date_upd` datetime NOT NULL,
  PRIMARY KEY (`id_store`)
) ENGINE=InnoDB AUTO_INCREMENT=11 DEFAULT CHARSET=utf8;

--
-- Dumping data for table `ps_store`
--

INSERT INTO `ps_store` (`id_store`, `id_country`, `id_state`, `name`, `address1`, `address2`, `city`, `postcode`, `latitude`, `longitude`, `hours`, `phone`, `fax`, `email`, `note`, `active`, `date_add`, `date_upd`) VALUES (1,136,313,'Bebehaus Bangsar','F27, 1st Floor, Bangsar Village1','No. 1 Jalan Telawi 1, Bangsar Baru','KUALA LUMPUR','59100',3.12948700,101.67083250,'a:7:{i:0;s:19:\"10:00 AM - 10:00 PM\";i:1;s:19:\"10:00 AM - 10:00 PM\";i:2;s:19:\"10:00 AM - 10:00 PM\";i:3;s:19:\"10:00 AM - 10:00 PM\";i:4;s:19:\"10:00 AM - 10:00 PM\";i:5;s:19:\"10:00 AM - 10:00 PM\";i:6;s:19:\"10:00 AM - 10:00 PM\";}','+603 2282 2989','','','http://www.bebehaus.com',1,'2015-08-17 20:33:52','2015-08-20 13:27:13'),(2,136,313,'Bebehaus Ampang','Lot14, Level 2, Great Eastern Mall','Jalan Ampang','KUALA LUMPUR','50450',3.16017860,101.73684570,'a:7:{i:0;s:18:\"11:00 AM - 9:00 PM\";i:1;s:18:\"11:00 AM - 9:00 PM\";i:2;s:18:\"11:00 AM - 9:00 PM\";i:3;s:18:\"11:00 AM - 9:00 PM\";i:4;s:18:\"11:00 AM - 9:00 PM\";i:5;s:18:\"11:00 AM - 9:00 PM\";i:6;s:18:\"11:00 AM - 9:00 PM\";}','+603 4251 6008','','','http://www.bebehaus.com',1,'2015-08-17 20:33:53','2015-08-20 12:34:21'),(3,136,313,'Happikiddo Publika','Lot No. 9 Level UG1, Publika Shopping Gallery','Solaris Dutamas 1, Jalan Dutamas 1','KUALA LUMPUR','50480',3.17113000,101.66698300,'a:7:{i:0;s:19:\"10:00 AM - 10:00 PM\";i:1;s:19:\"10:00 AM - 10:00 PM\";i:2;s:19:\"10:00 AM - 10:00 PM\";i:3;s:19:\"10:00 AM - 10:00 PM\";i:4;s:19:\"10:00 AM - 10:00 PM\";i:5;s:19:\"10:00 AM - 10:00 PM\";i:6;s:19:\"10:00 AM - 10:00 PM\";}','+60 3 7859 9330','','happikiddo@gmail.com','www.happikiddo.com.my',1,'2015-08-17 20:33:53','2015-08-20 13:25:38'),(4,136,313,'Happikiddo Quill City Mall','Lot 2.28-2.31, 2nd Floor, Kompleks Beli-Belah Quill','No 1018, Jalan Sultan Ismail','KUALA LUMPUR','50250',3.15974610,101.70105840,'a:7:{i:0;s:19:\"10:00 AM - 10:00 PM\";i:1;s:19:\"10:00 AM - 10:00 PM\";i:2;s:19:\"10:00 AM - 10:00 PM\";i:3;s:19:\"10:00 AM - 10:00 PM\";i:4;s:19:\"10:00 AM - 10:00 PM\";i:5;s:19:\"10:00 AM - 10:00 PM\";i:6;s:19:\"10:00 AM - 10:00 PM\";}','+60 3 7859 9330','','happikiddo@gmail.com','www.happikiddo.com.my',1,'2015-08-17 20:33:53','2015-08-20 13:01:02'),(5,136,327,'Happikiddo Citta Mall','Lot 23-25, 1st Floor, Citta Ara Damansara','No.1, Jalan pju 1A/48, PJU 1A, Ara Damansara','PETALING JAYA','47301',3.11209720,101.57872990,'a:7:{i:0;s:19:\"10:00 AM - 10:00 PM\";i:1;s:19:\"10:00 AM - 10:00 PM\";i:2;s:19:\"10:00 AM - 10:00 PM\";i:3;s:19:\"10:00 AM - 10:00 PM\";i:4;s:19:\"10:00 AM - 10:00 PM\";i:5;s:19:\"10:00 AM - 10:00 PM\";i:6;s:19:\"10:00 AM - 10:00 PM\";}','+60 3 7859 9330','','happikiddo@gmail.com','www.happikiddo.com.my',1,'2015-08-17 20:33:53','2015-08-20 13:06:29'),(6,136,313,'Mum Over The Moon Publika','Lot No. 49A Level G3, Publika Shopping Gallery','Solaris Dutamas, Jalan Dutamas 1','KUALA LUMPUR','50480',3.17131700,101.66567180,'a:7:{i:0;s:19:\"10:00 AM - 10:00 PM\";i:1;s:19:\"10:00 AM - 10:00 PM\";i:2;s:19:\"10:00 AM - 10:00 PM\";i:3;s:19:\"10:00 AM - 10:00 PM\";i:4;s:19:\"10:00 AM - 10:00 PM\";i:5;s:19:\"10:00 AM - 10:00 PM\";i:6;s:19:\"10:00 AM - 10:00 PM\";}','+60 3 6211 2258','','happikiddo@gmail.com','',1,'2015-08-20 13:14:14','2015-10-23 19:17:08'),(7,136,315,'Happikiddo Cyberjaya D Pulze','Lot G18 Dpulze, Dpulze Shopping Centre','Lingkaran Cyber Point Timur, Cyber 12','Cyberjaya','63000',2.92200000,101.65150000,'a:7:{i:0;s:19:\"10:00 AM - 10:00 PM\";i:1;s:19:\"10:00 AM - 10:00 PM\";i:2;s:19:\"10:00 AM - 10:00 PM\";i:3;s:19:\"10:00 AM - 10:00 PM\";i:4;s:19:\"10:00 AM - 10:00 PM\";i:5;s:19:\"10:00 AM - 10:00 PM\";i:6;s:19:\"10:00 AM - 10:00 PM\";}','+60 3-7662 5000','','customerservice@happikiddo.com.my','',1,'2015-10-23 18:49:09','2015-10-23 19:16:30'),(8,136,313,'Bumps & Bundles 1MK','Lot G8, Ground Floor, 1 Mont Kiara Mall','No 1, Jalan Kiara','Kuala Lumpur','50480',3.16561200,101.65259120,'a:7:{i:0;s:20:\"10.00 AM to 10.00 PM\";i:1;s:20:\"10.00 AM to 10.00 PM\";i:2;s:20:\"10.00 AM to 10.00 PM\";i:3;s:20:\"10.00 AM to 10.00 PM\";i:4;s:20:\"10.00 AM to 10.00 PM\";i:5;s:20:\"10.00 AM to 10.00 PM\";i:6;s:20:\"10.00 AM to 10.00 PM\";}','+60 19 858 998','','','',1,'2015-10-23 18:56:27','2015-10-24 20:21:56'),(9,136,313,'Kinokuniya Book Stores','Lot 406-408 & 429-430','Level 4, Suria KLCC, Kuala Lumpur City Center','Kuala Lumpur','50088',3.15808700,101.71159100,'a:7:{i:0;s:19:\"10:00 AM - 10:00 PM\";i:1;s:19:\"10:00 AM - 10:00 PM\";i:2;s:19:\"10:00 AM - 10:00 PM\";i:3;s:19:\"10:00 AM - 10:00 PM\";i:4;s:19:\"10:00 AM - 10:00 PM\";i:5;s:19:\"10:00 AM - 10:00 PM\";i:6;s:19:\"10:00 AM - 10:00 PM\";}','+60 3 2164 8133','','','',1,'2015-11-25 12:10:26','2015-11-25 12:10:26'),(10,136,327,'Applecrumby & Fish','3 Lorong Teknologi C, Taman Sains','Selangor 1 PJU 5, Kota Damansara','Petaling Jaya','47810',3.15250900,101.56677900,'a:7:{i:0;s:18:\"10:00 AM - 5:00 PM\";i:1;s:18:\"10:00 AM - 5:00 PM\";i:2;s:18:\"10:00 AM - 5:00 PM\";i:3;s:18:\"10:00 AM - 5:00 PM\";i:4;s:18:\"10:00 AM - 5:00 PM\";i:5;s:0:\"\";i:6;s:0:\"\";}','+60 3 61436088','','info@applecrumbyandfish.com','',1,'2015-12-15 16:50:21','2015-12-15 17:01:36');

--
-- Table structure for table `ps_store_shop`
--

CREATE TABLE `ps_store_shop` (
  `id_store` int(11) unsigned NOT NULL,
  `id_shop` int(11) unsigned NOT NULL,
  PRIMARY KEY (`id_store`,`id_shop`),
  KEY `id_shop` (`id_shop`)
) ENGINE=InnoDB DEFAULT CHARSET=utf8;

--
-- Dumping data for table `ps_store_shop`
--

INSERT INTO `ps_store_shop` (`id_store`, `id_shop`) VALUES (1,1),(2,1),(3,1),(4,1),(5,1),(6,1),(7,1),(8,1),(9,1),(10,1);

--
-- Table structure for table `ps_supplier`
--

CREATE TABLE `ps_supplier` (
  `id_supplier` int(10) unsigned NOT NULL AUTO_INCREMENT,
  `name` varchar(64) NOT NULL,
  `date_add` datetime NOT NULL,
  `date_upd` datetime NOT NULL,
  `active` tinyint(1) NOT NULL DEFAULT '0',
  PRIMARY KEY (`id_supplier`)
) ENGINE=InnoDB AUTO_INCREMENT=2 DEFAULT CHARSET=utf8;

--
-- Dumping data for table `ps_supplier`
--

INSERT INTO `ps_supplier` (`id_supplier`, `name`, `date_add`, `date_upd`, `active`) VALUES (1,'Groupe DetC','2015-08-17 20:32:51','2015-09-05 04:17:48',1);

--
-- Table structure for table `ps_supplier_lang`
--

CREATE TABLE `ps_supplier_lang` (
  `id_supplier` int(10) unsigned NOT NULL,
  `id_lang` int(10) unsigned NOT NULL,
  `description` text,
  `meta_title` varchar(128) DEFAULT NULL,
  `meta_keywords` varchar(255) DEFAULT NULL,
  `meta_description` varchar(255) DEFAULT NULL,
  PRIMARY KEY (`id_supplier`,`id_lang`)
) ENGINE=InnoDB DEFAULT CHARSET=utf8;

--
-- Dumping data for table `ps_supplier_lang`
--

INSERT INTO `ps_supplier_lang` (`id_supplier`, `id_lang`, `description`, `meta_title`, `meta_keywords`, `meta_description`) VALUES (1,1,'','','',''),(1,2,'','','','');

--
-- Table structure for table `ps_supplier_shop`
--

CREATE TABLE `ps_supplier_shop` (
  `id_supplier` int(11) unsigned NOT NULL,
  `id_shop` int(11) unsigned NOT NULL,
  PRIMARY KEY (`id_supplier`,`id_shop`),
  KEY `id_shop` (`id_shop`)
) ENGINE=InnoDB DEFAULT CHARSET=utf8;

--
-- Dumping data for table `ps_supplier_shop`
--

INSERT INTO `ps_supplier_shop` (`id_supplier`, `id_shop`) VALUES (1,1);

--
-- Table structure for table `ps_supply_order`
--

CREATE TABLE `ps_supply_order` (
  `id_supply_order` int(11) unsigned NOT NULL AUTO_INCREMENT,
  `id_supplier` int(11) unsigned NOT NULL,
  `supplier_name` varchar(64) NOT NULL,
  `id_lang` int(11) unsigned NOT NULL,
  `id_warehouse` int(11) unsigned NOT NULL,
  `id_supply_order_state` int(11) unsigned NOT NULL,
  `id_currency` int(11) unsigned NOT NULL,
  `id_ref_currency` int(11) unsigned NOT NULL,
  `reference` varchar(64) NOT NULL,
  `date_add` datetime NOT NULL,
  `date_upd` datetime NOT NULL,
  `date_delivery_expected` datetime DEFAULT NULL,
  `total_te` decimal(20,6) DEFAULT '0.000000',
  `total_with_discount_te` decimal(20,6) DEFAULT '0.000000',
  `total_tax` decimal(20,6) DEFAULT '0.000000',
  `total_ti` decimal(20,6) DEFAULT '0.000000',
  `discount_rate` decimal(20,6) DEFAULT '0.000000',
  `discount_value_te` decimal(20,6) DEFAULT '0.000000',
  `is_template` tinyint(1) DEFAULT '0',
  PRIMARY KEY (`id_supply_order`),
  KEY `id_supplier` (`id_supplier`),
  KEY `id_warehouse` (`id_warehouse`),
  KEY `reference` (`reference`)
) ENGINE=InnoDB AUTO_INCREMENT=3 DEFAULT CHARSET=utf8;

--
-- Dumping data for table `ps_supply_order`
--

INSERT INTO `ps_supply_order` (`id_supply_order`, `id_supplier`, `supplier_name`, `id_lang`, `id_warehouse`, `id_supply_order_state`, `id_currency`, `id_ref_currency`, `reference`, `date_add`, `date_upd`, `date_delivery_expected`, `total_te`, `total_with_discount_te`, `total_tax`, `total_ti`, `discount_rate`, `discount_value_te`, `is_template`) VALUES (1,1,'Groupe DetC',1,1,5,1,1,'20150002-ORD-001 A','2015-09-05 02:57:48','2015-11-23 20:21:12','2015-11-20 00:00:00',15691.300000,11768.475000,0.000000,11768.475000,25.000000,3922.825000,0),(2,1,'Groupe DetC',1,1,5,2,1,'20150002-ORD-001 B','2015-11-18 19:46:18','2015-11-23 20:26:43','2015-11-25 00:00:00',1239.630000,929.722500,0.000000,929.722500,25.000000,309.907500,0);

--
-- Table structure for table `ps_supply_order_detail`
--

CREATE TABLE `ps_supply_order_detail` (
  `id_supply_order_detail` int(11) unsigned NOT NULL AUTO_INCREMENT,
  `id_supply_order` int(11) unsigned NOT NULL,
  `id_currency` int(11) unsigned NOT NULL,
  `id_product` int(11) unsigned NOT NULL,
  `id_product_attribute` int(11) unsigned NOT NULL,
  `reference` varchar(32) NOT NULL,
  `supplier_reference` varchar(32) NOT NULL,
  `name` varchar(128) NOT NULL,
  `ean13` varchar(13) DEFAULT NULL,
  `upc` varchar(12) DEFAULT NULL,
  `exchange_rate` decimal(20,6) DEFAULT '0.000000',
  `unit_price_te` decimal(20,6) DEFAULT '0.000000',
  `quantity_expected` int(11) unsigned NOT NULL,
  `quantity_received` int(11) unsigned NOT NULL,
  `price_te` decimal(20,6) DEFAULT '0.000000',
  `discount_rate` decimal(20,6) DEFAULT '0.000000',
  `discount_value_te` decimal(20,6) DEFAULT '0.000000',
  `price_with_discount_te` decimal(20,6) DEFAULT '0.000000',
  `tax_rate` decimal(20,6) DEFAULT '0.000000',
  `tax_value` decimal(20,6) DEFAULT '0.000000',
  `price_ti` decimal(20,6) DEFAULT '0.000000',
  `tax_value_with_order_discount` decimal(20,6) DEFAULT '0.000000',
  `price_with_order_discount_te` decimal(20,6) DEFAULT '0.000000',
  PRIMARY KEY (`id_supply_order_detail`),
  KEY `id_supply_order` (`id_supply_order`,`id_product`),
  KEY `id_product_attribute` (`id_product_attribute`),
  KEY `id_product_product_attribute` (`id_product`,`id_product_attribute`)
) ENGINE=InnoDB AUTO_INCREMENT=149 DEFAULT CHARSET=utf8;

--
-- Dumping data for table `ps_supply_order_detail`
--

INSERT INTO `ps_supply_order_detail` (`id_supply_order_detail`, `id_supply_order`, `id_currency`, `id_product`, `id_product_attribute`, `reference`, `supplier_reference`, `name`, `ean13`, `upc`, `exchange_rate`, `unit_price_te`, `quantity_expected`, `quantity_received`, `price_te`, `discount_rate`, `discount_value_te`, `price_with_discount_te`, `tax_rate`, `tax_value`, `price_ti`, `tax_value_with_order_discount`, `price_with_order_discount_te`) VALUES (1,1,1,134,0,'DC2743','','Rabbit Pompon Musical Box - Strawberry','3700335227437','',1.000000,45.400000,6,12,272.400000,0.000000,68.100000,204.300000,0.000000,0.000000,204.300000,0.000000,153.225000),(2,1,1,135,0,'DC2744','','Rabbit Pompon Musical Box - Lavanda','3700335227444','',1.000000,45.400000,6,12,272.400000,0.000000,68.100000,204.300000,0.000000,0.000000,204.300000,0.000000,153.225000),(3,1,1,136,0,'DC2745','','Rabbit Pompon Musical Box - Almond','3700335227451','',1.000000,45.400000,6,12,272.400000,0.000000,68.100000,204.300000,0.000000,0.000000,204.300000,0.000000,153.225000),(4,1,1,137,0,'DC2746','','Rabbit Pompon Musical Box - Coral','3700335227468','',1.000000,45.400000,6,12,272.400000,0.000000,68.100000,204.300000,0.000000,0.000000,204.300000,0.000000,153.225000),(5,1,1,1,0,'DC1239','','Doudou Rabbit Bonbon Small Pink','3700335212396','',1.000000,36.730000,6,12,220.380000,0.000000,55.095000,165.285000,0.000000,0.000000,165.285000,0.000000,123.963750),(6,1,1,8,0,'DC1238','','Doudou Rabbit Bonbon Small Blue','3700335212389','',1.000000,36.730000,6,12,220.380000,0.000000,55.095000,165.285000,0.000000,0.000000,165.285000,0.000000,123.963750),(7,1,1,18,0,'DC1241','','Doudou Rabbit Bonbon Large Blue','3700335212419','',1.000000,60.540000,4,8,242.160000,0.000000,60.540000,181.620000,0.000000,0.000000,181.620000,0.000000,136.215000),(8,1,1,17,0,'DC1242','','Doudou Rabbit Bonbon Large Pink','3700335212426','',1.000000,60.540000,4,8,242.160000,0.000000,60.540000,181.620000,0.000000,0.000000,181.620000,0.000000,136.215000),(9,1,1,9,0,'DC2701','','Doudou Cerise with Dummy holder','3700335227017','',1.000000,29.510000,4,8,118.040000,0.000000,29.510000,88.530000,0.000000,0.000000,88.530000,0.000000,66.397500),(10,1,1,12,0,'DC2714','','Doudou Petit Chou with Dummy holder','3700335227147','',1.000000,29.510000,4,8,118.040000,0.000000,29.510000,88.530000,0.000000,0.000000,88.530000,0.000000,66.397500),(11,1,1,13,0,'DC2716','','Doudou Petit Chou','3700335227161','',1.000000,47.340000,6,12,284.040000,0.000000,71.010000,213.030000,0.000000,0.000000,213.030000,0.000000,159.772500),(12,1,1,14,0,'DC2718','','Activity Doll Petit Chou','3700335227185','',1.000000,54.880000,6,12,329.280000,0.000000,82.320000,246.960000,0.000000,0.000000,246.960000,0.000000,185.220000),(13,1,1,23,0,'DC2794','','Doudou Collector Dog Mint','3700335227949','',1.000000,43.520000,4,8,174.080000,0.000000,43.520000,130.560000,0.000000,0.000000,130.560000,0.000000,97.920000),(14,1,1,24,0,'DC2804','','Doudou Cueillettes Mouse','3700335228045','',1.000000,37.860000,4,8,151.440000,0.000000,37.860000,113.580000,0.000000,0.000000,113.580000,0.000000,85.185000),(15,1,1,25,0,'DC2805','','Doudou Cueillettes Dog','3700335228052','',1.000000,37.860000,4,8,151.440000,0.000000,0.000000,151.440000,0.000000,0.000000,151.440000,0.000000,113.580000),(16,1,1,26,0,'DC2808','','Doudou Cueillettes Dog with Handkerchief','3700335228083','',1.000000,37.860000,2,4,75.720000,0.000000,0.000000,75.720000,0.000000,0.000000,75.720000,0.000000,56.790000),(17,1,1,31,0,'HO2513','','Douillet Bear Champagne Small','3700349325136','',1.000000,51.110000,2,4,102.220000,0.000000,0.000000,102.220000,0.000000,0.000000,102.220000,0.000000,76.665000),(18,1,1,33,0,'HO2452','','Giraffe Medium Size','3700349324528','',1.000000,75.670000,2,4,151.340000,0.000000,0.000000,151.340000,0.000000,0.000000,151.340000,0.000000,113.505000),(19,1,1,32,0,'HO2451','','Giraffe Small Size','3700349324511','',1.000000,41.630000,6,12,249.780000,0.000000,0.000000,249.780000,0.000000,0.000000,249.780000,0.000000,187.335000),(20,1,1,38,0,'HO2431','','Copain Calin - Beige Rabbit - Medium','3700349324313','',1.000000,51.110000,6,12,306.660000,0.000000,0.000000,306.660000,0.000000,0.000000,306.660000,0.000000,229.995000),(21,1,1,39,0,'HO2432','','Copain Calin - Beige Rabbit - Large','3700349324320','',1.000000,75.670000,8,16,605.360000,0.000000,0.000000,605.360000,0.000000,0.000000,605.360000,0.000000,454.020000),(22,1,1,43,0,'HO2514','','Douillet Bear Champagne Medium','3700349325143','',1.000000,75.670000,2,4,151.340000,0.000000,0.000000,151.340000,0.000000,0.000000,151.340000,0.000000,113.505000),(23,1,1,58,0,'DC1060','','Rabbit Celestine the Puppet','3700335210606','',1.000000,35.170000,4,8,140.680000,0.000000,0.000000,140.680000,0.000000,0.000000,140.680000,0.000000,105.510000),(24,1,1,60,0,'DC1445','','Doudou Classical Celestine','3700335214451','',1.000000,46.350000,10,20,463.500000,0.000000,0.000000,463.500000,0.000000,0.000000,463.500000,0.000000,347.625000),(25,1,1,61,0,'DC2216','','Doudou Classical Celestin','3700335222166','',1.000000,46.350000,10,20,463.500000,0.000000,0.000000,463.500000,0.000000,0.000000,463.500000,0.000000,347.625000),(26,1,1,64,0,'DC2402','','Pyjama Bag Celeste','3700335224023','',1.000000,87.030000,1,2,87.030000,0.000000,0.000000,87.030000,0.000000,0.000000,87.030000,0.000000,65.272500),(27,1,1,66,0,'DC2682','','Doudou Rabbit Pompon Small Coral','3700335226829','',1.000000,43.520000,6,12,261.120000,0.000000,0.000000,261.120000,0.000000,0.000000,261.120000,0.000000,195.840000),(28,1,1,67,0,'DC2684','','Doudou Rabbit Pompon Medium Strawberry','3700335226843','',1.000000,66.240000,4,8,264.960000,0.000000,0.000000,264.960000,0.000000,0.000000,264.960000,0.000000,198.720000),(29,1,1,68,0,'DC2686','','Doudou Rabbit Pompon Medium Coral','3700335226867','',1.000000,66.240000,4,8,264.960000,0.000000,0.000000,264.960000,0.000000,0.000000,264.960000,0.000000,198.720000),(30,1,1,69,0,'DC2685','','Doudou Rabbit Pompon Medium Lavander','3700335226850','',1.000000,66.240000,4,8,264.960000,0.000000,0.000000,264.960000,0.000000,0.000000,264.960000,0.000000,198.720000),(31,1,1,70,0,'DC2687','','Doudou Rabbit Pompon Medium Almond','3700335226874','',1.000000,66.240000,4,8,264.960000,0.000000,0.000000,264.960000,0.000000,0.000000,264.960000,0.000000,198.720000),(32,1,1,71,0,'DC2706','','Pyjama Bag Cerise','3700335227062','',1.000000,88.920000,1,2,88.920000,0.000000,0.000000,88.920000,0.000000,0.000000,88.920000,0.000000,66.690000),(33,1,1,73,0,'DC2717','','Musical Box Bear Petit Chou','3700335227178','',1.000000,54.880000,8,16,439.040000,0.000000,0.000000,439.040000,0.000000,0.000000,439.040000,0.000000,329.280000),(34,1,1,74,0,'DC2795','','Musical Box Doudou Collector Pink Rabbit','3700335227956','',1.000000,43.520000,8,16,348.160000,0.000000,0.000000,348.160000,0.000000,0.000000,348.160000,0.000000,261.120000),(35,1,1,75,0,'DC2796','','Musical Box Doudou Collector Brown Rabbit','3700335227963','',1.000000,43.520000,8,16,348.160000,0.000000,0.000000,348.160000,0.000000,0.000000,348.160000,0.000000,261.120000),(36,1,1,76,0,'DC2797','','Musical Box Doudou Collector Pink Bear','3700335227970','',1.000000,43.520000,8,16,348.160000,0.000000,0.000000,348.160000,0.000000,0.000000,348.160000,0.000000,261.120000),(37,1,1,77,0,'DC2800','','Activity Doll Doudou Collector Pink Rabbit','3700335228007','',1.000000,66.240000,1,2,66.240000,0.000000,0.000000,66.240000,0.000000,0.000000,66.240000,0.000000,49.680000),(38,1,1,78,0,'DC2801','','Activity Doll Doudou Collector Brown Rabbit','3700335228014','',1.000000,66.240000,1,2,66.240000,0.000000,0.000000,66.240000,0.000000,0.000000,66.240000,0.000000,49.680000),(39,1,1,79,0,'DC2802','','Activity Doll Doudou Collector Pink Bear','3700335228021','',1.000000,66.240000,1,2,66.240000,0.000000,0.000000,66.240000,0.000000,0.000000,66.240000,0.000000,49.680000),(40,1,1,80,0,'DC2803','','Activity Doll Doudou Collector Mint Dog','3700335228038','',1.000000,66.240000,1,2,66.240000,0.000000,0.000000,66.240000,0.000000,0.000000,66.240000,0.000000,49.680000),(41,1,1,81,0,'DC2491','','Socks for Every Day of the Week - Boy','3700335224917','',1.000000,37.860000,18,18,681.480000,0.000000,0.000000,681.480000,0.000000,0.000000,681.480000,0.000000,511.110000),(42,1,1,82,0,'DC2490','','Socks for Every Day of the Week - Girl','3700335224900','',1.000000,37.860000,18,18,681.480000,0.000000,0.000000,681.480000,0.000000,0.000000,681.480000,0.000000,511.110000),(43,1,1,88,71,'DC2755 Blue','','Soft Blanket Rabbit : Color - Blue','','',1.000000,37.860000,1,2,37.860000,0.000000,0.000000,37.860000,0.000000,0.000000,37.860000,0.000000,28.395000),(44,1,1,88,72,'DC2755 Pink','','Soft Blanket Rabbit : Color - Pink','','',1.000000,37.860000,1,2,37.860000,0.000000,0.000000,37.860000,0.000000,0.000000,37.860000,0.000000,28.395000),(45,1,1,88,73,'DC2755 Brown','','Soft Blanket Rabbit : Color - Brown','','',1.000000,37.860000,1,2,37.860000,0.000000,0.000000,37.860000,0.000000,0.000000,37.860000,0.000000,28.395000),(46,1,1,88,74,'DC2755 Ivory','','Soft Blanket Rabbit : Color - Ivory','','',1.000000,37.860000,1,2,37.860000,0.000000,0.000000,37.860000,0.000000,0.000000,37.860000,0.000000,28.395000),(47,1,1,89,75,'DC2752 Flower Coral','','Soft Blanket Flower and Wind Mill : Model - Flower Coral','','',1.000000,37.860000,2,4,75.720000,0.000000,0.000000,75.720000,0.000000,0.000000,75.720000,0.000000,56.790000),(48,1,1,89,76,'DC2752 Flower White','','Soft Blanket Flower and Wind Mill : Model - Flower White','','',1.000000,37.860000,2,4,75.720000,0.000000,0.000000,75.720000,0.000000,0.000000,75.720000,0.000000,56.790000),(49,1,1,89,77,'DC2752 Wind Mill Beige','','Soft Blanket Flower and Wind Mill : Model - Wind Mill Beige','','',1.000000,37.860000,2,4,75.720000,0.000000,0.000000,75.720000,0.000000,0.000000,75.720000,0.000000,56.790000),(50,1,1,89,78,'DC2752 Wind Mill Blue','','Soft Blanket Flower and Wind Mill : Model - Wind Mill Blue','','',1.000000,37.860000,2,4,75.720000,0.000000,0.000000,75.720000,0.000000,0.000000,75.720000,0.000000,56.790000),(51,1,1,96,0,'DC1321','','Theodore Bear the Puppet','3700335213218','',1.000000,35.170000,4,8,140.680000,0.000000,0.000000,140.680000,0.000000,0.000000,140.680000,0.000000,105.510000),(52,1,1,97,0,'DC1492','','Strawberry Bear the Puppet','3700335214925','',1.000000,35.170000,4,8,140.680000,0.000000,0.000000,140.680000,0.000000,0.000000,140.680000,0.000000,105.510000),(53,1,1,99,0,'DC1563','','Catchou Cat the Puppet','3700335215632','',1.000000,35.170000,4,8,140.680000,0.000000,0.000000,140.680000,0.000000,0.000000,140.680000,0.000000,105.510000),(54,1,1,100,0,'DC1564','','Pinou Rabbit the Puppet','3700335215649','',1.000000,35.170000,4,8,140.680000,0.000000,0.000000,140.680000,0.000000,0.000000,140.680000,0.000000,105.510000),(55,1,1,126,0,'DC2809','','Doudou Cueillettes Rabbit with Handkerchief','3700335228090','',1.000000,37.860000,4,8,151.440000,0.000000,0.000000,151.440000,0.000000,0.000000,151.440000,0.000000,113.580000),(56,1,1,130,0,'DC2705','','Activity Doll Cerise','3700335227055','',1.000000,54.880000,2,4,109.760000,0.000000,0.000000,109.760000,0.000000,0.000000,109.760000,0.000000,82.320000),(57,1,1,132,0,'DC2792','','Doudou Collector Rabbit Brown','3700335227925','',1.000000,43.520000,16,32,696.320000,0.000000,0.000000,696.320000,0.000000,0.000000,696.320000,0.000000,522.240000),(58,1,1,133,0,'DC2793','','Doudou Collector Bear Pink','3700335227932','',1.000000,43.520000,16,32,696.320000,0.000000,0.000000,696.320000,0.000000,0.000000,696.320000,0.000000,522.240000),(59,1,1,138,0,'DC1561','','Miloo Butterfly the Puppet','3700335215618','',1.000000,35.970000,4,8,143.880000,0.000000,0.000000,143.880000,0.000000,0.000000,143.880000,0.000000,107.910000),(60,1,1,139,0,'DC1568','','Lady Ladybird the Puppet','3700335215687','',1.000000,35.970000,4,8,143.880000,0.000000,0.000000,143.880000,0.000000,0.000000,143.880000,0.000000,107.910000),(61,1,1,141,0,'DC1618','','Cherry Cow the Greedy Puppet','3561860016183','',1.000000,35.170000,4,8,140.680000,0.000000,0.000000,140.680000,0.000000,0.000000,140.680000,0.000000,105.510000),(62,1,1,140,0,'DC1608','','Paulin Rabbit the Puppet','3700335216080','',1.000000,35.170000,4,8,140.680000,0.000000,0.000000,140.680000,0.000000,0.000000,140.680000,0.000000,105.510000),(63,1,1,142,0,'DC2352','','Doll Framboise the Puppet','3700335223521','',1.000000,35.170000,4,8,140.680000,0.000000,0.000000,140.680000,0.000000,0.000000,140.680000,0.000000,105.510000),(64,1,1,143,0,'DC2353','','Doll Rose the Puppet','3700335223538','',1.000000,35.170000,4,8,140.680000,0.000000,0.000000,140.680000,0.000000,0.000000,140.680000,0.000000,105.510000),(65,1,1,144,102,'DC2356 Elephant','','Soft Blanket Animals : Model - Elephant','','',1.000000,37.860000,2,4,75.720000,0.000000,0.000000,75.720000,0.000000,0.000000,75.720000,0.000000,56.790000),(66,1,1,144,103,'DC2356 Lion','','Soft Blanket Animals : Model - Lion','','',1.000000,37.860000,2,4,75.720000,0.000000,0.000000,75.720000,0.000000,0.000000,75.720000,0.000000,56.790000),(67,1,1,144,104,'DC2356 Panda','','Soft Blanket Animals : Model - Panda','','',1.000000,37.860000,2,4,75.720000,0.000000,0.000000,75.720000,0.000000,0.000000,75.720000,0.000000,56.790000),(68,1,1,144,105,'DC2356 Rabbit','','Soft Blanket Animals : Model - Rabbit','','',1.000000,37.860000,2,4,75.720000,0.000000,0.000000,75.720000,0.000000,0.000000,75.720000,0.000000,56.790000),(69,1,1,145,106,'DC2576 Blue Rabbit','','Cueillettes Musical Box : Model - Blue Rabbit','','',1.000000,37.860000,2,4,75.720000,0.000000,0.000000,75.720000,0.000000,0.000000,75.720000,0.000000,56.790000),(70,1,1,145,107,'DC2576 Pink Mouse','','Cueillettes Musical Box : Model - Pink Mouse','','',1.000000,37.860000,2,4,75.720000,0.000000,0.000000,75.720000,0.000000,0.000000,75.720000,0.000000,56.790000),(71,1,1,145,108,'DC2576 Green Bear','','Cueillettes Musical Box : Model - Green Bear','','',1.000000,37.860000,1,2,37.860000,0.000000,0.000000,37.860000,0.000000,0.000000,37.860000,0.000000,28.395000),(72,1,1,145,109,'DC2576 Purple Rabbit','','Cueillettes Musical Box : Model - Purple Rabbit','','',1.000000,37.860000,1,2,37.860000,0.000000,0.000000,37.860000,0.000000,0.000000,37.860000,0.000000,28.395000),(73,1,1,145,110,'DC2576 Red Dog','','Cueillettes Musical Box : Model - Red Dog','','',1.000000,37.860000,1,2,37.860000,0.000000,0.000000,37.860000,0.000000,0.000000,37.860000,0.000000,28.395000),(74,1,1,145,111,'DC2576 Yellow Bear','','Cueillettes Musical Box : Model - Yellow Bear','','',1.000000,37.860000,1,2,37.860000,0.000000,0.000000,37.860000,0.000000,0.000000,37.860000,0.000000,28.395000),(75,1,1,146,0,'DC2614','','Doudou Clementine','3700335226140','',1.000000,46.350000,6,12,278.100000,0.000000,0.000000,278.100000,0.000000,0.000000,278.100000,0.000000,208.575000),(76,1,1,147,0,'DC2615','','Doll Clementine','3700335226157','',1.000000,67.140000,2,4,134.280000,0.000000,0.000000,134.280000,0.000000,0.000000,134.280000,0.000000,100.710000),(77,1,1,148,0,'DC2616','','Activity Doll Clementine','3700335226164','',1.000000,48.230000,3,6,144.690000,0.000000,0.000000,144.690000,0.000000,0.000000,144.690000,0.000000,108.517500),(78,1,1,149,0,'DC2635','','Lila Rabbit Musical Box','3700335226355','',1.000000,60.540000,3,6,181.620000,0.000000,0.000000,181.620000,0.000000,0.000000,181.620000,0.000000,136.215000),(79,1,1,151,120,'DC2698 Rabbit','','Awakening Spirals : Model - Rabbit','','',1.000000,54.880000,2,4,109.760000,0.000000,0.000000,109.760000,0.000000,0.000000,109.760000,0.000000,82.320000),(80,1,1,151,121,'DC2698 Bear','','Awakening Spirals : Model - Bear','','',1.000000,54.880000,2,4,109.760000,0.000000,0.000000,109.760000,0.000000,0.000000,109.760000,0.000000,82.320000),(81,1,1,151,122,'DC2698 Cat','','Awakening Spirals : Model - Cat','','',1.000000,54.880000,2,2,109.760000,0.000000,0.000000,109.760000,0.000000,0.000000,109.760000,0.000000,82.320000),(82,1,1,151,123,'DC2698 Fox','','Awakening Spirals : Model - Fox','','',1.000000,54.880000,2,2,109.760000,0.000000,0.000000,109.760000,0.000000,0.000000,109.760000,0.000000,82.320000),(83,1,1,151,124,'DC2698 Sheep','','Awakening Spirals : Model - Sheep','','',1.000000,54.880000,2,4,109.760000,0.000000,0.000000,109.760000,0.000000,0.000000,109.760000,0.000000,82.320000),(84,1,1,151,125,'DC2698 Mouse','','Awakening Spirals : Model - Mouse','','',1.000000,54.880000,2,4,109.760000,0.000000,0.000000,109.760000,0.000000,0.000000,109.760000,0.000000,82.320000),(85,1,1,150,112,'DC2385 Blue Bear','','Doudou Collector the Puppet : Puppet Model - Blue Bear','','',1.000000,35.170000,2,4,70.340000,0.000000,0.000000,70.340000,0.000000,0.000000,70.340000,0.000000,52.755000),(86,1,1,150,113,'DC2385 Cat','','Doudou Collector the Puppet : Puppet Model - Cat','','',1.000000,35.170000,2,4,70.340000,0.000000,0.000000,70.340000,0.000000,0.000000,70.340000,0.000000,52.755000),(87,1,1,150,114,'DC2385 Peach Bear','','Doudou Collector the Puppet : Puppet Model - Peach Bear','','',1.000000,35.170000,2,4,70.340000,0.000000,0.000000,70.340000,0.000000,0.000000,70.340000,0.000000,52.755000),(98,1,1,150,115,'DC2385 Mouse','','Doudou Collector the Puppet : Puppet Model - Mouse','','',1.000000,46.910000,2,4,93.820000,0.000000,0.000000,93.820000,0.000000,0.000000,93.820000,0.000000,70.365000),(101,2,1,152,126,'DC2509 Amerindian Bear','','Pacifier Holder : Pacifier Holder - Amerindian Bear','','',1.000000,5.940000,2,4,11.880000,0.000000,0.000000,11.880000,0.000000,0.000000,11.880000,0.000000,8.910000),(102,2,1,152,127,'DC2509 Amerindian Rabbit','','Pacifier Holder : Pacifier Holder - Amerindian Rabbit','','',1.000000,5.940000,2,4,11.880000,0.000000,0.000000,11.880000,0.000000,0.000000,11.880000,0.000000,8.910000),(103,2,1,152,128,'DC2509 Baby Rabbit','','Pacifier Holder : Pacifier Holder - Baby Rabbit','','',1.000000,5.940000,2,4,11.880000,0.000000,0.000000,11.880000,0.000000,0.000000,11.880000,0.000000,8.910000),(104,2,1,152,129,'DC2509 Blue Bear','','Pacifier Holder : Pacifier Holder - Blue Bear','','',1.000000,5.940000,2,4,11.880000,0.000000,0.000000,11.880000,0.000000,0.000000,11.880000,0.000000,8.910000),(105,2,1,152,130,'DC2509 Blue Rabbit','','Pacifier Holder : Pacifier Holder - Blue Rabbit','','',1.000000,5.940000,2,4,11.880000,0.000000,0.000000,11.880000,0.000000,0.000000,11.880000,0.000000,8.910000),(106,2,1,152,131,'DC2509 Brown Bear','','Pacifier Holder : Pacifier Holder - Brown Bear','','',1.000000,5.940000,2,4,11.880000,0.000000,0.000000,11.880000,0.000000,0.000000,11.880000,0.000000,8.910000),(107,2,1,152,132,'DC2509 Celeste Rabbit','','Pacifier Holder : Pacifier Holder - Celeste Rabbit','','',1.000000,5.940000,2,4,11.880000,0.000000,0.000000,11.880000,0.000000,0.000000,11.880000,0.000000,8.910000),(108,2,1,152,133,'DC2509 Joker Bear','','Pacifier Holder : Pacifier Holder - Joker Bear','','',1.000000,5.940000,2,4,11.880000,0.000000,0.000000,11.880000,0.000000,0.000000,11.880000,0.000000,8.910000),(109,2,1,152,134,'DC2509 Ladybird','','Pacifier Holder : Pacifier Holder - Ladybird','','',1.000000,5.940000,2,4,11.880000,0.000000,0.000000,11.880000,0.000000,0.000000,11.880000,0.000000,8.910000),(110,2,1,152,135,'DC2509 Multicoloured Mouse','','Pacifier Holder : Pacifier Holder - Multicoloured Mouse','','',1.000000,5.940000,2,4,11.880000,0.000000,0.000000,11.880000,0.000000,0.000000,11.880000,0.000000,8.910000),(111,2,1,152,136,'DC2509 Orange Blue Bear','','Pacifier Holder : Pacifier Holder - Orange Blue Bear','','',1.000000,5.940000,2,4,11.880000,0.000000,0.000000,11.880000,0.000000,0.000000,11.880000,0.000000,8.910000),(112,2,1,152,137,'DC2509 Orange Dog','','Pacifier Holder : Pacifier Holder - Orange Dog','','',1.000000,5.940000,2,4,11.880000,0.000000,0.000000,11.880000,0.000000,0.000000,11.880000,0.000000,8.910000),(113,2,1,152,138,'DC2509 Pink Orange Rabbit','','Pacifier Holder : Pacifier Holder - Pink Orange Rabbit','','',1.000000,5.940000,2,4,11.880000,0.000000,0.000000,11.880000,0.000000,0.000000,11.880000,0.000000,8.910000),(114,2,1,152,139,'DC2509 Pink Rabbit','','Pacifier Holder : Pacifier Holder - Pink Rabbit','','',1.000000,5.940000,2,4,11.880000,0.000000,0.000000,11.880000,0.000000,0.000000,11.880000,0.000000,8.910000),(115,2,1,152,140,'DC2509 Sleeping Bear','','Pacifier Holder : Pacifier Holder - Sleeping Bear','','',1.000000,5.940000,2,4,11.880000,0.000000,0.000000,11.880000,0.000000,0.000000,11.880000,0.000000,8.910000),(116,2,1,152,141,'DC2509 Sleeping Mouse','','Pacifier Holder : Pacifier Holder - Sleeping Mouse','','',1.000000,5.940000,2,4,11.880000,0.000000,0.000000,11.880000,0.000000,0.000000,11.880000,0.000000,8.910000),(117,2,1,172,0,'HO2515','','Douillet Bear Champagne Large','3700349325150','',1.000000,35.850000,1,2,35.850000,0.000000,0.000000,35.850000,0.000000,0.000000,35.850000,0.000000,26.887500),(118,2,1,164,0,'HO2361','','Panda Large Size','3700349323613','',1.000000,37.450000,1,2,37.450000,0.000000,0.000000,37.450000,0.000000,0.000000,37.450000,0.000000,28.087500),(119,2,1,162,0,'HO2305','','Snow Leopard Medium Size','3700349323057','',1.000000,18.730000,1,2,18.730000,0.000000,0.000000,18.730000,0.000000,0.000000,18.730000,0.000000,14.047500),(120,2,1,154,0,'HO1284','','Elephant Medium Size','3700349312846','',1.000000,20.920000,2,4,41.840000,0.000000,0.000000,41.840000,0.000000,0.000000,41.840000,0.000000,31.380000),(121,2,1,163,0,'HO2316','','Monkey','3700349323163','',1.000000,10.700000,3,6,32.100000,0.000000,0.000000,32.100000,0.000000,0.000000,32.100000,0.000000,24.075000),(122,2,1,161,0,'HO2300','','Black Panther Authentique','3700349323002','',1.000000,16.850000,1,2,16.850000,0.000000,0.000000,16.850000,0.000000,0.000000,16.850000,0.000000,12.637500),(123,2,1,160,0,'HO2214','','Kangaroo & Baby Authentique','3700349322142','',1.000000,16.850000,1,2,16.850000,0.000000,0.000000,16.850000,0.000000,0.000000,16.850000,0.000000,12.637500),(124,2,1,159,0,'HO2188','','Bear Collection - Brown Bear Medium Size','3700349321886','',1.000000,23.540000,1,2,23.540000,0.000000,0.000000,23.540000,0.000000,0.000000,23.540000,0.000000,17.655000),(125,2,1,168,0,'HO2434','','Copain Calin - Pink Rabbit - Small','3700349324344','',1.000000,10.700000,6,12,64.200000,0.000000,0.000000,64.200000,0.000000,0.000000,64.200000,0.000000,48.150000),(126,2,1,169,0,'HO2436','','Copain Calin - Pink Rabbit - Large','3700349324368','',1.000000,21.400000,4,8,85.600000,0.000000,0.000000,85.600000,0.000000,0.000000,85.600000,0.000000,64.200000),(127,2,1,167,0,'HO2430','','Copain Calin - Beige Rabbit - Small','3700349324306','',1.000000,10.700000,6,12,64.200000,0.000000,0.000000,64.200000,0.000000,0.000000,64.200000,0.000000,48.150000),(128,2,1,170,0,'HO2444','','Copain Calin - Bear - Small','3700349324443','',1.000000,10.700000,3,6,32.100000,0.000000,0.000000,32.100000,0.000000,0.000000,32.100000,0.000000,24.075000),(129,2,1,171,0,'HO2505','','Pearl the Elephant - Medium Size','3700349325051','',1.000000,24.080000,2,4,48.160000,0.000000,0.000000,48.160000,0.000000,0.000000,48.160000,0.000000,36.120000),(130,2,1,165,0,'HO2409','','Milord the Rabbit','3700349324092','',1.000000,26.750000,1,2,26.750000,0.000000,0.000000,26.750000,0.000000,0.000000,26.750000,0.000000,20.062500),(131,2,1,158,0,'HO2062','','Penguin','3700349320629','',1.000000,14.340000,2,4,28.680000,0.000000,0.000000,28.680000,0.000000,0.000000,28.680000,0.000000,21.510000),(132,2,1,153,0,'HO1263','','Hippo Large Size','3700349312631','',1.000000,38.520000,1,2,38.520000,0.000000,0.000000,38.520000,0.000000,0.000000,38.520000,0.000000,28.890000),(133,2,1,155,0,'HO1285','','Elephant Large Size','3700349312853','',1.000000,38.520000,1,2,38.520000,0.000000,0.000000,38.520000,0.000000,0.000000,38.520000,0.000000,28.890000),(134,2,1,157,0,'HO2038','','The Z\'Animoos - Beige Bear Large Size','3700349325136','',1.000000,26.430000,2,4,52.860000,0.000000,0.000000,52.860000,0.000000,0.000000,52.860000,0.000000,39.645000),(135,2,1,156,0,'HO1454','','Crocodile Medium Size','3700349314543','',1.000000,9.100000,2,4,18.200000,0.000000,0.000000,18.200000,0.000000,0.000000,18.200000,0.000000,13.650000),(136,2,1,180,0,'HO2416','','Dandy Hedgehog Medium','3700349324160','',1.000000,16.050000,1,2,16.050000,0.000000,0.000000,16.050000,0.000000,0.000000,16.050000,0.000000,12.037500),(137,2,1,181,0,'HO2417','','Dandy Chicken','3700349324177','',1.000000,26.750000,2,4,53.500000,0.000000,0.000000,53.500000,0.000000,0.000000,53.500000,0.000000,40.125000),(138,2,1,183,0,'HO2445','','Copain Calin - Bear - Large','3700349324450','',1.000000,14.450000,4,8,57.800000,0.000000,0.000000,57.800000,0.000000,0.000000,57.800000,0.000000,43.350000),(139,2,1,179,0,'HO2399','','Bear Bel Ours - Large','3700349323996','',1.000000,32.100000,1,2,32.100000,0.000000,0.000000,32.100000,0.000000,0.000000,32.100000,0.000000,24.075000),(140,2,1,182,0,'DC2592','','Hippo Nature','3700335225921','',1.000000,12.310000,2,4,24.620000,0.000000,0.000000,24.620000,0.000000,0.000000,24.620000,0.000000,18.465000),(141,2,1,184,0,'DC2680','','Doudou Rabbit Pompon Small Strawberry','3700335226805','',1.000000,12.310000,3,6,36.930000,0.000000,0.000000,36.930000,0.000000,0.000000,36.930000,0.000000,27.697500),(142,2,1,185,0,'DC2683','','Doudou Rabbit Pompon Small Almond','3700335226836','',1.000000,12.310000,3,6,36.930000,0.000000,0.000000,36.930000,0.000000,0.000000,36.930000,0.000000,27.697500),(143,2,1,186,142,'DC2810 Brown Rabbit','','Vol au Vent Musical Box & Doudou : Model - Brown Rabbit','','',1.000000,11.770000,1,2,11.770000,0.000000,0.000000,11.770000,0.000000,0.000000,11.770000,0.000000,8.827500),(144,2,1,186,143,'DC2810 Blue Bear','','Vol au Vent Musical Box & Doudou : Model - Blue Bear','','',1.000000,11.770000,1,2,11.770000,0.000000,0.000000,11.770000,0.000000,0.000000,11.770000,0.000000,8.827500),(145,2,1,186,144,'DC2810 Pink Bear','','Vol au Vent Musical Box & Doudou : Model - Pink Bear','','',1.000000,11.770000,1,1,11.770000,0.000000,0.000000,11.770000,0.000000,0.000000,11.770000,0.000000,8.827500),(146,2,1,186,145,'DC2810 Mint Rabbit','','Vol au Vent Musical Box & Doudou : Model - Mint Rabbit','','',1.000000,11.770000,1,2,11.770000,0.000000,0.000000,11.770000,0.000000,0.000000,11.770000,0.000000,8.827500),(147,2,1,186,146,'DC2810 Pink Rabbit','','Vol au Vent Musical Box & Doudou : Model - Pink Rabbit','','',1.000000,11.770000,1,2,11.770000,0.000000,0.000000,11.770000,0.000000,0.000000,11.770000,0.000000,8.827500),(148,2,1,186,147,'DC2810 Purple Bear','','Vol au Vent Musical Box & Doudou : Model - Purple Bear','','',1.000000,11.770000,1,2,11.770000,0.000000,0.000000,11.770000,0.000000,0.000000,11.770000,0.000000,8.827500);

--
-- Table structure for table `ps_supply_order_history`
--

CREATE TABLE `ps_supply_order_history` (
  `id_supply_order_history` int(11) unsigned NOT NULL AUTO_INCREMENT,
  `id_supply_order` int(11) unsigned NOT NULL,
  `id_employee` int(11) unsigned NOT NULL,
  `employee_lastname` varchar(32) DEFAULT '',
  `employee_firstname` varchar(32) DEFAULT '',
  `id_state` int(11) unsigned NOT NULL,
  `date_add` datetime NOT NULL,
  PRIMARY KEY (`id_supply_order_history`),
  KEY `id_supply_order` (`id_supply_order`),
  KEY `id_employee` (`id_employee`),
  KEY `id_state` (`id_state`)
) ENGINE=InnoDB AUTO_INCREMENT=90 DEFAULT CHARSET=utf8;

--
-- Dumping data for table `ps_supply_order_history`
--

INSERT INTO `ps_supply_order_history` (`id_supply_order_history`, `id_supply_order`, `id_employee`, `employee_lastname`, `employee_firstname`, `id_state`, `date_add`) VALUES (1,1,1,'Perrocheau','Olivier',1,'2015-09-05 02:57:48'),(2,1,1,'Perrocheau','Olivier',1,'2015-09-05 04:01:41'),(3,1,1,'Perrocheau','Olivier',1,'2015-09-05 04:05:42'),(4,1,1,'Perrocheau','Olivier',1,'2015-09-05 04:12:57'),(5,1,1,'Perrocheau','Olivier',1,'2015-09-05 04:13:33'),(6,1,1,'Perrocheau','Olivier',1,'2015-11-09 16:38:37'),(7,1,1,'Perrocheau','Olivier',1,'2015-11-09 17:34:26'),(8,1,1,'Perrocheau','Olivier',1,'2015-11-09 17:35:23'),(9,1,1,'Perrocheau','Olivier',1,'2015-11-09 17:35:57'),(10,1,1,'Perrocheau','Olivier',1,'2015-11-09 17:36:26'),(11,1,1,'Perrocheau','Olivier',1,'2015-11-09 17:36:33'),(12,1,1,'Perrocheau','Olivier',1,'2015-11-10 16:15:12'),(13,1,1,'Perrocheau','Olivier',1,'2015-11-10 16:17:22'),(14,1,1,'Perrocheau','Olivier',1,'2015-11-10 16:21:53'),(15,1,1,'Perrocheau','Olivier',1,'2015-11-10 16:22:28'),(16,1,1,'Perrocheau','Olivier',1,'2015-11-10 16:27:04'),(17,1,1,'Perrocheau','Olivier',1,'2015-11-10 16:30:14'),(18,1,1,'Perrocheau','Olivier',1,'2015-11-10 16:32:50'),(19,1,1,'Perrocheau','Olivier',1,'2015-11-10 16:38:20'),(20,1,1,'Perrocheau','Olivier',1,'2015-11-10 16:41:07'),(21,1,1,'Perrocheau','Olivier',1,'2015-11-10 16:42:30'),(22,1,1,'Perrocheau','Olivier',1,'2015-11-10 16:44:13'),(23,1,1,'Perrocheau','Olivier',1,'2015-11-10 16:47:40'),(24,1,1,'Perrocheau','Olivier',1,'2015-11-10 16:50:34'),(25,1,1,'Perrocheau','Olivier',1,'2015-11-10 16:52:32'),(26,1,1,'Perrocheau','Olivier',1,'2015-11-10 16:54:00'),(27,1,1,'Perrocheau','Olivier',1,'2015-11-10 16:56:16'),(28,1,1,'Perrocheau','Olivier',1,'2015-11-10 16:58:24'),(29,1,1,'Perrocheau','Olivier',1,'2015-11-10 17:01:07'),(30,1,1,'Perrocheau','Olivier',1,'2015-11-10 17:04:25'),(31,1,1,'Perrocheau','Olivier',1,'2015-11-10 17:05:59'),(32,1,1,'Perrocheau','Olivier',1,'2015-11-10 17:07:36'),(33,1,1,'Perrocheau','Olivier',1,'2015-11-10 17:10:13'),(34,1,1,'Perrocheau','Olivier',1,'2015-11-10 17:12:14'),(35,1,1,'Perrocheau','Olivier',1,'2015-11-10 17:14:56'),(36,1,1,'Perrocheau','Olivier',1,'2015-11-10 17:17:01'),(37,1,1,'Perrocheau','Olivier',1,'2015-11-10 17:18:53'),(38,1,1,'Perrocheau','Olivier',1,'2015-11-10 17:20:24'),(39,1,1,'Perrocheau','Olivier',1,'2015-11-10 17:22:13'),(40,1,1,'Perrocheau','Olivier',1,'2015-11-10 17:24:58'),(41,1,1,'Perrocheau','Olivier',1,'2015-11-10 17:27:49'),(42,1,1,'Perrocheau','Olivier',1,'2015-11-10 17:29:42'),(43,1,1,'Perrocheau','Olivier',1,'2015-11-10 17:31:10'),(44,1,1,'Perrocheau','Olivier',1,'2015-11-10 17:33:03'),(45,1,1,'Perrocheau','Olivier',1,'2015-11-10 17:35:04'),(46,1,1,'Perrocheau','Olivier',1,'2015-11-10 17:38:27'),(47,1,1,'Perrocheau','Olivier',1,'2015-11-10 17:40:21'),(48,1,1,'Perrocheau','Olivier',1,'2015-11-10 17:42:20'),(49,1,1,'Perrocheau','Olivier',1,'2015-11-10 17:43:35'),(50,1,1,'Perrocheau','Olivier',1,'2015-11-10 17:46:51'),(51,1,1,'Perrocheau','Olivier',1,'2015-11-10 17:49:25'),(52,1,1,'Perrocheau','Olivier',1,'2015-11-10 17:51:57'),(53,1,1,'Perrocheau','Olivier',1,'2015-11-10 17:53:33'),(54,1,1,'Perrocheau','Olivier',1,'2015-11-10 17:55:32'),(55,1,1,'Perrocheau','Olivier',1,'2015-11-10 17:56:57'),(56,1,1,'Perrocheau','Olivier',1,'2015-11-10 18:02:36'),(57,1,1,'Perrocheau','Olivier',1,'2015-11-10 18:04:59'),(58,1,1,'Perrocheau','Olivier',1,'2015-11-10 18:08:58'),(59,1,1,'Perrocheau','Olivier',1,'2015-11-10 18:11:28'),(60,1,1,'Perrocheau','Olivier',1,'2015-11-10 18:15:45'),(61,1,1,'Perrocheau','Olivier',1,'2015-11-13 19:03:25'),(62,1,1,'Perrocheau','Olivier',1,'2015-11-13 20:09:01'),(63,1,1,'Perrocheau','Olivier',1,'2015-11-14 15:06:38'),(64,1,1,'Perrocheau','Olivier',1,'2015-11-16 19:38:23'),(65,1,1,'Perrocheau','Olivier',1,'2015-11-17 17:42:48'),(66,1,1,'Perrocheau','Olivier',1,'2015-11-17 19:00:06'),(67,1,1,'Perrocheau','Olivier',1,'2015-11-18 12:10:54'),(68,1,1,'Perrocheau','Olivier',1,'2015-11-18 18:23:41'),(69,1,1,'Perrocheau','Olivier',1,'2015-11-18 18:24:16'),(70,1,1,'Perrocheau','Olivier',1,'2015-11-18 18:28:06'),(71,1,1,'Perrocheau','Olivier',1,'2015-11-18 18:29:42'),(72,1,1,'Perrocheau','Olivier',1,'2015-11-18 18:30:18'),(73,1,1,'Perrocheau','Olivier',2,'2015-11-18 18:30:38'),(74,2,1,'Perrocheau','Olivier',1,'2015-11-18 19:46:18'),(75,2,1,'Perrocheau','Olivier',1,'2015-11-18 19:49:07'),(76,2,1,'Perrocheau','Olivier',1,'2015-11-18 19:50:05'),(77,2,1,'Perrocheau','Olivier',1,'2015-11-18 19:56:27'),(78,2,1,'Perrocheau','Olivier',1,'2015-11-23 18:27:51'),(79,2,1,'Perrocheau','Olivier',1,'2015-11-23 19:36:13'),(80,2,1,'Perrocheau','Olivier',2,'2015-11-23 19:36:28'),(81,1,1,'Perrocheau','Olivier',5,'2015-11-23 19:36:50'),(82,2,1,'Perrocheau','Olivier',5,'2015-11-23 19:38:23'),(83,1,1,'Perrocheau','Olivier',4,'2015-11-23 20:14:51'),(84,2,1,'Perrocheau','Olivier',4,'2015-11-23 20:15:05'),(85,1,1,'Perrocheau','Olivier',4,'2015-11-23 20:16:28'),(86,1,1,'Perrocheau','Olivier',5,'2015-11-23 20:20:28'),(87,1,1,'Perrocheau','Olivier',5,'2015-11-23 20:21:12'),(88,2,1,'Perrocheau','Olivier',5,'2015-11-23 20:26:21'),(89,2,1,'Perrocheau','Olivier',5,'2015-11-23 20:26:43');

--
-- Table structure for table `ps_supply_order_receipt_history`
--

CREATE TABLE `ps_supply_order_receipt_history` (
  `id_supply_order_receipt_history` int(11) unsigned NOT NULL AUTO_INCREMENT,
  `id_supply_order_detail` int(11) unsigned NOT NULL,
  `id_employee` int(11) unsigned NOT NULL,
  `employee_lastname` varchar(32) DEFAULT '',
  `employee_firstname` varchar(32) DEFAULT '',
  `id_supply_order_state` int(11) unsigned NOT NULL,
  `quantity` int(11) unsigned NOT NULL,
  `date_add` datetime NOT NULL,
  PRIMARY KEY (`id_supply_order_receipt_history`),
  KEY `id_supply_order_detail` (`id_supply_order_detail`),
  KEY `id_supply_order_state` (`id_supply_order_state`)
) ENGINE=InnoDB AUTO_INCREMENT=271 DEFAULT CHARSET=utf8;

--
-- Dumping data for table `ps_supply_order_receipt_history`
--

INSERT INTO `ps_supply_order_receipt_history` (`id_supply_order_receipt_history`, `id_supply_order_detail`, `id_employee`, `employee_lastname`, `employee_firstname`, `id_supply_order_state`, `quantity`, `date_add`) VALUES (1,42,1,'Perrocheau','Olivier',4,18,'2015-11-23 20:16:28'),(2,41,1,'Perrocheau','Olivier',4,18,'2015-11-23 20:16:28'),(3,57,1,'Perrocheau','Olivier',4,16,'2015-11-23 20:18:25'),(4,58,1,'Perrocheau','Olivier',4,16,'2015-11-23 20:18:25'),(5,24,1,'Perrocheau','Olivier',4,10,'2015-11-23 20:18:25'),(6,25,1,'Perrocheau','Olivier',4,10,'2015-11-23 20:18:25'),(7,34,1,'Perrocheau','Olivier',4,8,'2015-11-23 20:18:25'),(8,35,1,'Perrocheau','Olivier',4,8,'2015-11-23 20:18:25'),(9,33,1,'Perrocheau','Olivier',4,8,'2015-11-23 20:18:25'),(10,36,1,'Perrocheau','Olivier',4,8,'2015-11-23 20:18:25'),(11,21,1,'Perrocheau','Olivier',4,8,'2015-11-23 20:18:25'),(12,1,1,'Perrocheau','Olivier',4,6,'2015-11-23 20:18:25'),(13,19,1,'Perrocheau','Olivier',4,6,'2015-11-23 20:18:25'),(14,20,1,'Perrocheau','Olivier',4,6,'2015-11-23 20:18:25'),(15,75,1,'Perrocheau','Olivier',4,6,'2015-11-23 20:18:25'),(16,27,1,'Perrocheau','Olivier',4,6,'2015-11-23 20:18:25'),(17,4,1,'Perrocheau','Olivier',4,6,'2015-11-23 20:18:26'),(18,2,1,'Perrocheau','Olivier',4,6,'2015-11-23 20:18:26'),(19,3,1,'Perrocheau','Olivier',4,6,'2015-11-23 20:18:26'),(20,12,1,'Perrocheau','Olivier',4,6,'2015-11-23 20:18:26'),(21,11,1,'Perrocheau','Olivier',4,6,'2015-11-23 20:18:26'),(22,5,1,'Perrocheau','Olivier',4,6,'2015-11-23 20:18:26'),(23,6,1,'Perrocheau','Olivier',4,6,'2015-11-23 20:18:26'),(24,64,1,'Perrocheau','Olivier',4,4,'2015-11-23 20:18:26'),(25,55,1,'Perrocheau','Olivier',4,4,'2015-11-23 20:18:26'),(26,63,1,'Perrocheau','Olivier',4,4,'2015-11-23 20:18:26'),(27,51,1,'Perrocheau','Olivier',4,4,'2015-11-23 20:18:26'),(28,62,1,'Perrocheau','Olivier',4,4,'2015-11-23 20:18:26'),(29,61,1,'Perrocheau','Olivier',4,4,'2015-11-23 20:18:27'),(30,52,1,'Perrocheau','Olivier',4,4,'2015-11-23 20:18:27'),(31,53,1,'Perrocheau','Olivier',4,4,'2015-11-23 20:18:27'),(32,60,1,'Perrocheau','Olivier',4,4,'2015-11-23 20:18:27'),(33,59,1,'Perrocheau','Olivier',4,4,'2015-11-23 20:18:27'),(34,54,1,'Perrocheau','Olivier',4,4,'2015-11-23 20:18:27'),(35,9,1,'Perrocheau','Olivier',4,4,'2015-11-23 20:18:27'),(36,28,1,'Perrocheau','Olivier',4,4,'2015-11-23 20:18:27'),(37,29,1,'Perrocheau','Olivier',4,4,'2015-11-23 20:18:27'),(38,15,1,'Perrocheau','Olivier',4,4,'2015-11-23 20:18:27'),(39,30,1,'Perrocheau','Olivier',4,4,'2015-11-23 20:18:27'),(40,31,1,'Perrocheau','Olivier',4,4,'2015-11-23 20:18:27'),(41,14,1,'Perrocheau','Olivier',4,4,'2015-11-23 20:18:27'),(42,7,1,'Perrocheau','Olivier',4,4,'2015-11-23 20:18:27'),(43,23,1,'Perrocheau','Olivier',4,4,'2015-11-23 20:18:27'),(44,8,1,'Perrocheau','Olivier',4,4,'2015-11-23 20:18:27'),(45,10,1,'Perrocheau','Olivier',4,4,'2015-11-23 20:18:27'),(46,13,1,'Perrocheau','Olivier',4,4,'2015-11-23 20:18:28'),(47,78,1,'Perrocheau','Olivier',4,3,'2015-11-23 20:18:28'),(48,77,1,'Perrocheau','Olivier',4,3,'2015-11-23 20:18:28'),(49,98,1,'Perrocheau','Olivier',4,2,'2015-11-23 20:18:29'),(50,87,1,'Perrocheau','Olivier',4,2,'2015-11-23 20:18:33'),(51,86,1,'Perrocheau','Olivier',4,2,'2015-11-23 20:18:36'),(52,85,1,'Perrocheau','Olivier',4,2,'2015-11-23 20:18:39'),(53,84,1,'Perrocheau','Olivier',4,2,'2015-11-23 20:18:41'),(54,83,1,'Perrocheau','Olivier',4,2,'2015-11-23 20:18:44'),(55,82,1,'Perrocheau','Olivier',4,2,'2015-11-23 20:18:50'),(56,81,1,'Perrocheau','Olivier',4,2,'2015-11-23 20:18:53'),(57,80,1,'Perrocheau','Olivier',4,2,'2015-11-23 20:18:57'),(58,79,1,'Perrocheau','Olivier',4,2,'2015-11-23 20:19:01'),(59,66,1,'Perrocheau','Olivier',4,2,'2015-11-23 20:19:10'),(60,76,1,'Perrocheau','Olivier',4,2,'2015-11-23 20:19:13'),(61,70,1,'Perrocheau','Olivier',4,2,'2015-11-23 20:19:14'),(62,68,1,'Perrocheau','Olivier',4,2,'2015-11-23 20:19:17'),(63,67,1,'Perrocheau','Olivier',4,2,'2015-11-23 20:19:18'),(64,69,1,'Perrocheau','Olivier',4,2,'2015-11-23 20:19:21'),(65,65,1,'Perrocheau','Olivier',4,2,'2015-11-23 20:19:24'),(66,16,1,'Perrocheau','Olivier',4,2,'2015-11-23 20:19:26'),(67,56,1,'Perrocheau','Olivier',4,2,'2015-11-23 20:19:26'),(68,22,1,'Perrocheau','Olivier',4,2,'2015-11-23 20:19:26'),(69,18,1,'Perrocheau','Olivier',4,2,'2015-11-23 20:19:27'),(70,17,1,'Perrocheau','Olivier',4,2,'2015-11-23 20:19:27'),(71,47,1,'Perrocheau','Olivier',4,2,'2015-11-23 20:19:28'),(72,48,1,'Perrocheau','Olivier',4,2,'2015-11-23 20:19:30'),(73,49,1,'Perrocheau','Olivier',4,2,'2015-11-23 20:19:32'),(74,50,1,'Perrocheau','Olivier',4,2,'2015-11-23 20:19:35'),(75,26,1,'Perrocheau','Olivier',4,1,'2015-11-23 20:19:37'),(76,32,1,'Perrocheau','Olivier',4,1,'2015-11-23 20:19:38'),(77,37,1,'Perrocheau','Olivier',4,1,'2015-11-23 20:19:38'),(78,38,1,'Perrocheau','Olivier',4,1,'2015-11-23 20:19:39'),(79,39,1,'Perrocheau','Olivier',4,1,'2015-11-23 20:19:39'),(80,57,1,'Perrocheau','Olivier',4,16,'2015-11-23 20:19:42'),(81,58,1,'Perrocheau','Olivier',4,16,'2015-11-23 20:19:42'),(82,40,1,'Perrocheau','Olivier',4,1,'2015-11-23 20:19:42'),(83,24,1,'Perrocheau','Olivier',4,10,'2015-11-23 20:19:42'),(84,25,1,'Perrocheau','Olivier',4,10,'2015-11-23 20:19:43'),(85,34,1,'Perrocheau','Olivier',4,8,'2015-11-23 20:19:43'),(86,43,1,'Perrocheau','Olivier',4,1,'2015-11-23 20:19:43'),(87,35,1,'Perrocheau','Olivier',4,8,'2015-11-23 20:19:43'),(88,33,1,'Perrocheau','Olivier',4,8,'2015-11-23 20:19:43'),(89,36,1,'Perrocheau','Olivier',4,8,'2015-11-23 20:19:44'),(90,21,1,'Perrocheau','Olivier',4,8,'2015-11-23 20:19:44'),(91,1,1,'Perrocheau','Olivier',4,6,'2015-11-23 20:19:45'),(92,19,1,'Perrocheau','Olivier',4,6,'2015-11-23 20:19:46'),(93,44,1,'Perrocheau','Olivier',4,1,'2015-11-23 20:19:47'),(94,20,1,'Perrocheau','Olivier',4,6,'2015-11-23 20:19:47'),(95,75,1,'Perrocheau','Olivier',4,6,'2015-11-23 20:19:47'),(96,27,1,'Perrocheau','Olivier',4,6,'2015-11-23 20:19:47'),(97,4,1,'Perrocheau','Olivier',4,6,'2015-11-23 20:19:48'),(98,2,1,'Perrocheau','Olivier',4,6,'2015-11-23 20:19:48'),(99,3,1,'Perrocheau','Olivier',4,6,'2015-11-23 20:19:48'),(100,12,1,'Perrocheau','Olivier',4,6,'2015-11-23 20:19:49'),(101,46,1,'Perrocheau','Olivier',4,1,'2015-11-23 20:19:49'),(102,11,1,'Perrocheau','Olivier',4,6,'2015-11-23 20:19:49'),(103,5,1,'Perrocheau','Olivier',4,6,'2015-11-23 20:19:49'),(104,6,1,'Perrocheau','Olivier',4,6,'2015-11-23 20:19:50'),(105,64,1,'Perrocheau','Olivier',4,4,'2015-11-23 20:19:50'),(106,55,1,'Perrocheau','Olivier',4,4,'2015-11-23 20:19:50'),(107,63,1,'Perrocheau','Olivier',4,4,'2015-11-23 20:19:51'),(108,51,1,'Perrocheau','Olivier',4,4,'2015-11-23 20:19:51'),(109,62,1,'Perrocheau','Olivier',4,4,'2015-11-23 20:19:51'),(110,74,1,'Perrocheau','Olivier',4,1,'2015-11-23 20:19:52'),(111,61,1,'Perrocheau','Olivier',4,4,'2015-11-23 20:19:52'),(112,52,1,'Perrocheau','Olivier',4,4,'2015-11-23 20:19:52'),(113,53,1,'Perrocheau','Olivier',4,4,'2015-11-23 20:19:52'),(114,60,1,'Perrocheau','Olivier',4,4,'2015-11-23 20:19:53'),(115,59,1,'Perrocheau','Olivier',4,4,'2015-11-23 20:19:53'),(116,54,1,'Perrocheau','Olivier',4,4,'2015-11-23 20:19:53'),(117,9,1,'Perrocheau','Olivier',4,4,'2015-11-23 20:19:54'),(118,28,1,'Perrocheau','Olivier',4,4,'2015-11-23 20:19:54'),(119,29,1,'Perrocheau','Olivier',4,4,'2015-11-23 20:19:55'),(120,15,1,'Perrocheau','Olivier',4,4,'2015-11-23 20:19:55'),(121,73,1,'Perrocheau','Olivier',4,1,'2015-11-23 20:19:55'),(122,30,1,'Perrocheau','Olivier',4,4,'2015-11-23 20:19:55'),(123,31,1,'Perrocheau','Olivier',4,4,'2015-11-23 20:19:55'),(124,14,1,'Perrocheau','Olivier',4,4,'2015-11-23 20:19:56'),(125,7,1,'Perrocheau','Olivier',4,4,'2015-11-23 20:19:56'),(126,23,1,'Perrocheau','Olivier',4,4,'2015-11-23 20:19:57'),(127,8,1,'Perrocheau','Olivier',4,4,'2015-11-23 20:19:58'),(128,10,1,'Perrocheau','Olivier',4,4,'2015-11-23 20:19:58'),(129,13,1,'Perrocheau','Olivier',4,4,'2015-11-23 20:19:59'),(130,78,1,'Perrocheau','Olivier',4,3,'2015-11-23 20:19:59'),(131,77,1,'Perrocheau','Olivier',4,3,'2015-11-23 20:19:59'),(132,72,1,'Perrocheau','Olivier',4,1,'2015-11-23 20:19:59'),(133,98,1,'Perrocheau','Olivier',4,2,'2015-11-23 20:20:00'),(134,87,1,'Perrocheau','Olivier',4,2,'2015-11-23 20:20:14'),(135,86,1,'Perrocheau','Olivier',4,2,'2015-11-23 20:20:15'),(136,71,1,'Perrocheau','Olivier',4,1,'2015-11-23 20:20:16'),(137,85,1,'Perrocheau','Olivier',4,2,'2015-11-23 20:20:16'),(138,84,1,'Perrocheau','Olivier',4,2,'2015-11-23 20:20:17'),(139,45,1,'Perrocheau','Olivier',4,1,'2015-11-23 20:20:20'),(140,83,1,'Perrocheau','Olivier',4,2,'2015-11-23 20:20:21'),(141,82,1,'Perrocheau','Olivier',4,2,'2015-11-23 20:20:25'),(142,81,1,'Perrocheau','Olivier',4,2,'2015-11-23 20:20:27'),(143,80,1,'Perrocheau','Olivier',4,2,'2015-11-23 20:20:28'),(144,79,1,'Perrocheau','Olivier',4,2,'2015-11-23 20:20:29'),(145,66,1,'Perrocheau','Olivier',4,2,'2015-11-23 20:20:29'),(146,76,1,'Perrocheau','Olivier',4,2,'2015-11-23 20:20:31'),(147,70,1,'Perrocheau','Olivier',4,2,'2015-11-23 20:20:31'),(148,68,1,'Perrocheau','Olivier',4,2,'2015-11-23 20:20:33'),(149,67,1,'Perrocheau','Olivier',4,2,'2015-11-23 20:20:36'),(150,69,1,'Perrocheau','Olivier',4,2,'2015-11-23 20:20:36'),(151,65,1,'Perrocheau','Olivier',4,2,'2015-11-23 20:20:38'),(152,16,1,'Perrocheau','Olivier',4,2,'2015-11-23 20:20:38'),(153,56,1,'Perrocheau','Olivier',4,2,'2015-11-23 20:20:38'),(154,22,1,'Perrocheau','Olivier',4,2,'2015-11-23 20:20:38'),(155,18,1,'Perrocheau','Olivier',4,2,'2015-11-23 20:20:38'),(156,17,1,'Perrocheau','Olivier',4,2,'2015-11-23 20:20:38'),(157,47,1,'Perrocheau','Olivier',4,2,'2015-11-23 20:20:39'),(158,48,1,'Perrocheau','Olivier',4,2,'2015-11-23 20:20:40'),(159,49,1,'Perrocheau','Olivier',4,2,'2015-11-23 20:20:48'),(160,50,1,'Perrocheau','Olivier',4,2,'2015-11-23 20:20:49'),(161,26,1,'Perrocheau','Olivier',4,1,'2015-11-23 20:20:49'),(162,32,1,'Perrocheau','Olivier',4,1,'2015-11-23 20:20:50'),(163,37,1,'Perrocheau','Olivier',4,1,'2015-11-23 20:20:50'),(164,38,1,'Perrocheau','Olivier',4,1,'2015-11-23 20:20:51'),(165,39,1,'Perrocheau','Olivier',4,1,'2015-11-23 20:20:51'),(166,40,1,'Perrocheau','Olivier',4,1,'2015-11-23 20:20:52'),(167,43,1,'Perrocheau','Olivier',4,1,'2015-11-23 20:20:52'),(168,44,1,'Perrocheau','Olivier',4,1,'2015-11-23 20:20:54'),(169,46,1,'Perrocheau','Olivier',4,1,'2015-11-23 20:20:56'),(170,74,1,'Perrocheau','Olivier',4,1,'2015-11-23 20:20:58'),(171,73,1,'Perrocheau','Olivier',4,1,'2015-11-23 20:21:01'),(172,72,1,'Perrocheau','Olivier',4,1,'2015-11-23 20:21:04'),(173,71,1,'Perrocheau','Olivier',4,1,'2015-11-23 20:21:06'),(174,45,1,'Perrocheau','Olivier',4,1,'2015-11-23 20:21:08'),(175,125,1,'Perrocheau','Olivier',4,6,'2015-11-23 20:22:37'),(176,127,1,'Perrocheau','Olivier',4,6,'2015-11-23 20:22:37'),(177,138,1,'Perrocheau','Olivier',4,4,'2015-11-23 20:22:37'),(178,126,1,'Perrocheau','Olivier',4,4,'2015-11-23 20:22:37'),(179,141,1,'Perrocheau','Olivier',4,3,'2015-11-23 20:22:37'),(180,128,1,'Perrocheau','Olivier',4,3,'2015-11-23 20:22:38'),(181,142,1,'Perrocheau','Olivier',4,3,'2015-11-23 20:22:39'),(182,121,1,'Perrocheau','Olivier',4,3,'2015-11-23 20:22:39'),(183,135,1,'Perrocheau','Olivier',4,2,'2015-11-23 20:22:40'),(184,134,1,'Perrocheau','Olivier',4,2,'2015-11-23 20:22:41'),(185,131,1,'Perrocheau','Olivier',4,2,'2015-11-23 20:22:41'),(186,101,1,'Perrocheau','Olivier',4,2,'2015-11-23 20:22:42'),(187,129,1,'Perrocheau','Olivier',4,2,'2015-11-23 20:22:50'),(188,140,1,'Perrocheau','Olivier',4,2,'2015-11-23 20:22:50'),(189,120,1,'Perrocheau','Olivier',4,2,'2015-11-23 20:22:51'),(190,116,1,'Perrocheau','Olivier',4,2,'2015-11-23 20:22:52'),(191,137,1,'Perrocheau','Olivier',4,2,'2015-11-23 20:23:00'),(192,109,1,'Perrocheau','Olivier',4,2,'2015-11-23 20:23:00'),(193,107,1,'Perrocheau','Olivier',4,2,'2015-11-23 20:23:11'),(194,106,1,'Perrocheau','Olivier',4,2,'2015-11-23 20:23:19'),(195,110,1,'Perrocheau','Olivier',4,2,'2015-11-23 20:23:28'),(196,105,1,'Perrocheau','Olivier',4,2,'2015-11-23 20:23:37'),(197,104,1,'Perrocheau','Olivier',4,2,'2015-11-23 20:23:46'),(198,125,1,'Perrocheau','Olivier',4,6,'2015-11-23 20:23:54'),(199,127,1,'Perrocheau','Olivier',4,6,'2015-11-23 20:23:54'),(200,138,1,'Perrocheau','Olivier',4,4,'2015-11-23 20:23:54'),(201,126,1,'Perrocheau','Olivier',4,4,'2015-11-23 20:23:55'),(202,141,1,'Perrocheau','Olivier',4,3,'2015-11-23 20:23:55'),(203,128,1,'Perrocheau','Olivier',4,3,'2015-11-23 20:23:55'),(204,103,1,'Perrocheau','Olivier',4,2,'2015-11-23 20:23:56'),(205,142,1,'Perrocheau','Olivier',4,3,'2015-11-23 20:23:56'),(206,121,1,'Perrocheau','Olivier',4,3,'2015-11-23 20:23:56'),(207,135,1,'Perrocheau','Olivier',4,2,'2015-11-23 20:23:56'),(208,134,1,'Perrocheau','Olivier',4,2,'2015-11-23 20:23:57'),(209,131,1,'Perrocheau','Olivier',4,2,'2015-11-23 20:23:57'),(210,101,1,'Perrocheau','Olivier',4,2,'2015-11-23 20:23:57'),(211,102,1,'Perrocheau','Olivier',4,2,'2015-11-23 20:24:12'),(212,129,1,'Perrocheau','Olivier',4,2,'2015-11-23 20:24:13'),(213,140,1,'Perrocheau','Olivier',4,2,'2015-11-23 20:24:13'),(214,120,1,'Perrocheau','Olivier',4,2,'2015-11-23 20:24:14'),(215,116,1,'Perrocheau','Olivier',4,2,'2015-11-23 20:24:14'),(216,111,1,'Perrocheau','Olivier',4,2,'2015-11-23 20:24:24'),(217,137,1,'Perrocheau','Olivier',4,2,'2015-11-23 20:24:26'),(218,109,1,'Perrocheau','Olivier',4,2,'2015-11-23 20:24:26'),(219,112,1,'Perrocheau','Olivier',4,2,'2015-11-23 20:24:35'),(220,107,1,'Perrocheau','Olivier',4,2,'2015-11-23 20:24:38'),(221,113,1,'Perrocheau','Olivier',4,2,'2015-11-23 20:24:46'),(222,106,1,'Perrocheau','Olivier',4,2,'2015-11-23 20:24:47'),(223,114,1,'Perrocheau','Olivier',4,2,'2015-11-23 20:24:55'),(224,110,1,'Perrocheau','Olivier',4,2,'2015-11-23 20:24:56'),(225,115,1,'Perrocheau','Olivier',4,2,'2015-11-23 20:25:06'),(226,105,1,'Perrocheau','Olivier',4,2,'2015-11-23 20:25:09'),(227,108,1,'Perrocheau','Olivier',4,2,'2015-11-23 20:25:15'),(228,104,1,'Perrocheau','Olivier',4,2,'2015-11-23 20:25:18'),(229,139,1,'Perrocheau','Olivier',4,1,'2015-11-23 20:25:24'),(230,143,1,'Perrocheau','Olivier',4,1,'2015-11-23 20:25:26'),(231,103,1,'Perrocheau','Olivier',4,2,'2015-11-23 20:25:26'),(232,144,1,'Perrocheau','Olivier',4,1,'2015-11-23 20:25:31'),(233,102,1,'Perrocheau','Olivier',4,2,'2015-11-23 20:25:34'),(234,145,1,'Perrocheau','Olivier',4,1,'2015-11-23 20:25:36'),(235,111,1,'Perrocheau','Olivier',4,2,'2015-11-23 20:25:40'),(236,146,1,'Perrocheau','Olivier',4,1,'2015-11-23 20:25:42'),(237,112,1,'Perrocheau','Olivier',4,2,'2015-11-23 20:25:47'),(238,147,1,'Perrocheau','Olivier',4,1,'2015-11-23 20:25:49'),(239,113,1,'Perrocheau','Olivier',4,2,'2015-11-23 20:25:51'),(240,148,1,'Perrocheau','Olivier',4,1,'2015-11-23 20:25:54'),(241,114,1,'Perrocheau','Olivier',4,2,'2015-11-23 20:25:55'),(242,115,1,'Perrocheau','Olivier',4,2,'2015-11-23 20:25:58'),(243,136,1,'Perrocheau','Olivier',4,1,'2015-11-23 20:26:00'),(244,108,1,'Perrocheau','Olivier',4,2,'2015-11-23 20:26:01'),(245,124,1,'Perrocheau','Olivier',4,1,'2015-11-23 20:26:02'),(246,139,1,'Perrocheau','Olivier',4,1,'2015-11-23 20:26:03'),(247,123,1,'Perrocheau','Olivier',4,1,'2015-11-23 20:26:03'),(248,143,1,'Perrocheau','Olivier',4,1,'2015-11-23 20:26:05'),(249,122,1,'Perrocheau','Olivier',4,1,'2015-11-23 20:26:06'),(250,119,1,'Perrocheau','Olivier',4,1,'2015-11-23 20:26:08'),(251,118,1,'Perrocheau','Olivier',4,1,'2015-11-23 20:26:09'),(252,130,1,'Perrocheau','Olivier',4,1,'2015-11-23 20:26:10'),(253,133,1,'Perrocheau','Olivier',4,1,'2015-11-23 20:26:11'),(254,144,1,'Perrocheau','Olivier',4,1,'2015-11-23 20:26:11'),(255,117,1,'Perrocheau','Olivier',4,1,'2015-11-23 20:26:12'),(256,132,1,'Perrocheau','Olivier',4,1,'2015-11-23 20:26:14'),(257,145,1,'Perrocheau','Olivier',4,1,'2015-11-23 20:26:19'),(258,146,1,'Perrocheau','Olivier',4,1,'2015-11-23 20:26:24'),(259,147,1,'Perrocheau','Olivier',4,1,'2015-11-23 20:26:27'),(260,148,1,'Perrocheau','Olivier',4,1,'2015-11-23 20:26:30'),(261,136,1,'Perrocheau','Olivier',4,1,'2015-11-23 20:26:33'),(262,124,1,'Perrocheau','Olivier',4,1,'2015-11-23 20:26:34'),(263,123,1,'Perrocheau','Olivier',4,1,'2015-11-23 20:26:35'),(264,122,1,'Perrocheau','Olivier',4,1,'2015-11-23 20:26:35'),(265,119,1,'Perrocheau','Olivier',4,1,'2015-11-23 20:26:36'),(266,118,1,'Perrocheau','Olivier',4,1,'2015-11-23 20:26:37'),(267,130,1,'Perrocheau','Olivier',4,1,'2015-11-23 20:26:38'),(268,133,1,'Perrocheau','Olivier',4,1,'2015-11-23 20:26:39'),(269,117,1,'Perrocheau','Olivier',4,1,'2015-11-23 20:26:39'),(270,132,1,'Perrocheau','Olivier',4,1,'2015-11-23 20:26:40');

--
-- Table structure for table `ps_supply_order_state`
--

CREATE TABLE `ps_supply_order_state` (
  `id_supply_order_state` int(11) unsigned NOT NULL AUTO_INCREMENT,
  `delivery_note` tinyint(1) NOT NULL DEFAULT '0',
  `editable` tinyint(1) NOT NULL DEFAULT '0',
  `receipt_state` tinyint(1) NOT NULL DEFAULT '0',
  `pending_receipt` tinyint(1) NOT NULL DEFAULT '0',
  `enclosed` tinyint(1) NOT NULL DEFAULT '0',
  `color` varchar(32) DEFAULT NULL,
  PRIMARY KEY (`id_supply_order_state`)
) ENGINE=InnoDB AUTO_INCREMENT=7 DEFAULT CHARSET=utf8;

--
-- Dumping data for table `ps_supply_order_state`
--

INSERT INTO `ps_supply_order_state` (`id_supply_order_state`, `delivery_note`, `editable`, `receipt_state`, `pending_receipt`, `enclosed`, `color`) VALUES (1,0,1,0,0,0,'#faab00'),(2,1,0,0,0,0,'#273cff'),(3,0,0,0,1,0,'#ff37f5'),(4,0,0,1,1,0,'#ff3e33'),(5,0,0,1,0,1,'#00d60c'),(6,0,0,0,0,1,'#666666');

--
-- Table structure for table `ps_supply_order_state_lang`
--

CREATE TABLE `ps_supply_order_state_lang` (
  `id_supply_order_state` int(11) unsigned NOT NULL,
  `id_lang` int(11) unsigned NOT NULL,
  `name` varchar(128) DEFAULT NULL,
  PRIMARY KEY (`id_supply_order_state`,`id_lang`)
) ENGINE=InnoDB DEFAULT CHARSET=utf8;

--
-- Dumping data for table `ps_supply_order_state_lang`
--

INSERT INTO `ps_supply_order_state_lang` (`id_supply_order_state`, `id_lang`, `name`) VALUES (1,1,'1 - Creation in progress'),(1,2,'1 - Creation in progress'),(2,1,'2 - Order validated'),(2,2,'2 - Order validated'),(3,1,'3 - Pending receipt'),(3,2,'3 - Pending receipt'),(4,1,'4 - Order received in part'),(4,2,'4 - Order received in part'),(5,1,'5 - Order received completely'),(5,2,'5 - Order received completely'),(6,1,'6 - Order canceled'),(6,2,'6 - Order canceled');

--
-- Table structure for table `ps_tab`
--

CREATE TABLE `ps_tab` (
  `id_tab` int(10) unsigned NOT NULL AUTO_INCREMENT,
  `id_parent` int(11) NOT NULL,
  `class_name` varchar(64) NOT NULL,
  `module` varchar(64) DEFAULT NULL,
  `position` int(10) unsigned NOT NULL,
  `active` tinyint(1) NOT NULL DEFAULT '1',
  `hide_host_mode` tinyint(1) NOT NULL DEFAULT '0',
  PRIMARY KEY (`id_tab`),
  KEY `class_name` (`class_name`),
  KEY `id_parent` (`id_parent`)
) ENGINE=InnoDB AUTO_INCREMENT=109 DEFAULT CHARSET=utf8;

--
-- Dumping data for table `ps_tab`
--

INSERT INTO `ps_tab` (`id_tab`, `id_parent`, `class_name`, `module`, `position`, `active`, `hide_host_mode`) VALUES (1,0,'AdminDashboard','',0,1,0),(2,-1,'AdminCms','',0,1,0),(3,-1,'AdminCmsCategories','',1,1,0),(4,-1,'AdminAttributeGenerator','',2,1,0),(5,-1,'AdminSearch','',3,1,0),(6,-1,'AdminLogin','',4,1,0),(7,-1,'AdminShop','',5,1,0),(8,-1,'AdminShopUrl','',6,1,0),(9,0,'AdminCatalog','',1,1,0),(10,0,'AdminParentOrders','',2,1,0),(11,0,'AdminParentCustomer','',3,1,0),(12,0,'AdminPriceRule','',4,1,0),(13,0,'AdminParentModules',NULL,5,1,0),(14,0,'AdminParentShipping','',6,1,0),(15,0,'AdminParentLocalization','',7,1,0),(16,0,'AdminParentPreferences','',8,1,0),(17,0,'AdminTools','',9,1,0),(18,0,'AdminAdmin','',10,1,0),(19,0,'AdminParentStats','',11,1,0),(20,0,'AdminStock','',12,1,0),(21,9,'AdminProducts','',0,1,0),(22,9,'AdminCategories','',1,1,0),(23,9,'AdminTracking','',2,1,0),(24,9,'AdminAttributesGroups','',3,1,0),(25,9,'AdminFeatures','',4,1,0),(26,9,'AdminManufacturers','',5,1,0),(27,9,'AdminSuppliers','',6,1,0),(28,9,'AdminTags','',7,1,0),(29,9,'AdminAttachments','',8,1,0),(30,10,'AdminOrders','',0,1,0),(31,10,'AdminInvoices','',1,1,0),(32,10,'AdminReturn','',2,1,0),(33,10,'AdminDeliverySlip','',3,1,0),(34,10,'AdminSlip','',4,1,0),(35,10,'AdminStatuses','',5,1,0),(36,10,'AdminOrderMessage','',6,1,0),(37,11,'AdminCustomers','',0,1,0),(38,11,'AdminAddresses','',1,1,0),(39,11,'AdminGroups','',2,1,0),(40,11,'AdminCarts','',3,1,0),(41,11,'AdminCustomerThreads','',4,1,0),(42,11,'AdminContacts','',5,1,0),(43,11,'AdminGenders','',6,1,0),(44,11,'AdminOutstanding','',7,1,0),(45,12,'AdminCartRules','',0,1,0),(46,12,'AdminSpecificPriceRule','',1,1,0),(47,12,'AdminMarketing','',2,1,0),(48,14,'AdminCarriers','',0,1,0),(49,14,'AdminShipping','',1,1,0),(50,14,'AdminCarrierWizard','',2,1,0),(51,15,'AdminLocalization','',0,1,0),(52,15,'AdminLanguages','',1,1,0),(53,15,'AdminZones','',2,1,0),(54,15,'AdminCountries','',3,1,0),(55,15,'AdminStates','',4,1,0),(56,15,'AdminCurrencies','',5,1,0),(57,15,'AdminTaxes','',6,1,0),(58,15,'AdminTaxRulesGroup','',7,1,0),(59,15,'AdminTranslations','',8,1,0),(60,13,'AdminModules',NULL,0,1,0),(61,13,'AdminAddonsCatalog','',1,1,0),(62,13,'AdminModulesPositions','',2,1,0),(63,13,'AdminPayment','',3,1,0),(64,16,'AdminPreferences','',0,1,0),(65,16,'AdminOrderPreferences','',1,1,0),(66,16,'AdminPPreferences','',2,1,0),(67,16,'AdminCustomerPreferences','',3,1,0),(68,16,'AdminThemes','',4,1,0),(69,16,'AdminMeta','',5,1,0),(70,16,'AdminCmsContent','',6,1,0),(71,16,'AdminImages','',7,1,0),(72,16,'AdminStores','',8,1,0),(73,16,'AdminSearchConf','',9,1,0),(74,16,'AdminMaintenance','',10,1,0),(75,16,'AdminGeolocation','',11,1,0),(76,17,'AdminInformation','',0,1,0),(77,17,'AdminPerformance','',1,1,0),(78,17,'AdminEmails','',2,1,0),(79,17,'AdminShopGroup','',3,0,0),(80,17,'AdminImport','',4,1,0),(81,17,'AdminBackup','',5,1,0),(82,17,'AdminRequestSql','',6,1,0),(83,17,'AdminLogs','',7,1,0),(84,17,'AdminWebservice','',8,1,0),(85,18,'AdminAdminPreferences','',0,1,0),(86,18,'AdminQuickAccesses','',1,1,0),(87,18,'AdminEmployees','',2,1,0),(88,18,'AdminProfiles','',3,1,0),(89,18,'AdminAccess','',4,1,0),(90,18,'AdminTabs','',5,1,0),(91,19,'AdminStats','',0,1,0),(92,19,'AdminSearchEngines','',1,1,0),(93,19,'AdminReferrers','',2,1,0),(94,20,'AdminWarehouses','',0,1,0),(95,20,'AdminStockManagement','',1,1,0),(96,20,'AdminStockMvt','',2,1,0),(97,20,'AdminStockInstantState','',3,1,0),(98,20,'AdminStockCover','',4,1,0),(99,20,'AdminSupplyOrders','',5,1,0),(100,20,'AdminStockConfiguration','',6,1,0),(101,-1,'AdminBlockCategories','blockcategories',7,1,0),(102,-1,'AdminDashgoals','dashgoals',8,1,0),(103,-1,'AdminThemeConfigurator','themeconfigurator',9,1,0),(104,18,'AdminGamification','gamification',6,1,0),(105,-1,'AdminCronJobs','cronjobs',10,1,0),(107,10,'AdminERP','erpillicopresta',7,1,0),(108,17,'AdminSelfUpgrade','autoupgrade',9,1,0);

--
-- Table structure for table `ps_tab_advice`
--

CREATE TABLE `ps_tab_advice` (
  `id_tab` int(11) NOT NULL,
  `id_advice` int(11) NOT NULL,
  PRIMARY KEY (`id_tab`,`id_advice`)
) ENGINE=InnoDB DEFAULT CHARSET=utf8;

--
-- Dumping data for table `ps_tab_advice`
--

INSERT INTO `ps_tab_advice` (`id_tab`, `id_advice`) VALUES (1,3),(1,7),(1,8),(1,12),(1,13),(1,14),(1,16),(1,17),(1,19),(1,20),(1,21),(1,22),(1,23),(1,24),(1,25),(1,26),(1,27),(1,28),(1,29),(1,30),(1,31),(1,32),(1,33),(1,34),(1,35),(1,36),(1,37),(1,38),(1,41),(1,45),(1,46),(1,52),(1,53),(1,54),(1,57),(1,59),(1,61),(1,62),(1,63),(1,64),(1,65),(1,66),(1,67),(1,68),(1,69),(1,70),(1,71),(1,72),(1,73),(1,74),(1,75),(1,76),(1,77),(1,78),(1,81),(1,85),(1,86),(1,92),(1,93),(1,94),(1,97),(1,99),(1,101),(1,102),(1,103),(1,104),(1,105),(1,106),(1,107),(1,108),(1,109),(1,110),(1,111),(1,112),(1,113),(1,114),(1,115),(1,116),(1,117),(1,118),(1,121),(1,125),(1,126),(1,132),(1,133),(1,134),(1,137),(1,139),(1,141),(1,142),(1,143),(1,144),(1,145),(1,146),(1,147),(1,148),(1,149),(1,150),(1,151),(1,152),(1,153),(1,154),(1,155),(1,156),(1,157),(1,158),(1,161),(1,165),(1,166),(1,172),(1,173),(1,174),(1,177),(1,179),(1,181),(1,182),(1,183),(1,184),(1,185),(1,186),(1,187),(1,188),(1,189),(1,190),(1,191),(1,192),(1,193),(1,194),(1,195),(1,196),(1,197),(1,198),(1,201),(1,205),(1,206),(1,212),(1,213),(1,214),(1,217),(1,219),(1,221),(1,222),(1,223),(1,224),(1,225),(1,226),(1,227),(1,228),(1,229),(1,230),(1,231),(1,232),(1,233),(1,234),(1,235),(1,236),(1,237),(1,238),(1,241),(1,245),(1,246),(1,252),(1,253),(1,254),(1,257),(1,259),(1,261),(1,262),(1,263),(1,264),(1,265),(1,266),(1,267),(1,268),(1,269),(1,270),(1,271),(1,272),(1,273),(1,274),(1,275),(1,276),(1,277),(1,278),(1,281),(1,285),(1,286),(1,292),(1,293),(1,294),(1,297),(1,299),(1,301),(1,302),(1,303),(1,304),(1,305),(1,306),(1,307),(1,308),(1,309),(1,310),(1,311),(1,312),(1,313),(1,314),(1,315),(1,316),(1,317),(1,318),(1,321),(1,325),(1,326),(1,332),(1,333),(1,334),(1,337),(1,339),(1,341),(1,342),(1,343),(1,344),(1,345),(1,346),(1,347),(1,348),(1,349),(1,350),(1,351),(1,352),(1,353),(1,354),(1,355),(1,356),(1,357),(1,358),(1,361),(1,365),(1,366),(1,372),(1,373),(1,374),(1,377),(1,379),(1,381),(1,382),(1,383),(1,384),(1,385),(1,386),(1,387),(1,388),(1,389),(1,390),(1,391),(1,392),(1,393),(1,394),(1,395),(1,396),(1,397),(1,398),(1,401),(1,405),(1,406),(1,412),(1,413),(1,414),(1,417),(1,419),(1,421),(1,422),(1,423),(1,424),(1,425),(1,426),(1,427),(1,428),(1,429),(1,430),(1,431),(1,432),(1,433),(1,434),(1,435),(1,436),(1,437),(1,438),(1,441),(1,445),(1,446),(1,451),(1,452),(1,453),(1,456),(1,458),(1,460),(1,461),(1,462),(1,463),(1,464),(1,465),(1,466),(1,467),(1,468),(1,469),(1,470),(1,471),(1,472),(1,473),(1,474),(1,475),(1,476),(1,477),(1,480),(1,484),(1,485),(1,490),(1,491),(1,492),(1,495),(1,497),(1,499),(1,500),(1,501),(1,502),(1,503),(1,504),(1,505),(1,506),(1,507),(1,508),(1,509),(1,510),(1,511),(1,512),(1,513),(1,514),(1,515),(1,516),(1,519),(1,523),(1,524),(1,529),(1,530),(1,531),(1,534),(1,536),(1,538),(1,539),(1,540),(1,541),(1,542),(1,543),(1,544),(1,545),(1,546),(1,547),(1,548),(1,549),(1,550),(1,551),(1,552),(1,553),(1,554),(1,555),(1,556),(1,559),(1,563),(1,564),(1,569),(1,570),(1,571),(1,574),(1,576),(1,578),(1,579),(1,580),(1,581),(1,582),(1,583),(1,584),(1,585),(1,586),(1,587),(1,588),(1,589),(1,590),(1,591),(1,592),(1,593),(1,594),(1,595),(1,596),(1,599),(1,603),(1,604),(1,609),(1,610),(1,611),(1,614),(1,616),(1,618),(1,619),(1,620),(1,621),(1,622),(1,623),(1,624),(1,625),(1,626),(1,627),(1,628),(1,629),(1,630),(1,631),(1,632),(1,633),(1,634),(1,635),(1,636),(1,639),(1,643),(1,644),(1,648),(1,649),(1,650),(1,652),(1,653),(1,655),(1,656),(1,657),(1,658),(1,659),(1,660),(1,661),(1,662),(1,663),(1,664),(1,665),(1,666),(1,667),(1,668),(1,669),(1,670),(1,671),(1,672),(1,675),(1,679),(1,680),(1,684),(1,685),(1,686),(1,688),(1,689),(1,691),(1,692),(1,693),(1,694),(1,695),(1,696),(1,697),(1,698),(1,699),(1,700),(1,701),(1,702),(1,703),(1,704),(1,705),(1,706),(1,707),(1,708),(1,711),(1,715),(1,716),(1,720),(1,721),(1,722),(1,724),(1,725),(1,727),(1,728),(1,729),(1,730),(1,731),(1,732),(1,733),(1,734),(1,735),(1,736),(1,737),(1,738),(1,739),(1,740),(1,741),(1,742),(1,743),(1,744),(1,747),(1,751),(1,752),(1,756),(1,757),(1,758),(1,760),(1,761),(1,763),(1,764),(1,765),(1,766),(1,767),(1,768),(1,769),(1,770),(1,771),(1,772),(1,773),(1,774),(1,775),(1,776),(1,777),(1,778),(1,779),(1,780),(1,783),(1,787),(1,788),(1,792),(1,793),(1,794),(1,796),(1,797),(1,799),(1,800),(1,801),(1,802),(1,803),(1,804),(1,805),(1,806),(1,807),(1,808),(1,809),(1,810),(1,811),(1,812),(1,813),(1,814),(1,815),(1,816),(1,819),(1,823),(1,824),(1,828),(1,829),(1,830),(1,832),(1,833),(1,835),(1,836),(1,837),(1,838),(1,839),(1,840),(1,841),(1,842),(1,843),(1,844),(1,845),(1,846),(1,847),(1,848),(1,849),(1,850),(1,851),(1,852),(1,853),(1,854),(1,855),(1,856),(1,857),(1,858),(1,859),(1,860),(1,861),(1,864),(1,868),(1,869),(1,875),(1,876),(1,877),(1,880),(1,882),(1,884),(1,885),(1,886),(1,887),(1,888),(1,889),(1,890),(1,891),(1,892),(1,893),(1,894),(1,895),(1,896),(1,897),(1,898),(1,901),(1,905),(1,906),(1,912),(1,913),(1,914),(1,917),(1,919),(1,921),(1,922),(1,923),(1,924),(1,925),(1,926),(1,927),(1,928),(1,929),(1,930),(1,931),(1,932),(1,933),(1,934),(1,937),(1,941),(1,942),(1,948),(1,949),(1,950),(1,953),(1,955),(1,957),(1,958),(1,959),(1,960),(1,961),(1,962),(1,963),(1,964),(1,965),(1,966),(1,967),(1,968),(1,969),(1,970),(1,971),(1,972),(9,15),(9,55),(9,95),(9,135),(9,175),(9,215),(9,255),(9,295),(9,335),(9,375),(9,415),(9,454),(9,493),(9,532),(9,572),(9,612),(9,651),(9,687),(9,723),(9,759),(9,795),(9,831),(9,878),(9,915),(9,951),(21,1),(21,5),(21,6),(21,10),(21,11),(21,16),(21,39),(21,43),(21,44),(21,48),(21,49),(21,57),(21,79),(21,83),(21,84),(21,88),(21,89),(21,97),(21,119),(21,123),(21,124),(21,128),(21,129),(21,137),(21,159),(21,163),(21,164),(21,168),(21,169),(21,177),(21,199),(21,203),(21,204),(21,208),(21,209),(21,217),(21,239),(21,243),(21,244),(21,248),(21,249),(21,257),(21,279),(21,283),(21,284),(21,288),(21,289),(21,297),(21,319),(21,323),(21,324),(21,328),(21,329),(21,337),(21,359),(21,363),(21,364),(21,368),(21,369),(21,377),(21,399),(21,403),(21,404),(21,408),(21,409),(21,417),(21,439),(21,443),(21,444),(21,448),(21,449),(21,456),(21,478),(21,482),(21,483),(21,487),(21,488),(21,495),(21,517),(21,521),(21,522),(21,526),(21,527),(21,534),(21,557),(21,561),(21,562),(21,566),(21,567),(21,574),(21,597),(21,601),(21,602),(21,606),(21,607),(21,614),(21,637),(21,641),(21,642),(21,646),(21,647),(21,652),(21,673),(21,677),(21,678),(21,682),(21,683),(21,688),(21,709),(21,713),(21,714),(21,718),(21,719),(21,724),(21,745),(21,749),(21,750),(21,754),(21,755),(21,760),(21,781),(21,785),(21,786),(21,790),(21,791),(21,796),(21,817),(21,821),(21,822),(21,826),(21,827),(21,832),(21,862),(21,866),(21,867),(21,871),(21,872),(21,880),(21,899),(21,903),(21,904),(21,908),(21,909),(21,917),(21,935),(21,939),(21,940),(21,944),(21,945),(21,953),(22,1),(22,16),(22,18),(22,39),(22,57),(22,60),(22,79),(22,97),(22,100),(22,119),(22,137),(22,140),(22,159),(22,177),(22,180),(22,199),(22,217),(22,220),(22,239),(22,257),(22,260),(22,279),(22,297),(22,300),(22,319),(22,337),(22,340),(22,359),(22,377),(22,380),(22,399),(22,417),(22,420),(22,439),(22,456),(22,459),(22,478),(22,495),(22,498),(22,517),(22,534),(22,537),(22,557),(22,574),(22,577),(22,597),(22,614),(22,617),(22,637),(22,652),(22,654),(22,673),(22,688),(22,690),(22,709),(22,724),(22,726),(22,745),(22,760),(22,762),(22,781),(22,796),(22,798),(22,817),(22,832),(22,834),(22,862),(22,880),(22,883),(22,899),(22,917),(22,920),(22,935),(22,953),(22,956),(30,10),(30,48),(30,56),(30,88),(30,96),(30,128),(30,136),(30,168),(30,176),(30,208),(30,216),(30,248),(30,256),(30,288),(30,296),(30,328),(30,336),(30,368),(30,376),(30,408),(30,416),(30,448),(30,455),(30,487),(30,494),(30,526),(30,533),(30,566),(30,573),(30,606),(30,613),(30,646),(30,682),(30,718),(30,754),(30,790),(30,826),(30,871),(30,879),(30,908),(30,916),(30,944),(30,952),(31,1),(31,39),(31,79),(31,119),(31,159),(31,199),(31,239),(31,279),(31,319),(31,359),(31,399),(31,439),(31,478),(31,517),(31,557),(31,597),(31,637),(31,673),(31,709),(31,745),(31,781),(31,817),(31,862),(31,899),(31,935),(37,9),(37,15),(37,47),(37,55),(37,56),(37,87),(37,95),(37,96),(37,127),(37,135),(37,136),(37,167),(37,175),(37,176),(37,207),(37,215),(37,216),(37,247),(37,255),(37,256),(37,287),(37,295),(37,296),(37,327),(37,335),(37,336),(37,367),(37,375),(37,376),(37,407),(37,415),(37,416),(37,447),(37,454),(37,455),(37,486),(37,493),(37,494),(37,525),(37,532),(37,533),(37,565),(37,572),(37,573),(37,605),(37,612),(37,613),(37,645),(37,651),(37,681),(37,687),(37,717),(37,723),(37,753),(37,759),(37,789),(37,795),(37,825),(37,831),(37,870),(37,878),(37,879),(37,907),(37,915),(37,916),(37,943),(37,951),(37,952),(39,15),(39,55),(39,95),(39,135),(39,175),(39,215),(39,255),(39,295),(39,335),(39,375),(39,415),(39,454),(39,493),(39,532),(39,572),(39,612),(39,651),(39,687),(39,723),(39,759),(39,795),(39,831),(39,878),(39,915),(39,951),(41,9),(41,47),(41,58),(41,87),(41,98),(41,127),(41,138),(41,167),(41,178),(41,207),(41,218),(41,247),(41,258),(41,287),(41,298),(41,327),(41,338),(41,367),(41,378),(41,407),(41,418),(41,447),(41,457),(41,486),(41,496),(41,525),(41,535),(41,565),(41,575),(41,605),(41,615),(41,645),(41,681),(41,717),(41,753),(41,789),(41,825),(41,870),(41,881),(41,907),(41,918),(41,943),(41,954),(59,2),(59,40),(59,80),(59,120),(59,160),(59,200),(59,240),(59,280),(59,320),(59,360),(59,400),(59,440),(59,479),(59,518),(59,558),(59,598),(59,638),(59,674),(59,710),(59,746),(59,782),(59,818),(59,863),(59,900),(59,936),(60,16),(60,57),(60,97),(60,137),(60,177),(60,217),(60,257),(60,297),(60,337),(60,377),(60,417),(60,456),(60,495),(60,534),(60,574),(60,614),(60,652),(60,688),(60,724),(60,760),(60,796),(60,832),(60,880),(60,917),(60,953),(63,50),(63,90),(63,130),(63,170),(63,210),(63,250),(63,290),(63,330),(63,370),(63,410),(63,450),(63,489),(63,528),(63,568),(63,608),(63,873),(63,910),(63,946),(68,16),(68,57),(68,97),(68,137),(68,177),(68,217),(68,257),(68,297),(68,337),(68,377),(68,417),(68,456),(68,495),(68,534),(68,574),(68,614),(68,652),(68,688),(68,724),(68,760),(68,796),(68,832),(68,880),(68,917),(68,953),(70,16),(70,57),(70,97),(70,137),(70,177),(70,217),(70,257),(70,297),(70,337),(70,377),(70,417),(70,456),(70,495),(70,534),(70,574),(70,614),(70,652),(70,688),(70,724),(70,760),(70,796),(70,832),(70,880),(70,917),(70,953),(72,1),(72,39),(72,79),(72,119),(72,159),(72,199),(72,239),(72,279),(72,319),(72,359),(72,399),(72,439),(72,478),(72,517),(72,557),(72,597),(72,637),(72,673),(72,709),(72,745),(72,781),(72,817),(72,862),(72,899),(72,935),(78,51),(78,91),(78,131),(78,171),(78,211),(78,251),(78,291),(78,331),(78,371),(78,411),(78,874),(78,911),(78,947),(80,16),(80,57),(80,97),(80,137),(80,177),(80,217),(80,257),(80,297),(80,337),(80,377),(80,417),(80,456),(80,495),(80,534),(80,574),(80,614),(80,652),(80,688),(80,724),(80,760),(80,796),(80,832),(80,880),(80,917),(80,953),(87,51),(87,91),(87,131),(87,171),(87,211),(87,251),(87,291),(87,331),(87,371),(87,411),(87,874),(87,911),(87,947),(91,58),(91,98),(91,138),(91,178),(91,218),(91,258),(91,298),(91,338),(91,378),(91,418),(91,457),(91,496),(91,535),(91,575),(91,615),(91,881),(91,918),(91,954),(108,4),(108,42),(108,82),(108,122),(108,162),(108,202),(108,242),(108,282),(108,322),(108,362),(108,402),(108,442),(108,481),(108,520),(108,560),(108,600),(108,640),(108,676),(108,712),(108,748),(108,784),(108,820),(108,865),(108,902),(108,938);

--
-- Table structure for table `ps_tab_lang`
--

CREATE TABLE `ps_tab_lang` (
  `id_tab` int(10) unsigned NOT NULL,
  `id_lang` int(10) unsigned NOT NULL,
  `name` varchar(64) DEFAULT NULL,
  PRIMARY KEY (`id_tab`,`id_lang`)
) ENGINE=InnoDB DEFAULT CHARSET=utf8;

--
-- Dumping data for table `ps_tab_lang`
--

INSERT INTO `ps_tab_lang` (`id_tab`, `id_lang`, `name`) VALUES (1,1,'Dashboard'),(1,2,'Papan pemuka'),(2,1,'CMS Pages'),(2,2,'Laman CMS'),(3,1,'CMS Categories'),(3,2,'Kategori CMS'),(4,1,'Combinations Generator'),(4,2,'Générateur de déclinaisons'),(5,1,'Search'),(5,2,'Cari'),(6,1,'Login'),(6,2,'Masuk'),(7,1,'Shops'),(7,2,'Boutiques'),(8,1,'Shop URLs'),(8,2,'URL kedai'),(9,1,'Catalog'),(9,2,'Catalogue'),(10,1,'Orders'),(10,2,'Commandes'),(11,1,'Customers'),(11,2,'Pelanggan'),(12,1,'Price Rules'),(12,2,'Peraturan Harga'),(13,1,'Modules and Services'),(13,2,'Modules and Services'),(14,1,'Shipping'),(14,2,'Penghantaran'),(15,1,'Localization'),(15,2,'Localisation'),(16,1,'Preferences'),(16,2,'Keutamaan'),(17,1,'Advanced Parameters'),(17,2,'Paramètres avancés'),(18,1,'Administration'),(18,2,'Pentadbiran'),(19,1,'Stats'),(19,2,'Statistiques'),(20,1,'Stock'),(20,2,'Saham'),(21,1,'Products'),(21,2,'Produk'),(22,1,'Categories'),(22,2,'Kategori'),(23,1,'Monitoring'),(23,2,'Pengawasan'),(24,1,'Product Attributes'),(24,2,'Sifat Produk'),(25,1,'Product Features'),(25,2,'Ciri Produk'),(26,1,'Manufacturers'),(26,2,'Pengeluar'),(27,1,'Suppliers'),(27,2,'Pembekal'),(28,1,'Tags'),(28,2,'Tag'),(29,1,'Attachments'),(29,2,'Pièces jointes'),(30,1,'Orders'),(30,2,'Commandes'),(31,1,'Invoices'),(31,2,'Factures'),(32,1,'Merchandise Returns'),(32,2,'Retours produit'),(33,1,'Delivery Slips'),(33,2,'Slip Penghantaran'),(34,1,'Credit Slips'),(34,2,'Slip Kredit'),(35,1,'Statuses'),(35,2,'États'),(36,1,'Order Messages'),(36,2,'Mesej Tempahan'),(37,1,'Customers'),(37,2,'Pelanggan'),(38,1,'Addresses'),(38,2,'Alamat'),(39,1,'Groups'),(39,2,'Groupes'),(40,1,'Shopping Carts'),(40,2,'Troli Belian'),(41,1,'Customer Service'),(41,2,'Khidmat Pelanggan'),(42,1,'Contacts'),(42,2,'Hubungi'),(43,1,'Titles'),(43,2,'Tajuk'),(44,1,'Outstanding'),(44,2,'Cemerlang'),(45,1,'Cart Rules'),(45,2,'Règles panier'),(46,1,'Catalog Price Rules'),(46,2,'Règles de prix catalogue'),(47,1,'Marketing'),(47,2,'Pemasaran'),(48,1,'Carriers'),(48,2,'Operator'),(49,1,'Preferences'),(49,2,'Keutamaan'),(50,1,'Carrier'),(50,2,'Pembawa'),(51,1,'Localization'),(51,2,'Localisation'),(52,1,'Languages'),(52,2,'Bahasa'),(53,1,'Zones'),(53,2,'Zon'),(54,1,'Countries'),(54,2,'Negara'),(55,1,'States'),(55,2,'Negeri'),(56,1,'Currencies'),(56,2,'Devises'),(57,1,'Taxes'),(57,2,'Cukai'),(58,1,'Tax Rules'),(58,2,'Règles'),(59,1,'Translations'),(59,2,'Penterjemahan'),(60,1,'Modules and Services'),(60,2,'Modules and Services'),(61,1,'Modules & Themes Catalog'),(61,2,'Modul & Katalog Tema'),(62,1,'Positions'),(62,2,'Kedudukan'),(63,1,'Payment'),(63,2,'Pembayaran'),(64,1,'General'),(64,2,'Umum'),(65,1,'Orders'),(65,2,'Commandes'),(66,1,'Products'),(66,2,'Produk'),(67,1,'Customers'),(67,2,'Pelanggan'),(68,1,'Themes'),(68,2,'Tema'),(69,1,'SEO & URLs'),(69,2,'SEO & URL'),(70,1,'CMS'),(70,2,'CMS'),(71,1,'Images'),(71,2,'gambar'),(72,1,'Store Contacts'),(72,2,'Hubungan Kedai'),(73,1,'Search'),(73,2,'Cari'),(74,1,'Maintenance'),(74,2,'Penyelenggaraan'),(75,1,'Geolocation'),(75,2,'Geolokasi'),(76,1,'Configuration Information'),(76,2,'Informations'),(77,1,'Performance'),(77,2,'Prestasi'),(78,1,'E-mail'),(78,2,'E-Mel'),(79,1,'Multistore'),(79,2,'Multiboutique'),(80,1,'CSV Import'),(80,2,'Import CSV'),(81,1,'DB Backup'),(81,2,'Sandaran DB'),(82,1,'SQL Manager'),(82,2,'Pengurus SQL'),(83,1,'Logs'),(83,2,'Log'),(84,1,'Webservice'),(84,2,'Webservis'),(85,1,'Preferences'),(85,2,'Keutamaan'),(86,1,'Quick Access'),(86,2,'Accès rapide'),(87,1,'Employees'),(87,2,'Pekerja'),(88,1,'Profiles'),(88,2,'Profil'),(89,1,'Permissions'),(89,2,'Kebenaran'),(90,1,'Menus'),(90,2,'Menu'),(91,1,'Stats'),(91,2,'Statistiques'),(92,1,'Search Engines'),(92,2,'Enjin Carian'),(93,1,'Referrers'),(93,2,'Perujuk'),(94,1,'Warehouses'),(94,2,'Entrepôts'),(95,1,'Stock Management'),(95,2,'Gestion de stock'),(96,1,'Stock Movement'),(96,2,'Pergerakan Stok'),(97,1,'Instant Stock Status'),(97,2,'Etat instantané du stock'),(98,1,'Stock Coverage'),(98,2,'Perlindungan Stok'),(99,1,'Supply orders'),(99,2,'Tempahan bekalan'),(100,1,'Configuration'),(100,2,'Konfigurasi'),(101,1,'BlockCategories'),(101,2,'Kategori Blok'),(102,1,'Dashgoals'),(102,2,'Matlamat jangka panjang'),(103,1,'themeconfigurator'),(103,2,'themeconfigurator'),(104,1,'Merchant Expertise'),(104,2,'Kepakaran'),(105,1,'Cron Jobs'),(105,2,'Cron Jobs'),(107,1,'1 Click ERP Illicopresta'),(107,2,'1 Click ERP Illicopresta'),(108,1,'1-Click Upgrade'),(108,2,'1-Click Upgrade');

--
-- Table structure for table `ps_tab_module_preference`
--

CREATE TABLE `ps_tab_module_preference` (
  `id_tab_module_preference` int(11) NOT NULL AUTO_INCREMENT,
  `id_employee` int(11) NOT NULL,
  `id_tab` int(11) NOT NULL,
  `module` varchar(255) NOT NULL,
  PRIMARY KEY (`id_tab_module_preference`),
  UNIQUE KEY `employee_module` (`id_employee`,`id_tab`,`module`)
) ENGINE=InnoDB DEFAULT CHARSET=utf8;

--
-- Dumping data for table `ps_tab_module_preference`
--


--
-- Table structure for table `ps_tag`
--

CREATE TABLE `ps_tag` (
  `id_tag` int(10) unsigned NOT NULL AUTO_INCREMENT,
  `id_lang` int(10) unsigned NOT NULL,
  `name` varchar(32) NOT NULL,
  PRIMARY KEY (`id_tag`),
  KEY `tag_name` (`name`),
  KEY `id_lang` (`id_lang`)
) ENGINE=InnoDB DEFAULT CHARSET=utf8;

--
-- Dumping data for table `ps_tag`
--


--
-- Table structure for table `ps_tag_count`
--

CREATE TABLE `ps_tag_count` (
  `id_group` int(10) unsigned NOT NULL DEFAULT '0',
  `id_tag` int(10) unsigned NOT NULL DEFAULT '0',
  `id_lang` int(10) unsigned NOT NULL DEFAULT '0',
  `id_shop` int(11) unsigned NOT NULL DEFAULT '0',
  `counter` int(10) unsigned NOT NULL DEFAULT '0',
  PRIMARY KEY (`id_group`,`id_tag`),
  KEY `id_group` (`id_group`,`id_lang`,`id_shop`,`counter`)
) ENGINE=InnoDB DEFAULT CHARSET=utf8;

--
-- Dumping data for table `ps_tag_count`
--


--
-- Table structure for table `ps_tax`
--

CREATE TABLE `ps_tax` (
  `id_tax` int(10) unsigned NOT NULL AUTO_INCREMENT,
  `rate` decimal(10,3) NOT NULL,
  `active` tinyint(1) unsigned NOT NULL DEFAULT '1',
  `deleted` tinyint(1) unsigned NOT NULL DEFAULT '0',
  PRIMARY KEY (`id_tax`)
) ENGINE=InnoDB AUTO_INCREMENT=7 DEFAULT CHARSET=utf8;

--
-- Dumping data for table `ps_tax`
--

INSERT INTO `ps_tax` (`id_tax`, `rate`, `active`, `deleted`) VALUES (1,6.000,1,0),(2,5.000,0,0),(3,6.000,0,0),(4,10.000,1,0),(5,5.000,1,0),(6,6.000,1,0);

--
-- Table structure for table `ps_tax_lang`
--

CREATE TABLE `ps_tax_lang` (
  `id_tax` int(10) unsigned NOT NULL,
  `id_lang` int(10) unsigned NOT NULL,
  `name` varchar(32) NOT NULL,
  PRIMARY KEY (`id_tax`,`id_lang`)
) ENGINE=InnoDB DEFAULT CHARSET=utf8;

--
-- Dumping data for table `ps_tax_lang`
--

INSERT INTO `ps_tax_lang` (`id_tax`, `id_lang`, `name`) VALUES (1,1,'GST (Goods and Services Tax)'),(1,2,'GST (Goods and Services Tax)'),(2,1,'Malaysia Sales Tax Reduced Rate'),(2,2,'Malaysia Sales Tax Reduced Rate'),(3,1,'Malaysia Service Tax'),(3,2,'Malaysia Service Tax'),(4,1,'Malaysia Sales Tax Standard Rate'),(4,2,'Malaysia Sales Tax Standard Rate'),(5,1,'Malaysia Sales Tax Reduced Rate'),(5,2,'Malaysia Sales Tax Reduced Rate'),(6,1,'Malaysia Service Tax'),(6,2,'Malaysia Service Tax');

--
-- Table structure for table `ps_tax_rule`
--

CREATE TABLE `ps_tax_rule` (
  `id_tax_rule` int(11) NOT NULL AUTO_INCREMENT,
  `id_tax_rules_group` int(11) NOT NULL,
  `id_country` int(11) NOT NULL,
  `id_state` int(11) NOT NULL,
  `zipcode_from` varchar(12) NOT NULL,
  `zipcode_to` varchar(12) NOT NULL,
  `id_tax` int(11) NOT NULL,
  `behavior` int(11) NOT NULL,
  `description` varchar(100) NOT NULL,
  PRIMARY KEY (`id_tax_rule`),
  KEY `id_tax_rules_group` (`id_tax_rules_group`),
  KEY `id_tax` (`id_tax`),
  KEY `category_getproducts` (`id_tax_rules_group`,`id_country`,`id_state`,`zipcode_from`)
) ENGINE=InnoDB AUTO_INCREMENT=7 DEFAULT CHARSET=utf8;

--
-- Dumping data for table `ps_tax_rule`
--

INSERT INTO `ps_tax_rule` (`id_tax_rule`, `id_tax_rules_group`, `id_country`, `id_state`, `zipcode_from`, `zipcode_to`, `id_tax`, `behavior`, `description`) VALUES (1,1,136,0,'0','0',1,0,''),(5,5,136,0,'0','0',1,0,''),(6,6,136,0,'0','0',4,0,'');

--
-- Table structure for table `ps_tax_rules_group`
--

CREATE TABLE `ps_tax_rules_group` (
  `id_tax_rules_group` int(11) NOT NULL AUTO_INCREMENT,
  `name` varchar(50) NOT NULL,
  `active` int(11) NOT NULL,
  `deleted` tinyint(1) unsigned NOT NULL,
  `date_add` datetime NOT NULL,
  `date_upd` datetime NOT NULL,
  PRIMARY KEY (`id_tax_rules_group`)
) ENGINE=InnoDB AUTO_INCREMENT=7 DEFAULT CHARSET=utf8;

--
-- Dumping data for table `ps_tax_rules_group`
--

INSERT INTO `ps_tax_rules_group` (`id_tax_rules_group`, `name`, `active`, `deleted`, `date_add`, `date_upd`) VALUES (1,'GST (Goods and Services Tax)',1,0,'2015-08-17 20:32:23','2015-08-18 20:13:58'),(2,'Malaysia Sales Tax Reduced Rate',0,0,'2015-08-17 20:32:23','2015-08-18 20:13:31'),(3,'Malaysia Service Tax',0,0,'2015-08-17 20:32:24','2015-08-18 20:13:31'),(4,'Incl GST',0,0,'2015-08-18 12:37:45','2015-08-18 20:13:31'),(5,'GST included',0,0,'2015-08-18 12:49:40','2015-08-18 20:13:31'),(6,'Malaysia Sales Tax Standard Rate',1,0,'2015-09-04 23:58:51','2015-09-04 23:58:51');

--
-- Table structure for table `ps_tax_rules_group_shop`
--

CREATE TABLE `ps_tax_rules_group_shop` (
  `id_tax_rules_group` int(11) unsigned NOT NULL,
  `id_shop` int(11) unsigned NOT NULL,
  PRIMARY KEY (`id_tax_rules_group`,`id_shop`),
  KEY `id_shop` (`id_shop`)
) ENGINE=InnoDB DEFAULT CHARSET=utf8;

--
-- Dumping data for table `ps_tax_rules_group_shop`
--

INSERT INTO `ps_tax_rules_group_shop` (`id_tax_rules_group`, `id_shop`) VALUES (1,1),(2,1),(3,1),(4,1),(5,1),(6,1);

--
-- Table structure for table `ps_theme`
--

CREATE TABLE `ps_theme` (
  `id_theme` int(11) NOT NULL AUTO_INCREMENT,
  `name` varchar(64) NOT NULL,
  `directory` varchar(64) NOT NULL,
  `responsive` tinyint(1) NOT NULL DEFAULT '0',
  `default_left_column` tinyint(1) NOT NULL DEFAULT '0',
  `default_right_column` tinyint(1) NOT NULL DEFAULT '0',
  `product_per_page` int(10) unsigned NOT NULL,
  PRIMARY KEY (`id_theme`)
) ENGINE=InnoDB AUTO_INCREMENT=2 DEFAULT CHARSET=utf8;

--
-- Dumping data for table `ps_theme`
--

INSERT INTO `ps_theme` (`id_theme`, `name`, `directory`, `responsive`, `default_left_column`, `default_right_column`, `product_per_page`) VALUES (1,'default-bootstrap','default-bootstrap',1,1,0,12);

--
-- Table structure for table `ps_theme_meta`
--

CREATE TABLE `ps_theme_meta` (
  `id_theme_meta` int(11) NOT NULL AUTO_INCREMENT,
  `id_theme` int(11) NOT NULL,
  `id_meta` int(10) unsigned NOT NULL,
  `left_column` tinyint(1) NOT NULL DEFAULT '1',
  `right_column` tinyint(1) NOT NULL DEFAULT '1',
  PRIMARY KEY (`id_theme_meta`),
  UNIQUE KEY `id_theme_2` (`id_theme`,`id_meta`),
  KEY `id_theme` (`id_theme`),
  KEY `id_meta` (`id_meta`)
) ENGINE=InnoDB AUTO_INCREMENT=41 DEFAULT CHARSET=utf8;

--
-- Dumping data for table `ps_theme_meta`
--

INSERT INTO `ps_theme_meta` (`id_theme_meta`, `id_theme`, `id_meta`, `left_column`, `right_column`) VALUES (1,1,1,0,0),(2,1,2,1,0),(3,1,3,0,0),(4,1,4,0,0),(5,1,5,1,0),(6,1,6,1,0),(7,1,7,0,0),(8,1,8,1,0),(9,1,9,1,0),(10,1,10,0,0),(11,1,11,0,0),(12,1,12,0,0),(13,1,13,0,0),(14,1,14,0,0),(15,1,15,0,0),(16,1,16,0,0),(17,1,17,0,0),(18,1,18,0,0),(19,1,19,0,0),(20,1,20,0,0),(21,1,21,0,0),(22,1,22,1,0),(23,1,23,0,0),(24,1,24,0,0),(25,1,25,0,0),(26,1,26,0,0),(27,1,28,1,0),(28,1,29,0,0),(29,1,27,0,0),(30,1,30,0,0),(31,1,31,0,0),(32,1,32,0,0),(33,1,33,0,0),(34,1,34,0,0),(35,1,36,1,0),(36,1,37,1,0),(37,1,38,1,0),(38,1,39,1,0),(40,1,40,1,0);

--
-- Table structure for table `ps_theme_specific`
--

CREATE TABLE `ps_theme_specific` (
  `id_theme` int(11) unsigned NOT NULL,
  `id_shop` int(11) unsigned NOT NULL,
  `entity` int(11) unsigned NOT NULL,
  `id_object` int(11) unsigned NOT NULL,
  PRIMARY KEY (`id_theme`,`id_shop`,`entity`,`id_object`)
) ENGINE=InnoDB DEFAULT CHARSET=utf8;

--
-- Dumping data for table `ps_theme_specific`
--


--
-- Table structure for table `ps_themeconfigurator`
--

CREATE TABLE `ps_themeconfigurator` (
  `id_item` int(10) unsigned NOT NULL AUTO_INCREMENT,
  `id_shop` int(10) unsigned NOT NULL,
  `id_lang` int(10) unsigned NOT NULL,
  `item_order` int(10) unsigned NOT NULL,
  `title` varchar(100) DEFAULT NULL,
  `title_use` tinyint(1) unsigned NOT NULL DEFAULT '0',
  `hook` varchar(100) DEFAULT NULL,
  `url` text,
  `target` tinyint(1) unsigned NOT NULL DEFAULT '0',
  `image` varchar(100) DEFAULT NULL,
  `image_w` varchar(10) DEFAULT NULL,
  `image_h` varchar(10) DEFAULT NULL,
  `html` text,
  `active` tinyint(1) unsigned NOT NULL DEFAULT '1',
  PRIMARY KEY (`id_item`)
) ENGINE=InnoDB AUTO_INCREMENT=15 DEFAULT CHARSET=utf8;

--
-- Dumping data for table `ps_themeconfigurator`
--

INSERT INTO `ps_themeconfigurator` (`id_item`, `id_shop`, `id_lang`, `item_order`, `title`, `title_use`, `hook`, `url`, `target`, `image`, `image_w`, `image_h`, `html`, `active`) VALUES (1,1,1,1,'Doudou et Compagnie ',1,'home','http://www.doudoumalaysia.com.my/3-doudou-et-compagnie',0,'936354dbd70237fcd30e2fd984435f33619ea914_doudou-et-compagnie-hook-category.jpg','383','267','',1),(3,1,1,3,'Histoire d Ours',1,'home','http://www.doudoumalaysia.com.my/12-histoire-d-ours',0,'ebcb473e5426ba15d82882649b75aae3ec5f13a9_histoire-d-ours-hook-category.jpg','383','267','',1),(4,1,1,4,'What is a doudou',0,'home','http://www.doudoumalaysia.com.my/content/4-about-us',0,'8f5e13314c0bcc6003b4ba6aaf6b70723966a3ba_what-is-a-doudou.jpg','383','142','',1),(5,1,1,5,'Where to find us - demoiselles',0,'home','http://www.doudoumalaysia.com.my/stores',0,'0d0934a543374507fcdd6fe7d1c0c8f2048191ae_where-to-find-us.jpg','382','142','',1),(6,1,1,6,'Xmas Bazaars',0,'top','',0,'04b3f72719a6ee48626412d5a80ad57a95313d2e_pre-launch-sale-hook-x.jpg','381','219','',1),(7,1,1,7,'Where to find us',0,'top','http://www.doudoumalaysia.com.my/stores',0,'1631f6eb45d381da92eb15907b131e80ef4585de_where-to-find-us-hook.jpg','381','219','',1),(8,1,2,1,'Doudou et Compagnie Hook',0,'home','http://www.doudoumalaysia.com.my/ms/3-doudou-et-compagnie',0,'54937395524e58e2d81bdbe673f511c05fc13838_doudou-et-compagnie-hook-category.jpg','383','267','',1),(9,1,2,2,'',0,'home','http://www.doudoumalaysia.com.my/ms/12-histoire-d-ours',0,'54a85189cf47337d8c2437f9823b0eab768ab268_histoire-d-ours-hook-category.jpg','383','267','',1),(10,1,2,3,'Apiakh Itu Doudou',0,'home','http://www.doudoumalaysia.com.my/ms/content/4-about-us',0,'1fdb2227b1887a2be5ff26d86831e79a5e8b1293_what-is-a-doudou.jpg','383','267','',1),(11,1,2,4,'',0,'home','http://www.prestashop.com/',0,'banner-img4.jpg','0','0','',1),(12,1,2,5,'',0,'home','http://www.prestashop.com/',0,'banner-img5.jpg','0','0','',1),(13,1,2,6,'',0,'top','http://www.prestashop.com/',0,'banner-img6.jpg','0','0','',1),(14,1,2,7,'',0,'top','http://www.prestashop.com/',0,'banner-img7.jpg','0','0','',1);

--
-- Table structure for table `ps_timezone`
--

CREATE TABLE `ps_timezone` (
  `id_timezone` int(10) unsigned NOT NULL AUTO_INCREMENT,
  `name` varchar(32) NOT NULL,
  PRIMARY KEY (`id_timezone`)
) ENGINE=InnoDB AUTO_INCREMENT=561 DEFAULT CHARSET=utf8;

--
-- Dumping data for table `ps_timezone`
--

INSERT INTO `ps_timezone` (`id_timezone`, `name`) VALUES (1,'Africa/Abidjan'),(2,'Africa/Accra'),(3,'Africa/Addis_Ababa'),(4,'Africa/Algiers'),(5,'Africa/Asmara'),(6,'Africa/Asmera'),(7,'Africa/Bamako'),(8,'Africa/Bangui'),(9,'Africa/Banjul'),(10,'Africa/Bissau'),(11,'Africa/Blantyre'),(12,'Africa/Brazzaville'),(13,'Africa/Bujumbura'),(14,'Africa/Cairo'),(15,'Africa/Casablanca'),(16,'Africa/Ceuta'),(17,'Africa/Conakry'),(18,'Africa/Dakar'),(19,'Africa/Dar_es_Salaam'),(20,'Africa/Djibouti'),(21,'Africa/Douala'),(22,'Africa/El_Aaiun'),(23,'Africa/Freetown'),(24,'Africa/Gaborone'),(25,'Africa/Harare'),(26,'Africa/Johannesburg'),(27,'Africa/Kampala'),(28,'Africa/Khartoum'),(29,'Africa/Kigali'),(30,'Africa/Kinshasa'),(31,'Africa/Lagos'),(32,'Africa/Libreville'),(33,'Africa/Lome'),(34,'Africa/Luanda'),(35,'Africa/Lubumbashi'),(36,'Africa/Lusaka'),(37,'Africa/Malabo'),(38,'Africa/Maputo'),(39,'Africa/Maseru'),(40,'Africa/Mbabane'),(41,'Africa/Mogadishu'),(42,'Africa/Monrovia'),(43,'Africa/Nairobi'),(44,'Africa/Ndjamena'),(45,'Africa/Niamey'),(46,'Africa/Nouakchott'),(47,'Africa/Ouagadougou'),(48,'Africa/Porto-Novo'),(49,'Africa/Sao_Tome'),(50,'Africa/Timbuktu'),(51,'Africa/Tripoli'),(52,'Africa/Tunis'),(53,'Africa/Windhoek'),(54,'America/Adak'),(55,'America/Anchorage '),(56,'America/Anguilla'),(57,'America/Antigua'),(58,'America/Araguaina'),(59,'America/Argentina/Buenos_Aires'),(60,'America/Argentina/Catamarca'),(61,'America/Argentina/ComodRivadavia'),(62,'America/Argentina/Cordoba'),(63,'America/Argentina/Jujuy'),(64,'America/Argentina/La_Rioja'),(65,'America/Argentina/Mendoza'),(66,'America/Argentina/Rio_Gallegos'),(67,'America/Argentina/Salta'),(68,'America/Argentina/San_Juan'),(69,'America/Argentina/San_Luis'),(70,'America/Argentina/Tucuman'),(71,'America/Argentina/Ushuaia'),(72,'America/Aruba'),(73,'America/Asuncion'),(74,'America/Atikokan'),(75,'America/Atka'),(76,'America/Bahia'),(77,'America/Barbados'),(78,'America/Belem'),(79,'America/Belize'),(80,'America/Blanc-Sablon'),(81,'America/Boa_Vista'),(82,'America/Bogota'),(83,'America/Boise'),(84,'America/Buenos_Aires'),(85,'America/Cambridge_Bay'),(86,'America/Campo_Grande'),(87,'America/Cancun'),(88,'America/Caracas'),(89,'America/Catamarca'),(90,'America/Cayenne'),(91,'America/Cayman'),(92,'America/Chicago'),(93,'America/Chihuahua'),(94,'America/Coral_Harbour'),(95,'America/Cordoba'),(96,'America/Costa_Rica'),(97,'America/Cuiaba'),(98,'America/Curacao'),(99,'America/Danmarkshavn'),(100,'America/Dawson'),(101,'America/Dawson_Creek'),(102,'America/Denver'),(103,'America/Detroit'),(104,'America/Dominica'),(105,'America/Edmonton'),(106,'America/Eirunepe'),(107,'America/El_Salvador'),(108,'America/Ensenada'),(109,'America/Fort_Wayne'),(110,'America/Fortaleza'),(111,'America/Glace_Bay'),(112,'America/Godthab'),(113,'America/Goose_Bay'),(114,'America/Grand_Turk'),(115,'America/Grenada'),(116,'America/Guadeloupe'),(117,'America/Guatemala'),(118,'America/Guayaquil'),(119,'America/Guyana'),(120,'America/Halifax'),(121,'America/Havana'),(122,'America/Hermosillo'),(123,'America/Indiana/Indianapolis'),(124,'America/Indiana/Knox'),(125,'America/Indiana/Marengo'),(126,'America/Indiana/Petersburg'),(127,'America/Indiana/Tell_City'),(128,'America/Indiana/Vevay'),(129,'America/Indiana/Vincennes'),(130,'America/Indiana/Winamac'),(131,'America/Indianapolis'),(132,'America/Inuvik'),(133,'America/Iqaluit'),(134,'America/Jamaica'),(135,'America/Jujuy'),(136,'America/Juneau'),(137,'America/Kentucky/Louisville'),(138,'America/Kentucky/Monticello'),(139,'America/Knox_IN'),(140,'America/La_Paz'),(141,'America/Lima'),(142,'America/Los_Angeles'),(143,'America/Louisville'),(144,'America/Maceio'),(145,'America/Managua'),(146,'America/Manaus'),(147,'America/Marigot'),(148,'America/Martinique'),(149,'America/Mazatlan'),(150,'America/Mendoza'),(151,'America/Menominee'),(152,'America/Merida'),(153,'America/Mexico_City'),(154,'America/Miquelon'),(155,'America/Moncton'),(156,'America/Monterrey'),(157,'America/Montevideo'),(158,'America/Montreal'),(159,'America/Montserrat'),(160,'America/Nassau'),(161,'America/New_York'),(162,'America/Nipigon'),(163,'America/Nome'),(164,'America/Noronha'),(165,'America/North_Dakota/Center'),(166,'America/North_Dakota/New_Salem'),(167,'America/Panama'),(168,'America/Pangnirtung'),(169,'America/Paramaribo'),(170,'America/Phoenix'),(171,'America/Port-au-Prince'),(172,'America/Port_of_Spain'),(173,'America/Porto_Acre'),(174,'America/Porto_Velho'),(175,'America/Puerto_Rico'),(176,'America/Rainy_River'),(177,'America/Rankin_Inlet'),(178,'America/Recife'),(179,'America/Regina'),(180,'America/Resolute'),(181,'America/Rio_Branco'),(182,'America/Rosario'),(183,'America/Santarem'),(184,'America/Santiago'),(185,'America/Santo_Domingo'),(186,'America/Sao_Paulo'),(187,'America/Scoresbysund'),(188,'America/Shiprock'),(189,'America/St_Barthelemy'),(190,'America/St_Johns'),(191,'America/St_Kitts'),(192,'America/St_Lucia'),(193,'America/St_Thomas'),(194,'America/St_Vincent'),(195,'America/Swift_Current'),(196,'America/Tegucigalpa'),(197,'America/Thule'),(198,'America/Thunder_Bay'),(199,'America/Tijuana'),(200,'America/Toronto'),(201,'America/Tortola'),(202,'America/Vancouver'),(203,'America/Virgin'),(204,'America/Whitehorse'),(205,'America/Winnipeg'),(206,'America/Yakutat'),(207,'America/Yellowknife'),(208,'Antarctica/Casey'),(209,'Antarctica/Davis'),(210,'Antarctica/DumontDUrville'),(211,'Antarctica/Mawson'),(212,'Antarctica/McMurdo'),(213,'Antarctica/Palmer'),(214,'Antarctica/Rothera'),(215,'Antarctica/South_Pole'),(216,'Antarctica/Syowa'),(217,'Antarctica/Vostok'),(218,'Arctic/Longyearbyen'),(219,'Asia/Aden'),(220,'Asia/Almaty'),(221,'Asia/Amman'),(222,'Asia/Anadyr'),(223,'Asia/Aqtau'),(224,'Asia/Aqtobe'),(225,'Asia/Ashgabat'),(226,'Asia/Ashkhabad'),(227,'Asia/Baghdad'),(228,'Asia/Bahrain'),(229,'Asia/Baku'),(230,'Asia/Bangkok'),(231,'Asia/Beirut'),(232,'Asia/Bishkek'),(233,'Asia/Brunei'),(234,'Asia/Calcutta'),(235,'Asia/Choibalsan'),(236,'Asia/Chongqing'),(237,'Asia/Chungking'),(238,'Asia/Colombo'),(239,'Asia/Dacca'),(240,'Asia/Damascus'),(241,'Asia/Dhaka'),(242,'Asia/Dili'),(243,'Asia/Dubai'),(244,'Asia/Dushanbe'),(245,'Asia/Gaza'),(246,'Asia/Harbin'),(247,'Asia/Ho_Chi_Minh'),(248,'Asia/Hong_Kong'),(249,'Asia/Hovd'),(250,'Asia/Irkutsk'),(251,'Asia/Istanbul'),(252,'Asia/Jakarta'),(253,'Asia/Jayapura'),(254,'Asia/Jerusalem'),(255,'Asia/Kabul'),(256,'Asia/Kamchatka'),(257,'Asia/Karachi'),(258,'Asia/Kashgar'),(259,'Asia/Kathmandu'),(260,'Asia/Katmandu'),(261,'Asia/Kolkata'),(262,'Asia/Krasnoyarsk'),(263,'Asia/Kuala_Lumpur'),(264,'Asia/Kuching'),(265,'Asia/Kuwait'),(266,'Asia/Macao'),(267,'Asia/Macau'),(268,'Asia/Magadan'),(269,'Asia/Makassar'),(270,'Asia/Manila'),(271,'Asia/Muscat'),(272,'Asia/Nicosia'),(273,'Asia/Novosibirsk'),(274,'Asia/Omsk'),(275,'Asia/Oral'),(276,'Asia/Phnom_Penh'),(277,'Asia/Pontianak'),(278,'Asia/Pyongyang'),(279,'Asia/Qatar'),(280,'Asia/Qyzylorda'),(281,'Asia/Rangoon'),(282,'Asia/Riyadh'),(283,'Asia/Saigon'),(284,'Asia/Sakhalin'),(285,'Asia/Samarkand'),(286,'Asia/Seoul'),(287,'Asia/Shanghai'),(288,'Asia/Singapore'),(289,'Asia/Taipei'),(290,'Asia/Tashkent'),(291,'Asia/Tbilisi'),(292,'Asia/Tehran'),(293,'Asia/Tel_Aviv'),(294,'Asia/Thimbu'),(295,'Asia/Thimphu'),(296,'Asia/Tokyo'),(297,'Asia/Ujung_Pandang'),(298,'Asia/Ulaanbaatar'),(299,'Asia/Ulan_Bator'),(300,'Asia/Urumqi'),(301,'Asia/Vientiane'),(302,'Asia/Vladivostok'),(303,'Asia/Yakutsk'),(304,'Asia/Yekaterinburg'),(305,'Asia/Yerevan'),(306,'Atlantic/Azores'),(307,'Atlantic/Bermuda'),(308,'Atlantic/Canary'),(309,'Atlantic/Cape_Verde'),(310,'Atlantic/Faeroe'),(311,'Atlantic/Faroe'),(312,'Atlantic/Jan_Mayen'),(313,'Atlantic/Madeira'),(314,'Atlantic/Reykjavik'),(315,'Atlantic/South_Georgia'),(316,'Atlantic/St_Helena'),(317,'Atlantic/Stanley'),(318,'Australia/ACT'),(319,'Australia/Adelaide'),(320,'Australia/Brisbane'),(321,'Australia/Broken_Hill'),(322,'Australia/Canberra'),(323,'Australia/Currie'),(324,'Australia/Darwin'),(325,'Australia/Eucla'),(326,'Australia/Hobart'),(327,'Australia/LHI'),(328,'Australia/Lindeman'),(329,'Australia/Lord_Howe'),(330,'Australia/Melbourne'),(331,'Australia/North'),(332,'Australia/NSW'),(333,'Australia/Perth'),(334,'Australia/Queensland'),(335,'Australia/South'),(336,'Australia/Sydney'),(337,'Australia/Tasmania'),(338,'Australia/Victoria'),(339,'Australia/West'),(340,'Australia/Yancowinna'),(341,'Europe/Amsterdam'),(342,'Europe/Andorra'),(343,'Europe/Athens'),(344,'Europe/Belfast'),(345,'Europe/Belgrade'),(346,'Europe/Berlin'),(347,'Europe/Bratislava'),(348,'Europe/Brussels'),(349,'Europe/Bucharest'),(350,'Europe/Budapest'),(351,'Europe/Chisinau'),(352,'Europe/Copenhagen'),(353,'Europe/Dublin'),(354,'Europe/Gibraltar'),(355,'Europe/Guernsey'),(356,'Europe/Helsinki'),(357,'Europe/Isle_of_Man'),(358,'Europe/Istanbul'),(359,'Europe/Jersey'),(360,'Europe/Kaliningrad'),(361,'Europe/Kiev'),(362,'Europe/Lisbon'),(363,'Europe/Ljubljana'),(364,'Europe/London'),(365,'Europe/Luxembourg'),(366,'Europe/Madrid'),(367,'Europe/Malta'),(368,'Europe/Mariehamn'),(369,'Europe/Minsk'),(370,'Europe/Monaco'),(371,'Europe/Moscow'),(372,'Europe/Nicosia'),(373,'Europe/Oslo'),(374,'Europe/Paris'),(375,'Europe/Podgorica'),(376,'Europe/Prague'),(377,'Europe/Riga'),(378,'Europe/Rome'),(379,'Europe/Samara'),(380,'Europe/San_Marino'),(381,'Europe/Sarajevo'),(382,'Europe/Simferopol'),(383,'Europe/Skopje'),(384,'Europe/Sofia'),(385,'Europe/Stockholm'),(386,'Europe/Tallinn'),(387,'Europe/Tirane'),(388,'Europe/Tiraspol'),(389,'Europe/Uzhgorod'),(390,'Europe/Vaduz'),(391,'Europe/Vatican'),(392,'Europe/Vienna'),(393,'Europe/Vilnius'),(394,'Europe/Volgograd'),(395,'Europe/Warsaw'),(396,'Europe/Zagreb'),(397,'Europe/Zaporozhye'),(398,'Europe/Zurich'),(399,'Indian/Antananarivo'),(400,'Indian/Chagos'),(401,'Indian/Christmas'),(402,'Indian/Cocos'),(403,'Indian/Comoro'),(404,'Indian/Kerguelen'),(405,'Indian/Mahe'),(406,'Indian/Maldives'),(407,'Indian/Mauritius'),(408,'Indian/Mayotte'),(409,'Indian/Reunion'),(410,'Pacific/Apia'),(411,'Pacific/Auckland'),(412,'Pacific/Chatham'),(413,'Pacific/Easter'),(414,'Pacific/Efate'),(415,'Pacific/Enderbury'),(416,'Pacific/Fakaofo'),(417,'Pacific/Fiji'),(418,'Pacific/Funafuti'),(419,'Pacific/Galapagos'),(420,'Pacific/Gambier'),(421,'Pacific/Guadalcanal'),(422,'Pacific/Guam'),(423,'Pacific/Honolulu'),(424,'Pacific/Johnston'),(425,'Pacific/Kiritimati'),(426,'Pacific/Kosrae'),(427,'Pacific/Kwajalein'),(428,'Pacific/Majuro'),(429,'Pacific/Marquesas'),(430,'Pacific/Midway'),(431,'Pacific/Nauru'),(432,'Pacific/Niue'),(433,'Pacific/Norfolk'),(434,'Pacific/Noumea'),(435,'Pacific/Pago_Pago'),(436,'Pacific/Palau'),(437,'Pacific/Pitcairn'),(438,'Pacific/Ponape'),(439,'Pacific/Port_Moresby'),(440,'Pacific/Rarotonga'),(441,'Pacific/Saipan'),(442,'Pacific/Samoa'),(443,'Pacific/Tahiti'),(444,'Pacific/Tarawa'),(445,'Pacific/Tongatapu'),(446,'Pacific/Truk'),(447,'Pacific/Wake'),(448,'Pacific/Wallis'),(449,'Pacific/Yap'),(450,'Brazil/Acre'),(451,'Brazil/DeNoronha'),(452,'Brazil/East'),(453,'Brazil/West'),(454,'Canada/Atlantic'),(455,'Canada/Central'),(456,'Canada/East-Saskatchewan'),(457,'Canada/Eastern'),(458,'Canada/Mountain'),(459,'Canada/Newfoundland'),(460,'Canada/Pacific'),(461,'Canada/Saskatchewan'),(462,'Canada/Yukon'),(463,'CET'),(464,'Chile/Continental'),(465,'Chile/EasterIsland'),(466,'CST6CDT'),(467,'Cuba'),(468,'EET'),(469,'Egypt'),(470,'Eire'),(471,'EST'),(472,'EST5EDT'),(473,'Etc/GMT'),(474,'Etc/GMT+0'),(475,'Etc/GMT+1'),(476,'Etc/GMT+10'),(477,'Etc/GMT+11'),(478,'Etc/GMT+12'),(479,'Etc/GMT+2'),(480,'Etc/GMT+3'),(481,'Etc/GMT+4'),(482,'Etc/GMT+5'),(483,'Etc/GMT+6'),(484,'Etc/GMT+7'),(485,'Etc/GMT+8'),(486,'Etc/GMT+9'),(487,'Etc/GMT-0'),(488,'Etc/GMT-1'),(489,'Etc/GMT-10'),(490,'Etc/GMT-11'),(491,'Etc/GMT-12'),(492,'Etc/GMT-13'),(493,'Etc/GMT-14'),(494,'Etc/GMT-2'),(495,'Etc/GMT-3'),(496,'Etc/GMT-4'),(497,'Etc/GMT-5'),(498,'Etc/GMT-6'),(499,'Etc/GMT-7'),(500,'Etc/GMT-8'),(501,'Etc/GMT-9'),(502,'Etc/GMT0'),(503,'Etc/Greenwich'),(504,'Etc/UCT'),(505,'Etc/Universal'),(506,'Etc/UTC'),(507,'Etc/Zulu'),(508,'Factory'),(509,'GB'),(510,'GB-Eire'),(511,'GMT'),(512,'GMT+0'),(513,'GMT-0'),(514,'GMT0'),(515,'Greenwich'),(516,'Hongkong'),(517,'HST'),(518,'Iceland'),(519,'Iran'),(520,'Israel'),(521,'Jamaica'),(522,'Japan'),(523,'Kwajalein'),(524,'Libya'),(525,'MET'),(526,'Mexico/BajaNorte'),(527,'Mexico/BajaSur'),(528,'Mexico/General'),(529,'MST'),(530,'MST7MDT'),(531,'Navajo'),(532,'NZ'),(533,'NZ-CHAT'),(534,'Poland'),(535,'Portugal'),(536,'PRC'),(537,'PST8PDT'),(538,'ROC'),(539,'ROK'),(540,'Singapore'),(541,'Turkey'),(542,'UCT'),(543,'Universal'),(544,'US/Alaska'),(545,'US/Aleutian'),(546,'US/Arizona'),(547,'US/Central'),(548,'US/East-Indiana'),(549,'US/Eastern'),(550,'US/Hawaii'),(551,'US/Indiana-Starke'),(552,'US/Michigan'),(553,'US/Mountain'),(554,'US/Pacific'),(555,'US/Pacific-New'),(556,'US/Samoa'),(557,'UTC'),(558,'W-SU'),(559,'WET'),(560,'Zulu');

--
-- Table structure for table `ps_warehouse`
--

CREATE TABLE `ps_warehouse` (
  `id_warehouse` int(11) unsigned NOT NULL AUTO_INCREMENT,
  `id_currency` int(11) unsigned NOT NULL,
  `id_address` int(11) unsigned NOT NULL,
  `id_employee` int(11) unsigned NOT NULL,
  `reference` varchar(32) DEFAULT NULL,
  `name` varchar(45) NOT NULL,
  `management_type` enum('WA','FIFO','LIFO') NOT NULL DEFAULT 'WA',
  `deleted` tinyint(1) unsigned NOT NULL DEFAULT '0',
  PRIMARY KEY (`id_warehouse`)
) ENGINE=InnoDB AUTO_INCREMENT=6 DEFAULT CHARSET=utf8;

--
-- Dumping data for table `ps_warehouse`
--

INSERT INTO `ps_warehouse` (`id_warehouse`, `id_currency`, `id_address`, `id_employee`, `reference`, `name`, `management_type`, `deleted`) VALUES (1,1,7,1,'01 - General Warehouse','General Warehouse','FIFO',0),(2,1,16,1,'02 - Bebehaus Consignment','Bebehaus','FIFO',0),(3,1,20,1,'03 - Kinokuniya','Kinokuniya Book Stores','WA',0),(4,1,28,1,'04 - Bumps & Bundles','Bumps & Bundles 1MK','WA',0),(5,1,30,1,'05 - Apple Crumby','Duchess Apple Crumby','FIFO',0);

--
-- Table structure for table `ps_warehouse_carrier`
--

CREATE TABLE `ps_warehouse_carrier` (
  `id_carrier` int(11) unsigned NOT NULL,
  `id_warehouse` int(11) unsigned NOT NULL,
  PRIMARY KEY (`id_warehouse`,`id_carrier`),
  KEY `id_warehouse` (`id_warehouse`),
  KEY `id_carrier` (`id_carrier`)
) ENGINE=InnoDB DEFAULT CHARSET=utf8;

--
-- Dumping data for table `ps_warehouse_carrier`
--

INSERT INTO `ps_warehouse_carrier` (`id_carrier`, `id_warehouse`) VALUES (2,1),(2,2),(2,3),(2,4),(2,5);

--
-- Table structure for table `ps_warehouse_product_location`
--

CREATE TABLE `ps_warehouse_product_location` (
  `id_warehouse_product_location` int(11) unsigned NOT NULL AUTO_INCREMENT,
  `id_product` int(11) unsigned NOT NULL,
  `id_product_attribute` int(11) unsigned NOT NULL,
  `id_warehouse` int(11) unsigned NOT NULL,
  `location` varchar(64) DEFAULT NULL,
  PRIMARY KEY (`id_warehouse_product_location`),
  UNIQUE KEY `id_product` (`id_product`,`id_product_attribute`,`id_warehouse`)
) ENGINE=InnoDB AUTO_INCREMENT=606 DEFAULT CHARSET=utf8;

--
-- Dumping data for table `ps_warehouse_product_location`
--

INSERT INTO `ps_warehouse_product_location` (`id_warehouse_product_location`, `id_product`, `id_product_attribute`, `id_warehouse`, `location`) VALUES (2,57,0,1,''),(3,108,0,1,''),(7,109,0,1,''),(8,110,0,1,''),(9,10,0,1,''),(10,59,0,1,''),(11,111,0,1,''),(15,112,0,1,''),(18,62,0,1,''),(19,113,0,1,''),(20,63,0,1,''),(22,114,0,1,''),(24,115,0,1,''),(25,65,0,1,''),(26,116,0,1,''),(28,117,0,1,''),(30,15,0,1,''),(33,16,0,1,''),(38,72,0,1,''),(46,19,0,1,''),(49,83,51,1,''),(50,83,52,1,''),(51,83,53,1,''),(52,83,54,1,''),(53,20,0,1,''),(54,84,59,1,''),(55,84,60,1,''),(56,84,61,1,''),(57,84,62,1,''),(58,85,67,1,''),(59,85,68,1,''),(60,85,69,1,''),(61,85,70,1,''),(64,86,0,1,''),(65,87,0,1,''),(77,91,0,1,''),(78,90,79,1,''),(79,90,80,1,''),(80,90,81,1,''),(81,90,82,1,''),(82,90,83,1,''),(83,90,84,1,''),(85,92,0,1,''),(86,93,0,1,''),(88,94,0,1,''),(89,95,0,1,''),(90,27,0,1,''),(96,98,0,1,''),(99,29,0,1,''),(100,101,0,1,''),(101,102,85,1,''),(102,102,86,1,''),(103,102,87,1,''),(104,102,88,1,''),(105,102,89,1,''),(106,102,90,1,''),(107,102,91,1,''),(108,102,92,1,''),(109,103,0,1,''),(110,105,0,1,''),(111,106,0,1,''),(112,107,0,1,''),(113,30,0,1,''),(117,34,0,1,''),(118,35,0,1,''),(119,36,0,1,''),(120,37,0,1,''),(123,40,49,1,''),(124,40,50,1,''),(125,41,0,1,''),(126,42,0,1,''),(127,44,0,1,''),(128,45,0,1,''),(129,46,0,1,''),(130,47,0,1,''),(131,48,0,1,''),(132,49,0,1,''),(133,50,0,1,''),(134,51,0,1,''),(135,52,0,1,''),(136,53,0,1,''),(137,54,0,1,''),(138,55,0,1,''),(139,56,0,1,''),(142,119,0,1,''),(143,118,0,1,''),(144,120,0,1,''),(145,121,0,1,''),(146,122,0,1,''),(147,123,0,1,''),(148,124,0,1,''),(155,125,93,1,''),(156,125,94,1,''),(157,125,95,1,''),(158,125,96,1,''),(159,125,97,1,''),(160,125,98,1,''),(162,127,0,1,''),(163,128,0,1,''),(164,129,0,1,''),(166,131,99,1,''),(167,131,100,1,''),(168,131,101,1,''),(171,38,0,2,''),(172,128,0,2,''),(173,33,0,2,''),(174,34,0,2,''),(175,36,0,2,''),(252,154,0,2,''),(271,173,0,1,''),(272,174,0,1,''),(273,175,0,1,''),(274,176,0,2,''),(275,177,0,1,''),(276,178,0,1,''),(290,82,0,1,''),(291,81,0,1,''),(369,132,0,1,''),(370,133,0,1,''),(372,60,0,1,''),(373,61,0,1,''),(374,74,0,1,''),(376,75,0,1,''),(377,73,0,1,''),(378,76,0,1,''),(379,39,0,1,''),(380,134,0,1,''),(381,32,0,1,''),(383,38,0,1,''),(384,146,0,1,''),(385,66,0,1,''),(386,137,0,1,''),(387,135,0,1,''),(388,136,0,1,''),(389,14,0,1,''),(391,13,0,1,''),(392,1,0,1,''),(393,8,0,1,''),(394,143,0,1,''),(395,126,0,1,''),(396,142,0,1,''),(397,96,0,1,''),(398,140,0,1,''),(400,141,0,1,''),(401,97,0,1,''),(402,99,0,1,''),(403,139,0,1,''),(404,138,0,1,''),(405,100,0,1,''),(406,9,0,1,''),(407,67,0,1,''),(408,68,0,1,''),(409,25,0,1,''),(411,69,0,1,''),(412,70,0,1,''),(413,24,0,1,''),(414,18,0,1,''),(415,58,0,1,''),(416,17,0,1,''),(417,12,0,1,''),(418,23,0,1,''),(419,149,0,1,''),(420,148,0,1,''),(422,150,115,1,''),(423,150,114,1,''),(424,150,113,1,''),(426,150,112,1,''),(427,151,125,1,''),(429,151,124,1,''),(430,151,123,1,''),(431,151,122,1,''),(432,151,121,1,''),(433,151,120,1,''),(434,144,103,1,''),(435,147,0,1,''),(436,145,107,1,''),(437,144,105,1,''),(438,144,104,1,''),(439,145,106,1,''),(440,144,102,1,''),(441,26,0,1,''),(442,130,0,1,''),(443,43,0,1,''),(444,33,0,1,''),(445,31,0,1,''),(446,89,75,1,''),(447,89,76,1,''),(448,89,77,1,''),(449,89,78,1,''),(450,64,0,1,''),(451,71,0,1,''),(452,77,0,1,''),(453,78,0,1,''),(454,79,0,1,''),(455,80,0,1,''),(456,88,71,1,''),(457,88,72,1,''),(458,88,74,1,''),(459,145,111,1,''),(460,145,110,1,''),(461,145,109,1,''),(462,145,108,1,''),(463,88,73,1,''),(487,168,0,1,''),(488,167,0,1,''),(489,183,0,1,''),(490,169,0,1,''),(491,184,0,1,''),(492,170,0,1,''),(494,185,0,1,''),(495,163,0,1,''),(496,156,0,1,''),(497,157,0,1,''),(498,158,0,1,''),(499,152,126,1,''),(501,171,0,1,''),(502,182,0,1,''),(503,154,0,1,''),(504,152,141,1,''),(506,181,0,1,''),(507,152,134,1,''),(509,152,132,1,''),(511,152,131,1,''),(513,152,135,1,''),(515,152,130,1,''),(517,152,129,1,''),(520,152,128,1,''),(522,152,127,1,''),(524,152,136,1,''),(526,152,137,1,''),(528,152,138,1,''),(530,152,139,1,''),(531,152,140,1,''),(533,152,133,1,''),(535,179,0,1,''),(537,186,142,1,''),(543,186,143,1,''),(546,186,144,1,''),(547,186,145,1,''),(548,186,146,1,''),(549,186,147,1,''),(550,180,0,1,''),(551,159,0,1,''),(552,160,0,1,''),(553,161,0,1,''),(554,162,0,1,''),(555,164,0,1,''),(556,165,0,1,''),(557,155,0,1,''),(558,172,0,1,''),(559,153,0,1,''),(560,161,0,3,''),(561,160,0,3,''),(562,53,0,3,''),(563,54,0,3,''),(564,55,0,3,''),(565,56,0,3,''),(566,158,0,3,''),(567,40,49,3,''),(568,32,0,3,''),(569,163,0,3,''),(570,35,0,3,''),(571,187,0,1,''),(572,188,0,1,''),(573,179,0,4,''),(574,169,0,5,''),(575,165,0,5,''),(576,39,0,5,''),(577,38,0,5,''),(578,67,0,5,''),(579,69,0,5,''),(580,134,0,5,''),(581,135,0,5,''),(582,136,0,5,''),(583,145,106,5,''),(584,145,107,5,''),(585,145,108,5,''),(586,145,109,5,''),(587,145,110,5,''),(588,145,111,5,''),(589,137,0,5,''),(590,132,0,5,''),(591,133,0,5,''),(592,151,120,5,''),(593,151,121,5,''),(594,151,122,5,''),(595,151,123,5,''),(596,151,124,5,''),(597,151,125,5,''),(598,23,0,5,''),(599,189,0,1,''),(600,189,0,5,''),(601,156,0,2,''),(602,190,0,1,''),(603,191,0,1,''),(604,192,0,1,''),(605,193,0,1,'');

--
-- Table structure for table `ps_warehouse_shop`
--

CREATE TABLE `ps_warehouse_shop` (
  `id_shop` int(11) unsigned NOT NULL,
  `id_warehouse` int(11) unsigned NOT NULL,
  PRIMARY KEY (`id_warehouse`,`id_shop`),
  KEY `id_warehouse` (`id_warehouse`),
  KEY `id_shop` (`id_shop`)
) ENGINE=InnoDB DEFAULT CHARSET=utf8;

--
-- Dumping data for table `ps_warehouse_shop`
--

INSERT INTO `ps_warehouse_shop` (`id_shop`, `id_warehouse`) VALUES (1,1),(1,2),(1,3),(1,4),(1,5);

--
-- Table structure for table `ps_web_browser`
--

CREATE TABLE `ps_web_browser` (
  `id_web_browser` int(10) unsigned NOT NULL AUTO_INCREMENT,
  `name` varchar(64) DEFAULT NULL,
  PRIMARY KEY (`id_web_browser`)
) ENGINE=InnoDB AUTO_INCREMENT=12 DEFAULT CHARSET=utf8;

--
-- Dumping data for table `ps_web_browser`
--

INSERT INTO `ps_web_browser` (`id_web_browser`, `name`) VALUES (1,'Safari'),(2,'Safari iPad'),(3,'Firefox'),(4,'Opera'),(5,'IE 6'),(6,'IE 7'),(7,'IE 8'),(8,'IE 9'),(9,'IE 10'),(10,'IE 11'),(11,'Chrome');

--
-- Table structure for table `ps_webservice_account`
--

CREATE TABLE `ps_webservice_account` (
  `id_webservice_account` int(11) NOT NULL AUTO_INCREMENT,
  `key` varchar(32) NOT NULL,
  `description` text,
  `class_name` varchar(50) NOT NULL DEFAULT 'WebserviceRequest',
  `is_module` tinyint(2) NOT NULL DEFAULT '0',
  `module_name` varchar(50) DEFAULT NULL,
  `active` tinyint(2) NOT NULL,
  PRIMARY KEY (`id_webservice_account`),
  KEY `key` (`key`)
) ENGINE=InnoDB DEFAULT CHARSET=utf8;

--
-- Dumping data for table `ps_webservice_account`
--


--
-- Table structure for table `ps_webservice_account_shop`
--

CREATE TABLE `ps_webservice_account_shop` (
  `id_webservice_account` int(11) unsigned NOT NULL,
  `id_shop` int(11) unsigned NOT NULL,
  PRIMARY KEY (`id_webservice_account`,`id_shop`),
  KEY `id_shop` (`id_shop`)
) ENGINE=InnoDB DEFAULT CHARSET=utf8;

--
-- Dumping data for table `ps_webservice_account_shop`
--


--
-- Table structure for table `ps_webservice_permission`
--

CREATE TABLE `ps_webservice_permission` (
  `id_webservice_permission` int(11) NOT NULL AUTO_INCREMENT,
  `resource` varchar(50) NOT NULL,
  `method` enum('GET','POST','PUT','DELETE','HEAD') NOT NULL,
  `id_webservice_account` int(11) NOT NULL,
  PRIMARY KEY (`id_webservice_permission`),
  UNIQUE KEY `resource_2` (`resource`,`method`,`id_webservice_account`),
  KEY `resource` (`resource`),
  KEY `method` (`method`),
  KEY `id_webservice_account` (`id_webservice_account`)
) ENGINE=InnoDB DEFAULT CHARSET=utf8;

--
-- Dumping data for table `ps_webservice_permission`
--


--
-- Table structure for table `ps_wishlist_email`
--

CREATE TABLE `ps_wishlist_email` (
  `id_wishlist` int(10) unsigned NOT NULL,
  `email` varchar(128) NOT NULL,
  `date_add` datetime NOT NULL
) ENGINE=InnoDB DEFAULT CHARSET=utf8;

--
-- Dumping data for table `ps_wishlist_email`
--


--
-- Table structure for table `ps_wishlist_product`
--

CREATE TABLE `ps_wishlist_product` (
  `id_wishlist_product` int(10) NOT NULL AUTO_INCREMENT,
  `id_wishlist` int(10) unsigned NOT NULL,
  `id_product` int(10) unsigned NOT NULL,
  `id_product_attribute` int(10) unsigned NOT NULL,
  `quantity` int(10) unsigned NOT NULL,
  `priority` int(10) unsigned NOT NULL,
  PRIMARY KEY (`id_wishlist_product`)
) ENGINE=InnoDB DEFAULT CHARSET=utf8;

--
-- Dumping data for table `ps_wishlist_product`
--


--
-- Table structure for table `ps_wishlist_product_cart`
--

CREATE TABLE `ps_wishlist_product_cart` (
  `id_wishlist_product` int(10) unsigned NOT NULL,
  `id_cart` int(10) unsigned NOT NULL,
  `quantity` int(10) unsigned NOT NULL,
  `date_add` datetime NOT NULL
) ENGINE=InnoDB DEFAULT CHARSET=utf8;

--
-- Dumping data for table `ps_wishlist_product_cart`
--


--
-- Table structure for table `ps_zone`
--

CREATE TABLE `ps_zone` (
  `id_zone` int(10) unsigned NOT NULL AUTO_INCREMENT,
  `name` varchar(64) NOT NULL,
  `active` tinyint(1) unsigned NOT NULL DEFAULT '0',
  PRIMARY KEY (`id_zone`)
) ENGINE=InnoDB AUTO_INCREMENT=12 DEFAULT CHARSET=utf8;

--
-- Dumping data for table `ps_zone`
--

INSERT INTO `ps_zone` (`id_zone`, `name`, `active`) VALUES (1,'Europe',1),(2,'North America',1),(3,'Asia',1),(4,'Africa',1),(5,'Oceania',1),(6,'South America',1),(7,'Europe (Non EU)',1),(8,'Central America - Antilla',1),(9,'Sabah',1),(10,'Peninsula Malaysia',1),(11,'Sarawak',1);

--
-- Table structure for table `ps_zone_shop`
--

CREATE TABLE `ps_zone_shop` (
  `id_zone` int(11) unsigned NOT NULL,
  `id_shop` int(11) unsigned NOT NULL,
  PRIMARY KEY (`id_zone`,`id_shop`),
  KEY `id_shop` (`id_shop`)
) ENGINE=InnoDB DEFAULT CHARSET=utf8;

--
-- Dumping data for table `ps_zone_shop`
--

INSERT INTO `ps_zone_shop` (`id_zone`, `id_shop`) VALUES (1,1),(2,1),(3,1),(4,1),(5,1),(6,1),(7,1),(8,1),(9,1),(10,1),(11,1);

--
-- Dumping events for database 'aodincom_presta'
--

--
-- Dumping routines for database 'aodincom_presta'
--


